[INFO] fetching crate yields 0.2.1...
[INFO] testing yields-0.2.1 against 1.99.0-beta.8+cargoflags=--release for beta-release-1.100-2
[INFO] extracting crate yields 0.2.1 into /workspace/builds/worker-3-tc1/source
[INFO] started tweaking crates.io crate yields 0.2.1
[INFO] finished tweaking crates.io crate yields 0.2.1
[INFO] tweaked toml for crates.io crate yields 0.2.1 written to /workspace/builds/worker-3-tc1/source/Cargo.toml
[INFO] validating manifest of crates.io crate yields 0.2.1 on toolchain 1.99.0-beta.8
[INFO] running `Command { std: CARGO_HOME="/workspace/cargo-home" RUSTUP_HOME="/workspace/rustup-home" "/workspace/cargo-home/bin/cargo" "+1.99.0-beta.8" "metadata" "--manifest-path" "Cargo.toml" "--no-deps", kill_on_drop: false }`
[INFO] crate crates.io crate yields 0.2.1 already has a lockfile, it will not be regenerated
[INFO] running `Command { std: CARGO_HOME="/workspace/cargo-home" RUSTUP_HOME="/workspace/rustup-home" "/workspace/cargo-home/bin/cargo" "+1.99.0-beta.8" "fetch" "--manifest-path" "Cargo.toml", kill_on_drop: false }`
[INFO] running `Command { std: "docker" "create" "-v" "/var/lib/crater-agent-workspace/builds/worker-3-tc1/source:/opt/rustwide/workdir:ro,Z" "-v" "/var/lib/crater-agent-workspace/builds/worker-3-tc1/target:/opt/rustwide/target:rw,Z" "-v" "/var/lib/crater-agent-workspace/cargo-home:/opt/rustwide/cargo-home:ro,Z" "-v" "/var/lib/crater-agent-workspace/rustup-home:/opt/rustwide/rustup-home:ro,Z" "-m" "1610612736" "--network" "none" "ghcr.io/rust-lang/crates-build-env/linux@sha256:77db811e55d90add9212f6832c23229e3de5f1c1f9905e8cb07319ea15df73ac" "sleep" "infinity", kill_on_drop: false }`
[INFO] [stdout] 6338a62109efcfa548f0485718e949403de738ff1415c8d068ce73a16813b96b
[INFO] running `Command { std: "docker" "start" "6338a62109efcfa548f0485718e949403de738ff1415c8d068ce73a16813b96b", kill_on_drop: false }`
[INFO] running `Command { std: "docker" "inspect" "6338a62109efcfa548f0485718e949403de738ff1415c8d068ce73a16813b96b", kill_on_drop: false }`
[INFO] running `Command { std: "docker" "exec" "-e" "SOURCE_DIR=/opt/rustwide/workdir" "-e" "CARGO_HOME=/opt/rustwide/cargo-home" "-e" "RUSTUP_HOME=/opt/rustwide/rustup-home" "-e" "CARGO_TARGET_DIR=/opt/rustwide/target" "-w" "/opt/rustwide/workdir" "--user" "0:0" "6338a62109efcfa548f0485718e949403de738ff1415c8d068ce73a16813b96b" "/opt/rustwide/cargo-home/bin/cargo" "+1.99.0-beta.8" "metadata" "--no-deps" "--format-version=1", kill_on_drop: false }`
[INFO] running `Command { std: "docker" "inspect" "6338a62109efcfa548f0485718e949403de738ff1415c8d068ce73a16813b96b", kill_on_drop: false }`
[INFO] running `Command { std: "docker" "exec" "-e" "SOURCE_DIR=/opt/rustwide/workdir" "-e" "CARGO_HOME=/opt/rustwide/cargo-home" "-e" "RUSTUP_HOME=/opt/rustwide/rustup-home" "-e" "CARGO_TARGET_DIR=/opt/rustwide/target" "-e" "CARGO_INCREMENTAL=0" "-e" "RUST_BACKTRACE=full" "-e" "RUSTFLAGS=--cap-lints=warn" "-e" "RUSTDOCFLAGS=--cap-lints=warn" "-w" "/opt/rustwide/workdir" "--user" "0:0" "6338a62109efcfa548f0485718e949403de738ff1415c8d068ce73a16813b96b" "/opt/rustwide/cargo-home/bin/cargo" "+1.99.0-beta.8" "build" "--frozen" "--message-format=json" "--release", kill_on_drop: false }`
[INFO] [stderr]    Compiling yields v0.2.1 (/opt/rustwide/workdir)
[INFO] [stderr]     Finished `release` profile [optimized] target(s) in 0.35s
[INFO] running `Command { std: "docker" "inspect" "6338a62109efcfa548f0485718e949403de738ff1415c8d068ce73a16813b96b", kill_on_drop: false }`
[INFO] running `Command { std: "docker" "exec" "-e" "SOURCE_DIR=/opt/rustwide/workdir" "-e" "CARGO_HOME=/opt/rustwide/cargo-home" "-e" "RUSTUP_HOME=/opt/rustwide/rustup-home" "-e" "CARGO_TARGET_DIR=/opt/rustwide/target" "-e" "CARGO_INCREMENTAL=0" "-e" "RUST_BACKTRACE=full" "-e" "RUSTFLAGS=--cap-lints=warn" "-e" "RUSTDOCFLAGS=--cap-lints=warn" "-w" "/opt/rustwide/workdir" "--user" "0:0" "6338a62109efcfa548f0485718e949403de738ff1415c8d068ce73a16813b96b" "/opt/rustwide/cargo-home/bin/cargo" "+1.99.0-beta.8" "test" "--frozen" "--no-run" "--message-format=json" "--release", kill_on_drop: false }`
[INFO] [stderr]    Compiling yields v0.2.1 (/opt/rustwide/workdir)
[INFO] [stderr]     Finished `release` profile [optimized] target(s) in 0.56s
[INFO] running `Command { std: "docker" "inspect" "6338a62109efcfa548f0485718e949403de738ff1415c8d068ce73a16813b96b", kill_on_drop: false }`
[INFO] running `Command { std: "docker" "exec" "-e" "SOURCE_DIR=/opt/rustwide/workdir" "-e" "CARGO_HOME=/opt/rustwide/cargo-home" "-e" "RUSTUP_HOME=/opt/rustwide/rustup-home" "-e" "CARGO_TARGET_DIR=/opt/rustwide/target" "-e" "CARGO_INCREMENTAL=0" "-e" "RUST_BACKTRACE=full" "-e" "RUSTFLAGS=--cap-lints=warn" "-e" "RUSTDOCFLAGS=--cap-lints=warn" "-w" "/opt/rustwide/workdir" "--user" "0:0" "6338a62109efcfa548f0485718e949403de738ff1415c8d068ce73a16813b96b" "/opt/rustwide/cargo-home/bin/cargo" "+1.99.0-beta.8" "test" "--frozen" "--release", kill_on_drop: false }`
[INFO] [stderr]     Finished `release` profile [optimized] target(s) in 0.02s
[INFO] [stderr]      Running unittests src/lib.rs (/opt/rustwide/target/release/deps/yields-a1def71dd9b2c69d)
[INFO] [stdout] 
[INFO] [stdout] running 13 tests
[INFO] [stdout] test tests::constant_product_pool_quotes_exact_input ... ok
[INFO] [stdout] test tests::bounded_instruction_buffer_rejects_overflow ... ok
[INFO] [stdout] test tests::crate_metadata_is_wired ... FAILED
[INFO] [stdout] test tests::fixed_offset_readers_copy_stack_values ... ok
[INFO] [stdout] test tests::jupiter_perps_swap2_encoder_writes_expected_layout ... ok
[INFO] [stdout] test tests::meteora_damm_v2_swap_encoder_writes_expected_layout ... ok
[INFO] [stdout] test tests::pool_rejects_mint_mismatch_and_bad_reserves ... ok
[INFO] [stdout] test tests::vault_share_math_supports_lending_style_providers ... ok
[INFO] [stdout] test tests::provider_encoders_reject_small_buffers_and_zero_amounts ... ok
[INFO] [stdout] test tests::slippage_and_bps_validation_are_checked ... ok
[INFO] [stdout] test tests::strategy_selects_best_quote_with_fee_tiebreak ... ok
[INFO] [stdout] test tests::meteora_dlmm_swap2_encoder_writes_expected_layout ... ok
[INFO] [stdout] test tests::writes_instruction_into_caller_owned_buffer ... ok
[INFO] [stdout] 
[INFO] [stdout] failures:
[INFO] [stdout] 
[INFO] [stdout] ---- tests::crate_metadata_is_wired stdout ----
[INFO] [stdout] 
[INFO] [stdout] thread 'tests::crate_metadata_is_wired' (143) panicked at src/lib.rs:976:9:
[INFO] [stdout] assertion `left == right` failed
[INFO] [stdout]   left: "0.2.1"
[INFO] [stdout]  right: "0.1.0"
[INFO] [stdout] stack backtrace:
[INFO] [stdout]    0:     0x587624b27661 - <<std[70759c8f55707aa4]::sys::backtrace::BacktraceLock>::print::DisplayBacktrace as core[df12db4294e9bfd3]::fmt::Display>::fmt
[INFO] [stdout]    1:     0x587624b3ba4a - core[df12db4294e9bfd3]::fmt::write
[INFO] [stdout]    2:     0x587624b2bafc - <alloc[2182bb758b4b3781]::vec::Vec<u8> as core[df12db4294e9bfd3]::io::write::Write>::write_fmt
[INFO] [stdout]    3:     0x587624b03c56 - std[70759c8f55707aa4]::panicking::default_hook::{closure#0}
[INFO] [stdout]    4:     0x587624b1fdc9 - std[70759c8f55707aa4]::panicking::default_hook
[INFO] [stdout]    5:     0x587624abc250 - test[9d35eded1c95d3be]::test_main_inner::<test[9d35eded1c95d3be]::test_main_static::{closure#0}>::{closure#0}
[INFO] [stdout]    6:     0x587624b1ff82 - std[70759c8f55707aa4]::panicking::panic_with_hook
[INFO] [stdout]    7:     0x587624b03d02 - std[70759c8f55707aa4]::panicking::panic_handler::{closure#0}
[INFO] [stdout]    8:     0x587624afca89 - std[70759c8f55707aa4]::sys::backtrace::__rust_end_short_backtrace::<std[70759c8f55707aa4]::panicking::panic_handler::{closure#0}, !>
[INFO] [stdout]    9:     0x587624b048fd - __rustc[8fa7c3cbc660c2b3]::rust_begin_unwind
[INFO] [stdout]   10:     0x587624b3c17c - core[df12db4294e9bfd3]::panicking::panic_fmt
[INFO] [stdout]   11:     0x587624b3c093 - core[df12db4294e9bfd3]::panicking::assert_failed_inner
[INFO] [stdout]   12:     0x587624aae524 - core[df12db4294e9bfd3]::panicking::assert_failed::<&str, &str>
[INFO] [stdout]   13:     0x587624aac5af - <yields[855d8f330f2a0b7d]::tests::crate_metadata_is_wired::{closure#0} as core[df12db4294e9bfd3]::ops::function::FnOnce<()>>::call_once
[INFO] [stdout]   14:     0x587624aaf53b - test[9d35eded1c95d3be]::__rust_begin_short_backtrace::<core[df12db4294e9bfd3]::result::Result<(), alloc[2182bb758b4b3781]::string::String>, fn() -> core[df12db4294e9bfd3]::result::Result<(), alloc[2182bb758b4b3781]::string::String>>
[INFO] [stdout]   15:     0x587624abcba5 - test[9d35eded1c95d3be]::run_test::{closure#0}
[INFO] [stdout]   16:     0x587624ab6464 - std[70759c8f55707aa4]::sys::backtrace::__rust_begin_short_backtrace::<test[9d35eded1c95d3be]::run_test::{closure#1}, ()>
[INFO] [stdout]   17:     0x587624abfd02 - <std[70759c8f55707aa4]::thread::lifecycle::spawn_unchecked<test[9d35eded1c95d3be]::run_test::{closure#1}, ()>::{closure#1} as core[df12db4294e9bfd3]::ops::function::FnOnce<()>>::call_once::{shim:vtable#0}
[INFO] [stdout]   18:     0x587624b26f39 - <std[70759c8f55707aa4]::sys::thread::unix::Thread>::new::thread_start
[INFO] [stdout]   19:     0x719ad4425dfa - <unknown>
[INFO] [stdout]   20:     0x719ad44b93d4 - clone
[INFO] [stdout]   21:                0x0 - <unknown>
[INFO] [stdout] 
[INFO] [stdout] 
[INFO] [stdout] failures:
[INFO] [stdout]     tests::crate_metadata_is_wired
[INFO] [stdout] 
[INFO] [stdout] test result: FAILED. 12 passed; 1 failed; 0 ignored; 0 measured; 0 filtered out; finished in 0.00s
[INFO] [stdout] 
[INFO] [stderr] error: test failed, to rerun pass `--lib`
[INFO] running `Command { std: "docker" "inspect" "6338a62109efcfa548f0485718e949403de738ff1415c8d068ce73a16813b96b", kill_on_drop: false }`
[INFO] running `Command { std: "docker" "rm" "-f" "6338a62109efcfa548f0485718e949403de738ff1415c8d068ce73a16813b96b", kill_on_drop: false }`
[INFO] [stdout] 6338a62109efcfa548f0485718e949403de738ff1415c8d068ce73a16813b96b
