[INFO] fetching crate yhy_net_lettre 0.11.8...
[INFO] testing yhy_net_lettre-0.11.8 against 1.100.0-beta.1+cargoflags=--release for beta-release-1.100-2
[INFO] extracting crate yhy_net_lettre 0.11.8 into /workspace/builds/worker-7-tc2/source
[INFO] started tweaking crates.io crate yhy_net_lettre 0.11.8
[INFO] removed 0 missing examples
[INFO] finished tweaking crates.io crate yhy_net_lettre 0.11.8
[INFO] tweaked toml for crates.io crate yhy_net_lettre 0.11.8 written to /workspace/builds/worker-7-tc2/source/Cargo.toml
[INFO] validating manifest of crates.io crate yhy_net_lettre 0.11.8 on toolchain 1.100.0-beta.1
[INFO] running `Command { std: CARGO_HOME="/workspace/cargo-home" RUSTUP_HOME="/workspace/rustup-home" "/workspace/cargo-home/bin/cargo" "+1.100.0-beta.1" "metadata" "--manifest-path" "Cargo.toml" "--no-deps", kill_on_drop: false }`
[INFO] crate crates.io crate yhy_net_lettre 0.11.8 already has a lockfile, it will not be regenerated
[INFO] running `Command { std: CARGO_HOME="/workspace/cargo-home" RUSTUP_HOME="/workspace/rustup-home" "/workspace/cargo-home/bin/cargo" "+1.100.0-beta.1" "fetch" "--manifest-path" "Cargo.toml", kill_on_drop: false }`
[INFO] running `Command { std: "docker" "create" "-v" "/var/lib/crater-agent-workspace/builds/worker-7-tc2/source:/opt/rustwide/workdir:ro,Z" "-v" "/var/lib/crater-agent-workspace/builds/worker-7-tc2/target:/opt/rustwide/target:rw,Z" "-v" "/var/lib/crater-agent-workspace/cargo-home:/opt/rustwide/cargo-home:ro,Z" "-v" "/var/lib/crater-agent-workspace/rustup-home:/opt/rustwide/rustup-home:ro,Z" "-m" "1610612736" "--network" "none" "ghcr.io/rust-lang/crates-build-env/linux@sha256:77db811e55d90add9212f6832c23229e3de5f1c1f9905e8cb07319ea15df73ac" "sleep" "infinity", kill_on_drop: false }`
[INFO] [stdout] 24d09919f383ebe2008af01a2ab7c89802c8a4f02e3ec80f38e0bc739b195a59
[INFO] running `Command { std: "docker" "start" "24d09919f383ebe2008af01a2ab7c89802c8a4f02e3ec80f38e0bc739b195a59", kill_on_drop: false }`
[INFO] running `Command { std: "docker" "inspect" "24d09919f383ebe2008af01a2ab7c89802c8a4f02e3ec80f38e0bc739b195a59", kill_on_drop: false }`
[INFO] running `Command { std: "docker" "exec" "-e" "SOURCE_DIR=/opt/rustwide/workdir" "-e" "CARGO_HOME=/opt/rustwide/cargo-home" "-e" "RUSTUP_HOME=/opt/rustwide/rustup-home" "-e" "CARGO_TARGET_DIR=/opt/rustwide/target" "-w" "/opt/rustwide/workdir" "--user" "0:0" "24d09919f383ebe2008af01a2ab7c89802c8a4f02e3ec80f38e0bc739b195a59" "/opt/rustwide/cargo-home/bin/cargo" "+1.100.0-beta.1" "metadata" "--no-deps" "--format-version=1", kill_on_drop: false }`
[INFO] running `Command { std: "docker" "inspect" "24d09919f383ebe2008af01a2ab7c89802c8a4f02e3ec80f38e0bc739b195a59", kill_on_drop: false }`
[INFO] running `Command { std: "docker" "exec" "-e" "SOURCE_DIR=/opt/rustwide/workdir" "-e" "CARGO_HOME=/opt/rustwide/cargo-home" "-e" "RUSTUP_HOME=/opt/rustwide/rustup-home" "-e" "CARGO_TARGET_DIR=/opt/rustwide/target" "-e" "CARGO_INCREMENTAL=0" "-e" "RUST_BACKTRACE=full" "-e" "RUSTFLAGS=--cap-lints=warn" "-e" "RUSTDOCFLAGS=--cap-lints=warn" "-w" "/opt/rustwide/workdir" "--user" "0:0" "24d09919f383ebe2008af01a2ab7c89802c8a4f02e3ec80f38e0bc739b195a59" "/opt/rustwide/cargo-home/bin/cargo" "+1.100.0-beta.1" "build" "--frozen" "--message-format=json" "--release", kill_on_drop: false }`
[INFO] [stderr]    Compiling libc v0.2.153
[INFO] [stderr]    Compiling pkg-config v0.3.30
[INFO] [stderr]    Compiling proc-macro2 v1.0.78
[INFO] [stderr]    Compiling unicode-ident v1.0.12
[INFO] [stderr]    Compiling once_cell v1.19.0
[INFO] [stderr]    Compiling ahash v0.8.7
[INFO] [stderr]    Compiling tinyvec v1.6.0
[INFO] [stderr]    Compiling slab v0.4.9
[INFO] [stderr]    Compiling zerocopy v0.7.32
[INFO] [stderr]    Compiling openssl v0.10.63
[INFO] [stderr]    Compiling memchr v2.7.1
[INFO] [stderr]    Compiling native-tls v0.2.11
[INFO] [stderr]    Compiling allocator-api2 v0.2.16
[INFO] [stderr]    Compiling percent-encoding v2.3.1
[INFO] [stderr]    Compiling bitflags v2.4.2
[INFO] [stderr]    Compiling cc v1.0.83
[INFO] [stderr]    Compiling quote v1.0.35
[INFO] [stderr]    Compiling syn v2.0.48
[INFO] [stderr]    Compiling unicode-bidi v0.3.15
[INFO] [stderr]    Compiling hashbrown v0.14.3
[INFO] [stderr]    Compiling form_urlencoded v1.2.1
[INFO] [stderr]    Compiling unicode-normalization v0.1.22
[INFO] [stderr]    Compiling futures-core v0.3.30
[INFO] [stderr]    Compiling pin-project-lite v0.2.13
[INFO] [stderr]    Compiling futures-task v0.3.30
[INFO] [stderr]    Compiling openssl-probe v0.1.5
[INFO] [stderr]    Compiling log v0.4.20
[INFO] [stderr]    Compiling futures-io v0.3.30
[INFO] [stderr]    Compiling base64 v0.22.0
[INFO] [stderr]    Compiling futures-util v0.3.30
[INFO] [stderr]    Compiling idna v0.5.0
[INFO] [stderr]    Compiling nom v7.1.3
[INFO] [stderr]    Compiling openssl-sys v0.9.99
[INFO] [stderr]    Compiling psm v0.1.21
[INFO] [stderr]    Compiling stacker v0.1.15
[INFO] [stderr]    Compiling url v2.5.0
[INFO] [stderr]    Compiling chumsky v0.9.3
[INFO] [stderr]    Compiling yhy-email-encoding v0.0.2
[INFO] [stderr]    Compiling hostname v0.4.0
[INFO] [stderr]    Compiling socket2 v0.5.5
[INFO] [stderr]    Compiling fastrand v2.0.1
[INFO] [stderr]    Compiling quoted_printable v0.5.0
[INFO] [stderr]    Compiling email_address v0.2.4
[INFO] [stderr]    Compiling openssl-macros v0.1.1
[INFO] [stderr]    Compiling yhy_net_lettre v0.11.8 (/opt/rustwide/workdir)
[INFO] [stdout] warning: unexpected `cfg` condition name: `lettre_ignore_tls_mismatch`
[INFO] [stdout]    --> src/lib.rs:144:11
[INFO] [stdout]     |
[INFO] [stdout] 144 | #[cfg(not(lettre_ignore_tls_mismatch))]
[INFO] [stdout]     |           ^^^^^^^^^^^^^^^^^^^^^^^^^^
[INFO] [stdout]     |
[INFO] [stdout]     = help: expected names are: `docsrs`, `feature`, and `test` and 34 more
[INFO] [stdout]     = help: consider using a Cargo feature instead
[INFO] [stdout]     = help: or consider adding in `Cargo.toml` the `check-cfg` lint config for the lint:
[INFO] [stdout]              [lints.rust]
[INFO] [stdout]              unexpected_cfgs = { level = "warn", check-cfg = ['cfg(lettre_ignore_tls_mismatch)'] }
[INFO] [stdout]     = help: or consider adding `println!("cargo::rustc-check-cfg=cfg(lettre_ignore_tls_mismatch)");` to the top of the `build.rs`
[INFO] [stdout]     = note: see <https://doc.rust-lang.org/nightly/rustc/check-cfg/cargo-specifics.html> for more information about checking conditional configuration
[INFO] [stdout]     = note: `#[warn(unexpected_cfgs)]` on by default
[INFO] [stdout] 
[INFO] [stdout] 
[INFO] [stdout] warning: unexpected `cfg` condition value: `async-std1-native-tls`
[INFO] [stdout]    --> src/lib.rs:190:13
[INFO] [stdout]     |
[INFO] [stdout] 190 |         not(feature = "async-std1-native-tls")
[INFO] [stdout]     |             ^^^^^^^^^^-----------------------
[INFO] [stdout]     |                       |
[INFO] [stdout]     |                       help: there is a expected value with a similar name: `"async-std1-rustls-tls"`
[INFO] [stdout]     |
[INFO] [stdout]     = note: expected values for `feature` are: `async-std1`, `async-std1-rustls-tls`, `boring-tls`, `builder`, `default`, `dkim`, `file-transport`, `file-transport-envelope`, `hostname`, `mime03`, `native-tls`, `pool`, `rustls-native-certs`, `rustls-tls`, `sendmail-transport`, `serde`, `smtp-transport`, `tokio1`, `tokio1-boring-tls`, `tokio1-native-tls`, `tokio1-rustls-tls`, and `tracing`
[INFO] [stdout]     = help: consider adding `async-std1-native-tls` as a feature in `Cargo.toml`
[INFO] [stdout]     = note: see <https://doc.rust-lang.org/nightly/rustc/check-cfg/cargo-specifics.html> for more information about checking conditional configuration
[INFO] [stdout] 
[INFO] [stdout] 
[INFO] [stderr]     Finished `release` profile [optimized] target(s) in 46.76s
[INFO] running `Command { std: "docker" "inspect" "24d09919f383ebe2008af01a2ab7c89802c8a4f02e3ec80f38e0bc739b195a59", kill_on_drop: false }`
[INFO] running `Command { std: "docker" "exec" "-e" "SOURCE_DIR=/opt/rustwide/workdir" "-e" "CARGO_HOME=/opt/rustwide/cargo-home" "-e" "RUSTUP_HOME=/opt/rustwide/rustup-home" "-e" "CARGO_TARGET_DIR=/opt/rustwide/target" "-e" "CARGO_INCREMENTAL=0" "-e" "RUST_BACKTRACE=full" "-e" "RUSTFLAGS=--cap-lints=warn" "-e" "RUSTDOCFLAGS=--cap-lints=warn" "-w" "/opt/rustwide/workdir" "--user" "0:0" "24d09919f383ebe2008af01a2ab7c89802c8a4f02e3ec80f38e0bc739b195a59" "/opt/rustwide/cargo-home/bin/cargo" "+1.100.0-beta.1" "test" "--frozen" "--no-run" "--message-format=json" "--release", kill_on_drop: false }`
[INFO] [stderr]    Compiling crossbeam-utils v0.8.19
[INFO] [stderr]    Compiling parking v2.2.0
[INFO] [stderr]    Compiling futures-core v0.3.30
[INFO] [stderr]    Compiling futures-io v0.3.30
[INFO] [stderr]    Compiling value-bag v1.7.0
[INFO] [stderr]    Compiling tracing-core v0.1.32
[INFO] [stderr]    Compiling bitflags v2.4.2
[INFO] [stderr]    Compiling serde v1.0.196
[INFO] [stderr]    Compiling rustix v0.38.31
[INFO] [stderr]    Compiling futures-lite v2.2.0
[INFO] [stderr]    Compiling serde_derive v1.0.196
[INFO] [stderr]    Compiling linux-raw-sys v0.4.13
[INFO] [stderr]    Compiling log v0.4.20
[INFO] [stderr]    Compiling io-lifetimes v1.0.11
[INFO] [stderr]    Compiling proc-macro-error v1.0.4
[INFO] [stderr]    Compiling num-traits v0.2.18
[INFO] [stderr]    Compiling tracing v0.1.40
[INFO] [stderr]    Compiling concurrent-queue v2.4.0
[INFO] [stderr]    Compiling event-listener v4.0.3
[INFO] [stderr]    Compiling event-listener v5.0.0
[INFO] [stderr]    Compiling crossbeam-epoch v0.9.18
[INFO] [stderr]    Compiling polling v2.8.0
[INFO] [stderr]    Compiling event-listener-strategy v0.4.0
[INFO] [stderr]    Compiling async-lock v3.3.0
[INFO] [stderr]    Compiling event-listener-strategy v0.5.0
[INFO] [stderr]    Compiling rustix v0.37.27
[INFO] [stderr]    Compiling either v1.10.0
[INFO] [stderr]    Compiling async-task v4.7.0
[INFO] [stderr]    Compiling rayon-core v1.12.1
[INFO] [stderr]    Compiling itoa v1.0.10
[INFO] [stderr]    Compiling serde_json v1.0.113
[INFO] [stderr]    Compiling piper v0.2.1
[INFO] [stderr]    Compiling crossbeam-deque v0.8.5
[INFO] [stderr]    Compiling async-channel v2.2.0
[INFO] [stderr]    Compiling proc-macro-error-attr v1.0.4
[INFO] [stderr]    Compiling async-io v1.13.0
[INFO] [stderr]    Compiling half v2.3.1
[INFO] [stderr]    Compiling linux-raw-sys v0.3.8
[INFO] [stderr]    Compiling ryu v1.0.16
[INFO] [stderr]    Compiling fastrand v1.9.0
[INFO] [stderr]    Compiling waker-fn v1.1.1
[INFO] [stderr]    Compiling anstyle v1.0.6
[INFO] [stderr]    Compiling regex-syntax v0.8.2
[INFO] [stderr]    Compiling clap_lex v0.7.0
[INFO] [stderr]    Compiling futures-lite v1.13.0
[INFO] [stderr]    Compiling clap_builder v4.5.0
[INFO] [stderr]    Compiling ciborium-ll v0.2.2
[INFO] [stderr]    Compiling async-executor v1.8.0
[INFO] [stderr]    Compiling blocking v1.5.1
[INFO] [stderr]    Compiling openssl v0.10.63
[INFO] [stderr]    Compiling regex-automata v0.4.5
[INFO] [stderr]    Compiling syn v1.0.109
[INFO] [stderr]    Compiling itertools v0.10.5
[INFO] [stderr]    Compiling polling v3.4.0
[INFO] [stderr]    Compiling async-io v2.3.1
[INFO] [stderr]    Compiling async-lock v2.8.0
[INFO] [stderr]    Compiling socket2 v0.5.5
[INFO] [stderr]    Compiling socket2 v0.4.10
[INFO] [stderr]    Compiling native-tls v0.2.11
[INFO] [stderr]    Compiling walkdir v2.4.0
[INFO] [stderr]    Compiling futures-util v0.3.30
[INFO] [stderr]    Compiling criterion-plot v0.5.0
[INFO] [stderr]    Compiling sharded-slab v0.1.7
[INFO] [stderr]    Compiling async-attributes v1.1.2
[INFO] [stderr]    Compiling tinytemplate v1.2.1
[INFO] [stderr]    Compiling async-global-executor v2.4.1
[INFO] [stderr]    Compiling ciborium v0.2.2
[INFO] [stderr]    Compiling regex v1.10.3
[INFO] [stderr]    Compiling clap v4.5.0
[INFO] [stderr]    Compiling rayon v1.8.1
[INFO] [stderr]    Compiling plotters v0.3.5
[INFO] [stderr]    Compiling maud_macros v0.26.0
[INFO] [stderr]    Compiling async-channel v1.9.0
[INFO] [stderr]    Compiling tracing-log v0.2.0
[INFO] [stderr]    Compiling kv-log-macro v1.0.7
[INFO] [stderr]    Compiling tokio-macros v2.2.0
[INFO] [stderr]    Compiling mio v0.8.11
[INFO] [stderr]    Compiling is-terminal v0.4.12
[INFO] [stderr]    Compiling num_cpus v1.16.0
[INFO] [stderr]    Compiling thread_local v1.1.7
[INFO] [stderr]    Compiling smallvec v1.13.1
[INFO] [stderr]    Compiling yansi v0.5.1
[INFO] [stderr]    Compiling pretty_assertions v1.4.0
[INFO] [stderr]    Compiling tracing-subscriber v0.3.18
[INFO] [stderr]    Compiling tokio v1.36.0
[INFO] [stderr]    Compiling async-std v1.12.0
[INFO] [stderr]    Compiling maud v0.26.0
[INFO] [stderr]    Compiling yhy_net_lettre v0.11.8 (/opt/rustwide/workdir)
[INFO] [stdout] warning: unexpected `cfg` condition name: `lettre_ignore_tls_mismatch`
[INFO] [stdout]    --> src/lib.rs:144:11
[INFO] [stdout]     |
[INFO] [stdout] 144 | #[cfg(not(lettre_ignore_tls_mismatch))]
[INFO] [stdout]     |           ^^^^^^^^^^^^^^^^^^^^^^^^^^
[INFO] [stdout]     |
[INFO] [stdout]     = help: expected names are: `docsrs`, `feature`, and `test` and 34 more
[INFO] [stdout]     = help: consider using a Cargo feature instead
[INFO] [stdout]     = help: or consider adding in `Cargo.toml` the `check-cfg` lint config for the lint:
[INFO] [stdout]              [lints.rust]
[INFO] [stdout]              unexpected_cfgs = { level = "warn", check-cfg = ['cfg(lettre_ignore_tls_mismatch)'] }
[INFO] [stdout]     = help: or consider adding `println!("cargo::rustc-check-cfg=cfg(lettre_ignore_tls_mismatch)");` to the top of the `build.rs`
[INFO] [stdout]     = note: see <https://doc.rust-lang.org/nightly/rustc/check-cfg/cargo-specifics.html> for more information about checking conditional configuration
[INFO] [stdout]     = note: `#[warn(unexpected_cfgs)]` on by default
[INFO] [stdout] 
[INFO] [stdout] 
[INFO] [stdout] warning: unexpected `cfg` condition value: `async-std1-native-tls`
[INFO] [stdout]    --> src/lib.rs:190:13
[INFO] [stdout]     |
[INFO] [stdout] 190 |         not(feature = "async-std1-native-tls")
[INFO] [stdout]     |             ^^^^^^^^^^-----------------------
[INFO] [stdout]     |                       |
[INFO] [stdout]     |                       help: there is a expected value with a similar name: `"async-std1-rustls-tls"`
[INFO] [stdout]     |
[INFO] [stdout]     = note: expected values for `feature` are: `async-std1`, `async-std1-rustls-tls`, `boring-tls`, `builder`, `default`, `dkim`, `file-transport`, `file-transport-envelope`, `hostname`, `mime03`, `native-tls`, `pool`, `rustls-native-certs`, `rustls-tls`, `sendmail-transport`, `serde`, `smtp-transport`, `tokio1`, `tokio1-boring-tls`, `tokio1-native-tls`, `tokio1-rustls-tls`, and `tracing`
[INFO] [stdout]     = help: consider adding `async-std1-native-tls` as a feature in `Cargo.toml`
[INFO] [stdout]     = note: see <https://doc.rust-lang.org/nightly/rustc/check-cfg/cargo-specifics.html> for more information about checking conditional configuration
[INFO] [stdout] 
[INFO] [stdout] 
[INFO] [stderr]    Compiling criterion v0.5.1
[INFO] [stdout] warning: unexpected `cfg` condition name: `lettre_ignore_tls_mismatch`
[INFO] [stdout]    --> src/lib.rs:144:11
[INFO] [stdout]     |
[INFO] [stdout] 144 | #[cfg(not(lettre_ignore_tls_mismatch))]
[INFO] [stdout]     |           ^^^^^^^^^^^^^^^^^^^^^^^^^^
[INFO] [stdout]     |
[INFO] [stdout]     = help: expected names are: `docsrs`, `feature`, and `test` and 34 more
[INFO] [stdout]     = help: consider using a Cargo feature instead
[INFO] [stdout]     = help: or consider adding in `Cargo.toml` the `check-cfg` lint config for the lint:
[INFO] [stdout]              [lints.rust]
[INFO] [stdout]              unexpected_cfgs = { level = "warn", check-cfg = ['cfg(lettre_ignore_tls_mismatch)'] }
[INFO] [stdout]     = help: or consider adding `println!("cargo::rustc-check-cfg=cfg(lettre_ignore_tls_mismatch)");` to the top of the `build.rs`
[INFO] [stdout]     = note: see <https://doc.rust-lang.org/nightly/rustc/check-cfg/cargo-specifics.html> for more information about checking conditional configuration
[INFO] [stdout]     = note: `#[warn(unexpected_cfgs)]` on by default
[INFO] [stdout] 
[INFO] [stdout] 
[INFO] [stdout] warning: unexpected `cfg` condition value: `async-std1-native-tls`
[INFO] [stdout]    --> src/lib.rs:190:13
[INFO] [stdout]     |
[INFO] [stdout] 190 |         not(feature = "async-std1-native-tls")
[INFO] [stdout]     |             ^^^^^^^^^^-----------------------
[INFO] [stdout]     |                       |
[INFO] [stdout]     |                       help: there is a expected value with a similar name: `"async-std1-rustls-tls"`
[INFO] [stdout]     |
[INFO] [stdout]     = note: expected values for `feature` are: `async-std1`, `async-std1-rustls-tls`, `boring-tls`, `builder`, `default`, `dkim`, `file-transport`, `file-transport-envelope`, `hostname`, `mime03`, `native-tls`, `pool`, `rustls-native-certs`, `rustls-tls`, `sendmail-transport`, `serde`, `smtp-transport`, `tokio1`, `tokio1-boring-tls`, `tokio1-native-tls`, `tokio1-rustls-tls`, and `tracing`
[INFO] [stdout]     = help: consider adding `async-std1-native-tls` as a feature in `Cargo.toml`
[INFO] [stdout]     = note: see <https://doc.rust-lang.org/nightly/rustc/check-cfg/cargo-specifics.html> for more information about checking conditional configuration
[INFO] [stdout] 
[INFO] [stdout] 
[INFO] [stdout] warning: unexpected `cfg` condition value: `log`
[INFO] [stdout]    --> src/transport/smtp/client/mod.rs:142:11
[INFO] [stdout]     |
[INFO] [stdout] 142 |     #[cfg(feature = "log")]
[INFO] [stdout]     |           ^^^^^^^^^^^^^^^
[INFO] [stdout]     |
[INFO] [stdout]     = note: expected values for `feature` are: `async-std1`, `async-std1-rustls-tls`, `boring-tls`, `builder`, `default`, `dkim`, `file-transport`, `file-transport-envelope`, `hostname`, `mime03`, `native-tls`, `pool`, `rustls-native-certs`, `rustls-tls`, `sendmail-transport`, `serde`, `smtp-transport`, `tokio1`, `tokio1-boring-tls`, `tokio1-native-tls`, `tokio1-rustls-tls`, and `tracing`
[INFO] [stdout]     = help: consider adding `log` as a feature in `Cargo.toml`
[INFO] [stdout]     = note: see <https://doc.rust-lang.org/nightly/rustc/check-cfg/cargo-specifics.html> for more information about checking conditional configuration
[INFO] [stdout] 
[INFO] [stdout] 
[INFO] [stderr]     Finished `release` profile [optimized] target(s) in 2m 40s
[INFO] running `Command { std: "docker" "inspect" "24d09919f383ebe2008af01a2ab7c89802c8a4f02e3ec80f38e0bc739b195a59", kill_on_drop: false }`
[INFO] running `Command { std: "docker" "exec" "-e" "SOURCE_DIR=/opt/rustwide/workdir" "-e" "CARGO_HOME=/opt/rustwide/cargo-home" "-e" "RUSTUP_HOME=/opt/rustwide/rustup-home" "-e" "CARGO_TARGET_DIR=/opt/rustwide/target" "-e" "CARGO_INCREMENTAL=0" "-e" "RUST_BACKTRACE=full" "-e" "RUSTFLAGS=--cap-lints=warn" "-e" "RUSTDOCFLAGS=--cap-lints=warn" "-w" "/opt/rustwide/workdir" "--user" "0:0" "24d09919f383ebe2008af01a2ab7c89802c8a4f02e3ec80f38e0bc739b195a59" "/opt/rustwide/cargo-home/bin/cargo" "+1.100.0-beta.1" "test" "--frozen" "--release", kill_on_drop: false }`
[INFO] [stderr] warning: unexpected `cfg` condition name: `lettre_ignore_tls_mismatch`
[INFO] [stderr]    --> src/lib.rs:144:11
[INFO] [stderr]     |
[INFO] [stderr] 144 | #[cfg(not(lettre_ignore_tls_mismatch))]
[INFO] [stderr]     |           ^^^^^^^^^^^^^^^^^^^^^^^^^^
[INFO] [stderr]     |
[INFO] [stderr]     = help: expected names are: `docsrs`, `feature`, and `test` and 34 more
[INFO] [stderr]     = help: consider using a Cargo feature instead
[INFO] [stderr]     = help: or consider adding in `Cargo.toml` the `check-cfg` lint config for the lint:
[INFO] [stderr]              [lints.rust]
[INFO] [stderr]              unexpected_cfgs = { level = "warn", check-cfg = ['cfg(lettre_ignore_tls_mismatch)'] }
[INFO] [stderr]     = help: or consider adding `println!("cargo::rustc-check-cfg=cfg(lettre_ignore_tls_mismatch)");` to the top of the `build.rs`
[INFO] [stderr]     = note: see <https://doc.rust-lang.org/nightly/rustc/check-cfg/cargo-specifics.html> for more information about checking conditional configuration
[INFO] [stderr]     = note: `#[warn(unexpected_cfgs)]` on by default
[INFO] [stderr] 
[INFO] [stderr] warning: unexpected `cfg` condition value: `async-std1-native-tls`
[INFO] [stderr]    --> src/lib.rs:190:13
[INFO] [stderr]     |
[INFO] [stderr] 190 |         not(feature = "async-std1-native-tls")
[INFO] [stderr]     |             ^^^^^^^^^^-----------------------
[INFO] [stderr]     |                       |
[INFO] [stderr]     |                       help: there is a expected value with a similar name: `"async-std1-rustls-tls"`
[INFO] [stderr]     |
[INFO] [stderr]     = note: expected values for `feature` are: `async-std1`, `async-std1-rustls-tls`, `boring-tls`, `builder`, `default`, `dkim`, `file-transport`, `file-transport-envelope`, `hostname`, `mime03`, `native-tls`, `pool`, `rustls-native-certs`, `rustls-tls`, `sendmail-transport`, `serde`, `smtp-transport`, `tokio1`, `tokio1-boring-tls`, `tokio1-native-tls`, `tokio1-rustls-tls`, and `tracing`
[INFO] [stderr]     = help: consider adding `async-std1-native-tls` as a feature in `Cargo.toml`
[INFO] [stderr]     = note: see <https://doc.rust-lang.org/nightly/rustc/check-cfg/cargo-specifics.html> for more information about checking conditional configuration
[INFO] [stderr] 
[INFO] [stderr] warning: `yhy_net_lettre` (lib) generated 2 warnings
[INFO] [stderr] warning: unexpected `cfg` condition value: `log`
[INFO] [stderr]    --> src/transport/smtp/client/mod.rs:142:11
[INFO] [stderr]     |
[INFO] [stderr] 142 |     #[cfg(feature = "log")]
[INFO] [stderr]     |           ^^^^^^^^^^^^^^^
[INFO] [stderr]     |
[INFO] [stderr]     = note: expected values for `feature` are: `async-std1`, `async-std1-rustls-tls`, `boring-tls`, `builder`, `default`, `dkim`, `file-transport`, `file-transport-envelope`, `hostname`, `mime03`, `native-tls`, `pool`, `rustls-native-certs`, `rustls-tls`, `sendmail-transport`, `serde`, `smtp-transport`, `tokio1`, `tokio1-boring-tls`, `tokio1-native-tls`, `tokio1-rustls-tls`, and `tracing`
[INFO] [stderr]     = help: consider adding `log` as a feature in `Cargo.toml`
[INFO] [stderr]     = note: see <https://doc.rust-lang.org/nightly/rustc/check-cfg/cargo-specifics.html> for more information about checking conditional configuration
[INFO] [stderr] 
[INFO] [stderr] warning: `yhy_net_lettre` (lib test) generated 3 warnings (2 duplicates)
[INFO] [stderr]     Finished `release` profile [optimized] target(s) in 0.25s
[INFO] [stderr]      Running unittests src/lib.rs (/opt/rustwide/target/release/build/yhy_net_lettre/f9dbfd2405bc7b33/out/yhy_net_lettre-f9dbfd2405bc7b33)
[INFO] [stdout] 
[INFO] [stdout] running 131 tests
[INFO] [stdout] test message::attachment::tests::attachment_inline ... ok
[INFO] [stdout] test message::attachment::tests::attachment ... ok
[INFO] [stdout] test address::types::tests::ascii_address_ipv6 ... ok
[INFO] [stdout] test message::body::test::base64_encode_ascii_wrapping ... ok
[INFO] [stdout] test message::body::test::crlf ... ok
[INFO] [stdout] test message::body::test::base64_encode_bytes_wrapping ... ok
[INFO] [stdout] test message::body::test::crlf_noop ... ok
[INFO] [stdout] test address::types::tests::ascii_address_ipv4 ... ok
[INFO] [stdout] test address::types::tests::ascii_address ... ok
[INFO] [stdout] test message::body::test::harsh_crlf ... ok
[INFO] [stdout] test message::body::test::quoted_printable_detect ... ok
[INFO] [stdout] test message::body::test::eight_bit_encode ... ok
[INFO] [stdout] test message::body::test::eight_bit_too_long_fail ... ok
[INFO] [stdout] test address::types::tests::check_parts ... ok
[INFO] [stdout] test message::body::test::base64_encode_bytes ... ok
[INFO] [stdout] test message::body::test::quoted_printable_encode_ascii ... ok
[INFO] [stdout] test message::body::test::quoted_printable_encode_line_wrap ... ok
[INFO] [stdout] test message::body::test::base64_detect ... ok
[INFO] [stdout] test message::body::test::quoted_printable_encode_utf8 ... ok
[INFO] [stdout] test message::body::test::seven_bit_detect ... ok
[INFO] [stdout] test message::body::test::seven_bit_encode ... ok
[INFO] [stdout] test message::body::test::seven_bit_invalid ... ok
[INFO] [stdout] test message::body::test::seven_bit_too_long_detect ... ok
[INFO] [stdout] test message::body::test::seven_bit_too_long_encode_quotedprintable ... ok
[INFO] [stdout] test message::header::content::test::parse_content_transfer_encoding ... ok
[INFO] [stdout] test message::header::content_disposition::test::format_content_disposition ... ok
[INFO] [stdout] test message::body::test::base64_encode_ascii ... ok
[INFO] [stdout] test message::body::test::seven_bit_too_long_fail ... ok
[INFO] [stdout] test message::header::content::test::format_content_transfer_encoding ... ok
[INFO] [stdout] test message::header::content_disposition::test::parse_content_disposition ... ok
[INFO] [stdout] test message::header::content_type::test::format_content_type ... ok
[INFO] [stdout] test message::header::content_type::test::parse_content_type ... ok
[INFO] [stdout] test message::header::date::test::format_date ... ok
[INFO] [stdout] test message::header::date::test::parse_date ... ok
[INFO] [stdout] test message::header::mailbox::test::format_multi_with_name ... ok
[INFO] [stdout] test message::header::mailbox::test::format_single_with_utf8_name ... ok
[INFO] [stdout] test message::header::mailbox::test::format_single_without_name ... ok
[INFO] [stdout] test message::header::mailbox::test::mailbox_format_address_with_angle_bracket ... ok
[INFO] [stdout] test message::header::mailbox::test::parse_multi_with_name ... ok
[INFO] [stdout] test message::header::mailbox::test::parse_multi_with_name_containing_comma ... ok
[INFO] [stdout] test message::header::mailbox::test::parse_multi_with_name_containing_comma_last_broken ... ok
[INFO] [stdout] test message::header::mailbox::test::parse_multi_with_name_containing_double_quotes ... ok
[INFO] [stdout] test message::header::mailbox::test::parse_multi_without_name ... ok
[INFO] [stdout] test message::header::mailbox::test::format_multi_without_name ... ok
[INFO] [stdout] test message::header::mailbox::test::parse_single_without_name ... ok
[INFO] [stdout] test message::header::mailbox::test::parse_single_with_name ... ok
[INFO] [stdout] test message::header::tests::colons_in_headername ... ok
[INFO] [stdout] test message::header::special::test::format_mime_version ... ok
[INFO] [stdout] test message::header::special::test::parse_mime_version ... ok
[INFO] [stdout] test message::header::mailbox::test::format_single_with_name ... ok
[INFO] [stdout] test message::header::tests::const_colons_in_headername - should panic ... ok
[INFO] [stdout] test message::header::tests::const_empty_headername - should panic ... ok
[INFO] [stdout] test message::header::tests::const_non_ascii_headername - should panic ... ok
[INFO] [stdout] test message::header::tests::const_spaces_in_headername - should panic ... ok
[INFO] [stdout] test message::header::tests::format_ascii_with_folding_giant_word ... ok
[INFO] [stdout] test message::header::tests::const_valid_headername ... ok
[INFO] [stdout] test message::header::tests::format_ascii_with_folding_long_line ... ok
[INFO] [stdout] test message::header::tests::format_bad_stuff ... ok
[INFO] [stdout] test message::header::tests::format_ascii_with_folding_very_long_line ... ok
[INFO] [stdout] test message::header::tests::empty_headername ... ok
[INFO] [stdout] test message::header::tests::format_ascii ... ok
[INFO] [stdout] test message::header::tests::format_everything ... ok
[INFO] [stdout] test message::header::tests::format_ascii_with_folding ... ok
[INFO] [stdout] test message::header::tests::non_ascii_headername ... ok
[INFO] [stdout] test message::header::tests::format_special_with_folding_raw ... ok
[INFO] [stdout] test message::header::tests::format_slice_on_char_boundary_bug ... ok
[INFO] [stdout] test message::header::tests::format_special_with_folding ... ok
[INFO] [stdout] test message::header::tests::issue_653 ... ok
[INFO] [stdout] test message::header::tests::spaces_in_headername ... ok
[INFO] [stdout] test message::mailbox::types::test::format_address_with_empty_name ... ok
[INFO] [stdout] test message::mailbox::types::test::format_address_with_name_trim ... ok
[INFO] [stdout] test message::mailbox::types::test::mailbox_format_address_only ... ok
[INFO] [stdout] test message::header::tests::format_special ... ok
[INFO] [stdout] test message::header::textual::test::format_ascii ... ok
[INFO] [stdout] test message::header::tests::format_special_emoji ... ok
[INFO] [stdout] test message::header::textual::test::format_utf8 ... ok
[INFO] [stdout] test message::header::textual::test::format_utf8_word ... ok
[INFO] [stdout] test message::header::textual::test::parse_ascii ... ok
[INFO] [stdout] test message::header::tests::valid_headername ... ok
[INFO] [stdout] test message::mailbox::types::test::mailbox_format_address_with_comma ... ok
[INFO] [stdout] test message::mailbox::types::test::mailbox_format_address_with_comma_and_non_ascii ... ok
[INFO] [stdout] test message::mailbox::types::test::mailbox_format_address_with_comma_and_quoted_non_ascii ... ok
[INFO] [stdout] test message::mailbox::types::test::mailbox_format_address_with_name ... ok
[INFO] [stdout] test message::mailbox::types::test::parse_address_from_tuple ... ok
[INFO] [stdout] test message::mailbox::types::test::parse_address_only ... ok
[INFO] [stdout] test message::mailbox::types::test::parse_address_with_empty_name_trim ... ok
[INFO] [stdout] test message::mailbox::types::test::parse_address_with_name ... ok
[INFO] [stdout] test message::mimebody::test::multi_part_alternative ... ok
[INFO] [stdout] test message::mimebody::test::multi_part_mixed ... ok
[INFO] [stdout] test message::mimebody::test::multi_part_mixed_related ... ok
[INFO] [stdout] test message::mimebody::test::multi_part_signed ... ok
[INFO] [stdout] test message::mimebody::test::single_part_base64 ... ok
[INFO] [stdout] test message::mimebody::test::single_part_binary ... ok
[INFO] [stdout] test message::mimebody::test::single_part_quoted_printable ... ok
[INFO] [stdout] test message::mailbox::types::test::parse_address_with_empty_name ... ok
[INFO] [stdout] test message::mailbox::types::test::mailbox_format_address_with_color ... ok
[INFO] [stdout] test message::mimebody::test::multi_part_encrypted ... ok
[INFO] [stdout] test message::test::email_message_no_bcc ... ok
[INFO] [stdout] test message::test::email_minimal_message ... ok
[INFO] [stdout] test message::test::email_message_keep_bcc ... ok
[INFO] [stdout] test message::mimebody::test::test_make_boundary ... ok
[INFO] [stdout] test message::test::email_missing_sender ... ok
[INFO] [stdout] test message::test::email_missing_originator ... ok
[INFO] [stdout] test test::envelope_from_headers_no_to ... ok
[INFO] [stdout] test test::envelope_from_headers ... ok
[INFO] [stdout] test test::envelope_from_headers_sender ... ok
[INFO] [stdout] test transport::smtp::authentication::test::test_from_user_pass_for_credentials ... ok
[INFO] [stdout] test transport::smtp::extension::test::test_clientid_fmt ... ok
[INFO] [stdout] test transport::smtp::authentication::test::test_plain ... ok
[INFO] [stdout] test message::test::email_with_png ... ok
[INFO] [stdout] test transport::smtp::authentication::test::test_xoauth2 ... ok
[INFO] [stdout] test transport::smtp::client::test::test_codec ... ok
[INFO] [stdout] test message::test::test_make_message_id ... ok
[INFO] [stdout] test transport::smtp::response::test::test_category_fmt ... ok
[INFO] [stdout] test transport::smtp::authentication::test::test_login ... ok
[INFO] [stdout] test transport::smtp::response::test::test_code_display ... ok
[INFO] [stdout] test transport::smtp::response::test::test_code_new ... ok
[INFO] [stdout] test transport::smtp::response::test::test_code_to_u16 ... ok
[INFO] [stdout] test transport::smtp::response::test::test_response_first_line ... ok
[INFO] [stdout] test transport::smtp::response::test::test_response_first_word ... ok
[INFO] [stdout] test transport::smtp::response::test::test_response_from_str ... ok
[INFO] [stdout] test transport::smtp::response::test::test_response_is_positive ... ok
[INFO] [stdout] test transport::smtp::response::test::test_response_has_code ... ok
[INFO] [stdout] test transport::smtp::response::test::test_severity_fmt ... ok
[INFO] [stdout] test transport::smtp::commands::test::test_display ... ok
[INFO] [stdout] test transport::smtp::extension::test::test_extension_fmt ... ok
[INFO] [stdout] test transport::smtp::extension::test::test_serverinfo ... ok
[INFO] [stdout] test transport::smtp::extension::test::test_serverinfo_fmt ... ok
[INFO] [stdout] test transport::smtp::util::tests::test ... ok
[INFO] [stdout] test transport::smtp::response::test::test_response_incomplete ... ok
[INFO] [stdout] test transport::smtp::transport::tests::transport_from_url ... ok
[INFO] [stdout] 
[INFO] [stdout] test result: ok. 131 passed; 0 failed; 0 ignored; 0 measured; 0 filtered out; finished in 0.14s
[INFO] [stdout] 
[INFO] [stderr]      Running tests/transport_file.rs (/opt/rustwide/target/release/build/yhy_net_lettre/0bdd70dbcb80d86e/out/transport_file-0bdd70dbcb80d86e)
[INFO] [stdout] 
[INFO] [stdout] running 0 tests
[INFO] [stdout] 
[INFO] [stdout] test result: ok. 0 passed; 0 failed; 0 ignored; 0 measured; 0 filtered out; finished in 0.00s
[INFO] [stdout] 
[INFO] [stderr]      Running tests/transport_sendmail.rs (/opt/rustwide/target/release/build/yhy_net_lettre/eff94bbe8d32111c/out/transport_sendmail-eff94bbe8d32111c)
[INFO] [stdout] 
[INFO] [stdout] running 0 tests
[INFO] [stdout] 
[INFO] [stdout] test result: ok. 0 passed; 0 failed; 0 ignored; 0 measured; 0 filtered out; finished in 0.00s
[INFO] [stdout] 
[INFO] [stderr]      Running tests/transport_smtp.rs (/opt/rustwide/target/release/build/yhy_net_lettre/d1f4ae774a9a9fcf/out/transport_smtp-d1f4ae774a9a9fcf)
[INFO] [stdout] 
[INFO] [stdout] running 1 test
[INFO] [stdout] test sync::smtp_transport_simple ... FAILED
[INFO] [stdout] 
[INFO] [stdout] failures:
[INFO] [stdout] 
[INFO] [stdout] ---- sync::smtp_transport_simple stdout ----
[INFO] [stdout] 
[INFO] [stdout] thread 'sync::smtp_transport_simple' (2846) panicked at tests/transport_smtp.rs:19:29:
[INFO] [stdout] called `Result::unwrap()` on an `Err` value: lettre::transport::smtp::Error { kind: Connection, source: Os { code: 111, kind: ConnectionRefused, message: "Connection refused" } }
[INFO] [stdout] stack backtrace:
[INFO] [stdout]    0:     0x57c5595719a1 - <<std[617be2ca0a6fd877]::sys::backtrace::BacktraceLock>::print::DisplayBacktrace as core[a373ad73a504971]::fmt::Display>::fmt
[INFO] [stdout]    1:     0x57c559586dca - core[a373ad73a504971]::fmt::write
[INFO] [stdout]    2:     0x57c5595760cc - <alloc[2e1b2a31b91974c5]::vec::Vec<u8> as core[a373ad73a504971]::io::write::Write>::write_fmt
[INFO] [stdout]    3:     0x57c55954cec6 - std[617be2ca0a6fd877]::panicking::default_hook::{closure#0}
[INFO] [stdout]    4:     0x57c559569909 - std[617be2ca0a6fd877]::panicking::default_hook
[INFO] [stdout]    5:     0x57c5594c5160 - test[aada8e7e76ba119b]::test_main_inner::{closure#0}
[INFO] [stdout]    6:     0x57c559569c32 - std[617be2ca0a6fd877]::panicking::panic_with_hook
[INFO] [stdout]    7:     0x57c55954cf72 - std[617be2ca0a6fd877]::panicking::panic_handler::{closure#0}
[INFO] [stdout]    8:     0x57c559545ba9 - std[617be2ca0a6fd877]::sys::backtrace::__rust_end_short_backtrace::<std[617be2ca0a6fd877]::panicking::panic_handler::{closure#0}, !>
[INFO] [stdout]    9:     0x57c55954dd6d - __rustc[ea4f61d10b84890b]::rust_begin_unwind
[INFO] [stdout]   10:     0x57c5595874fc - core[a373ad73a504971]::panicking::panic_fmt
[INFO] [stdout]   11:     0x57c5595872d2 - core[a373ad73a504971]::result::unwrap_failed
[INFO] [stdout]   12:     0x57c5594b82f6 - <transport_smtp[43ebc543e4428891]::sync::smtp_transport_simple::{closure#0} as core[a373ad73a504971]::ops::function::FnOnce<()>>::call_once
[INFO] [stdout]   13:     0x57c5594b85ab - test[aada8e7e76ba119b]::__rust_begin_short_backtrace::<core[a373ad73a504971]::result::Result<(), alloc[2e1b2a31b91974c5]::string::String>, fn() -> core[a373ad73a504971]::result::Result<(), alloc[2e1b2a31b91974c5]::string::String>>
[INFO] [stdout]   14:     0x57c5594c5785 - test[aada8e7e76ba119b]::run_test::{closure#0}
[INFO] [stdout]   15:     0x57c5594bf074 - std[617be2ca0a6fd877]::sys::backtrace::__rust_begin_short_backtrace::<test[aada8e7e76ba119b]::run_test::{closure#1}, ()>
[INFO] [stdout]   16:     0x57c5594c8812 - <std[617be2ca0a6fd877]::thread::lifecycle::spawn_unchecked<test[aada8e7e76ba119b]::run_test::{closure#1}, ()>::{closure#1} as core[a373ad73a504971]::ops::function::FnOnce<()>>::call_once::{shim:vtable#0}
[INFO] [stdout]   17:     0x57c559570e4f - <std[617be2ca0a6fd877]::sys::thread::unix::Thread>::new::thread_start
[INFO] [stdout]   18:     0x7bf9f09d7dfa - <unknown>
[INFO] [stdout]   19:     0x7bf9f0a6b3d4 - clone
[INFO] [stdout]   20:                0x0 - <unknown>
[INFO] [stdout] 
[INFO] [stdout] 
[INFO] [stdout] failures:
[INFO] [stdout]     sync::smtp_transport_simple
[INFO] [stdout] 
[INFO] [stdout] test result: FAILED. 0 passed; 1 failed; 0 ignored; 0 measured; 0 filtered out; finished in 0.00s
[INFO] [stdout] 
[INFO] [stderr] error: test failed, to rerun pass `--test transport_smtp`
[INFO] running `Command { std: "docker" "inspect" "24d09919f383ebe2008af01a2ab7c89802c8a4f02e3ec80f38e0bc739b195a59", kill_on_drop: false }`
[INFO] running `Command { std: "docker" "rm" "-f" "24d09919f383ebe2008af01a2ab7c89802c8a4f02e3ec80f38e0bc739b195a59", kill_on_drop: false }`
[INFO] [stdout] 24d09919f383ebe2008af01a2ab7c89802c8a4f02e3ec80f38e0bc739b195a59
