[INFO] fetching crate yhy-email-encoding 0.0.2...
[INFO] testing yhy-email-encoding-0.0.2 against 1.100.0-beta.1+cargoflags=--release for beta-release-1.100-2
[INFO] extracting crate yhy-email-encoding 0.0.2 into /workspace/builds/worker-3-tc2/source
[INFO] started tweaking crates.io crate yhy-email-encoding 0.0.2
[INFO] finished tweaking crates.io crate yhy-email-encoding 0.0.2
[INFO] tweaked toml for crates.io crate yhy-email-encoding 0.0.2 written to /workspace/builds/worker-3-tc2/source/Cargo.toml
[INFO] validating manifest of crates.io crate yhy-email-encoding 0.0.2 on toolchain 1.100.0-beta.1
[INFO] running `Command { std: CARGO_HOME="/workspace/cargo-home" RUSTUP_HOME="/workspace/rustup-home" "/workspace/cargo-home/bin/cargo" "+1.100.0-beta.1" "metadata" "--manifest-path" "Cargo.toml" "--no-deps", kill_on_drop: false }`
[INFO] running `Command { std: CARGO_HOME="/workspace/cargo-home" RUSTUP_HOME="/workspace/rustup-home" "/workspace/cargo-home/bin/cargo" "+1.100.0-beta.1" "generate-lockfile" "--manifest-path" "Cargo.toml", kill_on_drop: false }`
[INFO] [stderr]     Updating crates.io index
[INFO] [stderr]      Locking 5 packages to highest compatible versions
[INFO] [stderr]       Adding base64 v0.22.1 (available: v0.23.1)
[INFO] running `Command { std: CARGO_HOME="/workspace/cargo-home" RUSTUP_HOME="/workspace/rustup-home" "/workspace/cargo-home/bin/cargo" "+1.100.0-beta.1" "fetch" "--manifest-path" "Cargo.toml", kill_on_drop: false }`
[INFO] running `Command { std: "docker" "create" "-v" "/var/lib/crater-agent-workspace/builds/worker-3-tc2/source:/opt/rustwide/workdir:ro,Z" "-v" "/var/lib/crater-agent-workspace/builds/worker-3-tc2/target:/opt/rustwide/target:rw,Z" "-v" "/var/lib/crater-agent-workspace/cargo-home:/opt/rustwide/cargo-home:ro,Z" "-v" "/var/lib/crater-agent-workspace/rustup-home:/opt/rustwide/rustup-home:ro,Z" "-m" "1610612736" "--network" "none" "ghcr.io/rust-lang/crates-build-env/linux@sha256:77db811e55d90add9212f6832c23229e3de5f1c1f9905e8cb07319ea15df73ac" "sleep" "infinity", kill_on_drop: false }`
[INFO] [stdout] 45512eaa2e146e41ac394a2705067a2f7d16cac091e96ccfcee8a73658ff6fbf
[INFO] running `Command { std: "docker" "start" "45512eaa2e146e41ac394a2705067a2f7d16cac091e96ccfcee8a73658ff6fbf", kill_on_drop: false }`
[INFO] running `Command { std: "docker" "inspect" "45512eaa2e146e41ac394a2705067a2f7d16cac091e96ccfcee8a73658ff6fbf", kill_on_drop: false }`
[INFO] running `Command { std: "docker" "exec" "-e" "SOURCE_DIR=/opt/rustwide/workdir" "-e" "CARGO_HOME=/opt/rustwide/cargo-home" "-e" "RUSTUP_HOME=/opt/rustwide/rustup-home" "-e" "CARGO_TARGET_DIR=/opt/rustwide/target" "-w" "/opt/rustwide/workdir" "--user" "0:0" "45512eaa2e146e41ac394a2705067a2f7d16cac091e96ccfcee8a73658ff6fbf" "/opt/rustwide/cargo-home/bin/cargo" "+1.100.0-beta.1" "metadata" "--no-deps" "--format-version=1", kill_on_drop: false }`
[INFO] running `Command { std: "docker" "inspect" "45512eaa2e146e41ac394a2705067a2f7d16cac091e96ccfcee8a73658ff6fbf", kill_on_drop: false }`
[INFO] running `Command { std: "docker" "exec" "-e" "SOURCE_DIR=/opt/rustwide/workdir" "-e" "CARGO_HOME=/opt/rustwide/cargo-home" "-e" "RUSTUP_HOME=/opt/rustwide/rustup-home" "-e" "CARGO_TARGET_DIR=/opt/rustwide/target" "-e" "CARGO_INCREMENTAL=0" "-e" "RUST_BACKTRACE=full" "-e" "RUSTFLAGS=--cap-lints=warn" "-e" "RUSTDOCFLAGS=--cap-lints=warn" "-w" "/opt/rustwide/workdir" "--user" "0:0" "45512eaa2e146e41ac394a2705067a2f7d16cac091e96ccfcee8a73658ff6fbf" "/opt/rustwide/cargo-home/bin/cargo" "+1.100.0-beta.1" "build" "--frozen" "--message-format=json" "--release", kill_on_drop: false }`
[INFO] [stderr]    Compiling base64 v0.22.1
[INFO] [stderr]    Compiling yhy-email-encoding v0.0.2 (/opt/rustwide/workdir)
[INFO] [stderr]     Finished `release` profile [optimized] target(s) in 0.74s
[INFO] running `Command { std: "docker" "inspect" "45512eaa2e146e41ac394a2705067a2f7d16cac091e96ccfcee8a73658ff6fbf", kill_on_drop: false }`
[INFO] running `Command { std: "docker" "exec" "-e" "SOURCE_DIR=/opt/rustwide/workdir" "-e" "CARGO_HOME=/opt/rustwide/cargo-home" "-e" "RUSTUP_HOME=/opt/rustwide/rustup-home" "-e" "CARGO_TARGET_DIR=/opt/rustwide/target" "-e" "CARGO_INCREMENTAL=0" "-e" "RUST_BACKTRACE=full" "-e" "RUSTFLAGS=--cap-lints=warn" "-e" "RUSTDOCFLAGS=--cap-lints=warn" "-w" "/opt/rustwide/workdir" "--user" "0:0" "45512eaa2e146e41ac394a2705067a2f7d16cac091e96ccfcee8a73658ff6fbf" "/opt/rustwide/cargo-home/bin/cargo" "+1.100.0-beta.1" "test" "--frozen" "--no-run" "--message-format=json" "--release", kill_on_drop: false }`
[INFO] [stderr]    Compiling diff v0.1.13
[INFO] [stderr]    Compiling yansi v1.0.1
[INFO] [stderr]    Compiling pretty_assertions v1.4.1
[INFO] [stderr]    Compiling yhy-email-encoding v0.0.2 (/opt/rustwide/workdir)
[INFO] [stderr]     Finished `release` profile [optimized] target(s) in 1.87s
[INFO] running `Command { std: "docker" "inspect" "45512eaa2e146e41ac394a2705067a2f7d16cac091e96ccfcee8a73658ff6fbf", kill_on_drop: false }`
[INFO] running `Command { std: "docker" "exec" "-e" "SOURCE_DIR=/opt/rustwide/workdir" "-e" "CARGO_HOME=/opt/rustwide/cargo-home" "-e" "RUSTUP_HOME=/opt/rustwide/rustup-home" "-e" "CARGO_TARGET_DIR=/opt/rustwide/target" "-e" "CARGO_INCREMENTAL=0" "-e" "RUST_BACKTRACE=full" "-e" "RUSTFLAGS=--cap-lints=warn" "-e" "RUSTDOCFLAGS=--cap-lints=warn" "-w" "/opt/rustwide/workdir" "--user" "0:0" "45512eaa2e146e41ac394a2705067a2f7d16cac091e96ccfcee8a73658ff6fbf" "/opt/rustwide/cargo-home/bin/cargo" "+1.100.0-beta.1" "test" "--frozen" "--release", kill_on_drop: false }`
[INFO] [stderr]     Finished `release` profile [optimized] target(s) in 0.02s
[INFO] [stderr]      Running unittests src/lib.rs (/opt/rustwide/target/release/build/yhy-email-encoding/7aecd63fb16b2dda/out/yhy_email_encoding-7aecd63fb16b2dda)
[INFO] [stdout] 
[INFO] [stdout] running 61 tests
[INFO] [stdout] test body::chooser::tests::ascii_long_str ... ok
[INFO] [stdout] test body::chooser::tests::not_too_long_multiline ... ok
[INFO] [stdout] test body::base64::tests::multiline_exact ... ok
[INFO] [stdout] test body::base64::tests::oneline ... ok
[INFO] [stdout] test body::chooser::tests::ascii_short_str ... ok
[INFO] [stdout] test body::chooser::tests::ascii_short_binary ... ok
[INFO] [stdout] test body::chooser::tests::binary ... ok
[INFO] [stdout] test body::chooser::tests::utf8_short_str_unsupported_inefficient ... ok
[INFO] [stdout] test body::chooser::tests::too_long_oneline ... ok
[INFO] [stdout] test body::chooser::tests::utf8_long_str_efficient ... ok
[INFO] [stdout] test body::chooser::tests::ascii_long_binary ... ok
[INFO] [stdout] test headers::quoted_string::tests::quoted ... ok
[INFO] [stdout] test body::base64::tests::multiline ... ok
[INFO] [stdout] test headers::quoted_string::tests::quoted_escaped ... ok
[INFO] [stdout] test body::chooser::tests::utf8_short_str_unsupported_efficient ... ok
[INFO] [stdout] test headers::quoted_string::tests::plain ... ok
[INFO] [stdout] test headers::quoted_string::tests::quoted_long ... ok
[INFO] [stdout] test headers::rfc2047::tests::basic_nopad ... ok
[INFO] [stdout] test headers::rfc2047::tests::basic ... ok
[INFO] [stdout] test body::base64::tests::empty ... ok
[INFO] [stdout] test headers::rfc2047::tests::empty ... ok
[INFO] [stdout] test headers::quoted_string::tests::rfc2047 ... ok
[INFO] [stdout] test body::base64::tests::oneline_padded ... ok
[INFO] [stdout] test body::base64::tests::multiline_padded ... ok
[INFO] [stdout] test body::chooser::tests::too_long_multiline ... ok
[INFO] [stdout] test body::chooser::tests::not_too_long_oneline ... ok
[INFO] [stdout] test headers::rfc2047::tests::long ... ok
[INFO] [stdout] test body::chooser::tests::utf8_long_str_inefficient ... ok
[INFO] [stdout] test headers::rfc2047::tests::long_encoded ... ok
[INFO] [stdout] test headers::rfc2231::tests::parameter ... ok
[INFO] [stdout] test body::chooser::tests::utf8_short_str_supported ... ok
[INFO] [stdout] test headers::rfc2231::tests::parameter_long ... ok
[INFO] [stdout] test headers::rfc2822::tests::parameter_to_escape ... ok
[INFO] [stdout] test headers::rfc2231::tests::parameter_special ... ok
[INFO] [stdout] test headers::rfc2231::tests::parameter_special_long ... ok
[INFO] [stdout] test headers::rfc2231::tests::parameter_special_long_part2 ... ok
[INFO] [stdout] test headers::rfc2231::tests::parameter_to_escape ... ok
[INFO] [stdout] test headers::rfc2822::tests::empty ... ok
[INFO] [stdout] test headers::utils::tests::truncate_utf8 ... ok
[INFO] [stdout] test headers::utils::tests::truncate0_utf8 ... ok
[INFO] [stdout] test headers::rfc2822::tests::parameter_long ... ok
[INFO] [stdout] test headers::utils::tests::truncate_ascii ... ok
[INFO] [stdout] test headers::utils::tests::truncate_boundary_utf8 ... ok
[INFO] [stdout] test headers::rfc2822::tests::parameter ... ok
[INFO] [stdout] test headers::writer::tests::catch_space ... ok
[INFO] [stdout] test headers::rfc2822::tests::parameter_special ... FAILED
[INFO] [stdout] test headers::rfc2822::tests::parameter_special_long_part2 ... FAILED
[INFO] [stdout] test headers::writer::tests::catch_spaces ... ok
[INFO] [stdout] test headers::rfc2231::tests::empty ... ok
[INFO] [stdout] test headers::utils::tests::truncate0_ascii ... ok
[INFO] [stdout] test headers::rfc2822::tests::parameter_special_long ... FAILED
[INFO] [stdout] test headers::writer::tests::double_spaces_issue_949 ... ok
[INFO] [stdout] test headers::writer::tests::double_spaces_issue_949_no_space ... ok
[INFO] [stdout] test headers::writer::tests::explicit_space ... ok
[INFO] [stdout] test headers::writer::tests::explicit_spaces ... ok
[INFO] [stdout] test headers::utils::tests::truncate_out_of_bounds - should panic ... ok
[INFO] [stdout] test headers::rfc2822::tests::parameter_dont_split_on_hex_boundary ... FAILED
[INFO] [stdout] test headers::writer::tests::optional_breakpoint ... ok
[INFO] [stdout] test headers::writer::tests::wrap_immediate ... ok
[INFO] [stdout] test headers::writer::tests::wrap_keeping_final_whitespace ... ok
[INFO] [stderr] error: test failed, to rerun pass `--lib`
[INFO] [stdout] test headers::rfc2231::tests::parameter_dont_split_on_hex_boundary ... ok
[INFO] [stdout] 
[INFO] [stdout] failures:
[INFO] [stdout] 
[INFO] [stdout] ---- headers::rfc2822::tests::parameter_special stdout ----
[INFO] [stdout] 
[INFO] [stdout] thread 'headers::rfc2822::tests::parameter_special' (240) panicked at src/headers/rfc2822.rs:247:9:
[INFO] [stdout] assertion failed: `(left == right)`
[INFO] [stdout] 
[INFO] [stdout] [1mDiff[0m [31m< left[0m / [32mright >[0m :
[INFO] [stdout] [31m<Content-Disposition: attachment; filename="=?utf-8?b?Y2FmZsOoLnR4dA==?="[0m
[INFO] [stdout] [32m>Content-Disposition: attachment;[0m
[INFO] [stdout] [32m> filename*0*=utf-8''caff%C3%A8.txt[0m
[INFO] [stdout] 
[INFO] [stdout] 
[INFO] [stdout] stack backtrace:
[INFO] [stdout]    0:     0x5758c1008dc1 - <<std[617be2ca0a6fd877]::sys::backtrace::BacktraceLock>::print::DisplayBacktrace as core[a373ad73a504971]::fmt::Display>::fmt
[INFO] [stdout]    1:     0x5758c101d4ba - core[a373ad73a504971]::fmt::write
[INFO] [stdout]    2:     0x5758c100cfdc - <alloc[2e1b2a31b91974c5]::vec::Vec<u8> as core[a373ad73a504971]::io::write::Write>::write_fmt
[INFO] [stdout]    3:     0x5758c0fe5226 - std[617be2ca0a6fd877]::panicking::default_hook::{closure#0}
[INFO] [stdout]    4:     0x5758c1001459 - std[617be2ca0a6fd877]::panicking::default_hook
[INFO] [stdout]    5:     0x5758c0f98ba0 - test[aada8e7e76ba119b]::test_main_inner::{closure#0}
[INFO] [stdout]    6:     0x5758c1001612 - std[617be2ca0a6fd877]::panicking::panic_with_hook
[INFO] [stdout]    7:     0x5758c0fe52d2 - std[617be2ca0a6fd877]::panicking::panic_handler::{closure#0}
[INFO] [stdout]    8:     0x5758c0fddfe9 - std[617be2ca0a6fd877]::sys::backtrace::__rust_end_short_backtrace::<std[617be2ca0a6fd877]::panicking::panic_handler::{closure#0}, !>
[INFO] [stdout]    9:     0x5758c0fe5edd - __rustc[ea4f61d10b84890b]::rust_begin_unwind
[INFO] [stdout]   10:     0x5758c101dbec - core[a373ad73a504971]::panicking::panic_fmt
[INFO] [stdout]   11:     0x5758c0f806c9 - <yhy_email_encoding[f5304b3295068cdf]::headers::rfc2822::tests::parameter_special::{closure#0} as core[a373ad73a504971]::ops::function::FnOnce<()>>::call_once
[INFO] [stdout]   12:     0x5758c0f8bfeb - test[aada8e7e76ba119b]::__rust_begin_short_backtrace::<core[a373ad73a504971]::result::Result<(), alloc[2e1b2a31b91974c5]::string::String>, fn() -> core[a373ad73a504971]::result::Result<(), alloc[2e1b2a31b91974c5]::string::String>>
[INFO] [stdout]   13:     0x5758c0f991c5 - test[aada8e7e76ba119b]::run_test::{closure#0}
[INFO] [stdout]   14:     0x5758c0f92ab4 - std[617be2ca0a6fd877]::sys::backtrace::__rust_begin_short_backtrace::<test[aada8e7e76ba119b]::run_test::{closure#1}, ()>
[INFO] [stdout]   15:     0x5758c0f9c252 - <std[617be2ca0a6fd877]::thread::lifecycle::spawn_unchecked<test[aada8e7e76ba119b]::run_test::{closure#1}, ()>::{closure#1} as core[a373ad73a504971]::ops::function::FnOnce<()>>::call_once::{shim:vtable#0}
[INFO] [stdout]   16:     0x5758c100861f - <std[617be2ca0a6fd877]::sys::thread::unix::Thread>::new::thread_start
[INFO] [stdout]   17:     0x71a43c00cdfa - <unknown>
[INFO] [stdout]   18:     0x71a43c0a03d4 - clone
[INFO] [stdout]   19:                0x0 - <unknown>
[INFO] [stdout] 
[INFO] [stdout] ---- headers::rfc2822::tests::parameter_special_long_part2 stdout ----
[INFO] [stdout] 
[INFO] [stdout] thread 'headers::rfc2822::tests::parameter_special_long_part2' (242) panicked at src/headers/rfc2822.rs:301:9:
[INFO] [stdout] assertion failed: `(left == right)`
[INFO] [stdout] 
[INFO] [stdout] [1mDiff[0m [31m< left[0m / [32mright >[0m :
[INFO] [stdout] [31m<Content-Disposition: attachment; filename="=?utf-8?b?dGVzdGluZy10by1zZWUtd2hhdC1oYXBwZW5zLXdoZW4tYm9va3MtYXJlLXBsYWNlZC1pbi10aGUtc2Vjb25kLXBhcnQt8J+TlfCfk5Xwn5OV8J+TlfCfk5Xwn5OV8J+TlfCfk5Xwn5OV8J+TlfCfk5UudHh0?="[0m
[INFO] [stdout] [32m>Content-Disposition: attachment;[0m
[INFO] [stdout] [32m> filename*0*=utf-8''testing-to-see-what-happens-when-books-ar;[0m
[INFO] [stdout] [32m> filename*1*=e-placed-in-the-second-part-%F0%9F%93%95%F0%9F%93%95;[0m
[INFO] [stdout] [32m> filename*2*=%F0%9F%93%95%F0%9F%93%95%F0%9F%93%95%F0%9F%93%95;[0m
[INFO] [stdout] [32m> filename*3*=%F0%9F%93%95%F0%9F%93%95%F0%9F%93%95%F0%9F%93%95;[0m
[INFO] [stdout] [32m> filename*4*=%F0%9F%93%95.txt[0m
[INFO] [stdout] 
[INFO] [stdout] 
[INFO] [stdout] stack backtrace:
[INFO] [stdout]    0:     0x5758c1008dc1 - <<std[617be2ca0a6fd877]::sys::backtrace::BacktraceLock>::print::DisplayBacktrace as core[a373ad73a504971]::fmt::Display>::fmt
[INFO] [stdout]    1:     0x5758c101d4ba - core[a373ad73a504971]::fmt::write
[INFO] [stdout]    2:     0x5758c100cfdc - <alloc[2e1b2a31b91974c5]::vec::Vec<u8> as core[a373ad73a504971]::io::write::Write>::write_fmt
[INFO] [stdout]    3:     0x5758c0fe5226 - std[617be2ca0a6fd877]::panicking::default_hook::{closure#0}
[INFO] [stdout]    4:     0x5758c1001459 - std[617be2ca0a6fd877]::panicking::default_hook
[INFO] [stdout]    5:     0x5758c0f98ba0 - test[aada8e7e76ba119b]::test_main_inner::{closure#0}
[INFO] [stdout]    6:     0x5758c1001612 - std[617be2ca0a6fd877]::panicking::panic_with_hook
[INFO] [stdout]    7:     0x5758c0fe52d2 - std[617be2ca0a6fd877]::panicking::panic_handler::{closure#0}
[INFO] [stdout]    8:     0x5758c0fddfe9 - std[617be2ca0a6fd877]::sys::backtrace::__rust_end_short_backtrace::<std[617be2ca0a6fd877]::panicking::panic_handler::{closure#0}, !>
[INFO] [stdout]    9:     0x5758c0fe5edd - __rustc[ea4f61d10b84890b]::rust_begin_unwind
[INFO] [stdout]   10:     0x5758c101dbec - core[a373ad73a504971]::panicking::panic_fmt
[INFO] [stdout]   11:     0x5758c0f80dbc - <yhy_email_encoding[f5304b3295068cdf]::headers::rfc2822::tests::parameter_special_long_part2::{closure#0} as core[a373ad73a504971]::ops::function::FnOnce<()>>::call_once
[INFO] [stdout]   12:     0x5758c0f8bfeb - test[aada8e7e76ba119b]::__rust_begin_short_backtrace::<core[a373ad73a504971]::result::Result<(), alloc[2e1b2a31b91974c5]::string::String>, fn() -> core[a373ad73a504971]::result::Result<(), alloc[2e1b2a31b91974c5]::string::String>>
[INFO] [stdout]   13:     0x5758c0f991c5 - test[aada8e7e76ba119b]::run_test::{closure#0}
[INFO] [stdout]   14:     0x5758c0f92ab4 - std[617be2ca0a6fd877]::sys::backtrace::__rust_begin_short_backtrace::<test[aada8e7e76ba119b]::run_test::{closure#1}, ()>
[INFO] [stdout]   15:     0x5758c0f9c252 - <std[617be2ca0a6fd877]::thread::lifecycle::spawn_unchecked<test[aada8e7e76ba119b]::run_test::{closure#1}, ()>::{closure#1} as core[a373ad73a504971]::ops::function::FnOnce<()>>::call_once::{shim:vtable#0}
[INFO] [stdout]   16:     0x5758c100861f - <std[617be2ca0a6fd877]::sys::thread::unix::Thread>::new::thread_start
[INFO] [stdout]   17:     0x71a43c00cdfa - <unknown>
[INFO] [stdout]   18:     0x71a43c0a03d4 - clone
[INFO] [stdout]   19:                0x0 - <unknown>
[INFO] [stdout] 
[INFO] [stdout] ---- headers::rfc2822::tests::parameter_special_long stdout ----
[INFO] [stdout] 
[INFO] [stdout] thread 'headers::rfc2822::tests::parameter_special_long' (241) panicked at src/headers/rfc2822.rs:272:9:
[INFO] [stdout] assertion failed: `(left == right)`
[INFO] [stdout] 
[INFO] [stdout] [1mDiff[0m [31m< left[0m / [32mright >[0m :
[INFO] [stdout] [31m<Content-Disposition: attachment; filename="=?utf-8?b?dGVzdGluZy10by1zZWUtd2hhdC1oYXBwZW5zLXdoZW4t8J+TlfCfk5Xwn5OV8J+TlfCfk5Xwn5OV8J+TlfCfk5Xwn5OV8J+TlfCfk5UtYXJlLXBsYWNlZC1vbi10aGUtYm91bmRhcnkudHh0?="[0m
[INFO] [stdout] [32m>Content-Disposition: attachment;[0m
[INFO] [stdout] [32m> filename*0*=utf-8''testing-to-see-what-happens-when-%F0%9F%93%95;[0m
[INFO] [stdout] [32m> filename*1*=%F0%9F%93%95%F0%9F%93%95%F0%9F%93%95%F0%9F%93%95;[0m
[INFO] [stdout] [32m> filename*2*=%F0%9F%93%95%F0%9F%93%95%F0%9F%93%95%F0%9F%93%95;[0m
[INFO] [stdout] [32m> filename*3*=%F0%9F%93%95%F0%9F%93%95-are-placed-on-the-bound;[0m
[INFO] [stdout] [32m> filename*4*=ary.txt[0m
[INFO] [stdout] 
[INFO] [stdout] 
[INFO] [stdout] stack backtrace:
[INFO] [stdout]    0:     0x5758c1008dc1 - <<std[617be2ca0a6fd877]::sys::backtrace::BacktraceLock>::print::DisplayBacktrace as core[a373ad73a504971]::fmt::Display>::fmt
[INFO] [stdout]    1:     0x5758c101d4ba - core[a373ad73a504971]::fmt::write
[INFO] [stdout]    2:     0x5758c100cfdc - <alloc[2e1b2a31b91974c5]::vec::Vec<u8> as core[a373ad73a504971]::io::write::Write>::write_fmt
[INFO] [stdout]    3:     0x5758c0fe5226 - std[617be2ca0a6fd877]::panicking::default_hook::{closure#0}
[INFO] [stdout]    4:     0x5758c1001459 - std[617be2ca0a6fd877]::panicking::default_hook
[INFO] [stdout]    5:     0x5758c0f98ba0 - test[aada8e7e76ba119b]::test_main_inner::{closure#0}
[INFO] [stdout]    6:     0x5758c1001612 - std[617be2ca0a6fd877]::panicking::panic_with_hook
[INFO] [stdout]    7:     0x5758c0fe52d2 - std[617be2ca0a6fd877]::panicking::panic_handler::{closure#0}
[INFO] [stdout]    8:     0x5758c0fddfe9 - std[617be2ca0a6fd877]::sys::backtrace::__rust_end_short_backtrace::<std[617be2ca0a6fd877]::panicking::panic_handler::{closure#0}, !>
[INFO] [stdout]    9:     0x5758c0fe5edd - __rustc[ea4f61d10b84890b]::rust_begin_unwind
[INFO] [stdout]   10:     0x5758c101dbec - core[a373ad73a504971]::panicking::panic_fmt
[INFO] [stdout]   11:     0x5758c0f80b6c - <yhy_email_encoding[f5304b3295068cdf]::headers::rfc2822::tests::parameter_special_long::{closure#0} as core[a373ad73a504971]::ops::function::FnOnce<()>>::call_once
[INFO] [stdout]   12:     0x5758c0f8bfeb - test[aada8e7e76ba119b]::__rust_begin_short_backtrace::<core[a373ad73a504971]::result::Result<(), alloc[2e1b2a31b91974c5]::string::String>, fn() -> core[a373ad73a504971]::result::Result<(), alloc[2e1b2a31b91974c5]::string::String>>
[INFO] [stdout]   13:     0x5758c0f991c5 - test[aada8e7e76ba119b]::run_test::{closure#0}
[INFO] [stdout]   14:     0x5758c0f92ab4 - std[617be2ca0a6fd877]::sys::backtrace::__rust_begin_short_backtrace::<test[aada8e7e76ba119b]::run_test::{closure#1}, ()>
[INFO] [stdout]   15:     0x5758c0f9c252 - <std[617be2ca0a6fd877]::thread::lifecycle::spawn_unchecked<test[aada8e7e76ba119b]::run_test::{closure#1}, ()>::{closure#1} as core[a373ad73a504971]::ops::function::FnOnce<()>>::call_once::{shim:vtable#0}
[INFO] [stdout]   16:     0x5758c100861f - <std[617be2ca0a6fd877]::sys::thread::unix::Thread>::new::thread_start
[INFO] [stdout]   17:     0x71a43c00cdfa - <unknown>
[INFO] [stdout]   18:     0x71a43c0a03d4 - clone
[INFO] [stdout]   19:                0x0 - <unknown>
[INFO] [stdout] 
[INFO] [stdout] ---- headers::rfc2822::tests::parameter_dont_split_on_hex_boundary stdout ----
[INFO] [stdout] 
[INFO] [stdout] thread 'headers::rfc2822::tests::parameter_dont_split_on_hex_boundary' (238) panicked at src/headers/rfc2822.rs:349:17:
[INFO] [stdout] assertion failed: `(left == right)`
[INFO] [stdout] 
[INFO] [stdout] [1mDiff[0m [31m< left[0m / [32mright >[0m :
[INFO] [stdout] [31m<[0m[1;48;5;52;31m0[0m
[INFO] [stdout] [32m>[0m[1;48;5;22;32m2[0m
[INFO] [stdout] 
[INFO] [stdout] 
[INFO] [stdout] stack backtrace:
[INFO] [stdout]    0:     0x5758c1008dc1 - <<std[617be2ca0a6fd877]::sys::backtrace::BacktraceLock>::print::DisplayBacktrace as core[a373ad73a504971]::fmt::Display>::fmt
[INFO] [stdout]    1:     0x5758c101d4ba - core[a373ad73a504971]::fmt::write
[INFO] [stdout]    2:     0x5758c100cfdc - <alloc[2e1b2a31b91974c5]::vec::Vec<u8> as core[a373ad73a504971]::io::write::Write>::write_fmt
[INFO] [stdout]    3:     0x5758c0fe5226 - std[617be2ca0a6fd877]::panicking::default_hook::{closure#0}
[INFO] [stdout]    4:     0x5758c1001459 - std[617be2ca0a6fd877]::panicking::default_hook
[INFO] [stdout]    5:     0x5758c0f98ba0 - test[aada8e7e76ba119b]::test_main_inner::{closure#0}
[INFO] [stdout]    6:     0x5758c1001612 - std[617be2ca0a6fd877]::panicking::panic_with_hook
[INFO] [stdout]    7:     0x5758c0fe52d2 - std[617be2ca0a6fd877]::panicking::panic_handler::{closure#0}
[INFO] [stdout]    8:     0x5758c0fddfe9 - std[617be2ca0a6fd877]::sys::backtrace::__rust_end_short_backtrace::<std[617be2ca0a6fd877]::panicking::panic_handler::{closure#0}, !>
[INFO] [stdout]    9:     0x5758c0fe5edd - __rustc[ea4f61d10b84890b]::rust_begin_unwind
[INFO] [stdout]   10:     0x5758c101dbec - core[a373ad73a504971]::panicking::panic_fmt
[INFO] [stdout]   11:     0x5758c0f8192f - <yhy_email_encoding[f5304b3295068cdf]::headers::rfc2822::tests::parameter_dont_split_on_hex_boundary::{closure#0} as core[a373ad73a504971]::ops::function::FnOnce<()>>::call_once
[INFO] [stdout]   12:     0x5758c0f8bfeb - test[aada8e7e76ba119b]::__rust_begin_short_backtrace::<core[a373ad73a504971]::result::Result<(), alloc[2e1b2a31b91974c5]::string::String>, fn() -> core[a373ad73a504971]::result::Result<(), alloc[2e1b2a31b91974c5]::string::String>>
[INFO] [stdout]   13:     0x5758c0f991c5 - test[aada8e7e76ba119b]::run_test::{closure#0}
[INFO] [stdout]   14:     0x5758c0f92ab4 - std[617be2ca0a6fd877]::sys::backtrace::__rust_begin_short_backtrace::<test[aada8e7e76ba119b]::run_test::{closure#1}, ()>
[INFO] [stdout]   15:     0x5758c0f9c252 - <std[617be2ca0a6fd877]::thread::lifecycle::spawn_unchecked<test[aada8e7e76ba119b]::run_test::{closure#1}, ()>::{closure#1} as core[a373ad73a504971]::ops::function::FnOnce<()>>::call_once::{shim:vtable#0}
[INFO] [stdout]   16:     0x5758c100861f - <std[617be2ca0a6fd877]::sys::thread::unix::Thread>::new::thread_start
[INFO] [stdout]   17:     0x71a43c00cdfa - <unknown>
[INFO] [stdout]   18:     0x71a43c0a03d4 - clone
[INFO] [stdout]   19:                0x0 - <unknown>
[INFO] [stdout] 
[INFO] [stdout] 
[INFO] [stdout] failures:
[INFO] [stdout]     headers::rfc2822::tests::parameter_dont_split_on_hex_boundary
[INFO] [stdout]     headers::rfc2822::tests::parameter_special
[INFO] [stdout]     headers::rfc2822::tests::parameter_special_long
[INFO] [stdout]     headers::rfc2822::tests::parameter_special_long_part2
[INFO] [stdout] 
[INFO] [stdout] test result: FAILED. 57 passed; 4 failed; 0 ignored; 0 measured; 0 filtered out; finished in 0.02s
[INFO] [stdout] 
[INFO] running `Command { std: "docker" "inspect" "45512eaa2e146e41ac394a2705067a2f7d16cac091e96ccfcee8a73658ff6fbf", kill_on_drop: false }`
[INFO] running `Command { std: "docker" "rm" "-f" "45512eaa2e146e41ac394a2705067a2f7d16cac091e96ccfcee8a73658ff6fbf", kill_on_drop: false }`
[INFO] [stdout] 45512eaa2e146e41ac394a2705067a2f7d16cac091e96ccfcee8a73658ff6fbf
