[INFO] fetching crate ygopro-data 0.1.3...
[INFO] testing ygopro-data-0.1.3 against 1.99.0-beta.8+cargoflags=--release for beta-release-1.100-2
[INFO] extracting crate ygopro-data 0.1.3 into /workspace/builds/worker-6-tc1/source
[INFO] started tweaking crates.io crate ygopro-data 0.1.3
[INFO] finished tweaking crates.io crate ygopro-data 0.1.3
[INFO] tweaked toml for crates.io crate ygopro-data 0.1.3 written to /workspace/builds/worker-6-tc1/source/Cargo.toml
[INFO] validating manifest of crates.io crate ygopro-data 0.1.3 on toolchain 1.99.0-beta.8
[INFO] running `Command { std: CARGO_HOME="/workspace/cargo-home" RUSTUP_HOME="/workspace/rustup-home" "/workspace/cargo-home/bin/cargo" "+1.99.0-beta.8" "metadata" "--manifest-path" "Cargo.toml" "--no-deps", kill_on_drop: false }`
[INFO] crate crates.io crate ygopro-data 0.1.3 already has a lockfile, it will not be regenerated
[INFO] running `Command { std: CARGO_HOME="/workspace/cargo-home" RUSTUP_HOME="/workspace/rustup-home" "/workspace/cargo-home/bin/cargo" "+1.99.0-beta.8" "fetch" "--manifest-path" "Cargo.toml", kill_on_drop: false }`
[INFO] [stderr]     Updating crates.io index
[INFO] [stderr]  Downloading crates ...
[INFO] [stderr]   Downloaded darling_macro v0.14.4
[INFO] [stderr]   Downloaded strsim v0.10.0
[INFO] [stderr]   Downloaded ygopro-derive v0.1.1
[INFO] [stderr]   Downloaded darling v0.14.4
[INFO] [stderr]   Downloaded darling_core v0.14.4
[INFO] [stderr]   Downloaded proc-macro-crate v3.5.0
[INFO] [stderr]   Downloaded bytemuck v1.25.2
[INFO] [stderr]   Downloaded wasm-bindgen-shared v0.2.128
[INFO] [stderr]   Downloaded wasm-bindgen-macro v0.2.128
[INFO] [stderr]   Downloaded owo-colors v3.5.0
[INFO] [stderr]   Downloaded rsqlite-vfs v0.1.1
[INFO] [stderr]   Downloaded find-msvc-tools v0.1.12
[INFO] [stderr]   Downloaded toml_datetime v1.1.1+spec-1.1.0
[INFO] [stderr]   Downloaded hashlink v0.11.1
[INFO] [stderr]   Downloaded modular-bitfield v0.13.1
[INFO] [stderr]   Downloaded array-init v2.1.0
[INFO] [stderr]   Downloaded smallvec v1.16.0
[INFO] [stderr]   Downloaded num_enum_derive v0.7.6
[INFO] [stderr]   Downloaded modular-bitfield-impl v0.13.1
[INFO] [stderr]   Downloaded num_enum v0.7.6
[INFO] [stderr]   Downloaded binrw v0.13.4
[INFO] [stderr]   Downloaded toml_edit v0.25.13+spec-1.1.0
[INFO] [stderr]   Downloaded toml_parser v1.1.3+spec-1.1.0
[INFO] [stderr]   Downloaded binrw_derive v0.13.4
[INFO] [stderr]   Downloaded wasm-bindgen v0.2.128
[INFO] [stderr]   Downloaded cc v1.4.5
[INFO] [stderr]   Downloaded js-sys v0.3.105
[INFO] [stderr]   Downloaded rusqlite v0.39.0
[INFO] [stderr]   Downloaded winnow v1.0.4
[INFO] [stderr]   Downloaded syn v3.0.5
[INFO] [stderr]   Downloaded libsqlite3-sys v0.37.0
[INFO] [stderr]   Downloaded sqlite-wasm-rs v0.5.5
[INFO] [stderr]   Downloaded wasm-bindgen-macro-support v0.2.128
[INFO] running `Command { std: "docker" "create" "-v" "/var/lib/crater-agent-workspace/builds/worker-6-tc1/source:/opt/rustwide/workdir:ro,Z" "-v" "/var/lib/crater-agent-workspace/builds/worker-6-tc1/target:/opt/rustwide/target:rw,Z" "-v" "/var/lib/crater-agent-workspace/cargo-home:/opt/rustwide/cargo-home:ro,Z" "-v" "/var/lib/crater-agent-workspace/rustup-home:/opt/rustwide/rustup-home:ro,Z" "-m" "1610612736" "--network" "none" "ghcr.io/rust-lang/crates-build-env/linux@sha256:77db811e55d90add9212f6832c23229e3de5f1c1f9905e8cb07319ea15df73ac" "sleep" "infinity", kill_on_drop: false }`
[INFO] [stdout] 80df9560f95cc59079274c3ce4a0346495f57a1df494a966740880166c138531
[INFO] running `Command { std: "docker" "start" "80df9560f95cc59079274c3ce4a0346495f57a1df494a966740880166c138531", kill_on_drop: false }`
[INFO] running `Command { std: "docker" "inspect" "80df9560f95cc59079274c3ce4a0346495f57a1df494a966740880166c138531", kill_on_drop: false }`
[INFO] running `Command { std: "docker" "exec" "-e" "SOURCE_DIR=/opt/rustwide/workdir" "-e" "CARGO_HOME=/opt/rustwide/cargo-home" "-e" "RUSTUP_HOME=/opt/rustwide/rustup-home" "-e" "CARGO_TARGET_DIR=/opt/rustwide/target" "-w" "/opt/rustwide/workdir" "--user" "0:0" "80df9560f95cc59079274c3ce4a0346495f57a1df494a966740880166c138531" "/opt/rustwide/cargo-home/bin/cargo" "+1.99.0-beta.8" "metadata" "--no-deps" "--format-version=1", kill_on_drop: false }`
[INFO] running `Command { std: "docker" "inspect" "80df9560f95cc59079274c3ce4a0346495f57a1df494a966740880166c138531", kill_on_drop: false }`
[INFO] running `Command { std: "docker" "exec" "-e" "SOURCE_DIR=/opt/rustwide/workdir" "-e" "CARGO_HOME=/opt/rustwide/cargo-home" "-e" "RUSTUP_HOME=/opt/rustwide/rustup-home" "-e" "CARGO_TARGET_DIR=/opt/rustwide/target" "-e" "CARGO_INCREMENTAL=0" "-e" "RUST_BACKTRACE=full" "-e" "RUSTFLAGS=--cap-lints=warn" "-e" "RUSTDOCFLAGS=--cap-lints=warn" "-w" "/opt/rustwide/workdir" "--user" "0:0" "80df9560f95cc59079274c3ce4a0346495f57a1df494a966740880166c138531" "/opt/rustwide/cargo-home/bin/cargo" "+1.99.0-beta.8" "build" "--frozen" "--message-format=json" "--release", kill_on_drop: false }`
[INFO] [stderr]    Compiling proc-macro2 v1.0.107
[INFO] [stderr]    Compiling unicode-ident v1.0.24
[INFO] [stderr]    Compiling quote v1.0.47
[INFO] [stderr]    Compiling syn v1.0.109
[INFO] [stderr]    Compiling strsim v0.10.0
[INFO] [stderr]    Compiling ident_case v1.0.1
[INFO] [stderr]    Compiling fnv v1.0.7
[INFO] [stderr]    Compiling find-msvc-tools v0.1.12
[INFO] [stderr]    Compiling hashbrown v0.17.1
[INFO] [stderr]    Compiling winnow v1.0.4
[INFO] [stderr]    Compiling equivalent v1.0.2
[INFO] [stderr]    Compiling shlex v2.0.1
[INFO] [stderr]    Compiling vcpkg v0.2.15
[INFO] [stderr]    Compiling toml_datetime v1.1.1+spec-1.1.0
[INFO] [stderr]    Compiling pkg-config v0.3.34
[INFO] [stderr]    Compiling rustversion v1.0.23
[INFO] [stderr]    Compiling binrw_derive v0.13.4
[INFO] [stderr]    Compiling foldhash v0.2.0
[INFO] [stderr]    Compiling binrw v0.13.4
[INFO] [stderr]    Compiling crc-catalog v2.5.0
[INFO] [stderr]    Compiling owo-colors v3.5.0
[INFO] [stderr]    Compiling cc v1.4.5
[INFO] [stderr]    Compiling hashbrown v0.16.1
[INFO] [stderr]    Compiling either v1.18.0
[INFO] [stderr]    Compiling crc v3.4.0
[INFO] [stderr]    Compiling array-init v2.1.0
[INFO] [stderr]    Compiling cfg-if v1.0.4
[INFO] [stderr]    Compiling bytemuck v1.25.2
[INFO] [stderr]    Compiling static_assertions v1.1.0
[INFO] [stderr]    Compiling fallible-streaming-iterator v0.1.9
[INFO] [stderr]    Compiling bitflags v2.13.1
[INFO] [stderr]    Compiling fallible-iterator v0.3.0
[INFO] [stderr]    Compiling smallvec v1.16.0
[INFO] [stderr]    Compiling encoding_rs v0.8.35
[INFO] [stderr]    Compiling bytes v1.12.1
[INFO] [stderr]    Compiling lzma-rs v0.3.0
[INFO] [stderr]    Compiling syn v2.0.119
[INFO] [stderr]    Compiling indexmap v2.14.2
[INFO] [stderr]    Compiling hashlink v0.11.1
[INFO] [stderr]    Compiling libsqlite3-sys v0.37.0
[INFO] [stderr]    Compiling toml_parser v1.1.3+spec-1.1.0
[INFO] [stderr]    Compiling toml_edit v0.25.13+spec-1.1.0
[INFO] [stderr]    Compiling proc-macro-crate v3.5.0
[INFO] [stderr]    Compiling darling_core v0.14.4
[INFO] [stderr]    Compiling thiserror-impl v1.0.69
[INFO] [stderr]    Compiling modular-bitfield-impl v0.13.1
[INFO] [stderr]    Compiling num_enum_derive v0.7.6
[INFO] [stderr]    Compiling num_enum v0.7.6
[INFO] [stderr]    Compiling modular-bitfield v0.13.1
[INFO] [stderr]    Compiling thiserror v1.0.69
[INFO] [stderr]    Compiling darling_macro v0.14.4
[INFO] [stderr]    Compiling darling v0.14.4
[INFO] [stderr]    Compiling ygopro-data v0.1.3 (/opt/rustwide/workdir)
[INFO] [stderr]    Compiling ygopro-derive v0.1.1
[INFO] [stderr]    Compiling rusqlite v0.39.0
[INFO] [stdout] warning: a method with this name may be added to the standard library in the future
[INFO] [stdout]    --> src/data/query.rs:130:20
[INFO] [stdout]     |
[INFO] [stdout] 130 |             reader.read_le::<[u8; 3]>()?; // padding 3 bytes
[INFO] [stdout]     |                    ^^^^^^^
[INFO] [stdout]     |
[INFO] [stdout]     = help: call with fully qualified syntax `binrw::BinReaderExt::read_le(...)` to keep using the current method
[INFO] [stdout]     = warning: once this associated item is added to the standard library, the ambiguity may cause an error or change in behavior!
[INFO] [stdout]     = note: for more information, see issue #48919 <https://github.com/rust-lang/rust/issues/48919>
[INFO] [stdout]     = note: `#[warn(unstable_name_collisions)]` (part of `#[warn(future_incompatible)]`) on by default
[INFO] [stdout] 
[INFO] [stdout] 
[INFO] [stderr]     Finished `release` profile [optimized] target(s) in 2m 03s
[INFO] [stderr] warning: the following packages contain code that will be rejected by a future version of Rust: binrw v0.13.4
[INFO] [stderr] note: to see what the problems were, use the option `--future-incompat-report`, or run `cargo report future-incompatibilities --id 1`
[INFO] running `Command { std: "docker" "inspect" "80df9560f95cc59079274c3ce4a0346495f57a1df494a966740880166c138531", kill_on_drop: false }`
[INFO] running `Command { std: "docker" "exec" "-e" "SOURCE_DIR=/opt/rustwide/workdir" "-e" "CARGO_HOME=/opt/rustwide/cargo-home" "-e" "RUSTUP_HOME=/opt/rustwide/rustup-home" "-e" "CARGO_TARGET_DIR=/opt/rustwide/target" "-e" "CARGO_INCREMENTAL=0" "-e" "RUST_BACKTRACE=full" "-e" "RUSTFLAGS=--cap-lints=warn" "-e" "RUSTDOCFLAGS=--cap-lints=warn" "-w" "/opt/rustwide/workdir" "--user" "0:0" "80df9560f95cc59079274c3ce4a0346495f57a1df494a966740880166c138531" "/opt/rustwide/cargo-home/bin/cargo" "+1.99.0-beta.8" "test" "--frozen" "--no-run" "--message-format=json" "--release", kill_on_drop: false }`
[INFO] [stderr]    Compiling ygopro-data v0.1.3 (/opt/rustwide/workdir)
[INFO] [stdout] warning: a method with this name may be added to the standard library in the future
[INFO] [stdout]    --> src/data/query.rs:130:20
[INFO] [stdout]     |
[INFO] [stdout] 130 |             reader.read_le::<[u8; 3]>()?; // padding 3 bytes
[INFO] [stdout]     |                    ^^^^^^^
[INFO] [stdout]     |
[INFO] [stdout]     = help: call with fully qualified syntax `binrw::BinReaderExt::read_le(...)` to keep using the current method
[INFO] [stdout]     = warning: once this associated item is added to the standard library, the ambiguity may cause an error or change in behavior!
[INFO] [stdout]     = note: for more information, see issue #48919 <https://github.com/rust-lang/rust/issues/48919>
[INFO] [stdout]     = note: `#[warn(unstable_name_collisions)]` (part of `#[warn(future_incompatible)]`) on by default
[INFO] [stdout] 
[INFO] [stdout] 
[INFO] [stdout] warning: a method with this name may be added to the standard library in the future
[INFO] [stdout]    --> src/data/query.rs:130:20
[INFO] [stdout]     |
[INFO] [stdout] 130 |             reader.read_le::<[u8; 3]>()?; // padding 3 bytes
[INFO] [stdout]     |                    ^^^^^^^
[INFO] [stdout]     |
[INFO] [stdout]     = help: call with fully qualified syntax `binrw::BinReaderExt::read_le(...)` to keep using the current method
[INFO] [stdout]     = warning: once this associated item is added to the standard library, the ambiguity may cause an error or change in behavior!
[INFO] [stdout]     = note: for more information, see issue #48919 <https://github.com/rust-lang/rust/issues/48919>
[INFO] [stdout]     = note: `#[warn(unstable_name_collisions)]` (part of `#[warn(future_incompatible)]`) on by default
[INFO] [stdout] 
[INFO] [stdout] 
[INFO] [stderr]     Finished `release` profile [optimized] target(s) in 14.98s
[INFO] [stderr] warning: the following packages contain code that will be rejected by a future version of Rust: binrw v0.13.4
[INFO] [stderr] note: to see what the problems were, use the option `--future-incompat-report`, or run `cargo report future-incompatibilities --id 1`
[INFO] running `Command { std: "docker" "inspect" "80df9560f95cc59079274c3ce4a0346495f57a1df494a966740880166c138531", kill_on_drop: false }`
[INFO] running `Command { std: "docker" "exec" "-e" "SOURCE_DIR=/opt/rustwide/workdir" "-e" "CARGO_HOME=/opt/rustwide/cargo-home" "-e" "RUSTUP_HOME=/opt/rustwide/rustup-home" "-e" "CARGO_TARGET_DIR=/opt/rustwide/target" "-e" "CARGO_INCREMENTAL=0" "-e" "RUST_BACKTRACE=full" "-e" "RUSTFLAGS=--cap-lints=warn" "-e" "RUSTDOCFLAGS=--cap-lints=warn" "-w" "/opt/rustwide/workdir" "--user" "0:0" "80df9560f95cc59079274c3ce4a0346495f57a1df494a966740880166c138531" "/opt/rustwide/cargo-home/bin/cargo" "+1.99.0-beta.8" "test" "--frozen" "--release", kill_on_drop: false }`
[INFO] [stderr] warning: a method with this name may be added to the standard library in the future
[INFO] [stderr]    --> src/data/query.rs:130:20
[INFO] [stderr]     |
[INFO] [stderr] 130 |             reader.read_le::<[u8; 3]>()?; // padding 3 bytes
[INFO] [stderr]     |                    ^^^^^^^
[INFO] [stderr]     |
[INFO] [stderr]     = help: call with fully qualified syntax `binrw::BinReaderExt::read_le(...)` to keep using the current method
[INFO] [stderr]     = warning: once this associated item is added to the standard library, the ambiguity may cause an error or change in behavior!
[INFO] [stderr]     = note: for more information, see issue #48919 <https://github.com/rust-lang/rust/issues/48919>
[INFO] [stderr]     = note: `#[warn(unstable_name_collisions)]` (part of `#[warn(future_incompatible)]`) on by default
[INFO] [stderr] 
[INFO] [stderr] warning: `ygopro-data` (lib) generated 1 warning
[INFO] [stderr] warning: `ygopro-data` (lib test) generated 1 warning (1 duplicate)
[INFO] [stderr]     Finished `release` profile [optimized] target(s) in 0.10s
[INFO] [stderr] warning: the following packages contain code that will be rejected by a future version of Rust: binrw v0.13.4
[INFO] [stderr] note: to see what the problems were, use the option `--future-incompat-report`, or run `cargo report future-incompatibilities --id 1`
[INFO] [stderr]      Running unittests src/lib.rs (/opt/rustwide/target/release/deps/ygopro_data-f702b19075691636)
[INFO] [stdout] 
[INFO] [stdout] running 17 tests
[INFO] [stdout] test data::lflist::tests::genesys_genesys_hash_key ... ignored
[INFO] [stdout] test data::replay::test::test_deserialize_replay ... ignored
[INFO] [stdout] test data::replay::test::test_deserialize_replay2 ... ignored
[INFO] [stdout] test data::deck::tests::round_trips_through_to_string ... ok
[INFO] [stdout] test message::utils::test::test_message_enum_basic ... ok
[INFO] [stdout] test message::game_message::test::print_sizes ... ok
[INFO] [stdout] test message::client_to_server::test::print_sizes ... ok
[INFO] [stdout] test message::game_message::test::test_ai_name_roundtrip ... ok
[INFO] [stdout] test message::server_to_client::test::print_sizes ... ok
[INFO] [stdout] test message::utils::test::test_message_type_basic ... ok
[INFO] [stdout] test data::card::test::validate_core_card_raw_bytes ... ok
[INFO] [stdout] test data::replay::test::test_replay_roundtrip ... ok
[INFO] [stdout] test data::deck::tests::splits_main_and_side_at_bang_marker ... FAILED
[INFO] [stdout] test data::lflist::tests::calculate_hash_matches_cpp_reference ... ok
[INFO] [stdout] test data::deck::tests::drops_comment_blank_and_invalid_lines ... ok
[INFO] [stdout] test data::query::test::test_deserialize_query ... ok
[INFO] [stdout] test data::replay::forge::tests::roundtrip ... ok
[INFO] [stdout] 
[INFO] [stdout] failures:
[INFO] [stdout] 
[INFO] [stdout] ---- data::deck::tests::splits_main_and_side_at_bang_marker stdout ----
[INFO] [stdout] 
[INFO] [stdout] thread 'data::deck::tests::splits_main_and_side_at_bang_marker' (1190) panicked at src/data/deck.rs:327:9:
[INFO] [stdout] assertion `left == right` failed
[INFO] [stdout]   left: [123, 456]
[INFO] [stdout]  right: [123, 456, 789]
[INFO] [stdout] stack backtrace:
[INFO] [stdout]    0:     0x579858b74f11 - <<std[70759c8f55707aa4]::sys::backtrace::BacktraceLock>::print::DisplayBacktrace as core[df12db4294e9bfd3]::fmt::Display>::fmt
[INFO] [stdout]    1:     0x579858b89bba - core[df12db4294e9bfd3]::fmt::write
[INFO] [stdout]    2:     0x579858b7941c - <alloc[2182bb758b4b3781]::vec::Vec<u8> as core[df12db4294e9bfd3]::io::write::Write>::write_fmt
[INFO] [stdout]    3:     0x579858b511e6 - std[70759c8f55707aa4]::panicking::default_hook::{closure#0}
[INFO] [stdout]    4:     0x579858b6d359 - std[70759c8f55707aa4]::panicking::default_hook
[INFO] [stdout]    5:     0x579858b04fe0 - test[9d35eded1c95d3be]::test_main_inner::<test[9d35eded1c95d3be]::test_main_static::{closure#0}>::{closure#0}
[INFO] [stdout]    6:     0x579858b6d512 - std[70759c8f55707aa4]::panicking::panic_with_hook
[INFO] [stdout]    7:     0x579858b51292 - std[70759c8f55707aa4]::panicking::panic_handler::{closure#0}
[INFO] [stdout]    8:     0x579858b49e89 - std[70759c8f55707aa4]::sys::backtrace::__rust_end_short_backtrace::<std[70759c8f55707aa4]::panicking::panic_handler::{closure#0}, !>
[INFO] [stdout]    9:     0x579858b51e8d - __rustc[8fa7c3cbc660c2b3]::rust_begin_unwind
[INFO] [stdout]   10:     0x579858b8a2ec - core[df12db4294e9bfd3]::panicking::panic_fmt
[INFO] [stdout]   11:     0x579858b8a203 - core[df12db4294e9bfd3]::panicking::assert_failed_inner
[INFO] [stdout]   12:     0x579858ae8cb8 - core[df12db4294e9bfd3]::panicking::assert_failed::<alloc[2182bb758b4b3781]::vec::Vec<u32>, alloc[2182bb758b4b3781]::vec::Vec<u32>>
[INFO] [stdout]   13:     0x579858ae78b4 - ygopro_data[fdecf8d2d3555292]::data::deck::tests::splits_main_and_side_at_bang_marker
[INFO] [stdout]   14:     0x579858aebac9 - <ygopro_data[fdecf8d2d3555292]::data::deck::tests::splits_main_and_side_at_bang_marker::{closure#0} as core[df12db4294e9bfd3]::ops::function::FnOnce<()>>::call_once
[INFO] [stdout]   15:     0x579858af82cb - test[9d35eded1c95d3be]::__rust_begin_short_backtrace::<core[df12db4294e9bfd3]::result::Result<(), alloc[2182bb758b4b3781]::string::String>, fn() -> core[df12db4294e9bfd3]::result::Result<(), alloc[2182bb758b4b3781]::string::String>>
[INFO] [stdout]   16:     0x579858b05935 - test[9d35eded1c95d3be]::run_test::{closure#0}
[INFO] [stdout]   17:     0x579858aff1f4 - std[70759c8f55707aa4]::sys::backtrace::__rust_begin_short_backtrace::<test[9d35eded1c95d3be]::run_test::{closure#1}, ()>
[INFO] [stdout]   18:     0x579858b08a92 - <std[70759c8f55707aa4]::thread::lifecycle::spawn_unchecked<test[9d35eded1c95d3be]::run_test::{closure#1}, ()>::{closure#1} as core[df12db4294e9bfd3]::ops::function::FnOnce<()>>::call_once::{shim:vtable#0}
[INFO] [stdout]   19:     0x579858b744c9 - <std[70759c8f55707aa4]::sys::thread::unix::Thread>::new::thread_start
[INFO] [stdout]   20:     0x715743193dfa - <unknown>
[INFO] [stdout]   21:     0x7157432273d4 - clone
[INFO] [stdout]   22:                0x0 - <unknown>
[INFO] [stdout] 
[INFO] [stdout] 
[INFO] [stdout] failures:
[INFO] [stdout]     data::deck::tests::splits_main_and_side_at_bang_marker
[INFO] [stdout] 
[INFO] [stdout] test result: FAILED. 13 passed; 1 failed; 3 ignored; 0 measured; 0 filtered out; finished in 0.01s
[INFO] [stdout] 
[INFO] [stderr] error: test failed, to rerun pass `--lib`
[INFO] running `Command { std: "docker" "inspect" "80df9560f95cc59079274c3ce4a0346495f57a1df494a966740880166c138531", kill_on_drop: false }`
[INFO] running `Command { std: "docker" "rm" "-f" "80df9560f95cc59079274c3ce4a0346495f57a1df494a966740880166c138531", kill_on_drop: false }`
[INFO] [stdout] 80df9560f95cc59079274c3ce4a0346495f57a1df494a966740880166c138531
