[INFO] fetching crate yew-style-in-rs 0.4.1...
[INFO] testing yew-style-in-rs-0.4.1 against 1.99.0-beta.8+cargoflags=--release for beta-release-1.100-2
[INFO] extracting crate yew-style-in-rs 0.4.1 into /workspace/builds/worker-0-tc1/source
[INFO] started tweaking crates.io crate yew-style-in-rs 0.4.1
[INFO] finished tweaking crates.io crate yew-style-in-rs 0.4.1
[INFO] tweaked toml for crates.io crate yew-style-in-rs 0.4.1 written to /workspace/builds/worker-0-tc1/source/Cargo.toml
[INFO] validating manifest of crates.io crate yew-style-in-rs 0.4.1 on toolchain 1.99.0-beta.8
[INFO] running `Command { std: CARGO_HOME="/workspace/cargo-home" RUSTUP_HOME="/workspace/rustup-home" "/workspace/cargo-home/bin/cargo" "+1.99.0-beta.8" "metadata" "--manifest-path" "Cargo.toml" "--no-deps", kill_on_drop: false }`
[INFO] running `Command { std: CARGO_HOME="/workspace/cargo-home" RUSTUP_HOME="/workspace/rustup-home" "/workspace/cargo-home/bin/cargo" "+1.99.0-beta.8" "generate-lockfile" "--manifest-path" "Cargo.toml", kill_on_drop: false }`
[INFO] [stderr]     Updating crates.io index
[INFO] [stderr]      Locking 78 packages to highest compatible versions
[INFO] [stderr]       Adding fastrand v1.9.0 (available: v2.5.0)
[INFO] [stderr]       Adding gloo v0.7.0 (available: v0.12.0)
[INFO] [stderr]       Adding yew v0.19.3 (available: v0.23.0)
[INFO] running `Command { std: CARGO_HOME="/workspace/cargo-home" RUSTUP_HOME="/workspace/rustup-home" "/workspace/cargo-home/bin/cargo" "+1.99.0-beta.8" "fetch" "--manifest-path" "Cargo.toml", kill_on_drop: false }`
[INFO] [stderr]  Downloading crates ...
[INFO] [stderr]   Downloaded yew v0.19.3
[INFO] [stderr]   Downloaded yew-style-in-rs-core v0.4.1
[INFO] [stderr]   Downloaded gloo-worker v0.1.2
[INFO] [stderr]   Downloaded yew-style-in-rs-macro v0.4.1
[INFO] [stderr]   Downloaded yew-macro v0.19.3
[INFO] [stderr]   Downloaded gloo v0.4.2
[INFO] [stderr]   Downloaded gloo v0.7.0
[INFO] running `Command { std: "docker" "create" "-v" "/var/lib/crater-agent-workspace/builds/worker-0-tc1/source:/opt/rustwide/workdir:ro,Z" "-v" "/var/lib/crater-agent-workspace/builds/worker-0-tc1/target:/opt/rustwide/target:rw,Z" "-v" "/var/lib/crater-agent-workspace/cargo-home:/opt/rustwide/cargo-home:ro,Z" "-v" "/var/lib/crater-agent-workspace/rustup-home:/opt/rustwide/rustup-home:ro,Z" "-m" "1610612736" "--network" "none" "ghcr.io/rust-lang/crates-build-env/linux@sha256:77db811e55d90add9212f6832c23229e3de5f1c1f9905e8cb07319ea15df73ac" "sleep" "infinity", kill_on_drop: false }`
[INFO] [stdout] 928fd45e39c8e3036b1d4d115da0427155273c20cae3b8517d71d313f78b7712
[INFO] running `Command { std: "docker" "start" "928fd45e39c8e3036b1d4d115da0427155273c20cae3b8517d71d313f78b7712", kill_on_drop: false }`
[INFO] running `Command { std: "docker" "inspect" "928fd45e39c8e3036b1d4d115da0427155273c20cae3b8517d71d313f78b7712", kill_on_drop: false }`
[INFO] running `Command { std: "docker" "exec" "-e" "SOURCE_DIR=/opt/rustwide/workdir" "-e" "CARGO_HOME=/opt/rustwide/cargo-home" "-e" "RUSTUP_HOME=/opt/rustwide/rustup-home" "-e" "CARGO_TARGET_DIR=/opt/rustwide/target" "-w" "/opt/rustwide/workdir" "--user" "0:0" "928fd45e39c8e3036b1d4d115da0427155273c20cae3b8517d71d313f78b7712" "/opt/rustwide/cargo-home/bin/cargo" "+1.99.0-beta.8" "metadata" "--no-deps" "--format-version=1", kill_on_drop: false }`
[INFO] running `Command { std: "docker" "inspect" "928fd45e39c8e3036b1d4d115da0427155273c20cae3b8517d71d313f78b7712", kill_on_drop: false }`
[INFO] running `Command { std: "docker" "exec" "-e" "SOURCE_DIR=/opt/rustwide/workdir" "-e" "CARGO_HOME=/opt/rustwide/cargo-home" "-e" "RUSTUP_HOME=/opt/rustwide/rustup-home" "-e" "CARGO_TARGET_DIR=/opt/rustwide/target" "-e" "CARGO_INCREMENTAL=0" "-e" "RUST_BACKTRACE=full" "-e" "RUSTFLAGS=--cap-lints=warn" "-e" "RUSTDOCFLAGS=--cap-lints=warn" "-w" "/opt/rustwide/workdir" "--user" "0:0" "928fd45e39c8e3036b1d4d115da0427155273c20cae3b8517d71d313f78b7712" "/opt/rustwide/cargo-home/bin/cargo" "+1.99.0-beta.8" "build" "--frozen" "--message-format=json" "--release", kill_on_drop: false }`
[INFO] [stderr]    Compiling futures-util v0.3.34
[INFO] [stderr]    Compiling form_urlencoded v1.2.2
[INFO] [stderr]    Compiling indexmap v1.9.3
[INFO] [stderr]    Compiling syn v3.0.9
[INFO] [stderr]    Compiling syn v2.0.119
[INFO] [stderr]    Compiling syn v1.0.109
[INFO] [stderr]    Compiling proc-macro-error-attr v1.0.4
[INFO] [stderr]    Compiling anymap2 v0.13.0
[INFO] [stderr]    Compiling boolinator v2.4.0
[INFO] [stderr]    Compiling fslock v0.2.1
[INFO] [stderr]    Compiling serde_json v1.0.154
[INFO] [stderr]    Compiling scoped-tls-hkt v0.1.5
[INFO] [stderr]    Compiling yew-style-in-rs-core v0.4.1
[INFO] [stderr]    Compiling fastrand v1.9.0
[INFO] [stderr]    Compiling instant v0.1.13
[INFO] [stderr]    Compiling thiserror-impl v1.0.69
[INFO] [stderr]    Compiling pin-project-internal v1.1.13
[INFO] [stderr]    Compiling proc-macro-error v1.0.4
[INFO] [stderr]    Compiling wasm-bindgen-macro-support v0.2.129
[INFO] [stderr]    Compiling thiserror v1.0.69
[INFO] [stderr]    Compiling yew-macro v0.19.3
[INFO] [stderr]    Compiling pin-project v1.1.13
[INFO] [stderr]    Compiling serde_derive v1.0.229
[INFO] [stderr]    Compiling serde v1.0.229
[INFO] [stderr]    Compiling serde_urlencoded v0.7.1
[INFO] [stderr]    Compiling bincode v1.3.3
[INFO] [stderr]    Compiling yew-style-in-rs-macro v0.4.1
[INFO] [stderr]    Compiling wasm-bindgen-macro v0.2.129
[INFO] [stderr]    Compiling wasm-bindgen v0.2.129
[INFO] [stderr]    Compiling js-sys v0.3.106
[INFO] [stderr]    Compiling console_error_panic_hook v0.1.7
[INFO] [stderr]    Compiling web-sys v0.3.106
[INFO] [stderr]    Compiling gloo-timers v0.2.6
[INFO] [stderr]    Compiling wasm-bindgen-futures v0.4.79
[INFO] [stderr]    Compiling serde-wasm-bindgen v0.5.0
[INFO] [stderr]    Compiling gloo-utils v0.1.7
[INFO] [stderr]    Compiling gloo-events v0.1.2
[INFO] [stderr]    Compiling gloo-render v0.1.1
[INFO] [stderr]    Compiling gloo-dialogs v0.1.1
[INFO] [stderr]    Compiling gloo-console v0.2.3
[INFO] [stderr]    Compiling gloo-storage v0.2.2
[INFO] [stderr]    Compiling gloo-net v0.2.6
[INFO] [stderr]    Compiling gloo-file v0.2.3
[INFO] [stderr]    Compiling gloo-history v0.1.5
[INFO] [stderr]    Compiling gloo-worker v0.1.2
[INFO] [stderr]    Compiling gloo v0.4.2
[INFO] [stderr]    Compiling yew v0.19.3
[INFO] [stderr]    Compiling gloo v0.7.0
[INFO] [stderr]    Compiling yew-style-in-rs v0.4.1 (/opt/rustwide/workdir)
[INFO] [stderr]     Finished `release` profile [optimized] target(s) in 56.51s
[INFO] running `Command { std: "docker" "inspect" "928fd45e39c8e3036b1d4d115da0427155273c20cae3b8517d71d313f78b7712", kill_on_drop: false }`
[INFO] running `Command { std: "docker" "exec" "-e" "SOURCE_DIR=/opt/rustwide/workdir" "-e" "CARGO_HOME=/opt/rustwide/cargo-home" "-e" "RUSTUP_HOME=/opt/rustwide/rustup-home" "-e" "CARGO_TARGET_DIR=/opt/rustwide/target" "-e" "CARGO_INCREMENTAL=0" "-e" "RUST_BACKTRACE=full" "-e" "RUSTFLAGS=--cap-lints=warn" "-e" "RUSTDOCFLAGS=--cap-lints=warn" "-w" "/opt/rustwide/workdir" "--user" "0:0" "928fd45e39c8e3036b1d4d115da0427155273c20cae3b8517d71d313f78b7712" "/opt/rustwide/cargo-home/bin/cargo" "+1.99.0-beta.8" "test" "--frozen" "--no-run" "--message-format=json" "--release", kill_on_drop: false }`
[INFO] [stderr]    Compiling yew-style-in-rs v0.4.1 (/opt/rustwide/workdir)
[INFO] [stderr]     Finished `release` profile [optimized] target(s) in 0.50s
[INFO] running `Command { std: "docker" "inspect" "928fd45e39c8e3036b1d4d115da0427155273c20cae3b8517d71d313f78b7712", kill_on_drop: false }`
[INFO] running `Command { std: "docker" "exec" "-e" "SOURCE_DIR=/opt/rustwide/workdir" "-e" "CARGO_HOME=/opt/rustwide/cargo-home" "-e" "RUSTUP_HOME=/opt/rustwide/rustup-home" "-e" "CARGO_TARGET_DIR=/opt/rustwide/target" "-e" "CARGO_INCREMENTAL=0" "-e" "RUST_BACKTRACE=full" "-e" "RUSTFLAGS=--cap-lints=warn" "-e" "RUSTDOCFLAGS=--cap-lints=warn" "-w" "/opt/rustwide/workdir" "--user" "0:0" "928fd45e39c8e3036b1d4d115da0427155273c20cae3b8517d71d313f78b7712" "/opt/rustwide/cargo-home/bin/cargo" "+1.99.0-beta.8" "test" "--frozen" "--release", kill_on_drop: false }`
[INFO] [stderr]     Finished `release` profile [optimized] target(s) in 0.14s
[INFO] [stderr]      Running unittests src/lib.rs (/opt/rustwide/target/release/deps/yew_style_in_rs-fb8dbec667332299)
[INFO] [stdout] 
[INFO] [stderr]    Doc-tests yew_style_in_rs
[INFO] [stdout] running 0 tests
[INFO] [stdout] 
[INFO] [stdout] test result: ok. 0 passed; 0 failed; 0 ignored; 0 measured; 0 filtered out; finished in 0.00s
[INFO] [stdout] 
[INFO] [stdout] 
[INFO] [stdout] running 4 tests
[INFO] [stdout] test src/lib.rs - (line 199) ... FAILED
[INFO] [stdout] test src/lib.rs - (line 29) ... FAILED
[INFO] [stdout] test src/lib.rs - (line 78) ... FAILED
[INFO] [stdout] test src/lib.rs - (line 138) ... FAILED
[INFO] [stdout] 
[INFO] [stdout] failures:
[INFO] [stdout] 
[INFO] [stdout] ---- src/lib.rs - (line 199) stdout ----
[INFO] [stdout] error: proc macro panicked
[INFO] [stdout]    --> src/lib.rs:224:5
[INFO] [stdout]     |
[INFO] [stdout] 224 | /     style! {
[INFO] [stdout] 225 | |         let css = css!{r#"
[INFO] [stdout] 226 | |             border: solid 1px black;
[INFO] [stdout] 227 | |             width: 100%;
[INFO] [stdout] ...   |
[INFO] [stdout] 242 | |         "#};
[INFO] [stdout] 243 | |     }
[INFO] [stdout]     | |_____^
[INFO] [stdout]     |
[INFO] [stdout]     = help: message: Failed to save internal file for yew-style-in-rs: Read-only file system (os error 30)
[INFO] [stdout]             
[INFO] [stdout]             Stack backtrace:
[INFO] [stdout]                0: <anyhow::Error as core::convert::From<core::io::error::Error>>::from
[INFO] [stdout]                1: <core::result::Result<(alloc::string::String, std::fs::File), anyhow::Error> as core::ops::try_trait::FromResidual<core::result::Result<core::convert::Infallible, core::io::error::Error>>>::from_residual
[INFO] [stdout]                2: <yew_style_in_rs_macro::state::State>::create_random_id_file
[INFO] [stdout]                3: <yew_style_in_rs_macro::style::css::Css>::expand
[INFO] [stdout]                4: <yew_style_in_rs_macro::style::CssDeclaration>::expand
[INFO] [stdout]                5: <yew_style_in_rs_macro::style::Style>::expand
[INFO] [stdout]                6: yew_style_in_rs_macro::style_with_write
[INFO] [stdout]                7: <yew_style_in_rs_macro::style_with_write as core::ops::function::FnOnce<(proc_macro::TokenStream,)>>::call_once
[INFO] [stdout]                8: proc_macro::bridge::client::run_client::<proc_macro::TokenStream, yew_style_in_rs_macro::style_with_write>::{closure#0}::{closure#0}
[INFO] [stdout]                9: proc_macro::bridge::client::state::set::<proc_macro::TokenStream, proc_macro::bridge::client::run_client<proc_macro::TokenStream, yew_style_in_rs_macro::style_with_write>::{closure#0}::{closure#0}>
[INFO] [stdout]               10: proc_macro::bridge::client::run_client::<proc_macro::TokenStream, yew_style_in_rs_macro::style_with_write>::{closure#0}
[INFO] [stdout]               11: <core::panic::unwind_safe::AssertUnwindSafe<proc_macro::bridge::client::run_client<proc_macro::TokenStream, yew_style_in_rs_macro::style_with_write>::{closure#0}> as core::ops::function::FnOnce<()>>::call_once
[INFO] [stdout]               12: std::panicking::catch_unwind::do_call::<core::panic::unwind_safe::AssertUnwindSafe<proc_macro::bridge::client::run_client<proc_macro::TokenStream, yew_style_in_rs_macro::style_with_write>::{closure#0}>, proc_macro::TokenStream>
[INFO] [stdout]               13: __rust_try
[INFO] [stdout]               14: proc_macro::bridge::client::run_client::<proc_macro::TokenStream, yew_style_in_rs_macro::style_with_write>
[INFO] [stdout]               15: <proc_macro::bridge::client::Client>::expand1::<yew_style_in_rs_macro::style_with_write>::{closure#0}
[INFO] [stdout]               16: proc_macro::bridge::selfless_reify::reify_to_extern_c_fn_hrt_bridge::wrapper::<proc_macro::bridge::buffer::Buffer, <proc_macro::bridge::client::Client>::expand1<yew_style_in_rs_macro::style_with_write>::{closure#0}>
[INFO] [stdout]               17: <rustc_proc_macro::bridge::server::MaybeCrossThread as rustc_proc_macro::bridge::server::ExecutionStrategy>::run_bridge_and_client::<rustc_expand::proc_macro_server::Rustc>
[INFO] [stdout]               18: <rustc_proc_macro::bridge::client::Client>::run1::<rustc_expand::proc_macro_server::Rustc, rustc_proc_macro::bridge::server::MaybeCrossThread>
[INFO] [stdout]               19: <rustc_expand::proc_macro::BangProcMacro as rustc_expand::base::BangProcMacro>::expand
[INFO] [stdout]               20: <rustc_expand::expand::MacroExpander>::fully_expand_fragment
[INFO] [stdout]               21: <rustc_expand::expand::MacroExpander>::expand_crate
[INFO] [stdout]               22: rustc_interface::passes::resolver_for_lowering_raw
[INFO] [stdout]               23: rustc_query_impl::query_vtables::resolver_for_lowering_raw::invoke_provider_fn::__rust_begin_short_backtrace
[INFO] [stdout]               24: rustc_query_impl::execution::try_execute_query::<rustc_middle::query::caches::SingleCache<rustc_middle::query::erase::ErasedData<[u8; 24]>>, false>
[INFO] [stdout]               25: rustc_query_impl::query_vtables::resolver_for_lowering_raw::execute_query_non_incr::__rust_end_short_backtrace
[INFO] [stdout]               26: rustc_interface::interface::run_compiler::<(), rustc_driver_impl::run_compiler::{closure#0}>::{closure#2}
[INFO] [stdout]               27: std::sys::backtrace::__rust_begin_short_backtrace::<rustc_interface::util::run_in_thread_with_globals<rustc_interface::util::run_in_thread_pool_with_globals<rustc_interface::interface::run_compiler<(), rustc_driver_impl::run_compiler::{closure#0}>::{closure#2}, ()>::{closure#0}, ()>::{closure#0}::{closure#0}, ()>
[INFO] [stdout]               28: <std::thread::lifecycle::spawn_unchecked<rustc_interface::util::run_in_thread_with_globals<rustc_interface::util::run_in_thread_pool_with_globals<rustc_interface::interface::run_compiler<(), rustc_driver_impl::run_compiler::{closure#0}>::{closure#2}, ()>::{closure#0}, ()>::{closure#0}::{closure#0}, ()>::{closure#1} as core::ops::function::FnOnce<()>>::call_once::{shim:vtable#0}
[INFO] [stdout]               29: <std::sys::thread::unix::Thread>::new::thread_start
[INFO] [stdout]               30: <unknown>
[INFO] [stdout]               31: clone
[INFO] [stdout] 
[INFO] [stdout] error[E0423]: cannot find value `css` in this scope
[INFO] [stdout]    --> src/lib.rs:245:30
[INFO] [stdout]     |
[INFO] [stdout] 245 |         <div class={classes!(css, dynamic_css)} {onclick}>
[INFO] [stdout]     |                              ^^^ not found in this scope
[INFO] [stdout]     |
[INFO] [stdout]     = note: a module named `css` exists in another namespace
[INFO] [stdout] 
[INFO] [stdout] error[E0425]: cannot find value `dynamic_css` in this scope
[INFO] [stdout]    --> src/lib.rs:245:35
[INFO] [stdout]     |
[INFO] [stdout] 245 |         <div class={classes!(css, dynamic_css)} {onclick}>
[INFO] [stdout]     |                                   ^^^^^^^^^^^ not found in this scope
[INFO] [stdout] 
[INFO] [stdout] error: aborting due to 3 previous errors
[INFO] [stdout] 
[INFO] [stdout] Some errors have detailed explanations: E0423, E0425.
[INFO] [stdout] For more information about an error, try `rustc --explain E0423`.
[INFO] [stdout] 
[INFO] [stdout] thread '<unnamed>' (942) panicked at /opt/rustwide/cargo-home/registry/src/index.crates.io-1949cf8c6b5b557f/yew-style-in-rs-macro-0.4.1/src/state.rs:57:42:
[INFO] [stdout] called `Result::unwrap()` on an `Err` value: PoisonError { .. }
[INFO] [stdout] stack backtrace:
[INFO] [stdout]    0:     0x7b0fd11d4e11 - <<std[70759c8f55707aa4]::sys::backtrace::BacktraceLock>::print::DisplayBacktrace as core[df12db4294e9bfd3]::fmt::Display>::fmt
[INFO] [stdout]    1:     0x7b0fd11e867a - core[df12db4294e9bfd3]::fmt::write
[INFO] [stdout]    2:     0x7b0fd11d917c - <std[70759c8f55707aa4]::sys::stdio::unix::Stderr as core[df12db4294e9bfd3]::io::write::Write>::write_fmt
[INFO] [stdout]    3:     0x7b0fd11b6d86 - std[70759c8f55707aa4]::panicking::default_hook::{closure#0}
[INFO] [stdout]    4:     0x7b0fd11d0a61 - std[70759c8f55707aa4]::panicking::default_hook
[INFO] [stdout]    5:     0x7b0fd11d0dc2 - std[70759c8f55707aa4]::panicking::panic_with_hook
[INFO] [stdout]    6:     0x7b0fd11b6e32 - std[70759c8f55707aa4]::panicking::panic_handler::{closure#0}
[INFO] [stdout]    7:     0x7b0fd11af619 - std[70759c8f55707aa4]::sys::backtrace::__rust_end_short_backtrace::<std[70759c8f55707aa4]::panicking::panic_handler::{closure#0}, !>
[INFO] [stdout]    8:     0x7b0fd11b767d - __rustc[8fa7c3cbc660c2b3]::rust_begin_unwind
[INFO] [stdout]    9:     0x7b0fd11e8e9c - core[df12db4294e9bfd3]::panicking::panic_fmt
[INFO] [stdout]   10:     0x7b0fd11e8c72 - core[df12db4294e9bfd3]::result::unwrap_failed
[INFO] [stdout]   11:     0x7b0fd1106296 - <yew_style_in_rs_macro[4e9e73624468006d]::state::State>::new::dropper
[INFO] [stdout]   12:     0x7b0fe44275e1 - <unknown>
[INFO] [stdout]   13:     0x7b0fe44276be - exit
[INFO] [stdout]   14:     0x7b0fe4409608 - <unknown>
[INFO] [stdout]   15:     0x7b0fe4409718 - __libc_start_main
[INFO] [stdout]   16:     0x5b20ac553016 - <unknown>
[INFO] [stdout]   17:                0x0 - <unknown>
[INFO] [stdout] fatal runtime error: failed to initiate panic, error 5, aborting
[INFO] [stdout] Couldn't compile the test.
[INFO] [stdout] ---- src/lib.rs - (line 29) stdout ----
[INFO] [stdout] error: proc macro panicked
[INFO] [stdout]   --> src/lib.rs:36:5
[INFO] [stdout]    |
[INFO] [stdout] 36 | /     style! {
[INFO] [stdout] 37 | |         // You can use CSS Nesting
[INFO] [stdout] 38 | |         let css = css! {r#"
[INFO] [stdout] 39 | |             border: solid green 1px;
[INFO] [stdout] ...  |
[INFO] [stdout] 48 | |         "#};
[INFO] [stdout] 49 | |     }
[INFO] [stdout]    | |_____^
[INFO] [stdout]    |
[INFO] [stdout]    = help: message: Failed to save internal file for yew-style-in-rs: Read-only file system (os error 30)
[INFO] [stdout]            
[INFO] [stdout]            Stack backtrace:
[INFO] [stdout]               0: <anyhow::Error as core::convert::From<core::io::error::Error>>::from
[INFO] [stdout]               1: <core::result::Result<(alloc::string::String, std::fs::File), anyhow::Error> as core::ops::try_trait::FromResidual<core::result::Result<core::convert::Infallible, core::io::error::Error>>>::from_residual
[INFO] [stdout]               2: <yew_style_in_rs_macro::state::State>::create_random_id_file
[INFO] [stdout]               3: <yew_style_in_rs_macro::style::css::Css>::expand
[INFO] [stdout]               4: <yew_style_in_rs_macro::style::CssDeclaration>::expand
[INFO] [stdout]               5: <yew_style_in_rs_macro::style::Style>::expand
[INFO] [stdout]               6: yew_style_in_rs_macro::style_with_write
[INFO] [stdout]               7: <yew_style_in_rs_macro::style_with_write as core::ops::function::FnOnce<(proc_macro::TokenStream,)>>::call_once
[INFO] [stdout]               8: proc_macro::bridge::client::run_client::<proc_macro::TokenStream, yew_style_in_rs_macro::style_with_write>::{closure#0}::{closure#0}
[INFO] [stdout]               9: proc_macro::bridge::client::state::set::<proc_macro::TokenStream, proc_macro::bridge::client::run_client<proc_macro::TokenStream, yew_style_in_rs_macro::style_with_write>::{closure#0}::{closure#0}>
[INFO] [stdout]              10: proc_macro::bridge::client::run_client::<proc_macro::TokenStream, yew_style_in_rs_macro::style_with_write>::{closure#0}
[INFO] [stdout]              11: <core::panic::unwind_safe::AssertUnwindSafe<proc_macro::bridge::client::run_client<proc_macro::TokenStream, yew_style_in_rs_macro::style_with_write>::{closure#0}> as core::ops::function::FnOnce<()>>::call_once
[INFO] [stdout]              12: std::panicking::catch_unwind::do_call::<core::panic::unwind_safe::AssertUnwindSafe<proc_macro::bridge::client::run_client<proc_macro::TokenStream, yew_style_in_rs_macro::style_with_write>::{closure#0}>, proc_macro::TokenStream>
[INFO] [stdout]              13: __rust_try
[INFO] [stdout]              14: proc_macro::bridge::client::run_client::<proc_macro::TokenStream, yew_style_in_rs_macro::style_with_write>
[INFO] [stdout]              15: <proc_macro::bridge::client::Client>::expand1::<yew_style_in_rs_macro::style_with_write>::{closure#0}
[INFO] [stdout]              16: proc_macro::bridge::selfless_reify::reify_to_extern_c_fn_hrt_bridge::wrapper::<proc_macro::bridge::buffer::Buffer, <proc_macro::bridge::client::Client>::expand1<yew_style_in_rs_macro::style_with_write>::{closure#0}>
[INFO] [stdout]              17: <rustc_proc_macro::bridge::server::MaybeCrossThread as rustc_proc_macro::bridge::server::ExecutionStrategy>::run_bridge_and_client::<rustc_expand::proc_macro_server::Rustc>
[INFO] [stdout]              18: <rustc_proc_macro::bridge::client::Client>::run1::<rustc_expand::proc_macro_server::Rustc, rustc_proc_macro::bridge::server::MaybeCrossThread>
[INFO] [stdout]              19: <rustc_expand::proc_macro::BangProcMacro as rustc_expand::base::BangProcMacro>::expand
[INFO] [stdout]              20: <rustc_expand::expand::MacroExpander>::fully_expand_fragment
[INFO] [stdout]              21: <rustc_expand::expand::MacroExpander>::expand_crate
[INFO] [stdout]              22: rustc_interface::passes::resolver_for_lowering_raw
[INFO] [stdout]              23: rustc_query_impl::query_vtables::resolver_for_lowering_raw::invoke_provider_fn::__rust_begin_short_backtrace
[INFO] [stdout]              24: rustc_query_impl::execution::try_execute_query::<rustc_middle::query::caches::SingleCache<rustc_middle::query::erase::ErasedData<[u8; 24]>>, false>
[INFO] [stdout]              25: rustc_query_impl::query_vtables::resolver_for_lowering_raw::execute_query_non_incr::__rust_end_short_backtrace
[INFO] [stdout]              26: rustc_interface::interface::run_compiler::<(), rustc_driver_impl::run_compiler::{closure#0}>::{closure#2}
[INFO] [stdout]              27: std::sys::backtrace::__rust_begin_short_backtrace::<rustc_interface::util::run_in_thread_with_globals<rustc_interface::util::run_in_thread_pool_with_globals<rustc_interface::interface::run_compiler<(), rustc_driver_impl::run_compiler::{closure#0}>::{closure#2}, ()>::{closure#0}, ()>::{closure#0}::{closure#0}, ()>
[INFO] [stdout]              28: <std::thread::lifecycle::spawn_unchecked<rustc_interface::util::run_in_thread_with_globals<rustc_interface::util::run_in_thread_pool_with_globals<rustc_interface::interface::run_compiler<(), rustc_driver_impl::run_compiler::{closure#0}>::{closure#2}, ()>::{closure#0}, ()>::{closure#0}::{closure#0}, ()>::{closure#1} as core::ops::function::FnOnce<()>>::call_once::{shim:vtable#0}
[INFO] [stdout]              29: <std::sys::thread::unix::Thread>::new::thread_start
[INFO] [stdout]              30: <unknown>
[INFO] [stdout]              31: clone
[INFO] [stdout] 
[INFO] [stdout] error[E0423]: cannot find value `css` in this scope
[INFO] [stdout]   --> src/lib.rs:51:30
[INFO] [stdout]    |
[INFO] [stdout] 51 |         <div class={classes!(css)}>
[INFO] [stdout]    |                              ^^^ not found in this scope
[INFO] [stdout]    |
[INFO] [stdout]    = note: a module named `css` exists in another namespace
[INFO] [stdout] 
[INFO] [stdout] error: aborting due to 2 previous errors
[INFO] [stdout] 
[INFO] [stdout] For more information about this error, try `rustc --explain E0423`.
[INFO] [stdout] 
[INFO] [stdout] thread '<unnamed>' (943) panicked at /opt/rustwide/cargo-home/registry/src/index.crates.io-1949cf8c6b5b557f/yew-style-in-rs-macro-0.4.1/src/state.rs:57:42:
[INFO] [stdout] called `Result::unwrap()` on an `Err` value: PoisonError { .. }
[INFO] [stdout] stack backtrace:
[INFO] [stdout]    0:     0x7d6d499d4e11 - <<std[70759c8f55707aa4]::sys::backtrace::BacktraceLock>::print::DisplayBacktrace as core[df12db4294e9bfd3]::fmt::Display>::fmt
[INFO] [stdout]    1:     0x7d6d499e867a - core[df12db4294e9bfd3]::fmt::write
[INFO] [stdout]    2:     0x7d6d499d917c - <std[70759c8f55707aa4]::sys::stdio::unix::Stderr as core[df12db4294e9bfd3]::io::write::Write>::write_fmt
[INFO] [stdout]    3:     0x7d6d499b6d86 - std[70759c8f55707aa4]::panicking::default_hook::{closure#0}
[INFO] [stdout]    4:     0x7d6d499d0a61 - std[70759c8f55707aa4]::panicking::default_hook
[INFO] [stdout]    5:     0x7d6d499d0dc2 - std[70759c8f55707aa4]::panicking::panic_with_hook
[INFO] [stdout]    6:     0x7d6d499b6e32 - std[70759c8f55707aa4]::panicking::panic_handler::{closure#0}
[INFO] [stdout]    7:     0x7d6d499af619 - std[70759c8f55707aa4]::sys::backtrace::__rust_end_short_backtrace::<std[70759c8f55707aa4]::panicking::panic_handler::{closure#0}, !>
[INFO] [stdout]    8:     0x7d6d499b767d - __rustc[8fa7c3cbc660c2b3]::rust_begin_unwind
[INFO] [stdout]    9:     0x7d6d499e8e9c - core[df12db4294e9bfd3]::panicking::panic_fmt
[INFO] [stdout]   10:     0x7d6d499e8c72 - core[df12db4294e9bfd3]::result::unwrap_failed
[INFO] [stdout]   11:     0x7d6d49906296 - <yew_style_in_rs_macro[4e9e73624468006d]::state::State>::new::dropper
[INFO] [stdout]   12:     0x7d6d5da275e1 - <unknown>
[INFO] [stdout]   13:     0x7d6d5da276be - exit
[INFO] [stdout]   14:     0x7d6d5da09608 - <unknown>
[INFO] [stdout]   15:     0x7d6d5da09718 - __libc_start_main
[INFO] [stdout]   16:     0x59e0b4ccf016 - <unknown>
[INFO] [stdout]   17:                0x0 - <unknown>
[INFO] [stdout] fatal runtime error: failed to initiate panic, error 5, aborting
[INFO] [stdout] Couldn't compile the test.
[INFO] [stdout] ---- src/lib.rs - (line 78) stdout ----
[INFO] [stdout] error: proc macro panicked
[INFO] [stdout]    --> src/lib.rs:85:5
[INFO] [stdout]     |
[INFO] [stdout]  85 | /     style! {
[INFO] [stdout]  86 | |         // You can pass filename
[INFO] [stdout]  87 | |         let important_css = css!(filename = "important") {r#"
[INFO] [stdout]  88 | |             background: red;
[INFO] [stdout] ...   |
[INFO] [stdout] 102 | |         "#};
[INFO] [stdout] 103 | |     }
[INFO] [stdout]     | |_____^
[INFO] [stdout]     |
[INFO] [stdout]     = help: message: Failed to save internal file for yew-style-in-rs: Read-only file system (os error 30)
[INFO] [stdout]             
[INFO] [stdout]             Stack backtrace:
[INFO] [stdout]                0: <anyhow::Error as core::convert::From<core::io::error::Error>>::from
[INFO] [stdout]                1: <core::result::Result<(alloc::string::String, std::fs::File), anyhow::Error> as core::ops::try_trait::FromResidual<core::result::Result<core::convert::Infallible, core::io::error::Error>>>::from_residual
[INFO] [stdout]                2: <yew_style_in_rs_macro::state::State>::create_random_id_file
[INFO] [stdout]                3: <yew_style_in_rs_macro::style::css::Css>::expand
[INFO] [stdout]                4: <yew_style_in_rs_macro::style::CssDeclaration>::expand
[INFO] [stdout]                5: <yew_style_in_rs_macro::style::Style>::expand
[INFO] [stdout]                6: yew_style_in_rs_macro::style_with_write
[INFO] [stdout]                7: <yew_style_in_rs_macro::style_with_write as core::ops::function::FnOnce<(proc_macro::TokenStream,)>>::call_once
[INFO] [stdout]                8: proc_macro::bridge::client::run_client::<proc_macro::TokenStream, yew_style_in_rs_macro::style_with_write>::{closure#0}::{closure#0}
[INFO] [stdout]                9: proc_macro::bridge::client::state::set::<proc_macro::TokenStream, proc_macro::bridge::client::run_client<proc_macro::TokenStream, yew_style_in_rs_macro::style_with_write>::{closure#0}::{closure#0}>
[INFO] [stdout]               10: proc_macro::bridge::client::run_client::<proc_macro::TokenStream, yew_style_in_rs_macro::style_with_write>::{closure#0}
[INFO] [stdout]               11: <core::panic::unwind_safe::AssertUnwindSafe<proc_macro::bridge::client::run_client<proc_macro::TokenStream, yew_style_in_rs_macro::style_with_write>::{closure#0}> as core::ops::function::FnOnce<()>>::call_once
[INFO] [stdout]               12: std::panicking::catch_unwind::do_call::<core::panic::unwind_safe::AssertUnwindSafe<proc_macro::bridge::client::run_client<proc_macro::TokenStream, yew_style_in_rs_macro::style_with_write>::{closure#0}>, proc_macro::TokenStream>
[INFO] [stdout]               13: __rust_try
[INFO] [stdout]               14: proc_macro::bridge::client::run_client::<proc_macro::TokenStream, yew_style_in_rs_macro::style_with_write>
[INFO] [stdout]               15: <proc_macro::bridge::client::Client>::expand1::<yew_style_in_rs_macro::style_with_write>::{closure#0}
[INFO] [stdout]               16: proc_macro::bridge::selfless_reify::reify_to_extern_c_fn_hrt_bridge::wrapper::<proc_macro::bridge::buffer::Buffer, <proc_macro::bridge::client::Client>::expand1<yew_style_in_rs_macro::style_with_write>::{closure#0}>
[INFO] [stdout]               17: <rustc_proc_macro::bridge::server::MaybeCrossThread as rustc_proc_macro::bridge::server::ExecutionStrategy>::run_bridge_and_client::<rustc_expand::proc_macro_server::Rustc>
[INFO] [stdout]               18: <rustc_proc_macro::bridge::client::Client>::run1::<rustc_expand::proc_macro_server::Rustc, rustc_proc_macro::bridge::server::MaybeCrossThread>
[INFO] [stdout]               19: <rustc_expand::proc_macro::BangProcMacro as rustc_expand::base::BangProcMacro>::expand
[INFO] [stdout]               20: <rustc_expand::expand::MacroExpander>::fully_expand_fragment
[INFO] [stdout]               21: <rustc_expand::expand::MacroExpander>::expand_crate
[INFO] [stdout]               22: rustc_interface::passes::resolver_for_lowering_raw
[INFO] [stdout]               23: rustc_query_impl::query_vtables::resolver_for_lowering_raw::invoke_provider_fn::__rust_begin_short_backtrace
[INFO] [stdout]               24: rustc_query_impl::execution::try_execute_query::<rustc_middle::query::caches::SingleCache<rustc_middle::query::erase::ErasedData<[u8; 24]>>, false>
[INFO] [stdout]               25: rustc_query_impl::query_vtables::resolver_for_lowering_raw::execute_query_non_incr::__rust_end_short_backtrace
[INFO] [stdout]               26: rustc_interface::interface::run_compiler::<(), rustc_driver_impl::run_compiler::{closure#0}>::{closure#2}
[INFO] [stdout]               27: std::sys::backtrace::__rust_begin_short_backtrace::<rustc_interface::util::run_in_thread_with_globals<rustc_interface::util::run_in_thread_pool_with_globals<rustc_interface::interface::run_compiler<(), rustc_driver_impl::run_compiler::{closure#0}>::{closure#2}, ()>::{closure#0}, ()>::{closure#0}::{closure#0}, ()>
[INFO] [stdout]               28: <std::thread::lifecycle::spawn_unchecked<rustc_interface::util::run_in_thread_with_globals<rustc_interface::util::run_in_thread_pool_with_globals<rustc_interface::interface::run_compiler<(), rustc_driver_impl::run_compiler::{closure#0}>::{closure#2}, ()>::{closure#0}, ()>::{closure#0}::{closure#0}, ()>::{closure#1} as core::ops::function::FnOnce<()>>::call_once::{shim:vtable#0}
[INFO] [stdout]               29: <std::sys::thread::unix::Thread>::new::thread_start
[INFO] [stdout]               30: <unknown>
[INFO] [stdout]               31: clone
[INFO] [stdout] 
[INFO] [stdout] error[E0425]: cannot find value `important_css` in this scope
[INFO] [stdout]    --> src/lib.rs:105:30
[INFO] [stdout]     |
[INFO] [stdout] 105 |         <div class={classes!(important_css, css)}>
[INFO] [stdout]     |                              ^^^^^^^^^^^^^ not found in this scope
[INFO] [stdout] 
[INFO] [stdout] error[E0423]: cannot find value `css` in this scope
[INFO] [stdout]    --> src/lib.rs:105:45
[INFO] [stdout]     |
[INFO] [stdout] 105 |         <div class={classes!(important_css, css)}>
[INFO] [stdout]     |                                             ^^^ not found in this scope
[INFO] [stdout]     |
[INFO] [stdout]     = note: a module named `css` exists in another namespace
[INFO] [stdout] 
[INFO] [stdout] error: aborting due to 3 previous errors
[INFO] [stdout] 
[INFO] [stdout] Some errors have detailed explanations: E0423, E0425.
[INFO] [stdout] For more information about an error, try `rustc --explain E0423`.
[INFO] [stdout] 
[INFO] [stdout] thread '<unnamed>' (944) panicked at /opt/rustwide/cargo-home/registry/src/index.crates.io-1949cf8c6b5b557f/yew-style-in-rs-macro-0.4.1/src/state.rs:57:42:
[INFO] [stdout] called `Result::unwrap()` on an `Err` value: PoisonError { .. }
[INFO] [stdout] stack backtrace:
[INFO] [stdout]    0:     0x7e9b85fd4e11 - <<std[70759c8f55707aa4]::sys::backtrace::BacktraceLock>::print::DisplayBacktrace as core[df12db4294e9bfd3]::fmt::Display>::fmt
[INFO] [stdout]    1:     0x7e9b85fe867a - core[df12db4294e9bfd3]::fmt::write
[INFO] [stdout]    2:     0x7e9b85fd917c - <std[70759c8f55707aa4]::sys::stdio::unix::Stderr as core[df12db4294e9bfd3]::io::write::Write>::write_fmt
[INFO] [stdout]    3:     0x7e9b85fb6d86 - std[70759c8f55707aa4]::panicking::default_hook::{closure#0}
[INFO] [stdout]    4:     0x7e9b85fd0a61 - std[70759c8f55707aa4]::panicking::default_hook
[INFO] [stdout]    5:     0x7e9b85fd0dc2 - std[70759c8f55707aa4]::panicking::panic_with_hook
[INFO] [stdout]    6:     0x7e9b85fb6e32 - std[70759c8f55707aa4]::panicking::panic_handler::{closure#0}
[INFO] [stdout]    7:     0x7e9b85faf619 - std[70759c8f55707aa4]::sys::backtrace::__rust_end_short_backtrace::<std[70759c8f55707aa4]::panicking::panic_handler::{closure#0}, !>
[INFO] [stdout]    8:     0x7e9b85fb767d - __rustc[8fa7c3cbc660c2b3]::rust_begin_unwind
[INFO] [stdout]    9:     0x7e9b85fe8e9c - core[df12db4294e9bfd3]::panicking::panic_fmt
[INFO] [stdout]   10:     0x7e9b85fe8c72 - core[df12db4294e9bfd3]::result::unwrap_failed
[INFO] [stdout]   11:     0x7e9b85f06296 - <yew_style_in_rs_macro[4e9e73624468006d]::state::State>::new::dropper
[INFO] [stdout]   12:     0x7e9b9a6275e1 - <unknown>
[INFO] [stdout]   13:     0x7e9b9a6276be - exit
[INFO] [stdout]   14:     0x7e9b9a609608 - <unknown>
[INFO] [stdout]   15:     0x7e9b9a609718 - __libc_start_main
[INFO] [stdout]   16:     0x5874f6b8a016 - <unknown>
[INFO] [stdout]   17:                0x0 - <unknown>
[INFO] [stdout] fatal runtime error: failed to initiate panic, error 5, aborting
[INFO] [stdout] Couldn't compile the test.
[INFO] [stdout] ---- src/lib.rs - (line 138) stdout ----
[INFO] [stdout] error[E0423]: cannot find value `css` in this scope
[INFO] [stdout]    --> src/lib.rs:173:30
[INFO] [stdout]     |
[INFO] [stdout] 173 |         <div class={classes!(css, dynamic_css)} {onclick}>
[INFO] [stdout]     |                              ^^^ not found in this scope
[INFO] [stdout]     |
[INFO] [stdout]     = note: a module named `css` exists in another namespace
[INFO] [stdout] 
[INFO] [stdout] error: aborting due to 1 previous error
[INFO] [stdout] 
[INFO] [stdout] For more information about this error, try `rustc --explain E0423`.
[INFO] [stdout] 
[INFO] [stdout] thread '<unnamed>' (945) panicked at /opt/rustwide/cargo-home/registry/src/index.crates.io-1949cf8c6b5b557f/yew-style-in-rs-macro-0.4.1/src/state.rs:180:45:
[INFO] [stdout] called `Result::unwrap()` on an `Err` value: Os { code: 30, kind: ReadOnlyFilesystem, message: "Read-only file system" }
[INFO] [stdout] stack backtrace:
[INFO] [stdout]    0:     0x74e505dd4e11 - <<std[70759c8f55707aa4]::sys::backtrace::BacktraceLock>::print::DisplayBacktrace as core[df12db4294e9bfd3]::fmt::Display>::fmt
[INFO] [stdout]    1:     0x74e505de867a - core[df12db4294e9bfd3]::fmt::write
[INFO] [stdout]    2:     0x74e505dd917c - <std[70759c8f55707aa4]::sys::stdio::unix::Stderr as core[df12db4294e9bfd3]::io::write::Write>::write_fmt
[INFO] [stdout]    3:     0x74e505db6d86 - std[70759c8f55707aa4]::panicking::default_hook::{closure#0}
[INFO] [stdout]    4:     0x74e505dd0a61 - std[70759c8f55707aa4]::panicking::default_hook
[INFO] [stdout]    5:     0x74e505dd0dc2 - std[70759c8f55707aa4]::panicking::panic_with_hook
[INFO] [stdout]    6:     0x74e505db6e32 - std[70759c8f55707aa4]::panicking::panic_handler::{closure#0}
[INFO] [stdout]    7:     0x74e505daf619 - std[70759c8f55707aa4]::sys::backtrace::__rust_end_short_backtrace::<std[70759c8f55707aa4]::panicking::panic_handler::{closure#0}, !>
[INFO] [stdout]    8:     0x74e505db767d - __rustc[8fa7c3cbc660c2b3]::rust_begin_unwind
[INFO] [stdout]    9:     0x74e505de8e9c - core[df12db4294e9bfd3]::panicking::panic_fmt
[INFO] [stdout]   10:     0x74e505de8c72 - core[df12db4294e9bfd3]::result::unwrap_failed
[INFO] [stdout]   11:     0x74e505d027c1 - <yew_style_in_rs_macro[4e9e73624468006d]::state::State>::generate_css
[INFO] [stdout]   12:     0x74e505d0635b - <yew_style_in_rs_macro[4e9e73624468006d]::state::State>::new::dropper
[INFO] [stdout]   13:     0x74e5190275e1 - <unknown>
[INFO] [stdout]   14:     0x74e5190276be - exit
[INFO] [stdout]   15:     0x74e519009608 - <unknown>
[INFO] [stdout]   16:     0x74e519009718 - __libc_start_main
[INFO] [stdout]   17:     0x5f46522d1016 - <unknown>
[INFO] [stdout]   18:                0x0 - <unknown>
[INFO] [stdout] fatal runtime error: failed to initiate panic, error 5, aborting
[INFO] [stdout] Couldn't compile the test.
[INFO] [stdout] 
[INFO] [stdout] failures:
[INFO] [stdout]     src/lib.rs - (line 138)
[INFO] [stdout]     src/lib.rs - (line 199)
[INFO] [stdout]     src/lib.rs - (line 29)
[INFO] [stdout]     src/lib.rs - (line 78)
[INFO] [stdout] 
[INFO] [stdout] test result: FAILED. 0 passed; 4 failed; 0 ignored; 0 measured; 0 filtered out; finished in 0.91s
[INFO] [stdout] 
[INFO] [stderr] error: doctest failed, to rerun pass `--doc`
[INFO] running `Command { std: "docker" "inspect" "928fd45e39c8e3036b1d4d115da0427155273c20cae3b8517d71d313f78b7712", kill_on_drop: false }`
[INFO] running `Command { std: "docker" "rm" "-f" "928fd45e39c8e3036b1d4d115da0427155273c20cae3b8517d71d313f78b7712", kill_on_drop: false }`
[INFO] [stdout] 928fd45e39c8e3036b1d4d115da0427155273c20cae3b8517d71d313f78b7712
