[INFO] fetching crate yew-style-in-rs-core 0.4.1...
[INFO] testing yew-style-in-rs-core-0.4.1 against 1.99.0-beta.8+cargoflags=--release for beta-release-1.100-2
[INFO] extracting crate yew-style-in-rs-core 0.4.1 into /workspace/builds/worker-4-tc1/source
[INFO] started tweaking crates.io crate yew-style-in-rs-core 0.4.1
[INFO] finished tweaking crates.io crate yew-style-in-rs-core 0.4.1
[INFO] tweaked toml for crates.io crate yew-style-in-rs-core 0.4.1 written to /workspace/builds/worker-4-tc1/source/Cargo.toml
[INFO] validating manifest of crates.io crate yew-style-in-rs-core 0.4.1 on toolchain 1.99.0-beta.8
[INFO] running `Command { std: CARGO_HOME="/workspace/cargo-home" RUSTUP_HOME="/workspace/rustup-home" "/workspace/cargo-home/bin/cargo" "+1.99.0-beta.8" "metadata" "--manifest-path" "Cargo.toml" "--no-deps", kill_on_drop: false }`
[INFO] running `Command { std: CARGO_HOME="/workspace/cargo-home" RUSTUP_HOME="/workspace/rustup-home" "/workspace/cargo-home/bin/cargo" "+1.99.0-beta.8" "generate-lockfile" "--manifest-path" "Cargo.toml", kill_on_drop: false }`
[INFO] [stderr]     Blocking waiting for file lock on package cache
[INFO] [stderr]     Blocking waiting for file lock on package cache
[INFO] running `Command { std: CARGO_HOME="/workspace/cargo-home" RUSTUP_HOME="/workspace/rustup-home" "/workspace/cargo-home/bin/cargo" "+1.99.0-beta.8" "fetch" "--manifest-path" "Cargo.toml", kill_on_drop: false }`
[INFO] [stderr]     Blocking waiting for file lock on package cache
[INFO] [stderr]     Blocking waiting for file lock on package cache
[INFO] running `Command { std: "docker" "create" "-v" "/var/lib/crater-agent-workspace/builds/worker-4-tc1/source:/opt/rustwide/workdir:ro,Z" "-v" "/var/lib/crater-agent-workspace/builds/worker-4-tc1/target:/opt/rustwide/target:rw,Z" "-v" "/var/lib/crater-agent-workspace/cargo-home:/opt/rustwide/cargo-home:ro,Z" "-v" "/var/lib/crater-agent-workspace/rustup-home:/opt/rustwide/rustup-home:ro,Z" "-m" "1610612736" "--network" "none" "ghcr.io/rust-lang/crates-build-env/linux@sha256:77db811e55d90add9212f6832c23229e3de5f1c1f9905e8cb07319ea15df73ac" "sleep" "infinity", kill_on_drop: false }`
[INFO] [stdout] 632e68ff651e2643a89deabde6aa99a69ee70ef7595bd924a06b433b6d5c305f
[INFO] running `Command { std: "docker" "start" "632e68ff651e2643a89deabde6aa99a69ee70ef7595bd924a06b433b6d5c305f", kill_on_drop: false }`
[INFO] running `Command { std: "docker" "inspect" "632e68ff651e2643a89deabde6aa99a69ee70ef7595bd924a06b433b6d5c305f", kill_on_drop: false }`
[INFO] running `Command { std: "docker" "exec" "-e" "SOURCE_DIR=/opt/rustwide/workdir" "-e" "CARGO_HOME=/opt/rustwide/cargo-home" "-e" "RUSTUP_HOME=/opt/rustwide/rustup-home" "-e" "CARGO_TARGET_DIR=/opt/rustwide/target" "-w" "/opt/rustwide/workdir" "--user" "0:0" "632e68ff651e2643a89deabde6aa99a69ee70ef7595bd924a06b433b6d5c305f" "/opt/rustwide/cargo-home/bin/cargo" "+1.99.0-beta.8" "metadata" "--no-deps" "--format-version=1", kill_on_drop: false }`
[INFO] running `Command { std: "docker" "inspect" "632e68ff651e2643a89deabde6aa99a69ee70ef7595bd924a06b433b6d5c305f", kill_on_drop: false }`
[INFO] running `Command { std: "docker" "exec" "-e" "SOURCE_DIR=/opt/rustwide/workdir" "-e" "CARGO_HOME=/opt/rustwide/cargo-home" "-e" "RUSTUP_HOME=/opt/rustwide/rustup-home" "-e" "CARGO_TARGET_DIR=/opt/rustwide/target" "-e" "CARGO_INCREMENTAL=0" "-e" "RUST_BACKTRACE=full" "-e" "RUSTFLAGS=--cap-lints=warn" "-e" "RUSTDOCFLAGS=--cap-lints=warn" "-w" "/opt/rustwide/workdir" "--user" "0:0" "632e68ff651e2643a89deabde6aa99a69ee70ef7595bd924a06b433b6d5c305f" "/opt/rustwide/cargo-home/bin/cargo" "+1.99.0-beta.8" "build" "--frozen" "--message-format=json" "--release", kill_on_drop: false }`
[INFO] [stderr]    Compiling yew-style-in-rs-core v0.4.1 (/opt/rustwide/workdir)
[INFO] [stderr]     Finished `release` profile [optimized] target(s) in 1.31s
[INFO] running `Command { std: "docker" "inspect" "632e68ff651e2643a89deabde6aa99a69ee70ef7595bd924a06b433b6d5c305f", kill_on_drop: false }`
[INFO] running `Command { std: "docker" "exec" "-e" "SOURCE_DIR=/opt/rustwide/workdir" "-e" "CARGO_HOME=/opt/rustwide/cargo-home" "-e" "RUSTUP_HOME=/opt/rustwide/rustup-home" "-e" "CARGO_TARGET_DIR=/opt/rustwide/target" "-e" "CARGO_INCREMENTAL=0" "-e" "RUST_BACKTRACE=full" "-e" "RUSTFLAGS=--cap-lints=warn" "-e" "RUSTDOCFLAGS=--cap-lints=warn" "-w" "/opt/rustwide/workdir" "--user" "0:0" "632e68ff651e2643a89deabde6aa99a69ee70ef7595bd924a06b433b6d5c305f" "/opt/rustwide/cargo-home/bin/cargo" "+1.99.0-beta.8" "test" "--frozen" "--no-run" "--message-format=json" "--release", kill_on_drop: false }`
[INFO] [stderr]    Compiling yew-style-in-rs-core v0.4.1 (/opt/rustwide/workdir)
[INFO] [stderr]     Finished `release` profile [optimized] target(s) in 2.71s
[INFO] running `Command { std: "docker" "inspect" "632e68ff651e2643a89deabde6aa99a69ee70ef7595bd924a06b433b6d5c305f", kill_on_drop: false }`
[INFO] running `Command { std: "docker" "exec" "-e" "SOURCE_DIR=/opt/rustwide/workdir" "-e" "CARGO_HOME=/opt/rustwide/cargo-home" "-e" "RUSTUP_HOME=/opt/rustwide/rustup-home" "-e" "CARGO_TARGET_DIR=/opt/rustwide/target" "-e" "CARGO_INCREMENTAL=0" "-e" "RUST_BACKTRACE=full" "-e" "RUSTFLAGS=--cap-lints=warn" "-e" "RUSTDOCFLAGS=--cap-lints=warn" "-w" "/opt/rustwide/workdir" "--user" "0:0" "632e68ff651e2643a89deabde6aa99a69ee70ef7595bd924a06b433b6d5c305f" "/opt/rustwide/cargo-home/bin/cargo" "+1.99.0-beta.8" "test" "--frozen" "--release", kill_on_drop: false }`
[INFO] [stderr]     Finished `release` profile [optimized] target(s) in 0.02s
[INFO] [stderr]      Running unittests src/lib.rs (/opt/rustwide/target/release/deps/yew_style_in_rs_core-5d8377192dd80227)
[INFO] [stdout] 
[INFO] [stdout] running 37 tests
[INFO] [stdout] test tests::test_runtime_parse_5 ... ok
[INFO] [stdout] test tests::test_runtime_parse_1 ... ok
[INFO] [stdout] test tests::test_runtime_parse_2 ... ok
[INFO] [stdout] test tests::test_runtime_parse_3 ... ok
[INFO] [stdout] test tests::test_runtime_parse_6 ... ok
[INFO] [stdout] test tests::test_to_style_string_11 ... ok
[INFO] [stdout] test tests::test_to_style_string_1 ... ok
[INFO] [stdout] test tests::test_to_style_string_12 ... ok
[INFO] [stdout] test tests::test_runtime_parse_7 ... ok
[INFO] [stdout] test tests::test_to_style_string_10 ... ok
[INFO] [stdout] test tests::test_runtime_parse_4 ... FAILED
[INFO] [stdout] test tests::test_to_style_string_2 ... ok
[INFO] [stdout] test tests::test_to_style_string_5 ... ok
[INFO] [stdout] test tests::test_to_style_string_6 ... ok
[INFO] [stdout] test tests::test_to_style_string_7 ... ok
[INFO] [stdout] test tests::test_to_style_string_9 ... ok
[INFO] [stdout] test tests::test_to_style_string_8 ... ok
[INFO] [stdout] test tests::test_transpile_1 ... ok
[INFO] [stdout] test tests::test_to_style_string_13 ... ok
[INFO] [stdout] test tests::test_transpile_11 ... ok
[INFO] [stdout] test tests::test_to_style_string_14 ... ok
[INFO] [stdout] test tests::test_transpile_12 ... ok
[INFO] [stdout] test tests::test_to_style_string_3 ... ok
[INFO] [stdout] test tests::test_to_style_string_15 ... ok
[INFO] [stdout] test tests::test_transpile_10 ... ok
[INFO] [stdout] test tests::test_to_style_string_4 ... ok
[INFO] [stdout] test tests::test_transpile_14 ... ok
[INFO] [stdout] test tests::test_transpile_2 ... ok
[INFO] [stdout] test tests::test_transpile_3 ... ok
[INFO] [stdout] test tests::test_transpile_4 ... ok
[INFO] [stdout] test tests::test_transpile_5 ... ok
[INFO] [stdout] test tests::test_transpile_13 ... ok
[INFO] [stdout] test tests::test_transpile_8 ... ok
[INFO] [stdout] test tests::test_transpile_9 ... ok
[INFO] [stdout] test tests::test_transpile_7 ... ok
[INFO] [stdout] test tests::test_transpile_6 ... ok
[INFO] [stdout] test tests::test_transpile_15 ... ok
[INFO] [stdout] 
[INFO] [stdout] failures:
[INFO] [stdout] 
[INFO] [stdout] ---- tests::test_runtime_parse_4 stdout ----
[INFO] [stdout] 
[INFO] [stdout] thread 'tests::test_runtime_parse_4' (162) panicked at src/tests.rs:104:6:
[INFO] [stdout] Parse Error!: (RuntimeCss([Property(Property { property: "border", value: "solid 1px black" }), AtRule(AtRule { rule_name: "media", rule_value: "(orientation: landscape)", block: Some([Property(Property { property: "border", value: "solid 10px cyan" })]) })]), "[CSS parse error] property after nesting is invalid and ignored")
[INFO] [stdout] stack backtrace:
[INFO] [stdout]    0:     0x5c43d4bea911 - <<std[70759c8f55707aa4]::sys::backtrace::BacktraceLock>::print::DisplayBacktrace as core[df12db4294e9bfd3]::fmt::Display>::fmt
[INFO] [stdout]    1:     0x5c43d4bfeeda - core[df12db4294e9bfd3]::fmt::write
[INFO] [stdout]    2:     0x5c43d4beedac - <alloc[2182bb758b4b3781]::vec::Vec<u8> as core[df12db4294e9bfd3]::io::write::Write>::write_fmt
[INFO] [stdout]    3:     0x5c43d4bc6f06 - std[70759c8f55707aa4]::panicking::default_hook::{closure#0}
[INFO] [stdout]    4:     0x5c43d4be3079 - std[70759c8f55707aa4]::panicking::default_hook
[INFO] [stdout]    5:     0x5c43d4b7f500 - test[9d35eded1c95d3be]::test_main_inner::<test[9d35eded1c95d3be]::test_main_static::{closure#0}>::{closure#0}
[INFO] [stdout]    6:     0x5c43d4be3232 - std[70759c8f55707aa4]::panicking::panic_with_hook
[INFO] [stdout]    7:     0x5c43d4bc6fb2 - std[70759c8f55707aa4]::panicking::panic_handler::{closure#0}
[INFO] [stdout]    8:     0x5c43d4bbfd39 - std[70759c8f55707aa4]::sys::backtrace::__rust_end_short_backtrace::<std[70759c8f55707aa4]::panicking::panic_handler::{closure#0}, !>
[INFO] [stdout]    9:     0x5c43d4bc7bad - __rustc[8fa7c3cbc660c2b3]::rust_begin_unwind
[INFO] [stdout]   10:     0x5c43d4bff60c - core[df12db4294e9bfd3]::panicking::panic_fmt
[INFO] [stdout]   11:     0x5c43d4bff3e2 - core[df12db4294e9bfd3]::result::unwrap_failed
[INFO] [stdout]   12:     0x5c43d4b5f506 - yew_style_in_rs_core[36639b1de6ac4ced]::tests::test_runtime_parse_4
[INFO] [stdout]   13:     0x5c43d4b67bc9 - <yew_style_in_rs_core[36639b1de6ac4ced]::tests::test_runtime_parse_4::{closure#0} as core[df12db4294e9bfd3]::ops::function::FnOnce<()>>::call_once
[INFO] [stdout]   14:     0x5c43d4b727eb - test[9d35eded1c95d3be]::__rust_begin_short_backtrace::<core[df12db4294e9bfd3]::result::Result<(), alloc[2182bb758b4b3781]::string::String>, fn() -> core[df12db4294e9bfd3]::result::Result<(), alloc[2182bb758b4b3781]::string::String>>
[INFO] [stdout]   15:     0x5c43d4b7fe55 - test[9d35eded1c95d3be]::run_test::{closure#0}
[INFO] [stdout]   16:     0x5c43d4b79714 - std[70759c8f55707aa4]::sys::backtrace::__rust_begin_short_backtrace::<test[9d35eded1c95d3be]::run_test::{closure#1}, ()>
[INFO] [stdout]   17:     0x5c43d4b82fb2 - <std[70759c8f55707aa4]::thread::lifecycle::spawn_unchecked<test[9d35eded1c95d3be]::run_test::{closure#1}, ()>::{closure#1} as core[df12db4294e9bfd3]::ops::function::FnOnce<()>>::call_once::{shim:vtable#0}
[INFO] [stdout]   18:     0x5c43d4bea1e9 - <std[70759c8f55707aa4]::sys::thread::unix::Thread>::new::thread_start
[INFO] [stdout]   19:     0x722e5e308dfa - <unknown>
[INFO] [stdout]   20:     0x722e5e39c3d4 - clone
[INFO] [stdout]   21:                0x0 - <unknown>
[INFO] [stdout] 
[INFO] [stdout] 
[INFO] [stdout] failures:
[INFO] [stdout]     tests::test_runtime_parse_4
[INFO] [stdout] 
[INFO] [stdout] test result: FAILED. 36 passed; 1 failed; 0 ignored; 0 measured; 0 filtered out; finished in 0.01s
[INFO] [stdout] 
[INFO] [stderr] error: test failed, to rerun pass `--lib`
[INFO] running `Command { std: "docker" "inspect" "632e68ff651e2643a89deabde6aa99a69ee70ef7595bd924a06b433b6d5c305f", kill_on_drop: false }`
[INFO] running `Command { std: "docker" "rm" "-f" "632e68ff651e2643a89deabde6aa99a69ee70ef7595bd924a06b433b6d5c305f", kill_on_drop: false }`
[INFO] [stdout] 632e68ff651e2643a89deabde6aa99a69ee70ef7595bd924a06b433b6d5c305f
