[INFO] fetching crate yew-google-material 0.0.8...
[INFO] testing yew-google-material-0.0.8 against 1.99.0-beta.8+cargoflags=--release for beta-release-1.100-2
[INFO] extracting crate yew-google-material 0.0.8 into /workspace/builds/worker-3-tc1/source
[INFO] removed /workspace/builds/worker-3-tc1/source/.cargo/config.toml
[INFO] started tweaking crates.io crate yew-google-material 0.0.8
[INFO] finished tweaking crates.io crate yew-google-material 0.0.8
[INFO] tweaked toml for crates.io crate yew-google-material 0.0.8 written to /workspace/builds/worker-3-tc1/source/Cargo.toml
[INFO] validating manifest of crates.io crate yew-google-material 0.0.8 on toolchain 1.99.0-beta.8
[INFO] running `Command { std: CARGO_HOME="/workspace/cargo-home" RUSTUP_HOME="/workspace/rustup-home" "/workspace/cargo-home/bin/cargo" "+1.99.0-beta.8" "metadata" "--manifest-path" "Cargo.toml" "--no-deps", kill_on_drop: false }`
[INFO] running `Command { std: CARGO_HOME="/workspace/cargo-home" RUSTUP_HOME="/workspace/rustup-home" "/workspace/cargo-home/bin/cargo" "+1.99.0-beta.8" "generate-lockfile" "--manifest-path" "Cargo.toml", kill_on_drop: false }`
[INFO] [stderr]     Updating crates.io index
[INFO] [stderr]      Locking 122 packages to highest compatible versions
[INFO] [stderr]       Adding gloo-timers v0.3.0 (available: v0.4.0)
[INFO] [stderr]       Adding stylist v0.13.0 (available: v0.15.1)
[INFO] [stderr]       Adding yew v0.21.0 (available: v0.23.0)
[INFO] running `Command { std: CARGO_HOME="/workspace/cargo-home" RUSTUP_HOME="/workspace/rustup-home" "/workspace/cargo-home/bin/cargo" "+1.99.0-beta.8" "fetch" "--manifest-path" "Cargo.toml", kill_on_drop: false }`
[INFO] [stderr]  Downloading crates ...
[INFO] [stderr]   Downloaded pinned v0.1.0
[INFO] [stderr]   Downloaded gloo-net v0.4.0
[INFO] [stderr]   Downloaded gloo-storage v0.3.0
[INFO] [stderr]   Downloaded gloo-render v0.2.0
[INFO] [stderr]   Downloaded gloo-history v0.1.5
[INFO] [stderr]   Downloaded gloo-dialogs v0.2.0
[INFO] [stderr]   Downloaded gloo-dialogs v0.1.1
[INFO] [stderr]   Downloaded implicit-clone-derive v0.1.2
[INFO] [stderr]   Downloaded gloo-console v0.3.0
[INFO] [stderr]   Downloaded gloo-file v0.3.0
[INFO] [stderr]   Downloaded gloo-worker v0.2.1
[INFO] [stderr]   Downloaded gloo-console v0.2.3
[INFO] [stderr]   Downloaded implicit-clone v0.4.9
[INFO] [stderr]   Downloaded anymap2 v0.13.0
[INFO] [stderr]   Downloaded gloo-events v0.2.0
[INFO] [stderr]   Downloaded litrs v0.4.2
[INFO] [stderr]   Downloaded stylist-core v0.13.0
[INFO] [stderr]   Downloaded gloo-utils v0.1.7
[INFO] [stderr]   Downloaded stylist v0.13.0
[INFO] [stderr]   Downloaded stylist-macros v0.13.0
[INFO] [stderr]   Downloaded yew v0.21.0
[INFO] [stderr]   Downloaded gloo-storage v0.2.2
[INFO] [stderr]   Downloaded gloo-events v0.1.2
[INFO] [stderr]   Downloaded gloo-file v0.2.3
[INFO] [stderr]   Downloaded color-art v0.3.9
[INFO] [stderr]   Downloaded gloo v0.10.0
[INFO] [stderr]   Downloaded gloo-worker-macros v0.1.0
[INFO] [stderr]   Downloaded gloo-history v0.2.2
[INFO] [stderr]   Downloaded gloo v0.8.1
[INFO] [stderr]   Downloaded yew-macro v0.21.0
[INFO] [stderr]   Downloaded gloo-render v0.1.1
[INFO] [stderr]   Downloaded boolinator v2.4.0
[INFO] [stderr]   Downloaded gloo-net v0.3.1
[INFO] [stderr]   Downloaded prokio v0.1.0
[INFO] [stderr]   Downloaded gloo-worker v0.4.0
[INFO] running `Command { std: "docker" "create" "-v" "/var/lib/crater-agent-workspace/builds/worker-3-tc1/source:/opt/rustwide/workdir:ro,Z" "-v" "/var/lib/crater-agent-workspace/builds/worker-3-tc1/target:/opt/rustwide/target:rw,Z" "-v" "/var/lib/crater-agent-workspace/cargo-home:/opt/rustwide/cargo-home:ro,Z" "-v" "/var/lib/crater-agent-workspace/rustup-home:/opt/rustwide/rustup-home:ro,Z" "-m" "1610612736" "--network" "none" "ghcr.io/rust-lang/crates-build-env/linux@sha256:77db811e55d90add9212f6832c23229e3de5f1c1f9905e8cb07319ea15df73ac" "sleep" "infinity", kill_on_drop: false }`
[INFO] [stdout] bcba9a62c36da1144dd6f554067ac2bfd668487047b06bb7459f7caace5a0dcc
[INFO] running `Command { std: "docker" "start" "bcba9a62c36da1144dd6f554067ac2bfd668487047b06bb7459f7caace5a0dcc", kill_on_drop: false }`
[INFO] running `Command { std: "docker" "inspect" "bcba9a62c36da1144dd6f554067ac2bfd668487047b06bb7459f7caace5a0dcc", kill_on_drop: false }`
[INFO] running `Command { std: "docker" "exec" "-e" "SOURCE_DIR=/opt/rustwide/workdir" "-e" "CARGO_HOME=/opt/rustwide/cargo-home" "-e" "RUSTUP_HOME=/opt/rustwide/rustup-home" "-e" "CARGO_TARGET_DIR=/opt/rustwide/target" "-w" "/opt/rustwide/workdir" "--user" "0:0" "bcba9a62c36da1144dd6f554067ac2bfd668487047b06bb7459f7caace5a0dcc" "/opt/rustwide/cargo-home/bin/cargo" "+1.99.0-beta.8" "metadata" "--no-deps" "--format-version=1", kill_on_drop: false }`
[INFO] running `Command { std: "docker" "inspect" "bcba9a62c36da1144dd6f554067ac2bfd668487047b06bb7459f7caace5a0dcc", kill_on_drop: false }`
[INFO] running `Command { std: "docker" "exec" "-e" "SOURCE_DIR=/opt/rustwide/workdir" "-e" "CARGO_HOME=/opt/rustwide/cargo-home" "-e" "RUSTUP_HOME=/opt/rustwide/rustup-home" "-e" "CARGO_TARGET_DIR=/opt/rustwide/target" "-e" "CARGO_INCREMENTAL=0" "-e" "RUST_BACKTRACE=full" "-e" "RUSTFLAGS=--cap-lints=warn" "-e" "RUSTDOCFLAGS=--cap-lints=warn" "-w" "/opt/rustwide/workdir" "--user" "0:0" "bcba9a62c36da1144dd6f554067ac2bfd668487047b06bb7459f7caace5a0dcc" "/opt/rustwide/cargo-home/bin/cargo" "+1.99.0-beta.8" "build" "--frozen" "--message-format=json" "--release", kill_on_drop: false }`
[INFO] [stderr]    Compiling equivalent v1.0.3
[INFO] [stderr]    Compiling winnow v0.5.40
[INFO] [stderr]    Compiling toml_datetime v0.6.11
[INFO] [stderr]    Compiling serde_core v1.0.229
[INFO] [stderr]    Compiling prettyplease v0.2.37
[INFO] [stderr]    Compiling syn v2.0.119
[INFO] [stderr]    Compiling serde_json v1.0.154
[INFO] [stderr]    Compiling syn v1.0.109
[INFO] [stderr]    Compiling form_urlencoded v1.2.2
[INFO] [stderr]    Compiling proc-macro-error-attr v1.0.4
[INFO] [stderr]    Compiling wasm-bindgen v0.2.129
[INFO] [stderr]    Compiling serde_derive v1.0.229
[INFO] [stderr]    Compiling futures-util v0.3.34
[INFO] [stderr]    Compiling serde v1.0.229
[INFO] [stderr]    Compiling tokio v1.53.3
[INFO] [stderr]    Compiling nom v7.1.3
[INFO] [stderr]    Compiling indexmap v2.14.2
[INFO] [stderr]    Compiling either v1.19.0
[INFO] [stderr]    Compiling boolinator v2.4.0
[INFO] [stderr]    Compiling litrs v0.4.2
[INFO] [stderr]    Compiling itertools v0.11.0
[INFO] [stderr]    Compiling proc-macro-error v1.0.4
[INFO] [stderr]    Compiling log v0.4.34
[INFO] [stderr]    Compiling rand v0.8.8
[INFO] [stderr]    Compiling instant v0.1.13
[INFO] [stderr]    Compiling console_error_panic_hook v0.1.7
[INFO] [stderr]    Compiling toml_edit v0.19.15
[INFO] [stderr]    Compiling tokio-stream v0.1.19
[INFO] [stderr]    Compiling proc-macro-crate v1.3.1
[INFO] [stderr]    Compiling serde_urlencoded v0.7.1
[INFO] [stderr]    Compiling bincode v1.3.3
[INFO] [stderr]    Compiling js-sys v0.3.106
[INFO] [stderr]    Compiling futures v0.3.34
[INFO] [stderr]    Compiling thiserror-impl v1.0.69
[INFO] [stderr]    Compiling pin-project-internal v1.1.13
[INFO] [stderr]    Compiling gloo-worker-macros v0.1.0
[INFO] [stderr]    Compiling implicit-clone-derive v0.1.2
[INFO] [stderr]    Compiling tracing-attributes v0.1.31
[INFO] [stderr]    Compiling implicit-clone v0.4.9
[INFO] [stderr]    Compiling yew-macro v0.21.0
[INFO] [stderr]    Compiling thiserror v1.0.69
[INFO] [stderr]    Compiling pin-project v1.1.13
[INFO] [stderr]    Compiling pinned v0.1.0
[INFO] [stderr]    Compiling stylist-core v0.13.0
[INFO] [stderr]    Compiling color-art v0.3.9
[INFO] [stderr]    Compiling tracing v0.1.44
[INFO] [stderr]    Compiling prokio v0.1.0
[INFO] [stderr]    Compiling stylist-macros v0.13.0
[INFO] [stderr]    Compiling web-sys v0.3.106
[INFO] [stderr]    Compiling wasm-bindgen-futures v0.4.79
[INFO] [stderr]    Compiling serde-wasm-bindgen v0.6.5
[INFO] [stderr]    Compiling gloo-timers v0.3.0
[INFO] [stderr]    Compiling gloo-utils v0.2.0
[INFO] [stderr]    Compiling gloo-events v0.2.0
[INFO] [stderr]    Compiling gloo-render v0.2.0
[INFO] [stderr]    Compiling gloo-dialogs v0.2.0
[INFO] [stderr]    Compiling gloo-file v0.3.0
[INFO] [stderr]    Compiling gloo-storage v0.3.0
[INFO] [stderr]    Compiling gloo-history v0.2.2
[INFO] [stderr]    Compiling gloo-console v0.3.0
[INFO] [stderr]    Compiling gloo-worker v0.4.0
[INFO] [stderr]    Compiling gloo-net v0.4.0
[INFO] [stderr]    Compiling gloo v0.10.0
[INFO] [stderr]    Compiling yew v0.21.0
[INFO] [stderr]    Compiling stylist v0.13.0
[INFO] [stderr]    Compiling yew-google-material v0.0.8 (/opt/rustwide/workdir)
[INFO] [stderr]     Finished `release` profile [optimized] target(s) in 1m 06s
[INFO] running `Command { std: "docker" "inspect" "bcba9a62c36da1144dd6f554067ac2bfd668487047b06bb7459f7caace5a0dcc", kill_on_drop: false }`
[INFO] running `Command { std: "docker" "exec" "-e" "SOURCE_DIR=/opt/rustwide/workdir" "-e" "CARGO_HOME=/opt/rustwide/cargo-home" "-e" "RUSTUP_HOME=/opt/rustwide/rustup-home" "-e" "CARGO_TARGET_DIR=/opt/rustwide/target" "-e" "CARGO_INCREMENTAL=0" "-e" "RUST_BACKTRACE=full" "-e" "RUSTFLAGS=--cap-lints=warn" "-e" "RUSTDOCFLAGS=--cap-lints=warn" "-w" "/opt/rustwide/workdir" "--user" "0:0" "bcba9a62c36da1144dd6f554067ac2bfd668487047b06bb7459f7caace5a0dcc" "/opt/rustwide/cargo-home/bin/cargo" "+1.99.0-beta.8" "test" "--frozen" "--no-run" "--message-format=json" "--release", kill_on_drop: false }`
[INFO] [stderr]    Compiling yew-google-material v0.0.8 (/opt/rustwide/workdir)
[INFO] [stderr]     Finished `release` profile [optimized] target(s) in 0.98s
[INFO] running `Command { std: "docker" "inspect" "bcba9a62c36da1144dd6f554067ac2bfd668487047b06bb7459f7caace5a0dcc", kill_on_drop: false }`
[INFO] running `Command { std: "docker" "exec" "-e" "SOURCE_DIR=/opt/rustwide/workdir" "-e" "CARGO_HOME=/opt/rustwide/cargo-home" "-e" "RUSTUP_HOME=/opt/rustwide/rustup-home" "-e" "CARGO_TARGET_DIR=/opt/rustwide/target" "-e" "CARGO_INCREMENTAL=0" "-e" "RUST_BACKTRACE=full" "-e" "RUSTFLAGS=--cap-lints=warn" "-e" "RUSTDOCFLAGS=--cap-lints=warn" "-w" "/opt/rustwide/workdir" "--user" "0:0" "bcba9a62c36da1144dd6f554067ac2bfd668487047b06bb7459f7caace5a0dcc" "/opt/rustwide/cargo-home/bin/cargo" "+1.99.0-beta.8" "test" "--frozen" "--release", kill_on_drop: false }`
[INFO] [stderr]     Finished `release` profile [optimized] target(s) in 0.15s
[INFO] [stderr]      Running unittests src/lib.rs (/opt/rustwide/target/release/deps/yew_google_material-c80923213a20cfbe)
[INFO] [stdout] 
[INFO] [stdout] running 0 tests
[INFO] [stdout] 
[INFO] [stdout] test result: ok. 0 passed; 0 failed; 0 ignored; 0 measured; 0 filtered out; finished in 0.00s
[INFO] [stdout] 
[INFO] [stderr]    Doc-tests yew_google_material
[INFO] [stdout] 
[INFO] [stdout] running 10 tests
[INFO] [stdout] test src/icons/mod.rs - icons (line 11) ... FAILED
[INFO] [stdout] test src/buttons/mod.rs - buttons (line 61) ... FAILED
[INFO] [stdout] test src/icons/mod.rs - icons (line 15) ... FAILED
[INFO] [stdout] test src/icons/mod.rs - icons (line 41) ... FAILED
[INFO] [stdout] test src/input_text/mod.rs - input_text (line 99) ... FAILED
[INFO] [stdout] test src/input_text/mod.rs - input_text (line 131) ... FAILED
[INFO] [stdout] test src/icons/mod.rs - icons (line 7) ... FAILED
[INFO] [stdout] test src/input_text/mod.rs - input_text (line 85) ... FAILED
[INFO] [stdout] test src/icons/mod.rs - icons (line 20) ... FAILED
[INFO] [stdout] test src/buttons/mod.rs - buttons (line 48) ... FAILED
[INFO] [stdout] 
[INFO] [stdout] failures:
[INFO] [stdout] 
[INFO] [stdout] ---- src/icons/mod.rs - icons (line 11) stdout ----
[INFO] [stdout] error: expected identifier, found `<`
[INFO] [stdout]   --> src/icons/mod.rs:12:1
[INFO] [stdout]    |
[INFO] [stdout] 12 | <link rel="stylesheet" href="https://fonts.googleapis.com/css2?family=Material+Symbols+Rounded:opsz,wght,FILL,GRAD@20..48,100..700,0...
[INFO] [stdout]    | ^ expected identifier
[INFO] [stdout] 
[INFO] [stdout] error: aborting due to 1 previous error
[INFO] [stdout] 
[INFO] [stdout] Couldn't compile the test.
[INFO] [stdout] ---- src/buttons/mod.rs - buttons (line 61) stdout ----
[INFO] [stdout] error: expected identifier, found `<`
[INFO] [stdout]   --> src/buttons/mod.rs:65:1
[INFO] [stdout]    |
[INFO] [stdout] 65 | <GButton 
[INFO] [stdout]    | ^ expected identifier
[INFO] [stdout] 
[INFO] [stdout] error: aborting due to 1 previous error
[INFO] [stdout] 
[INFO] [stdout] Couldn't compile the test.
[INFO] [stdout] ---- src/icons/mod.rs - icons (line 15) stdout ----
[INFO] [stdout] error: expected identifier, found `<`
[INFO] [stdout]   --> src/icons/mod.rs:16:1
[INFO] [stdout]    |
[INFO] [stdout] 16 | <link rel="stylesheet" href="https://fonts.googleapis.com/css2?family=Material+Symbols+Sharp:opsz,wght,FILL,GRAD@20..48,100..700,0.....
[INFO] [stdout]    | ^ expected identifier
[INFO] [stdout] 
[INFO] [stdout] error: aborting due to 1 previous error
[INFO] [stdout] 
[INFO] [stdout] Couldn't compile the test.
[INFO] [stdout] ---- src/icons/mod.rs - icons (line 41) stdout ----
[INFO] [stdout] error: expected identifier, found `<`
[INFO] [stdout]   --> src/icons/mod.rs:47:1
[INFO] [stdout]    |
[INFO] [stdout] 47 | <GIcon 
[INFO] [stdout]    | ^ expected identifier
[INFO] [stdout] 
[INFO] [stdout] error: aborting due to 1 previous error
[INFO] [stdout] 
[INFO] [stdout] Couldn't compile the test.
[INFO] [stdout] ---- src/input_text/mod.rs - input_text (line 99) stdout ----
[INFO] [stdout] error: expected item, found keyword `let`
[INFO] [stdout]    --> src/input_text/mod.rs:103:1
[INFO] [stdout]     |
[INFO] [stdout] 103 | let search_input = Callback::from(|search_input: AttrValue| {Msg::Search(search_input)});
[INFO] [stdout]     | ^^^
[INFO] [stdout]     | |
[INFO] [stdout]     | `let` cannot be used for global variables
[INFO] [stdout]     | help: consider using `static` or `const` instead of `let`
[INFO] [stdout]     |
[INFO] [stdout]     = note: for a full list of items that can appear in modules, see <https://doc.rust-lang.org/reference/items.html>
[INFO] [stdout] 
[INFO] [stdout] error: aborting due to 1 previous error
[INFO] [stdout] 
[INFO] [stdout] Couldn't compile the test.
[INFO] [stdout] ---- src/input_text/mod.rs - input_text (line 131) stdout ----
[INFO] [stdout] error: expected identifier, found `<`
[INFO] [stdout]    --> src/input_text/mod.rs:132:1
[INFO] [stdout]     |
[INFO] [stdout] 132 | <GTextInput
[INFO] [stdout]     | ^ expected identifier
[INFO] [stdout] 
[INFO] [stdout] error: aborting due to 1 previous error
[INFO] [stdout] 
[INFO] [stdout] Couldn't compile the test.
[INFO] [stdout] ---- src/icons/mod.rs - icons (line 7) stdout ----
[INFO] [stdout] error: expected identifier, found `<`
[INFO] [stdout]  --> src/icons/mod.rs:8:1
[INFO] [stdout]   |
[INFO] [stdout] 8 | <link rel="stylesheet" href="https://fonts.googleapis.com/css2?family=Material+Symbols+Outlined:opsz,wght,FILL,GRAD@20..48,100..700,0...
[INFO] [stdout]   | ^ expected identifier
[INFO] [stdout] 
[INFO] [stdout] error: aborting due to 1 previous error
[INFO] [stdout] 
[INFO] [stdout] Couldn't compile the test.
[INFO] [stdout] ---- src/input_text/mod.rs - input_text (line 85) stdout ----
[INFO] [stdout] error: expected item, found keyword `let`
[INFO] [stdout]   --> src/input_text/mod.rs:89:1
[INFO] [stdout]    |
[INFO] [stdout] 89 | let onchange_username = Callback::from(|username: AttrValue| {Msg::InputUsername(username)});
[INFO] [stdout]    | ^^^
[INFO] [stdout]    | |
[INFO] [stdout]    | `let` cannot be used for global variables
[INFO] [stdout]    | help: consider using `static` or `const` instead of `let`
[INFO] [stdout]    |
[INFO] [stdout]    = note: for a full list of items that can appear in modules, see <https://doc.rust-lang.org/reference/items.html>
[INFO] [stdout] 
[INFO] [stdout] error: aborting due to 1 previous error
[INFO] [stdout] 
[INFO] [stdout] Couldn't compile the test.
[INFO] [stdout] ---- src/icons/mod.rs - icons (line 20) stdout ----
[INFO] [stdout] error: expected identifier, found `<`
[INFO] [stdout]   --> src/icons/mod.rs:26:1
[INFO] [stdout]    |
[INFO] [stdout] 26 | <GIcon 
[INFO] [stdout]    | ^ expected identifier
[INFO] [stdout] 
[INFO] [stdout] error: aborting due to 1 previous error
[INFO] [stdout] 
[INFO] [stdout] Couldn't compile the test.
[INFO] [stdout] ---- src/buttons/mod.rs - buttons (line 48) stdout ----
[INFO] [stdout] error: expected identifier, found `<`
[INFO] [stdout]   --> src/buttons/mod.rs:52:1
[INFO] [stdout]    |
[INFO] [stdout] 52 | <GButton 
[INFO] [stdout]    | ^ expected identifier
[INFO] [stdout] 
[INFO] [stdout] error: aborting due to 1 previous error
[INFO] [stdout] 
[INFO] [stdout] Couldn't compile the test.
[INFO] [stdout] 
[INFO] [stdout] failures:
[INFO] [stdout]     src/buttons/mod.rs - buttons (line 48)
[INFO] [stdout]     src/buttons/mod.rs - buttons (line 61)
[INFO] [stdout]     src/icons/mod.rs - icons (line 11)
[INFO] [stdout]     src/icons/mod.rs - icons (line 15)
[INFO] [stdout]     src/icons/mod.rs - icons (line 20)
[INFO] [stdout]     src/icons/mod.rs - icons (line 41)
[INFO] [stdout]     src/icons/mod.rs - icons (line 7)
[INFO] [stdout]     src/input_text/mod.rs - input_text (line 131)
[INFO] [stdout]     src/input_text/mod.rs - input_text (line 85)
[INFO] [stdout]     src/input_text/mod.rs - input_text (line 99)
[INFO] [stdout] 
[INFO] [stdout] test result: FAILED. 0 passed; 10 failed; 0 ignored; 0 measured; 0 filtered out; finished in 0.28s
[INFO] [stdout] 
[INFO] [stderr] error: doctest failed, to rerun pass `--doc`
[INFO] running `Command { std: "docker" "inspect" "bcba9a62c36da1144dd6f554067ac2bfd668487047b06bb7459f7caace5a0dcc", kill_on_drop: false }`
[INFO] running `Command { std: "docker" "rm" "-f" "bcba9a62c36da1144dd6f554067ac2bfd668487047b06bb7459f7caace5a0dcc", kill_on_drop: false }`
[INFO] [stdout] bcba9a62c36da1144dd6f554067ac2bfd668487047b06bb7459f7caace5a0dcc
