[INFO] fetching crate yew-e2e 0.2.1...
[INFO] testing yew-e2e-0.2.1 against 1.99.0-beta.8+cargoflags=--release for beta-release-1.100-2
[INFO] extracting crate yew-e2e 0.2.1 into /workspace/builds/worker-4-tc1/source
[INFO] started tweaking crates.io crate yew-e2e 0.2.1
[INFO] removed 0 missing examples
[INFO] removed 0 missing tests
[INFO] finished tweaking crates.io crate yew-e2e 0.2.1
[INFO] tweaked toml for crates.io crate yew-e2e 0.2.1 written to /workspace/builds/worker-4-tc1/source/Cargo.toml
[INFO] validating manifest of crates.io crate yew-e2e 0.2.1 on toolchain 1.99.0-beta.8
[INFO] running `Command { std: CARGO_HOME="/workspace/cargo-home" RUSTUP_HOME="/workspace/rustup-home" "/workspace/cargo-home/bin/cargo" "+1.99.0-beta.8" "metadata" "--manifest-path" "Cargo.toml" "--no-deps", kill_on_drop: false }`
[INFO] crate crates.io crate yew-e2e 0.2.1 already has a lockfile, it will not be regenerated
[INFO] running `Command { std: CARGO_HOME="/workspace/cargo-home" RUSTUP_HOME="/workspace/rustup-home" "/workspace/cargo-home/bin/cargo" "+1.99.0-beta.8" "fetch" "--manifest-path" "Cargo.toml", kill_on_drop: false }`
[INFO] [stderr]     Blocking waiting for file lock on package cache
[INFO] [stderr]     Updating crates.io index
[INFO] [stderr]     Blocking waiting for file lock on package cache
[INFO] [stderr]  Downloading crates ...
[INFO] [stderr]   Downloaded zopfli v0.8.3
[INFO] [stderr]   Downloaded thread_local v1.1.10
[INFO] [stderr]   Downloaded stringmatch v0.4.0
[INFO] [stderr]   Downloaded rustls-platform-verifier-android v0.2.0
[INFO] [stderr]   Downloaded wasm-streams v0.5.0
[INFO] [stderr]   Downloaded quinn-udp v0.5.16
[INFO] [stderr]   Downloaded redox_users v0.5.3
[INFO] [stderr]   Downloaded generator v0.8.10
[INFO] [stderr]   Downloaded rustls-platform-verifier v0.7.1
[INFO] [stderr]   Downloaded fs4 v1.1.0
[INFO] [stderr]   Downloaded musli-core v0.1.7
[INFO] [stderr]   Downloaded musli-macros v0.1.7
[INFO] [stderr]   Downloaded typed-path v0.12.3
[INFO] [stderr]   Downloaded thirtyfour-macros v0.3.0
[INFO] [stderr]   Downloaded const_format v0.2.36
[INFO] [stderr]   Downloaded zip v8.6.0
[INFO] [stderr]   Downloaded reqwest v0.13.5
[INFO] [stderr]   Downloaded h2 v0.4.19
[INFO] [stderr]   Downloaded thirtyfour v0.37.5
[INFO] [stderr]   Downloaded quinn-proto v0.11.19
[INFO] [stderr]   Downloaded musli v0.1.8
[INFO] [stderr]   Downloaded const_format_proc_macros v0.2.34
[INFO] [stderr]   Downloaded combine v4.6.8
[INFO] [stderr]   Downloaded libredox v0.1.25
[INFO] [stderr]   Downloaded konst v0.2.20
[INFO] [stderr]   Downloaded konst_macro_rules v0.2.19
[INFO] running `Command { std: "docker" "create" "-v" "/var/lib/crater-agent-workspace/builds/worker-4-tc1/source:/opt/rustwide/workdir:ro,Z" "-v" "/var/lib/crater-agent-workspace/builds/worker-4-tc1/target:/opt/rustwide/target:rw,Z" "-v" "/var/lib/crater-agent-workspace/cargo-home:/opt/rustwide/cargo-home:ro,Z" "-v" "/var/lib/crater-agent-workspace/rustup-home:/opt/rustwide/rustup-home:ro,Z" "-m" "1610612736" "--network" "none" "ghcr.io/rust-lang/crates-build-env/linux@sha256:77db811e55d90add9212f6832c23229e3de5f1c1f9905e8cb07319ea15df73ac" "sleep" "infinity", kill_on_drop: false }`
[INFO] [stdout] f16da4b53a4ec8b883c2bb84b8414b767cf110300892fffb905ca02a96efb931
[INFO] running `Command { std: "docker" "start" "f16da4b53a4ec8b883c2bb84b8414b767cf110300892fffb905ca02a96efb931", kill_on_drop: false }`
[INFO] running `Command { std: "docker" "inspect" "f16da4b53a4ec8b883c2bb84b8414b767cf110300892fffb905ca02a96efb931", kill_on_drop: false }`
[INFO] running `Command { std: "docker" "exec" "-e" "SOURCE_DIR=/opt/rustwide/workdir" "-e" "CARGO_HOME=/opt/rustwide/cargo-home" "-e" "RUSTUP_HOME=/opt/rustwide/rustup-home" "-e" "CARGO_TARGET_DIR=/opt/rustwide/target" "-w" "/opt/rustwide/workdir" "--user" "0:0" "f16da4b53a4ec8b883c2bb84b8414b767cf110300892fffb905ca02a96efb931" "/opt/rustwide/cargo-home/bin/cargo" "+1.99.0-beta.8" "metadata" "--no-deps" "--format-version=1", kill_on_drop: false }`
[INFO] running `Command { std: "docker" "inspect" "f16da4b53a4ec8b883c2bb84b8414b767cf110300892fffb905ca02a96efb931", kill_on_drop: false }`
[INFO] running `Command { std: "docker" "exec" "-e" "SOURCE_DIR=/opt/rustwide/workdir" "-e" "CARGO_HOME=/opt/rustwide/cargo-home" "-e" "RUSTUP_HOME=/opt/rustwide/rustup-home" "-e" "CARGO_TARGET_DIR=/opt/rustwide/target" "-e" "CARGO_INCREMENTAL=0" "-e" "RUST_BACKTRACE=full" "-e" "RUSTFLAGS=--cap-lints=warn" "-e" "RUSTDOCFLAGS=--cap-lints=warn" "-w" "/opt/rustwide/workdir" "--user" "0:0" "f16da4b53a4ec8b883c2bb84b8414b767cf110300892fffb905ca02a96efb931" "/opt/rustwide/cargo-home/bin/cargo" "+1.99.0-beta.8" "build" "--frozen" "--message-format=json" "--release", kill_on_drop: false }`
[INFO] [stderr]    Compiling unicode-ident v1.0.26
[INFO] [stderr]    Compiling libc v0.2.189
[INFO] [stderr]    Compiling smallvec v1.16.2
[INFO] [stderr]    Compiling parking_lot_core v0.9.12
[INFO] [stderr]    Compiling bytes v1.12.1
[INFO] [stderr]    Compiling lock_api v0.4.14
[INFO] [stderr]    Compiling futures-core v0.3.34
[INFO] [stderr]    Compiling dunce v1.0.5
[INFO] [stderr]    Compiling proc-macro2 v1.0.107
[INFO] [stderr]    Compiling memchr v2.8.3
[INFO] [stderr]    Compiling fs_extra v1.3.0
[INFO] [stderr]    Compiling pkg-config v0.3.34
[INFO] [stderr]    Compiling futures-sink v0.3.34
[INFO] [stderr]    Compiling writeable v0.6.4
[INFO] [stderr]    Compiling litemap v0.8.3
[INFO] [stderr]    Compiling quote v1.0.47
[INFO] [stderr]    Compiling zeroize v1.9.0
[INFO] [stderr]    Compiling aws-lc-rs v1.18.1
[INFO] [stderr]    Compiling http v1.5.0
[INFO] [stderr]    Compiling syn v3.0.6
[INFO] [stderr]    Compiling syn v2.0.119
[INFO] [stderr]    Compiling tracing-core v0.1.36
[INFO] [stderr]    Compiling icu_properties_data v2.3.0
[INFO] [stderr]    Compiling icu_normalizer_data v2.3.0
[INFO] [stderr]    Compiling indexmap v2.14.2
[INFO] [stderr]    Compiling jobserver v0.1.35
[INFO] [stderr]    Compiling errno v0.3.14
[INFO] [stderr]    Compiling signal-hook-registry v1.4.8
[INFO] [stderr]    Compiling cc v1.5.1
[INFO] [stderr]    Compiling parking_lot v0.12.5
[INFO] [stderr]    Compiling socket2 v0.6.5
[INFO] [stderr]    Compiling mio v1.2.3
[INFO] [stderr]    Compiling rustls-pki-types v1.15.1
[INFO] [stderr]    Compiling bitflags v2.13.2
[INFO] [stderr]    Compiling rustversion v1.0.23
[INFO] [stderr]    Compiling cmake v0.1.58
[INFO] [stderr]    Compiling http-body v1.1.0
[INFO] [stderr]    Compiling rustix v1.1.5
[INFO] [stderr]    Compiling futures-io v0.3.34
[INFO] [stderr]    Compiling log v0.4.34
[INFO] [stderr]    Compiling rustls v0.23.45
[INFO] [stderr]    Compiling futures-task v0.3.34
[INFO] [stderr]    Compiling linux-raw-sys v0.12.1
[INFO] [stderr]    Compiling subtle v2.6.1
[INFO] [stderr]    Compiling futures-util v0.3.34
[INFO] [stderr]    Compiling crc32fast v1.5.2
[INFO] [stderr]    Compiling futures-channel v0.3.34
[INFO] [stderr]    Compiling zmij v1.0.23
[INFO] [stderr]    Compiling simd-adler32 v0.3.10
[INFO] [stderr]    Compiling aws-lc-sys v0.45.0
[INFO] [stderr]    Compiling encoding_rs v0.8.42
[INFO] [stderr]    Compiling form_urlencoded v1.2.2
[INFO] [stderr]    Compiling aho-corasick v1.1.5
[INFO] [stderr]    Compiling sync_wrapper v1.0.2
[INFO] [stderr]    Compiling utf8parse v0.2.2
[INFO] [stderr]    Compiling openssl-probe v0.2.1
[INFO] [stderr]    Compiling base64 v0.23.1
[INFO] [stderr]    Compiling serde_json v1.0.151
[INFO] [stderr]    Compiling rand_core v0.10.1
[INFO] [stderr]    Compiling serde v1.0.229
[INFO] [stderr]    Compiling ipnet v2.12.2
[INFO] [stderr]    Compiling getrandom v0.4.3
[INFO] [stderr]    Compiling adler2 v2.0.1
[INFO] [stderr]    Compiling regex-syntax v0.8.11
[INFO] [stderr]    Compiling synstructure v0.14.0
[INFO] [stderr]    Compiling tracing-attributes v0.1.31
[INFO] [stderr]    Compiling miniz_oxide v0.9.1
[INFO] [stderr]    Compiling zerofrom-derive v0.1.8
[INFO] [stderr]    Compiling yoke-derive v0.8.4
[INFO] [stderr]    Compiling zerovec-derive v0.11.6
[INFO] [stderr]    Compiling displaydoc v0.2.7
[INFO] [stderr]    Compiling tokio-macros v2.7.2
[INFO] [stderr]    Compiling tracing v0.1.44
[INFO] [stderr]    Compiling regex-automata v0.4.18
[INFO] [stderr]    Compiling zerofrom v0.1.8
[INFO] [stderr]    Compiling yoke v0.8.3
[INFO] [stderr]    Compiling serde_derive v1.0.229
[INFO] [stderr]    Compiling zerovec v0.11.8
[INFO] [stderr]    Compiling zerotrie v0.2.5
[INFO] [stderr]    Compiling tokio v1.53.1
[INFO] [stderr]    Compiling tinystr v0.8.4
[INFO] [stderr]    Compiling potential_utf v0.1.6
[INFO] [stderr]    Compiling icu_collections v2.3.0
[INFO] [stderr]    Compiling icu_locale_core v2.3.0
[INFO] [stderr]    Compiling rustls-native-certs v0.8.4
[INFO] [stderr]    Compiling icu_provider v2.3.1
[INFO] [stderr]    Compiling anstyle-parse v1.0.0
[INFO] [stderr]    Compiling icu_normalizer v2.3.0
[INFO] [stderr]    Compiling icu_properties v2.3.0
[INFO] [stderr]    Compiling is_terminal_polyfill v1.70.2
[INFO] [stderr]    Compiling colorchoice v1.0.5
[INFO] [stderr]    Compiling anstyle v1.0.14
[INFO] [stderr]    Compiling core_detect v1.0.0
[INFO] [stderr]    Compiling bumpalo v3.20.3
[INFO] [stderr]    Compiling idna_adapter v1.2.2
[INFO] [stderr]    Compiling idna v1.1.0
[INFO] [stderr]    Compiling simdutf8 v0.1.5
[INFO] [stderr]    Compiling anstyle-query v1.1.5
[INFO] [stderr]    Compiling multiversion_no_op v1.0.0
[INFO] [stderr]    Compiling zlib-rs v0.6.8
[INFO] [stderr]    Compiling konst_macro_rules v0.2.19
[INFO] [stderr]    Compiling option-ext v0.2.0
[INFO] [stderr]    Compiling thiserror v2.0.21
[INFO] [stderr]    Compiling unicode-xid v0.2.6
[INFO] [stderr]    Compiling url v2.5.8
[INFO] [stderr]    Compiling const_format_proc_macros v0.2.34
[INFO] [stderr]    Compiling dirs-sys v0.5.0
[INFO] [stderr]    Compiling konst v0.2.20
[INFO] [stderr]    Compiling anstream v1.0.0
[INFO] [stderr]    Compiling tokio-util v0.7.19
[INFO] [stderr]    Compiling tower v0.5.3
[INFO] [stderr]    Compiling h2 v0.4.19
[INFO] [stderr]    Compiling tower-http v0.6.11
[INFO] [stderr]    Compiling flate2 v1.1.10
[INFO] [stderr]    Compiling zopfli v0.8.3
[INFO] [stderr]    Compiling regex v1.13.1
[INFO] [stderr]    Compiling musli-macros v0.1.7
[INFO] [stderr]    Compiling hyper v1.11.1
[INFO] [stderr]    Compiling thiserror-impl v2.0.21
[INFO] [stderr]    Compiling xattr v1.6.1
[INFO] [stderr]    Compiling http-body-util v0.1.5
[INFO] [stderr]    Compiling filetime v0.2.29
[INFO] [stderr]    Compiling anyhow v1.0.104
[INFO] [stderr]    Compiling strsim v0.11.1
[INFO] [stderr]    Compiling hyper-util v0.1.21
[INFO] [stderr]    Compiling typed-path v0.12.3
[INFO] [stderr]    Compiling lazy_static v1.5.0
[INFO] [stderr]    Compiling clap_lex v1.1.1
[INFO] [stderr]    Compiling heck v0.5.0
[INFO] [stderr]    Compiling clap_derive v4.6.7
[INFO] [stderr]    Compiling clap_builder v4.6.7
[INFO] [stderr]    Compiling zip v8.6.0
[INFO] [stderr]    Compiling sharded-slab v0.1.7
[INFO] [stderr]    Compiling chacha20 v0.10.2
[INFO] [stderr]    Compiling musli-core v0.1.7
[INFO] [stderr]    Compiling tar v0.4.46
[INFO] [stderr]    Compiling stringmatch v0.4.0
[INFO] [stderr]    Compiling tokio-stream v0.1.19
[INFO] [stderr]    Compiling fs4 v1.1.0
[INFO] [stderr]    Compiling const_format v0.2.36
[INFO] [stderr]    Compiling dirs v6.0.0
[INFO] [stderr]    Compiling serde_repr v0.1.21
[INFO] [stderr]    Compiling async-trait v0.1.92
[INFO] [stderr]    Compiling thirtyfour-macros v0.3.0
[INFO] [stderr]    Compiling arc-swap v1.9.2
[INFO] [stderr]    Compiling tracing-log v0.2.0
[INFO] [stderr]    Compiling thread_local v1.1.10
[INFO] [stderr]    Compiling nu-ansi-term v0.50.3
[INFO] [stderr]    Compiling fastrand v2.5.0
[INFO] [stderr]    Compiling pastey v0.2.3
[INFO] [stderr]    Compiling musli v0.1.8
[INFO] [stderr]    Compiling tracing-subscriber v0.3.23
[INFO] [stderr]    Compiling tempfile v3.27.0
[INFO] [stderr]    Compiling clap v4.6.7
[INFO] [stderr]    Compiling rand v0.10.3
[INFO] [stderr]    Compiling rustls-webpki v0.103.15
[INFO] [stderr]    Compiling tokio-rustls v0.26.6
[INFO] [stderr]    Compiling rustls-platform-verifier v0.7.1
[INFO] [stderr]    Compiling hyper-rustls v0.27.10
[INFO] [stderr]    Compiling reqwest v0.13.5
[INFO] [stderr]    Compiling thirtyfour v0.37.5
[INFO] [stderr]    Compiling yew-e2e v0.2.1 (/opt/rustwide/workdir)
[INFO] [stderr]     Finished `release` profile [optimized] target(s) in 6m 05s
[INFO] running `Command { std: "docker" "inspect" "f16da4b53a4ec8b883c2bb84b8414b767cf110300892fffb905ca02a96efb931", kill_on_drop: false }`
[INFO] running `Command { std: "docker" "exec" "-e" "SOURCE_DIR=/opt/rustwide/workdir" "-e" "CARGO_HOME=/opt/rustwide/cargo-home" "-e" "RUSTUP_HOME=/opt/rustwide/rustup-home" "-e" "CARGO_TARGET_DIR=/opt/rustwide/target" "-e" "CARGO_INCREMENTAL=0" "-e" "RUST_BACKTRACE=full" "-e" "RUSTFLAGS=--cap-lints=warn" "-e" "RUSTDOCFLAGS=--cap-lints=warn" "-w" "/opt/rustwide/workdir" "--user" "0:0" "f16da4b53a4ec8b883c2bb84b8414b767cf110300892fffb905ca02a96efb931" "/opt/rustwide/cargo-home/bin/cargo" "+1.99.0-beta.8" "test" "--frozen" "--no-run" "--message-format=json" "--release", kill_on_drop: false }`
[INFO] [stderr]    Compiling tokio v1.53.1
[INFO] [stderr]    Compiling tokio-util v0.7.19
[INFO] [stderr]    Compiling tokio-rustls v0.26.6
[INFO] [stderr]    Compiling tower v0.5.3
[INFO] [stderr]    Compiling fs4 v1.1.0
[INFO] [stderr]    Compiling tower-http v0.6.11
[INFO] [stderr]    Compiling h2 v0.4.19
[INFO] [stderr]    Compiling tokio-stream v0.1.19
[INFO] [stderr]    Compiling hyper v1.11.1
[INFO] [stderr]    Compiling hyper-util v0.1.21
[INFO] [stderr]    Compiling hyper-rustls v0.27.10
[INFO] [stderr]    Compiling reqwest v0.13.5
[INFO] [stderr]    Compiling thirtyfour v0.37.5
[INFO] [stderr]    Compiling yew-e2e v0.2.1 (/opt/rustwide/workdir)
[INFO] [stderr]     Finished `release` profile [optimized] target(s) in 2m 47s
[INFO] running `Command { std: "docker" "inspect" "f16da4b53a4ec8b883c2bb84b8414b767cf110300892fffb905ca02a96efb931", kill_on_drop: false }`
[INFO] running `Command { std: "docker" "exec" "-e" "SOURCE_DIR=/opt/rustwide/workdir" "-e" "CARGO_HOME=/opt/rustwide/cargo-home" "-e" "RUSTUP_HOME=/opt/rustwide/rustup-home" "-e" "CARGO_TARGET_DIR=/opt/rustwide/target" "-e" "CARGO_INCREMENTAL=0" "-e" "RUST_BACKTRACE=full" "-e" "RUSTFLAGS=--cap-lints=warn" "-e" "RUSTDOCFLAGS=--cap-lints=warn" "-w" "/opt/rustwide/workdir" "--user" "0:0" "f16da4b53a4ec8b883c2bb84b8414b767cf110300892fffb905ca02a96efb931" "/opt/rustwide/cargo-home/bin/cargo" "+1.99.0-beta.8" "test" "--frozen" "--release", kill_on_drop: false }`
[INFO] [stderr]     Finished `release` profile [optimized] target(s) in 0.31s
[INFO] [stderr]      Running unittests src/lib.rs (/opt/rustwide/target/release/deps/yew_e2e-f1db9fa6d6ad8985)
[INFO] [stdout] 
[INFO] [stdout] running 81 tests
[INFO] [stdout] test browser::browser_tests::a_reset_discards_the_preceding_document ... ignored, requires a real WebDriver
[INFO] [stdout] test dist::tests::a_directory_called_cargo_toml_is_not_a_manifest ... ok
[INFO] [stdout] test dist::tests::a_lone_package_is_its_own_root ... ok
[INFO] [stdout] test dist::tests::somewhere_outside_a_workspace_finds_nothing ... ok
[INFO] [stdout] test dist::tests::the_root_is_found_from_somewhere_under_it ... ok
[INFO] [stdout] test browser::browser_tests::a_report_names_every_cause ... ok
[INFO] [stdout] test dist::tests::the_root_is_found_from_the_root ... ok
[INFO] [stdout] test driver::lifecycle_tests::cleanup_failure_keeps_the_original_failure_chain ... ok
[INFO] [stdout] test driver::lifecycle_tests::early_driver_exit_reports_its_original_error_and_output ... ok
[INFO] [stdout] test driver::lifecycle_tests::a_timeout_stays_recognisable_under_its_context ... ok
[INFO] [stdout] test driver::lifecycle_tests::closing_one_log_pipe_does_not_hide_the_other_pipes_greeting ... ok
[INFO] [stdout] test driver::tests::a_browser_nothing_drives_is_refused_with_the_list ... ok
[INFO] [stdout] test driver::lifecycle_tests::a_driver_that_stopped_for_another_reason_is_not_started_again ... ok
[INFO] [stdout] test driver::tests::each_driver_is_read_for_the_port_it_took ... ok
[INFO] [stdout] test driver::tests::a_forced_scale_reaches_both_engines ... ok
[INFO] [stdout] test driver::tests::every_engine_round_trips_through_its_name ... ok
[INFO] [stdout] test driver::tests::motion_preferences_are_explicit_and_do_not_replace_theme_preferences ... ok
[INFO] [stdout] test driver::tests::only_a_taken_port_is_read_as_losing_it ... ok
[INFO] [stdout] test driver::tests::theme_preferences_are_explicit ... ok
[INFO] [stdout] test fetch::tests::a_fetched_driver_is_kept_per_build_under_the_build_directory ... ok
[INFO] [stdout] test fetch::tests::a_version_names_the_build_it_belongs_to ... ok
[INFO] [stdout] test fetch::tests::an_archive_without_the_driver_writes_nothing ... ok
[INFO] [stdout] test driver::tests::each_driver_is_told_to_pick_its_own_port ... ok
[INFO] [stdout] test fetch::tests::only_a_four_part_number_is_a_version ... ok
[INFO] [stdout] test fetch::tests::the_newest_install_is_picked_by_number ... ok
[INFO] [stdout] test finding::tests::a_lookup_out_of_its_own_time_is_still_a_failure ... ok
[INFO] [stdout] test fetch::tests::extracting_puts_only_the_driver_in_place ... ok
[INFO] [stdout] test finding::tests::a_poll_inside_a_wait_gives_up_with_it ... ok
[INFO] [stdout] test finding::tests::an_attempt_that_fails_is_not_retried ... ok
[INFO] [stdout] test finding::tests::outside_a_wait_a_bound_is_left_alone ... ok
[INFO] [stdout] test harness::lifecycle_tests::a_browser_is_replaced_once_it_has_run_its_course ... ok
[INFO] [stdout] test harness::lifecycle_tests::a_failed_close_after_the_last_passing_test_is_a_warning ... ok
[INFO] [stdout] test harness::lifecycle_tests::a_slow_quit_after_passing_tests_is_a_warning ... ok
[INFO] [stdout] test harness::lifecycle_tests::a_slow_quit_does_not_excuse_a_failing_test_or_a_failed_cleanup ... ok
[INFO] [stdout] test harness::lifecycle_tests::cancellation_drops_pending_startup_without_failing_unrun_tests ... ok
[INFO] [stdout] test harness::lifecycle_tests::startup_failures_are_recorded_and_the_queue_continues ... ok
[INFO] [stdout] test driver::lifecycle_tests::cancelling_before_the_driver_announces_its_address_reaps_it ... ok
[INFO] [stdout] test harness::rerun_hint_tests::an_example_is_run_with_cargo_run ... ok
[INFO] [stdout] test harness::rerun_hint_tests::an_integration_test_is_named_with_test ... ok
[INFO] [stdout] test harness::rerun_hint_tests::an_unknown_target_reruns_the_executable ... ok
[INFO] [stdout] test harness::rerun_hint_tests::strips_only_a_cargo_hash ... ok
[INFO] [stdout] test finding::tests::a_slow_lookup_does_not_carry_a_wait_past_its_deadline ... ok
[INFO] [stdout] test harness::signal_tests::a_sigint_resolves_interrupted_before_its_future_is_polled ... ok
[INFO] [stdout] test harness::tests::the_headed_variable_applies_without_the_flag ... ok
[INFO] [stdout] test harness::signal_tests::a_sigterm_resolves_interrupted_before_its_future_is_polled ... ok
[INFO] [stdout] test lib_tests::browser_death::a_death_buried_in_the_chain_is_still_found ... ok
[INFO] [stdout] test lib_tests::browser_death::a_driver_that_cannot_be_reached_is_also_a_death ... ok
[INFO] [stdout] test lib_tests::browser_death::anything_else_stays_an_ordinary_failure ... ok
[INFO] [stdout] test lib_tests::browser_death::the_wrapper_says_it_without_the_state_line ... ok
[INFO] [stdout] test lib_tests::drag_nudge::never_overshoots_nor_turns_back ... ok
[INFO] [stdout] test lib_tests::drag_nudge::never_steps_past_a_short_offset ... ok
[INFO] [stdout] test lib_tests::drag_nudge::steps_eight_towards_a_long_offset ... ok
[INFO] [stdout] test driver::lifecycle_tests::killing_an_owned_group_does_not_kill_an_unrelated_child ... ok
[INFO] [stdout] test lib_tests::browser_death::a_dead_session_says_its_own_name ... ok
[INFO] [stdout] test driver::tests::a_machine_with_no_driver_is_told_what_would_have_worked ... ok
[INFO] [stdout] test lib_tests::lifecycle::a_hung_quit_is_reaped_and_only_warned_about ... ok
[INFO] [stdout] test driver::lifecycle_tests::a_driver_that_keeps_losing_its_port_fails_saying_so ... ok
[INFO] [stdout] test lib_tests::lifecycle::a_crashed_session_is_reaped_and_keeps_its_error ... ok
[INFO] [stdout] test lib_tests::lifecycle::a_pending_session_creation_times_out_and_reaps_the_driver ... ok
[INFO] [stdout] test run_lock::tests::a_build_directory_that_is_not_there_yet_is_made ... ok
[INFO] [stdout] test lib_tests::lifecycle::successful_quit_also_reaps_the_owned_driver ... ok
[INFO] [stdout] test run_lock::tests::child_runner ... ok
[INFO] [stdout] test run_lock::tests::no_lock_is_asked_for_and_none_is_taken ... ok
[INFO] [stdout] test lib_tests::lifecycle::cancelling_startup_or_quit_still_reaps_owned_processes ... ok
[INFO] [stdout] test run_lock::tests::separate_build_directories_are_independent ... ok
[INFO] [stdout] test lib_tests::lifecycle::a_failed_session_creation_retains_its_protocol_error ... ok
[INFO] [stdout] test run_lock::tests::the_default_scope_is_the_build_directory_and_not_the_project ... FAILED
[INFO] [stdout] test sessions::tests::a_day_count_reads_as_a_date ... ok
[INFO] [stdout] test sessions::tests::a_name_sorts_by_when_the_run_started ... ok
[INFO] [stdout] test sessions::tests::a_passing_test_is_timed_as_well ... ok
[INFO] [stdout] test sessions::tests::a_session_hands_on_what_did_not_pass ... ok
[INFO] [stdout] test sessions::tests::a_session_survives_the_round_trip ... ok
[INFO] [stdout] test sessions::tests::a_session_without_messages_still_reads ... ok
[INFO] [stdout] test sessions::tests::the_slowest_are_the_timed_ones_longest_first ... ok
[INFO] [stdout] test sessions::tests::a_session_without_durations_still_reads ... ok
[INFO] [stdout] test driver::lifecycle_tests::a_driver_that_lost_its_port_is_started_again ... ok
[INFO] [stdout] test run_lock::tests::the_project_scope_is_shared_by_every_worktree_of_one_project ... ok
[INFO] [stdout] test harness::selection_tests::empty_selection_requires_opt_in_except_when_listing ... ok
[INFO] [stdout] test driver::lifecycle_tests::readiness_timeout_keeps_stderr_and_reaps_its_process ... ok
[INFO] [stdout] test run_lock::tests::a_killed_runner_releases_ownership ... ok
[INFO] [stdout] test run_lock::tests::a_contended_runner_gives_up_at_its_cap_and_waits_within_it ... ok
[INFO] [stdout] 
[INFO] [stdout] failures:
[INFO] [stdout] 
[INFO] [stdout] ---- run_lock::tests::the_default_scope_is_the_build_directory_and_not_the_project stdout ----
[INFO] [stdout] 
[INFO] [stdout] thread 'run_lock::tests::the_default_scope_is_the_build_directory_and_not_the_project' (4629) panicked at src/run_lock.rs:294:49:
[INFO] [stdout] called `Result::unwrap()` on an `Err` value: cannot locate the e2e project's shared Git directory: fatal: not a git repository (or any parent up to mount point /opt/rustwide)
[INFO] [stdout] Stopping at filesystem boundary (GIT_DISCOVERY_ACROSS_FILESYSTEM not set).
[INFO] [stdout] 
[INFO] [stdout] Stack backtrace:
[INFO] [stdout]    0: <anyhow::Error>::msg::<alloc::string::String>
[INFO] [stdout]    1: yew_e2e::run_lock::project
[INFO] [stdout]    2: yew_e2e::run_lock::directory
[INFO] [stdout]    3: yew_e2e::run_lock::tests::the_default_scope_is_the_build_directory_and_not_the_project
[INFO] [stdout]    4: <yew_e2e::run_lock::tests::the_default_scope_is_the_build_directory_and_not_the_project::{closure#0} as core::ops::function::FnOnce<()>>::call_once
[INFO] [stdout]    5: test::__rust_begin_short_backtrace::<core::result::Result<(), alloc::string::String>, fn() -> core::result::Result<(), alloc::string::String>>
[INFO] [stdout]    6: test::run_test::{closure#0}
[INFO] [stdout]    7: std::sys::backtrace::__rust_begin_short_backtrace::<test::run_test::{closure#1}, ()>
[INFO] [stdout]    8: <std::thread::lifecycle::spawn_unchecked<test::run_test::{closure#1}, ()>::{closure#1} as core::ops::function::FnOnce<()>>::call_once::{shim:vtable#0}
[INFO] [stdout]    9: <std::sys::thread::unix::Thread>::new::thread_start
[INFO] [stdout]   10: <unknown>
[INFO] [stdout]   11: clone
[INFO] [stdout] stack backtrace:
[INFO] [stdout]    0:     0x5e3633268d21 - <<std[70759c8f55707aa4]::sys::backtrace::BacktraceLock>::print::DisplayBacktrace as core[df12db4294e9bfd3]::fmt::Display>::fmt
[INFO] [stdout]    1:     0x5e363328489a - core[df12db4294e9bfd3]::fmt::write
[INFO] [stdout]    2:     0x5e363327030c - <alloc[2182bb758b4b3781]::vec::Vec<u8> as core[df12db4294e9bfd3]::io::write::Write>::write_fmt
[INFO] [stdout]    3:     0x5e363323f986 - std[70759c8f55707aa4]::panicking::default_hook::{closure#0}
[INFO] [stdout]    4:     0x5e363325ed79 - std[70759c8f55707aa4]::panicking::default_hook
[INFO] [stdout]    5:     0x5e3632d147a0 - test[9d35eded1c95d3be]::test_main_inner::<test[9d35eded1c95d3be]::test_main_static::{closure#0}>::{closure#0}
[INFO] [stdout]    6:     0x5e363325f0a2 - std[70759c8f55707aa4]::panicking::panic_with_hook
[INFO] [stdout]    7:     0x5e363323fa32 - std[70759c8f55707aa4]::panicking::panic_handler::{closure#0}
[INFO] [stdout]    8:     0x5e3633237ca9 - std[70759c8f55707aa4]::sys::backtrace::__rust_end_short_backtrace::<std[70759c8f55707aa4]::panicking::panic_handler::{closure#0}, !>
[INFO] [stdout]    9:     0x5e3633240c4d - __rustc[8fa7c3cbc660c2b3]::rust_begin_unwind
[INFO] [stdout]   10:     0x5e3633284ffc - core[df12db4294e9bfd3]::panicking::panic_fmt
[INFO] [stdout]   11:     0x5e3633284dd2 - core[df12db4294e9bfd3]::result::unwrap_failed
[INFO] [stdout]   12:     0x5e3632cfabd3 - yew_e2e[137528a5cf642204]::run_lock::tests::the_default_scope_is_the_build_directory_and_not_the_project
[INFO] [stdout]   13:     0x5e3632c6f4a9 - <yew_e2e[137528a5cf642204]::run_lock::tests::the_default_scope_is_the_build_directory_and_not_the_project::{closure#0} as core[df12db4294e9bfd3]::ops::function::FnOnce<()>>::call_once
[INFO] [stdout]   14:     0x5e3632d07a8b - test[9d35eded1c95d3be]::__rust_begin_short_backtrace::<core[df12db4294e9bfd3]::result::Result<(), alloc[2182bb758b4b3781]::string::String>, fn() -> core[df12db4294e9bfd3]::result::Result<(), alloc[2182bb758b4b3781]::string::String>>
[INFO] [stdout]   15:     0x5e3632d150f5 - test[9d35eded1c95d3be]::run_test::{closure#0}
[INFO] [stdout]   16:     0x5e3632d0e9b4 - std[70759c8f55707aa4]::sys::backtrace::__rust_begin_short_backtrace::<test[9d35eded1c95d3be]::run_test::{closure#1}, ()>
[INFO] [stdout]   17:     0x5e3632d18252 - <std[70759c8f55707aa4]::thread::lifecycle::spawn_unchecked<test[9d35eded1c95d3be]::run_test::{closure#1}, ()>::{closure#1} as core[df12db4294e9bfd3]::ops::function::FnOnce<()>>::call_once::{shim:vtable#0}
[INFO] [stdout]   18:     0x5e36332679c9 - <std[70759c8f55707aa4]::sys::thread::unix::Thread>::new::thread_start
[INFO] [stdout]   19:     0x776c099cedfa - <unknown>
[INFO] [stdout]   20:     0x776c09a623d4 - clone
[INFO] [stdout]   21:                0x0 - <unknown>
[INFO] [stdout] 
[INFO] [stdout] 
[INFO] [stdout] failures:
[INFO] [stdout]     run_lock::tests::the_default_scope_is_the_build_directory_and_not_the_project
[INFO] [stdout] 
[INFO] [stdout] test result: FAILED. 79 passed; 1 failed; 1 ignored; 0 measured; 0 filtered out; finished in 0.54s
[INFO] [stdout] 
[INFO] [stderr] error: test failed, to rerun pass `--lib`
[INFO] running `Command { std: "docker" "inspect" "f16da4b53a4ec8b883c2bb84b8414b767cf110300892fffb905ca02a96efb931", kill_on_drop: false }`
[INFO] running `Command { std: "docker" "rm" "-f" "f16da4b53a4ec8b883c2bb84b8414b767cf110300892fffb905ca02a96efb931", kill_on_drop: false }`
[INFO] [stdout] f16da4b53a4ec8b883c2bb84b8414b767cf110300892fffb905ca02a96efb931
