[INFO] fetching crate yew-attrs-macro 0.2.4...
[INFO] testing yew-attrs-macro-0.2.4 against 1.100.0-beta.1+cargoflags=--release for beta-release-1.100-2
[INFO] extracting crate yew-attrs-macro 0.2.4 into /workspace/builds/worker-4-tc2/source
[INFO] started tweaking crates.io crate yew-attrs-macro 0.2.4
[INFO] removed 0 missing tests
[INFO] finished tweaking crates.io crate yew-attrs-macro 0.2.4
[INFO] tweaked toml for crates.io crate yew-attrs-macro 0.2.4 written to /workspace/builds/worker-4-tc2/source/Cargo.toml
[INFO] validating manifest of crates.io crate yew-attrs-macro 0.2.4 on toolchain 1.100.0-beta.1
[INFO] running `Command { std: CARGO_HOME="/workspace/cargo-home" RUSTUP_HOME="/workspace/rustup-home" "/workspace/cargo-home/bin/cargo" "+1.100.0-beta.1" "metadata" "--manifest-path" "Cargo.toml" "--no-deps", kill_on_drop: false }`
[INFO] running `Command { std: CARGO_HOME="/workspace/cargo-home" RUSTUP_HOME="/workspace/rustup-home" "/workspace/cargo-home/bin/cargo" "+1.100.0-beta.1" "generate-lockfile" "--manifest-path" "Cargo.toml", kill_on_drop: false }`
[INFO] [stderr]     Updating crates.io index
[INFO] [stderr]      Locking 132 packages to highest compatible versions
[INFO] [stderr]       Adding syn v2.0.119 (available: v3.0.9)
[INFO] [stderr]       Adding yew v0.21.0 (available: v0.23.0)
[INFO] running `Command { std: CARGO_HOME="/workspace/cargo-home" RUSTUP_HOME="/workspace/rustup-home" "/workspace/cargo-home/bin/cargo" "+1.100.0-beta.1" "fetch" "--manifest-path" "Cargo.toml", kill_on_drop: false }`
[INFO] running `Command { std: "docker" "create" "-v" "/var/lib/crater-agent-workspace/builds/worker-4-tc2/source:/opt/rustwide/workdir:ro,Z" "-v" "/var/lib/crater-agent-workspace/builds/worker-4-tc2/target:/opt/rustwide/target:rw,Z" "-v" "/var/lib/crater-agent-workspace/cargo-home:/opt/rustwide/cargo-home:ro,Z" "-v" "/var/lib/crater-agent-workspace/rustup-home:/opt/rustwide/rustup-home:ro,Z" "-m" "1610612736" "--network" "none" "ghcr.io/rust-lang/crates-build-env/linux@sha256:77db811e55d90add9212f6832c23229e3de5f1c1f9905e8cb07319ea15df73ac" "sleep" "infinity", kill_on_drop: false }`
[INFO] [stdout] c45bcf3c5425336a79808cf957011a49b5af076118e2b9b7c6e5b82a600b38fc
[INFO] running `Command { std: "docker" "start" "c45bcf3c5425336a79808cf957011a49b5af076118e2b9b7c6e5b82a600b38fc", kill_on_drop: false }`
[INFO] running `Command { std: "docker" "inspect" "c45bcf3c5425336a79808cf957011a49b5af076118e2b9b7c6e5b82a600b38fc", kill_on_drop: false }`
[INFO] running `Command { std: "docker" "exec" "-e" "SOURCE_DIR=/opt/rustwide/workdir" "-e" "CARGO_HOME=/opt/rustwide/cargo-home" "-e" "RUSTUP_HOME=/opt/rustwide/rustup-home" "-e" "CARGO_TARGET_DIR=/opt/rustwide/target" "-w" "/opt/rustwide/workdir" "--user" "0:0" "c45bcf3c5425336a79808cf957011a49b5af076118e2b9b7c6e5b82a600b38fc" "/opt/rustwide/cargo-home/bin/cargo" "+1.100.0-beta.1" "metadata" "--no-deps" "--format-version=1", kill_on_drop: false }`
[INFO] running `Command { std: "docker" "inspect" "c45bcf3c5425336a79808cf957011a49b5af076118e2b9b7c6e5b82a600b38fc", kill_on_drop: false }`
[INFO] running `Command { std: "docker" "exec" "-e" "SOURCE_DIR=/opt/rustwide/workdir" "-e" "CARGO_HOME=/opt/rustwide/cargo-home" "-e" "RUSTUP_HOME=/opt/rustwide/rustup-home" "-e" "CARGO_TARGET_DIR=/opt/rustwide/target" "-e" "CARGO_INCREMENTAL=0" "-e" "RUST_BACKTRACE=full" "-e" "RUSTFLAGS=--cap-lints=warn" "-e" "RUSTDOCFLAGS=--cap-lints=warn" "-w" "/opt/rustwide/workdir" "--user" "0:0" "c45bcf3c5425336a79808cf957011a49b5af076118e2b9b7c6e5b82a600b38fc" "/opt/rustwide/cargo-home/bin/cargo" "+1.100.0-beta.1" "build" "--frozen" "--message-format=json" "--release", kill_on_drop: false }`
[INFO] [stderr]    Compiling yew-attrs-macro v0.2.4 (/opt/rustwide/workdir)
[INFO] [stdout] warning: function `stringify_at_runtime` is never used
[INFO] [stdout]  --> src/yew_macro/stringify.rs:9:4
[INFO] [stdout]   |
[INFO] [stdout] 9 | fn stringify_at_runtime(src: impl ToTokens) -> TokenStream {
[INFO] [stdout]   |    ^^^^^^^^^^^^^^^^^^^^
[INFO] [stdout]   |
[INFO] [stdout]   = note: `#[warn(dead_code)]` (part of `#[warn(unused)]`) on by default
[INFO] [stdout] 
[INFO] [stdout] 
[INFO] [stdout] warning: method `stringify` is never used
[INFO] [stdout]   --> src/yew_macro/stringify.rs:22:8
[INFO] [stdout]    |
[INFO] [stdout] 18 | pub trait Stringify {
[INFO] [stdout]    |           --------- method in this trait
[INFO] [stdout] ...
[INFO] [stdout] 22 |     fn stringify(&self) -> TokenStream;
[INFO] [stdout]    |        ^^^^^^^^^
[INFO] [stdout] 
[INFO] [stdout] 
[INFO] [stderr]     Finished `release` profile [optimized] target(s) in 3.68s
[INFO] running `Command { std: "docker" "inspect" "c45bcf3c5425336a79808cf957011a49b5af076118e2b9b7c6e5b82a600b38fc", kill_on_drop: false }`
[INFO] running `Command { std: "docker" "exec" "-e" "SOURCE_DIR=/opt/rustwide/workdir" "-e" "CARGO_HOME=/opt/rustwide/cargo-home" "-e" "RUSTUP_HOME=/opt/rustwide/rustup-home" "-e" "CARGO_TARGET_DIR=/opt/rustwide/target" "-e" "CARGO_INCREMENTAL=0" "-e" "RUST_BACKTRACE=full" "-e" "RUSTFLAGS=--cap-lints=warn" "-e" "RUSTDOCFLAGS=--cap-lints=warn" "-w" "/opt/rustwide/workdir" "--user" "0:0" "c45bcf3c5425336a79808cf957011a49b5af076118e2b9b7c6e5b82a600b38fc" "/opt/rustwide/cargo-home/bin/cargo" "+1.100.0-beta.1" "test" "--frozen" "--no-run" "--message-format=json" "--release", kill_on_drop: false }`
[INFO] [stderr]    Compiling futures-sink v0.3.34
[INFO] [stderr]    Compiling slab v0.4.12
[INFO] [stderr]    Compiling futures-io v0.3.34
[INFO] [stderr]    Compiling wasm-bindgen v0.2.129
[INFO] [stderr]    Compiling serde v1.0.229
[INFO] [stderr]    Compiling thiserror v1.0.69
[INFO] [stderr]    Compiling target-tuple v1.0.2
[INFO] [stderr]    Compiling parking_lot_core v0.9.12
[INFO] [stderr]    Compiling scopeguard v1.2.0
[INFO] [stderr]    Compiling errno v0.3.14
[INFO] [stderr]    Compiling form_urlencoded v1.2.2
[INFO] [stderr]    Compiling socket2 v0.6.5
[INFO] [stderr]    Compiling mio v1.2.4
[INFO] [stderr]    Compiling pin-project v1.1.13
[INFO] [stderr]    Compiling http v0.2.12
[INFO] [stderr]    Compiling lock_api v0.4.14
[INFO] [stderr]    Compiling proc-macro2 v1.0.107
[INFO] [stderr]    Compiling tokio v1.53.3
[INFO] [stderr]    Compiling signal-hook-registry v1.4.8
[INFO] [stderr]    Compiling futures-channel v0.3.34
[INFO] [stderr]    Compiling yew-attrs-macro v0.2.4
[INFO] [stderr]    Compiling num_cpus v1.17.0
[INFO] [stderr]    Compiling tracing-core v0.1.36
[INFO] [stderr]    Compiling quote v1.0.47
[INFO] [stderr]    Compiling winnow v1.0.4
[INFO] [stderr]    Compiling parking_lot v0.12.5
[INFO] [stderr]    Compiling implicit-clone v0.4.9
[INFO] [stderr]    Compiling toml_datetime v1.1.2+spec-1.1.0
[INFO] [stderr]    Compiling futures-util v0.3.34
[INFO] [stderr]    Compiling syn v1.0.109
[INFO] [stderr]    Compiling base64ct v1.8.3
[INFO] [stderr]    Compiling tracing v0.1.44
[INFO] [stderr]    Compiling toml_writer v1.1.3+spec-1.1.0
[INFO] [stderr]    Compiling bincode v1.3.3
[INFO] [stderr]    Compiling gloo-utils v0.2.0
[INFO] [stderr]    Compiling serde-wasm-bindgen v0.6.5
[INFO] [stderr]    Compiling serde_urlencoded v0.7.1
[INFO] [stderr]    Compiling gloo-console v0.3.0
[INFO] [stderr]    Compiling gloo-storage v0.3.0
[INFO] [stderr]    Compiling gloo-net v0.4.0
[INFO] [stderr]    Compiling toml_parser v1.1.5+spec-1.1.0
[INFO] [stderr]    Compiling html-escape v0.2.15
[INFO] [stderr]    Compiling toml v1.1.8+spec-1.1.0
[INFO] [stderr]    Compiling gloo-history v0.2.2
[INFO] [stderr]    Compiling gloo-worker v0.4.0
[INFO] [stderr]    Compiling yew-attrs-macro v0.2.4 (/opt/rustwide/workdir)
[INFO] [stderr]    Compiling proc-macro-error v1.0.4
[INFO] [stderr]    Compiling glob v0.3.4
[INFO] [stdout] warning: function `stringify_at_runtime` is never used
[INFO] [stdout]  --> src/yew_macro/stringify.rs:9:4
[INFO] [stdout]   |
[INFO] [stdout] 9 | fn stringify_at_runtime(src: impl ToTokens) -> TokenStream {
[INFO] [stdout]   |    ^^^^^^^^^^^^^^^^^^^^
[INFO] [stdout]   |
[INFO] [stdout]   = note: `#[warn(dead_code)]` (part of `#[warn(unused)]`) on by default
[INFO] [stdout] 
[INFO] [stdout] 
[INFO] [stdout] warning: method `stringify` is never used
[INFO] [stdout]   --> src/yew_macro/stringify.rs:22:8
[INFO] [stdout]    |
[INFO] [stdout] 18 | pub trait Stringify {
[INFO] [stdout]    |           --------- method in this trait
[INFO] [stdout] ...
[INFO] [stdout] 22 |     fn stringify(&self) -> TokenStream;
[INFO] [stdout]    |        ^^^^^^^^^
[INFO] [stdout] 
[INFO] [stdout] 
[INFO] [stderr]    Compiling gloo v0.10.0
[INFO] [stderr]    Compiling console_error_panic_hook v0.1.7
[INFO] [stderr]    Compiling syn v2.0.119
[INFO] [stderr]    Compiling trybuild v1.0.122
[INFO] [stderr]    Compiling js-sys v0.3.106
[INFO] [stderr]    Compiling futures v0.3.34
[INFO] [stderr]    Compiling pinned v0.1.0
[INFO] [stderr]    Compiling tokio-stream v0.1.19
[INFO] [stderr]    Compiling prokio v0.1.0
[INFO] [stderr]    Compiling yew v0.21.0
[INFO] [stderr]    Compiling yew-attrs v0.2.4
[INFO] [stderr]    Compiling web-sys v0.3.106
[INFO] [stderr]    Compiling wasm-bindgen-futures v0.4.79
[INFO] [stderr]    Compiling gloo-timers v0.3.0
[INFO] [stderr]    Compiling gloo-events v0.2.0
[INFO] [stderr]    Compiling gloo-render v0.2.0
[INFO] [stderr]    Compiling gloo-dialogs v0.2.0
[INFO] [stderr]    Compiling gloo-file v0.3.0
[INFO] [stdout] warning: function `stringify_at_runtime` is never used
[INFO] [stdout]  --> src/yew_macro/stringify.rs:9:4
[INFO] [stdout]   |
[INFO] [stdout] 9 | fn stringify_at_runtime(src: impl ToTokens) -> TokenStream {
[INFO] [stdout]   |    ^^^^^^^^^^^^^^^^^^^^
[INFO] [stdout]   |
[INFO] [stdout]   = note: `#[warn(dead_code)]` (part of `#[warn(unused)]`) on by default
[INFO] [stdout] 
[INFO] [stdout] 
[INFO] [stdout] warning: method `stringify` is never used
[INFO] [stdout]   --> src/yew_macro/stringify.rs:22:8
[INFO] [stdout]    |
[INFO] [stdout] 18 | pub trait Stringify {
[INFO] [stdout]    |           --------- method in this trait
[INFO] [stdout] ...
[INFO] [stdout] 22 |     fn stringify(&self) -> TokenStream;
[INFO] [stdout]    |        ^^^^^^^^^
[INFO] [stdout] 
[INFO] [stdout] 
[INFO] [stderr]     Finished `release` profile [optimized] target(s) in 1m 00s
[INFO] running `Command { std: "docker" "inspect" "c45bcf3c5425336a79808cf957011a49b5af076118e2b9b7c6e5b82a600b38fc", kill_on_drop: false }`
[INFO] running `Command { std: "docker" "exec" "-e" "SOURCE_DIR=/opt/rustwide/workdir" "-e" "CARGO_HOME=/opt/rustwide/cargo-home" "-e" "RUSTUP_HOME=/opt/rustwide/rustup-home" "-e" "CARGO_TARGET_DIR=/opt/rustwide/target" "-e" "CARGO_INCREMENTAL=0" "-e" "RUST_BACKTRACE=full" "-e" "RUSTFLAGS=--cap-lints=warn" "-e" "RUSTDOCFLAGS=--cap-lints=warn" "-w" "/opt/rustwide/workdir" "--user" "0:0" "c45bcf3c5425336a79808cf957011a49b5af076118e2b9b7c6e5b82a600b38fc" "/opt/rustwide/cargo-home/bin/cargo" "+1.100.0-beta.1" "test" "--frozen" "--release", kill_on_drop: false }`
[INFO] [stderr] warning: function `stringify_at_runtime` is never used
[INFO] [stderr]  --> src/yew_macro/stringify.rs:9:4
[INFO] [stderr]   |
[INFO] [stderr] 9 | fn stringify_at_runtime(src: impl ToTokens) -> TokenStream {
[INFO] [stderr]   |    ^^^^^^^^^^^^^^^^^^^^
[INFO] [stderr]   |
[INFO] [stderr]   = note: `#[warn(dead_code)]` (part of `#[warn(unused)]`) on by default
[INFO] [stderr] 
[INFO] [stderr] warning: method `stringify` is never used
[INFO] [stderr]   --> src/yew_macro/stringify.rs:22:8
[INFO] [stderr]    |
[INFO] [stderr] 18 | pub trait Stringify {
[INFO] [stderr]    |           --------- method in this trait
[INFO] [stderr] ...
[INFO] [stderr] 22 |     fn stringify(&self) -> TokenStream;
[INFO] [stderr]    |        ^^^^^^^^^
[INFO] [stderr] 
[INFO] [stderr] warning: `yew-attrs-macro` (lib) generated 2 warnings
[INFO] [stderr] warning: `yew-attrs-macro` (lib test) generated 2 warnings (2 duplicates)
[INFO] [stderr]     Finished `release` profile [optimized] target(s) in 0.30s
[INFO] [stderr]      Running unittests src/lib.rs (/opt/rustwide/target/release/build/yew-attrs-macro/e2cf8d28611365d0/out/yew_attrs_macro-e2cf8d28611365d0)
[INFO] [stdout] 
[INFO] [stdout] running 0 tests
[INFO] [stdout] 
[INFO] [stdout] test result: ok. 0 passed; 0 failed; 0 ignored; 0 measured; 0 filtered out; finished in 0.00s
[INFO] [stdout] 
[INFO] [stderr]      Running tests/attrs_component_test.rs (/opt/rustwide/target/release/build/yew-attrs-macro/8c4d9764071690e9/out/attrs_component_test-8c4d9764071690e9)
[INFO] [stdout] 
[INFO] [stdout] running 1 test
[INFO] [stdout] test attrs_component ... FAILED
[INFO] [stdout] 
[INFO] [stdout] failures:
[INFO] [stdout] 
[INFO] [stdout] ---- attrs_component stdout ----
[INFO] [stdout] 
[INFO] [stdout] thread 'attrs_component' (1305) panicked at tests/attrs_component_test.rs:45:5:
[INFO] [stdout] assertion `left == right` failed
[INFO] [stdout]   left: "<!--<[attrs_component_test::App]>--><!--<[attrs_component_test::Button]>--><button class=\"text-red\">Click</button><!--</[attrs_component_test::Button]>--><!--</[attrs_component_test::App]>-->"
[INFO] [stdout]  right: "<!--<[]>--><!--<[]>--><button class=\"text-red\">Click</button><!--</[]>--><!--</[]>-->"
[INFO] [stdout] stack backtrace:
[INFO] [stdout]    0:     0x635da82bd3f1 - <<std[617be2ca0a6fd877]::sys::backtrace::BacktraceLock>::print::DisplayBacktrace as core[a373ad73a504971]::fmt::Display>::fmt
[INFO] [stdout]    1:     0x635da82d1dda - core[a373ad73a504971]::fmt::write
[INFO] [stdout]    2:     0x635da82c17cc - <alloc[2e1b2a31b91974c5]::vec::Vec<u8> as core[a373ad73a504971]::io::write::Write>::write_fmt
[INFO] [stdout]    3:     0x635da82990e6 - std[617be2ca0a6fd877]::panicking::default_hook::{closure#0}
[INFO] [stdout]    4:     0x635da82b5779 - std[617be2ca0a6fd877]::panicking::default_hook
[INFO] [stdout]    5:     0x635da820fd20 - test[aada8e7e76ba119b]::test_main_inner::{closure#0}
[INFO] [stdout]    6:     0x635da82b5aa2 - std[617be2ca0a6fd877]::panicking::panic_with_hook
[INFO] [stdout]    7:     0x635da8299192 - std[617be2ca0a6fd877]::panicking::panic_handler::{closure#0}
[INFO] [stdout]    8:     0x635da8291ea9 - std[617be2ca0a6fd877]::sys::backtrace::__rust_end_short_backtrace::<std[617be2ca0a6fd877]::panicking::panic_handler::{closure#0}, !>
[INFO] [stdout]    9:     0x635da8299d9d - __rustc[ea4f61d10b84890b]::rust_begin_unwind
[INFO] [stdout]   10:     0x635da82d253c - core[a373ad73a504971]::panicking::panic_fmt
[INFO] [stdout]   11:     0x635da82d2453 - core[a373ad73a504971]::panicking::assert_failed_inner
[INFO] [stdout]   12:     0x635da8200f44 - core[a373ad73a504971]::panicking::assert_failed::<&str, alloc[2e1b2a31b91974c5]::string::String>
[INFO] [stdout]   13:     0x635da81f0568 - attrs_component_test[a77825c700492982]::attrs_component::{closure#0}
[INFO] [stdout]   14:     0x635da81fd073 - <tokio[1065e287742a7618]::runtime::scheduler::current_thread::Context>::enter::<core[a373ad73a504971]::task::poll::Poll<()>, <tokio[1065e287742a7618]::runtime::scheduler::current_thread::CoreGuard>::block_on<core[a373ad73a504971]::pin::Pin<&mut core[a373ad73a504971]::pin::Pin<&mut dyn core[a373ad73a504971]::future::future::Future<Output = ()>>>>::{closure#0}::{closure#0}>
[INFO] [stdout]   15:     0x635da81f2a1c - <tokio[1065e287742a7618]::runtime::context::scoped::Scoped<tokio[1065e287742a7618]::runtime::scheduler::Context>>::set::<<tokio[1065e287742a7618]::runtime::scheduler::current_thread::CoreGuard>::enter<<tokio[1065e287742a7618]::runtime::scheduler::current_thread::CoreGuard>::block_on<core[a373ad73a504971]::pin::Pin<&mut core[a373ad73a504971]::pin::Pin<&mut dyn core[a373ad73a504971]::future::future::Future<Output = ()>>>>::{closure#0}, core[a373ad73a504971]::option::Option<()>>::{closure#0}, (alloc[2e1b2a31b91974c5]::boxed::Box<tokio[1065e287742a7618]::runtime::scheduler::current_thread::Core>, core[a373ad73a504971]::option::Option<()>)>
[INFO] [stdout]   16:     0x635da81fd317 - <tokio[1065e287742a7618]::runtime::scheduler::current_thread::CoreGuard>::block_on::<core[a373ad73a504971]::pin::Pin<&mut core[a373ad73a504971]::pin::Pin<&mut dyn core[a373ad73a504971]::future::future::Future<Output = ()>>>>
[INFO] [stdout]   17:     0x635da81f3a5d - tokio[1065e287742a7618]::runtime::context::runtime::enter_runtime::<<tokio[1065e287742a7618]::runtime::scheduler::current_thread::CurrentThread>::block_on<core[a373ad73a504971]::pin::Pin<&mut dyn core[a373ad73a504971]::future::future::Future<Output = ()>>>::{closure#0}, ()>
[INFO] [stdout]   18:     0x635da81fcf55 - <tokio[1065e287742a7618]::runtime::runtime::Runtime>::block_on::<core[a373ad73a504971]::pin::Pin<&mut dyn core[a373ad73a504971]::future::future::Future<Output = ()>>>
[INFO] [stdout]   19:     0x635da81f194a - <attrs_component_test[a77825c700492982]::attrs_component::{closure#0} as core[a373ad73a504971]::ops::function::FnOnce<()>>::call_once
[INFO] [stdout]   20:     0x635da820316b - test[aada8e7e76ba119b]::__rust_begin_short_backtrace::<core[a373ad73a504971]::result::Result<(), alloc[2e1b2a31b91974c5]::string::String>, fn() -> core[a373ad73a504971]::result::Result<(), alloc[2e1b2a31b91974c5]::string::String>>
[INFO] [stdout]   21:     0x635da8210345 - test[aada8e7e76ba119b]::run_test::{closure#0}
[INFO] [stdout]   22:     0x635da8209c34 - std[617be2ca0a6fd877]::sys::backtrace::__rust_begin_short_backtrace::<test[aada8e7e76ba119b]::run_test::{closure#1}, ()>
[INFO] [stdout]   23:     0x635da82133d2 - <std[617be2ca0a6fd877]::thread::lifecycle::spawn_unchecked<test[aada8e7e76ba119b]::run_test::{closure#1}, ()>::{closure#1} as core[a373ad73a504971]::ops::function::FnOnce<()>>::call_once::{shim:vtable#0}
[INFO] [stdout]   24:     0x635da82bcc0f - <std[617be2ca0a6fd877]::sys::thread::unix::Thread>::new::thread_start
[INFO] [stdout]   25:     0x719642a5adfa - <unknown>
[INFO] [stdout]   26:     0x719642aee3d4 - clone
[INFO] [stdout]   27:                0x0 - <unknown>
[INFO] [stdout] 
[INFO] [stdout] 
[INFO] [stdout] failures:
[INFO] [stdout]     attrs_component
[INFO] [stdout] 
[INFO] [stdout] test result: FAILED. 0 passed; 1 failed; 0 ignored; 0 measured; 0 filtered out; finished in 0.01s
[INFO] [stdout] 
[INFO] [stderr] error: test failed, to rerun pass `--test attrs_component_test`
[INFO] running `Command { std: "docker" "inspect" "c45bcf3c5425336a79808cf957011a49b5af076118e2b9b7c6e5b82a600b38fc", kill_on_drop: false }`
[INFO] running `Command { std: "docker" "rm" "-f" "c45bcf3c5425336a79808cf957011a49b5af076118e2b9b7c6e5b82a600b38fc", kill_on_drop: false }`
[INFO] [stdout] c45bcf3c5425336a79808cf957011a49b5af076118e2b9b7c6e5b82a600b38fc
