[INFO] fetching crate yellowstone-block-machine 0.12.0...
[INFO] testing yellowstone-block-machine-0.12.0 against 1.100.0-beta.1+cargoflags=--release for beta-release-1.100-2
[INFO] extracting crate yellowstone-block-machine 0.12.0 into /workspace/builds/worker-5-tc2/source
[INFO] started tweaking crates.io crate yellowstone-block-machine 0.12.0
[INFO] finished tweaking crates.io crate yellowstone-block-machine 0.12.0
[INFO] tweaked toml for crates.io crate yellowstone-block-machine 0.12.0 written to /workspace/builds/worker-5-tc2/source/Cargo.toml
[INFO] validating manifest of crates.io crate yellowstone-block-machine 0.12.0 on toolchain 1.100.0-beta.1
[INFO] running `Command { std: CARGO_HOME="/workspace/cargo-home" RUSTUP_HOME="/workspace/rustup-home" "/workspace/cargo-home/bin/cargo" "+1.100.0-beta.1" "metadata" "--manifest-path" "Cargo.toml" "--no-deps", kill_on_drop: false }`
[INFO] crate crates.io crate yellowstone-block-machine 0.12.0 already has a lockfile, it will not be regenerated
[INFO] running `Command { std: CARGO_HOME="/workspace/cargo-home" RUSTUP_HOME="/workspace/rustup-home" "/workspace/cargo-home/bin/cargo" "+1.100.0-beta.1" "fetch" "--manifest-path" "Cargo.toml", kill_on_drop: false }`
[INFO] running `Command { std: "docker" "create" "-v" "/var/lib/crater-agent-workspace/builds/worker-5-tc2/source:/opt/rustwide/workdir:ro,Z" "-v" "/var/lib/crater-agent-workspace/builds/worker-5-tc2/target:/opt/rustwide/target:rw,Z" "-v" "/var/lib/crater-agent-workspace/cargo-home:/opt/rustwide/cargo-home:ro,Z" "-v" "/var/lib/crater-agent-workspace/rustup-home:/opt/rustwide/rustup-home:ro,Z" "-m" "1610612736" "--network" "none" "ghcr.io/rust-lang/crates-build-env/linux@sha256:77db811e55d90add9212f6832c23229e3de5f1c1f9905e8cb07319ea15df73ac" "sleep" "infinity", kill_on_drop: false }`
[INFO] [stdout] aa74bb1efc856f9dfc3bc328d241f841efd3e052b5fd2fe2ffd29981d2717f0b
[INFO] running `Command { std: "docker" "start" "aa74bb1efc856f9dfc3bc328d241f841efd3e052b5fd2fe2ffd29981d2717f0b", kill_on_drop: false }`
[INFO] running `Command { std: "docker" "inspect" "aa74bb1efc856f9dfc3bc328d241f841efd3e052b5fd2fe2ffd29981d2717f0b", kill_on_drop: false }`
[INFO] running `Command { std: "docker" "exec" "-e" "SOURCE_DIR=/opt/rustwide/workdir" "-e" "CARGO_HOME=/opt/rustwide/cargo-home" "-e" "RUSTUP_HOME=/opt/rustwide/rustup-home" "-e" "CARGO_TARGET_DIR=/opt/rustwide/target" "-w" "/opt/rustwide/workdir" "--user" "0:0" "aa74bb1efc856f9dfc3bc328d241f841efd3e052b5fd2fe2ffd29981d2717f0b" "/opt/rustwide/cargo-home/bin/cargo" "+1.100.0-beta.1" "metadata" "--no-deps" "--format-version=1", kill_on_drop: false }`
[INFO] running `Command { std: "docker" "inspect" "aa74bb1efc856f9dfc3bc328d241f841efd3e052b5fd2fe2ffd29981d2717f0b", kill_on_drop: false }`
[INFO] running `Command { std: "docker" "exec" "-e" "SOURCE_DIR=/opt/rustwide/workdir" "-e" "CARGO_HOME=/opt/rustwide/cargo-home" "-e" "RUSTUP_HOME=/opt/rustwide/rustup-home" "-e" "CARGO_TARGET_DIR=/opt/rustwide/target" "-e" "CARGO_INCREMENTAL=0" "-e" "RUST_BACKTRACE=full" "-e" "RUSTFLAGS=--cap-lints=warn" "-e" "RUSTDOCFLAGS=--cap-lints=warn" "-w" "/opt/rustwide/workdir" "--user" "0:0" "aa74bb1efc856f9dfc3bc328d241f841efd3e052b5fd2fe2ffd29981d2717f0b" "/opt/rustwide/cargo-home/bin/cargo" "+1.100.0-beta.1" "build" "--frozen" "--message-format=json" "--release", kill_on_drop: false }`
[INFO] [stderr]    Compiling libc v0.2.189
[INFO] [stderr]    Compiling five8_core v1.0.0
[INFO] [stderr]    Compiling zerocopy v0.8.59
[INFO] [stderr]    Compiling solana-sanitize v3.0.1
[INFO] [stderr]    Compiling solana-atomic-u64 v3.0.1
[INFO] [stderr]    Compiling bs58 v0.5.1
[INFO] [stderr]    Compiling solana-program-error v3.0.1
[INFO] [stderr]    Compiling thread_local v1.1.10
[INFO] [stderr]    Compiling bytesize v1.3.3
[INFO] [stderr]    Compiling syn v3.0.6
[INFO] [stderr]    Compiling bytemuck v1.25.2
[INFO] [stderr]    Compiling derive_more-impl v2.1.1
[INFO] [stderr]    Compiling solana-commitment-config v3.1.1
[INFO] [stderr]    Compiling tracing v0.1.44
[INFO] [stderr]    Compiling bytesize v2.7.0
[INFO] [stderr]    Compiling five8 v1.0.0
[INFO] [stderr]    Compiling five8_const v1.0.0
[INFO] [stderr]    Compiling solana-sdk-macro v3.0.1
[INFO] [stderr]    Compiling solana-address v2.8.0
[INFO] [stderr]    Compiling tracing-subscriber v0.3.23
[INFO] [stderr]    Compiling solana-pubkey v4.4.0
[INFO] [stderr]    Compiling solana-clock v4.0.0
[INFO] [stderr]    Compiling getrandom v0.3.4
[INFO] [stderr]    Compiling rand_core v0.9.5
[INFO] [stderr]    Compiling derive_more v2.1.1
[INFO] [stderr]    Compiling serde_derive v1.0.229
[INFO] [stderr]    Compiling thiserror-impl v2.0.21
[INFO] [stderr]    Compiling bytemuck_derive v1.12.1
[INFO] [stderr]    Compiling futures-macro v0.3.34
[INFO] [stderr]    Compiling futures-util v0.3.34
[INFO] [stderr]    Compiling thiserror v2.0.21
[INFO] [stderr]    Compiling ppv-lite86 v0.2.21
[INFO] [stderr]    Compiling serde v1.0.229
[INFO] [stderr]    Compiling rand_chacha v0.9.0
[INFO] [stderr]    Compiling rand v0.9.5
[INFO] [stderr]    Compiling bytesize-serde v0.2.1
[INFO] [stderr]    Compiling solana-hash v4.7.0
[INFO] [stderr]    Compiling solana-signature v3.6.0
[INFO] [stderr]    Compiling yellowstone-block-machine v0.12.0 (/opt/rustwide/workdir)
[INFO] [stderr] warning: unused dependency `bs58`
[INFO] [stderr]  --> Cargo.toml:1:15
[INFO] [stderr]   |
[INFO] [stderr] 1 | [dependencies.bs58]
[INFO] [stderr]   |               ^^^^^
[INFO] [stderr]   |
[INFO] [stderr]   = note: `cargo::unused_dependencies` is set to `warn` by default
[INFO] [stderr] help: consider removing the dependency on `bs58`
[INFO] [stderr] warning: unused dependency `bytesize-serde`
[INFO] [stderr]  --> Cargo.toml:7:15
[INFO] [stderr]   |
[INFO] [stderr] 7 | [dependencies.bytesize-serde]
[INFO] [stderr]   |               ^^^^^^^^^^^^^^^
[INFO] [stderr]   |
[INFO] [stderr] help: consider removing the dependency on `bytesize-serde`
[INFO] [stderr] warning: unused dependency `solana-signature`
[INFO] [stderr]   --> Cargo.toml:41:15
[INFO] [stderr]    |
[INFO] [stderr] 41 | [dependencies.solana-signature]
[INFO] [stderr]    |               ^^^^^^^^^^^^^^^^^
[INFO] [stderr]    |
[INFO] [stderr] help: consider removing the dependency on `solana-signature`
[INFO] [stderr] warning: unused dependency `tracing-subscriber`
[INFO] [stderr]   --> Cargo.toml:56:15
[INFO] [stderr]    |
[INFO] [stderr] 56 | [dependencies.tracing-subscriber]
[INFO] [stderr]    |               ^^^^^^^^^^^^^^^^^^^
[INFO] [stderr]    |
[INFO] [stderr] help: consider removing the dependency on `tracing-subscriber`
[INFO] [stderr] warning: `yellowstone-block-machine` (manifest) generated 4 warnings
[INFO] [stderr]     Finished `release` profile [optimized] target(s) in 5.48s
[INFO] running `Command { std: "docker" "inspect" "aa74bb1efc856f9dfc3bc328d241f841efd3e052b5fd2fe2ffd29981d2717f0b", kill_on_drop: false }`
[INFO] running `Command { std: "docker" "exec" "-e" "SOURCE_DIR=/opt/rustwide/workdir" "-e" "CARGO_HOME=/opt/rustwide/cargo-home" "-e" "RUSTUP_HOME=/opt/rustwide/rustup-home" "-e" "CARGO_TARGET_DIR=/opt/rustwide/target" "-e" "CARGO_INCREMENTAL=0" "-e" "RUST_BACKTRACE=full" "-e" "RUSTFLAGS=--cap-lints=warn" "-e" "RUSTDOCFLAGS=--cap-lints=warn" "-w" "/opt/rustwide/workdir" "--user" "0:0" "aa74bb1efc856f9dfc3bc328d241f841efd3e052b5fd2fe2ffd29981d2717f0b" "/opt/rustwide/cargo-home/bin/cargo" "+1.100.0-beta.1" "test" "--frozen" "--no-run" "--message-format=json" "--release", kill_on_drop: false }`
[INFO] [stderr]    Compiling regex-automata v0.4.18
[INFO] [stderr]    Compiling matchers v0.2.0
[INFO] [stderr]    Compiling tracing-subscriber v0.3.23
[INFO] [stderr]    Compiling yellowstone-block-machine v0.12.0 (/opt/rustwide/workdir)
[INFO] [stderr] warning: unused dependency `bs58`
[INFO] [stderr]  --> Cargo.toml:1:15
[INFO] [stderr]   |
[INFO] [stderr] 1 | [dependencies.bs58]
[INFO] [stderr]   |               ^^^^^
[INFO] [stderr]   |
[INFO] [stderr]   = note: `cargo::unused_dependencies` is set to `warn` by default
[INFO] [stderr] help: consider removing the dependency on `bs58`
[INFO] [stderr] warning: unused dependency `bytesize-serde`
[INFO] [stderr]  --> Cargo.toml:7:15
[INFO] [stderr]   |
[INFO] [stderr] 7 | [dependencies.bytesize-serde]
[INFO] [stderr]   |               ^^^^^^^^^^^^^^^
[INFO] [stderr]   |
[INFO] [stderr] help: consider removing the dependency on `bytesize-serde`
[INFO] [stderr] warning: unused dependency `solana-signature`
[INFO] [stderr]   --> Cargo.toml:41:15
[INFO] [stderr]    |
[INFO] [stderr] 41 | [dependencies.solana-signature]
[INFO] [stderr]    |               ^^^^^^^^^^^^^^^^^
[INFO] [stderr]    |
[INFO] [stderr] help: consider removing the dependency on `solana-signature`
[INFO] [stderr] warning: unused dependency `tracing-subscriber`
[INFO] [stderr]   --> Cargo.toml:70:19
[INFO] [stderr]    |
[INFO] [stderr] 70 | [dev-dependencies.tracing-subscriber]
[INFO] [stderr]    |                   ^^^^^^^^^^^^^^^^^^^
[INFO] [stderr]    |
[INFO] [stderr] help: consider removing the dependency on `tracing-subscriber`
[INFO] [stderr] help: to still use for development builds, move to `dev-dependencies`
[INFO] [stderr] warning: unused dependency `tracing-subscriber`
[INFO] [stderr]   --> Cargo.toml:56:15
[INFO] [stderr]    |
[INFO] [stderr] 56 | [dependencies.tracing-subscriber]
[INFO] [stderr]    |               ^^^^^^^^^^^^^^^^^^^
[INFO] [stderr]    |
[INFO] [stderr] help: consider removing the dependency on `tracing-subscriber`
[INFO] [stderr] help: to still use for development builds, move to `dev-dependencies`
[INFO] [stderr] warning: `yellowstone-block-machine` (manifest) generated 5 warnings
[INFO] [stderr]     Finished `release` profile [optimized] target(s) in 5.60s
[INFO] running `Command { std: "docker" "inspect" "aa74bb1efc856f9dfc3bc328d241f841efd3e052b5fd2fe2ffd29981d2717f0b", kill_on_drop: false }`
[INFO] running `Command { std: "docker" "exec" "-e" "SOURCE_DIR=/opt/rustwide/workdir" "-e" "CARGO_HOME=/opt/rustwide/cargo-home" "-e" "RUSTUP_HOME=/opt/rustwide/rustup-home" "-e" "CARGO_TARGET_DIR=/opt/rustwide/target" "-e" "CARGO_INCREMENTAL=0" "-e" "RUST_BACKTRACE=full" "-e" "RUSTFLAGS=--cap-lints=warn" "-e" "RUSTDOCFLAGS=--cap-lints=warn" "-w" "/opt/rustwide/workdir" "--user" "0:0" "aa74bb1efc856f9dfc3bc328d241f841efd3e052b5fd2fe2ffd29981d2717f0b" "/opt/rustwide/cargo-home/bin/cargo" "+1.100.0-beta.1" "test" "--frozen" "--release", kill_on_drop: false }`
[INFO] [stderr] warning: unused dependency `bs58`
[INFO] [stderr]  --> Cargo.toml:1:15
[INFO] [stderr]   |
[INFO] [stderr] 1 | [dependencies.bs58]
[INFO] [stderr]   |               ^^^^^
[INFO] [stderr]   |
[INFO] [stderr]   = note: `cargo::unused_dependencies` is set to `warn` by default
[INFO] [stderr] help: consider removing the dependency on `bs58`
[INFO] [stderr] warning: unused dependency `bytesize-serde`
[INFO] [stderr]  --> Cargo.toml:7:15
[INFO] [stderr]   |
[INFO] [stderr] 7 | [dependencies.bytesize-serde]
[INFO] [stderr]   |               ^^^^^^^^^^^^^^^
[INFO] [stderr]   |
[INFO] [stderr] help: consider removing the dependency on `bytesize-serde`
[INFO] [stderr] warning: unused dependency `solana-signature`
[INFO] [stderr]   --> Cargo.toml:41:15
[INFO] [stderr]    |
[INFO] [stderr] 41 | [dependencies.solana-signature]
[INFO] [stderr]    |               ^^^^^^^^^^^^^^^^^
[INFO] [stderr]    |
[INFO] [stderr] help: consider removing the dependency on `solana-signature`
[INFO] [stderr] warning: unused dependency `tracing-subscriber`
[INFO] [stderr]   --> Cargo.toml:70:19
[INFO] [stderr]    |
[INFO] [stderr] 70 | [dev-dependencies.tracing-subscriber]
[INFO] [stderr]    |                   ^^^^^^^^^^^^^^^^^^^
[INFO] [stderr]    |
[INFO] [stderr] help: consider removing the dependency on `tracing-subscriber`
[INFO] [stderr] help: to still use for development builds, move to `dev-dependencies`
[INFO] [stderr] warning: unused dependency `tracing-subscriber`
[INFO] [stderr]   --> Cargo.toml:56:15
[INFO] [stderr]    |
[INFO] [stderr] 56 | [dependencies.tracing-subscriber]
[INFO] [stderr]    |               ^^^^^^^^^^^^^^^^^^^
[INFO] [stderr]    |
[INFO] [stderr] help: consider removing the dependency on `tracing-subscriber`
[INFO] [stderr] help: to still use for development builds, move to `dev-dependencies`
[INFO] [stderr] warning: `yellowstone-block-machine` (manifest) generated 5 warnings
[INFO] [stderr]     Finished `release` profile [optimized] target(s) in 0.07s
[INFO] [stderr]      Running unittests src/lib.rs (/opt/rustwide/target/release/build/yellowstone-block-machine/ea653b094d70b583/out/yellowstone_block_machine-ea653b094d70b583)
[INFO] [stdout] 
[INFO] [stdout] running 66 tests
[INFO] [stdout] test forks::forks_tests::adding_slot_with_parent_twice_should_shortcut ... ok
[INFO] [stdout] test forks::forks_tests::forks_descendant_should_be_forks_aswell ... ok
[INFO] [stdout] test forks::forks_tests::forking_treeroot_should_make_whole_tree_forked ... ok
[INFO] [stdout] test forks::forks_tests::forks_should_detect_cousins_forks ... ok
[INFO] [stdout] test forks::forks_tests::forks_should_detect_retroactively_greater_cousins_forks ... ok
[INFO] [stdout] test forks::forks_tests::forks_iterator_should_work_on_disjoint_history ... ok
[INFO] [stdout] test forks::forks_tests::forks_should_detect_sibblings_forks ... ok
[INFO] [stdout] test forks::forks_tests::forks_should_truncate_old_rooted_slot_when_max_history_capacity_is_reached ... ok
[INFO] [stdout] test forks::forks_tests::reparent_prevents_the_old_parents_death_from_wrongly_forking_the_child ... ok
[INFO] [stdout] test forks::forks_tests::reparent_retracts_the_stale_forward_edge ... ok
[INFO] [stdout] test forks::forks_tests::reparent_to_the_same_parent_is_a_pure_shortcut ... ok
[INFO] [stdout] test forks::forks_tests::rooting_slot_should_be_retroactive ... ok
[INFO] [stdout] test forks::forks_tests::test_forking_subree ... ok
[INFO] [stdout] test forks::orderset_tests::all_popped_orderedset_iter_should_return_none ... ok
[INFO] [stdout] test forks::orderset_tests::empty_ordereset_iter_should_return_none ... ok
[INFO] [stdout] test forks::orderset_tests::insert_should_return_true_if_key_already_present ... ok
[INFO] [stdout] test forks::orderset_tests::ordereset_iter_should_ignore_removed_elements ... ok
[INFO] [stdout] test forks::orderset_tests::pop_first_should_be_fifo_semantic ... ok
[INFO] [stdout] test forks::orderset_tests::orderset_iter_should_go_through_all_elements ... ok
[INFO] [stdout] test forks::orderset_tests::pop_first_should_handle_deleted_elements ... ok
[INFO] [stdout] test forks::orderset_tests::pop_first_should_return_none_if_set_empty ... ok
[INFO] [stdout] test forks::orderset_tests::removing_then_reinsert_should_change_the_set_ordering ... ok
[INFO] [stdout] test state_machine::tests::audit_11_frozen_block_entries_are_ordered_by_entry_index ... ok
[INFO] [stdout] test state_machine::tests::audit_1_no_fabricated_block_for_parent_slot_sibling ... ok
[INFO] [stdout] test state_machine::tests::audit_2_retroactively_rooted_sole_candidate_resolves_immediately ... ok
[INFO] [stdout] test state_machine::tests::audit_3_gapfill_schedules_teardown_once_at_the_finalized_revision ... ok
[INFO] [stdout] test state_machine::tests::audit_2b_ambiguous_ancestor_recovers_once_a_direct_commitment_arrives ... ok
[INFO] [stdout] test state_machine::tests::audit_3b_finalized_resolution_survives_a_rogue_bank ... ok
[INFO] [stdout] test state_machine::tests::audit_3a_duplicate_block_meta_is_still_rejected_after_partial_drain ... ok
[INFO] [stdout] test state_machine::tests::audit_4_supersede_does_not_leave_a_stale_fork_edge ... ok
[INFO] [stdout] test state_machine::tests::audit_5_dead_slot_event_carries_its_bank_ids ... ok
[INFO] [stdout] test state_machine::tests::audit_5b_descendant_fork_in_the_same_tick_still_reports_its_own_live_bank_ids ... ok
[INFO] [stdout] test state_machine::tests::audit_6_discarded_loser_is_announced_for_pruning ... ok
[INFO] [stdout] test state_machine::tests::audit_7_unresolved_slot_state_is_eventually_reclaimed ... ok
[INFO] [stdout] test state_machine::tests::audit_8_events_for_discarded_banks_are_rejected ... ok
[INFO] [stdout] test state_machine::tests::bank_added_after_fork_report_is_announced_when_its_slot_is_skipped ... ok
[INFO] [stdout] test state_machine::tests::audit_9_dead_slot_emits_a_dead_slot_output ... ok
[INFO] [stdout] test state_machine::tests::blockstore_gc_should_work_even_when_empty ... ok
[INFO] [stdout] test state_machine::tests::committed_slot_inside_a_gap_is_not_discarded ... ok
[INFO] [stdout] test state_machine::tests::blockstore_should_correct_missing_processed_slot_status ... ok
[INFO] [stdout] test state_machine::tests::confirming_the_provisionally_resolved_bank_discards_its_later_siblings ... ok
[INFO] [stdout] test state_machine::tests::confirmed_resolution_cannot_be_superseded ... ok
[INFO] [stdout] test state_machine::tests::dead_slot_discards_every_bank_registered_for_it ... ok
[INFO] [stdout] test state_machine::tests::gap_over_unseen_slots_is_a_no_op ... ok
[INFO] [stdout] test state_machine::tests::it_should_handle_all_lifecycle_transition_and_produce_frozen_block ... ok
[INFO] [stdout] test state_machine::tests::it_should_detect_retroactively_rooted_slots ... ok
[INFO] [stdout] test state_machine::tests::parent_without_block_meta_is_never_frozen_from_a_forged_summary ... ok
[INFO] [stdout] test state_machine::tests::skipped_slot_already_fork_reported_still_announces_its_banks ... ok
[INFO] [stdout] test state_machine::tests::skipped_slot_bank_is_discarded_once_a_descendant_confirms_past_it ... ok
[INFO] [stdout] test state_machine::tests::skipped_slot_discards_every_candidate_bank ... ok
[INFO] [stdout] test state_machine::tests::skipped_slots_are_marked_once_a_confirmed_slots_parent_is_learned ... ok
[INFO] [stdout] test state_machine::tests::superseded_processed_resolution_does_not_skip_the_real_parent ... ok
[INFO] [stdout] test state_machine::tests::two_banks_for_same_slot_can_disagree_on_parent_and_only_the_resolved_bank_feeds_forks ... ok
[INFO] [stdout] test wrapper::tests::bank_in_flight_at_subscription_start_never_freezes ... ok
[INFO] [stdout] test wrapper::tests::bank_waits_for_the_entry_count_its_block_meta_reports ... ok
[INFO] [stdout] test state_machine::tests::two_banks_for_same_slot_stay_peers_until_one_is_confirmed ... ok
[INFO] [stdout] test wrapper::tests::block_meta_waits_for_its_footer ... ok
[INFO] [stdout] test wrapper::tests::commitment_updates_before_the_footer_come_out_after_the_freeze ... ok
[INFO] [stdout] test wrapper::tests::discarded_bank_drops_its_held_block_meta_and_rejects_its_footer ... ok
[INFO] [stdout] test wrapper::tests::bank_waits_for_all_its_sysvars ... ok
[INFO] [stdout] test wrapper::tests::duplicate_block_meta_waiting_for_its_footer_is_rejected ... ok
[INFO] [stdout] test wrapper::tests::block_meta_alone_freezes_when_footers_are_not_required ... ok
[INFO] [stdout] test wrapper::tests::block_meta_waiting_too_long_for_its_footer_is_evicted ... ok
[INFO] [stdout] test wrapper::tests::other_sysvars_do_not_count_toward_content ... ok
[INFO] [stdout] test wrapper::tests::footer_first_lets_block_meta_freeze_immediately ... ok
[INFO] [stdout] test state_machine::tests::skipped_slot_discards_are_reclaimed_by_gc ... ok
[INFO] [stdout] 
[INFO] [stdout] test result: ok. 66 passed; 0 failed; 0 ignored; 0 measured; 0 filtered out; finished in 0.01s
[INFO] [stdout] 
[INFO] [stderr]    Doc-tests yellowstone_block_machine
[INFO] [stdout] 
[INFO] [stdout] running 1 test
[INFO] [stdout] test src/lib.rs - (line 50) - compile ... FAILED
[INFO] [stdout] 
[INFO] [stdout] failures:
[INFO] [stdout] 
[INFO] [stdout] ---- src/lib.rs - (line 50) stdout ----
[INFO] [stdout] error[E0433]: cannot find `dragonsmouth` in `yellowstone_block_machine`
[INFO] [stdout]    --> src/lib.rs:53:32
[INFO] [stdout]     |
[INFO] [stdout]  53 | use yellowstone_block_machine::dragonsmouth::client_ext::{BlockStreamEvent, GeyserGrpcExt};
[INFO] [stdout]     |                                ^^^^^^^^^^^^ could not find `dragonsmouth` in `yellowstone_block_machine`
[INFO] [stdout]     |
[INFO] [stdout] note: found an item that was configured out
[INFO] [stdout]    --> src/lib.rs:109:9
[INFO] [stdout]     |
[INFO] [stdout] 104 |   #[cfg(any(
[INFO] [stdout]     |  __________-
[INFO] [stdout] 105 | |     feature = "dragonsmouth",
[INFO] [stdout] 106 | |     feature = "dragonsmouth-thin",
[INFO] [stdout] 107 | |     feature = "test-tools"
[INFO] [stdout] 108 | | ))]
[INFO] [stdout]     | |_- the item is gated here
[INFO] [stdout] 109 |   pub mod dragonsmouth;
[INFO] [stdout]     |           ^^^^^^^^^^^^
[INFO] [stdout] 
[INFO] [stdout] error[E0433]: cannot find module or crate `yellowstone_grpc_proto` in this scope
[INFO] [stdout]   --> src/lib.rs:55:5
[INFO] [stdout]    |
[INFO] [stdout] 55 | use yellowstone_grpc_proto::geyser::{CommitmentLevel, SubscribeRequest};
[INFO] [stdout]    |     ^^^^^^^^^^^^^^^^^^^^^^ use of unresolved module or unlinked crate `yellowstone_grpc_proto`
[INFO] [stdout]    |
[INFO] [stdout]    = help: if you wanted to use a crate named `yellowstone_grpc_proto`, use `cargo add yellowstone_grpc_proto` to add it to your `Cargo.toml`
[INFO] [stdout] 
[INFO] [stdout] error[E0432]: unresolved import `yellowstone_grpc_client`
[INFO] [stdout]   --> src/lib.rs:54:5
[INFO] [stdout]    |
[INFO] [stdout] 54 | use yellowstone_grpc_client::GeyserGrpcBuilder;
[INFO] [stdout]    |     ^^^^^^^^^^^^^^^^^^^^^^^ use of unresolved module or unlinked crate `yellowstone_grpc_client`
[INFO] [stdout]    |
[INFO] [stdout]    = help: if you wanted to use a crate named `yellowstone_grpc_client`, use `cargo add yellowstone_grpc_client` to add it to your `Cargo.toml`
[INFO] [stdout] 
[INFO] [stdout] error[E0433]: cannot find module or crate `yellowstone_grpc_client` in this scope
[INFO] [stdout]   --> src/lib.rs:57:26
[INFO] [stdout]    |
[INFO] [stdout] 57 | async fn run(mut client: yellowstone_grpc_client::GeyserGrpcClient) {
[INFO] [stdout]    |                          ^^^^^^^^^^^^^^^^^^^^^^^ use of unresolved module or unlinked crate `yellowstone_grpc_client`
[INFO] [stdout]    |
[INFO] [stdout]    = help: if you wanted to use a crate named `yellowstone_grpc_client`, use `cargo add yellowstone_grpc_client` to add it to your `Cargo.toml`
[INFO] [stdout] 
[INFO] [stdout] error: aborting due to 4 previous errors
[INFO] [stdout] 
[INFO] [stdout] Some errors have detailed explanations: E0432, E0433.
[INFO] [stdout] For more information about an error, try `rustc --explain E0432`.
[INFO] [stdout] Couldn't compile the test.
[INFO] [stdout] 
[INFO] [stdout] failures:
[INFO] [stdout]     src/lib.rs - (line 50)
[INFO] [stdout] 
[INFO] [stdout] test result: FAILED. 0 passed; 1 failed; 0 ignored; 0 measured; 0 filtered out; finished in 0.05s
[INFO] [stdout] 
[INFO] [stdout] all doctests ran in 0.09s; merged doctests compilation took 0.05s
[INFO] [stderr] error: doctest failed, to rerun pass `--doc`
[INFO] running `Command { std: "docker" "inspect" "aa74bb1efc856f9dfc3bc328d241f841efd3e052b5fd2fe2ffd29981d2717f0b", kill_on_drop: false }`
[INFO] running `Command { std: "docker" "rm" "-f" "aa74bb1efc856f9dfc3bc328d241f841efd3e052b5fd2fe2ffd29981d2717f0b", kill_on_drop: false }`
[INFO] [stdout] aa74bb1efc856f9dfc3bc328d241f841efd3e052b5fd2fe2ffd29981d2717f0b
