[INFO] fetching crate yeelib_rs 0.1.1...
[INFO] testing yeelib_rs-0.1.1 against 1.99.0-beta.8+cargoflags=--release for beta-release-1.100-2
[INFO] extracting crate yeelib_rs 0.1.1 into /workspace/builds/worker-2-tc1/source
[INFO] started tweaking crates.io crate yeelib_rs 0.1.1
[INFO] finished tweaking crates.io crate yeelib_rs 0.1.1
[INFO] tweaked toml for crates.io crate yeelib_rs 0.1.1 written to /workspace/builds/worker-2-tc1/source/Cargo.toml
[INFO] validating manifest of crates.io crate yeelib_rs 0.1.1 on toolchain 1.99.0-beta.8
[INFO] running `Command { std: CARGO_HOME="/workspace/cargo-home" RUSTUP_HOME="/workspace/rustup-home" "/workspace/cargo-home/bin/cargo" "+1.99.0-beta.8" "metadata" "--manifest-path" "Cargo.toml" "--no-deps", kill_on_drop: false }`
[INFO] crate crates.io crate yeelib_rs 0.1.1 already has a lockfile, it will not be regenerated
[INFO] running `Command { std: CARGO_HOME="/workspace/cargo-home" RUSTUP_HOME="/workspace/rustup-home" "/workspace/cargo-home/bin/cargo" "+1.99.0-beta.8" "fetch" "--manifest-path" "Cargo.toml", kill_on_drop: false }`
[INFO] [stderr]  Downloading crates ...
[INFO] [stderr]   Downloaded serde_derive v1.0.118
[INFO] [stderr]   Downloaded quote v1.0.8
[INFO] [stderr]   Downloaded itoa v0.4.7
[INFO] [stderr]   Downloaded serde v1.0.118
[INFO] [stderr]   Downloaded fastrand v1.4.0
[INFO] [stderr]   Downloaded memchr v2.3.4
[INFO] [stderr]   Downloaded anyhow v1.0.37
[INFO] [stderr]   Downloaded serde_json v1.0.61
[INFO] [stderr]   Downloaded aho-corasick v0.7.15
[INFO] [stderr]   Downloaded syn v1.0.58
[INFO] [stderr]   Downloaded regex v1.4.2
[INFO] [stderr]   Downloaded regex-syntax v0.6.21
[INFO] running `Command { std: "docker" "create" "-v" "/var/lib/crater-agent-workspace/builds/worker-2-tc1/source:/opt/rustwide/workdir:ro,Z" "-v" "/var/lib/crater-agent-workspace/builds/worker-2-tc1/target:/opt/rustwide/target:rw,Z" "-v" "/var/lib/crater-agent-workspace/cargo-home:/opt/rustwide/cargo-home:ro,Z" "-v" "/var/lib/crater-agent-workspace/rustup-home:/opt/rustwide/rustup-home:ro,Z" "-m" "1610612736" "--network" "none" "ghcr.io/rust-lang/crates-build-env/linux@sha256:77db811e55d90add9212f6832c23229e3de5f1c1f9905e8cb07319ea15df73ac" "sleep" "infinity", kill_on_drop: false }`
[INFO] [stdout] 938feda6495254e1e76411ea6d9726d3eacc8bb9e125c38c51414db6b5e3c1ad
[INFO] running `Command { std: "docker" "start" "938feda6495254e1e76411ea6d9726d3eacc8bb9e125c38c51414db6b5e3c1ad", kill_on_drop: false }`
[INFO] running `Command { std: "docker" "inspect" "938feda6495254e1e76411ea6d9726d3eacc8bb9e125c38c51414db6b5e3c1ad", kill_on_drop: false }`
[INFO] running `Command { std: "docker" "exec" "-e" "SOURCE_DIR=/opt/rustwide/workdir" "-e" "CARGO_HOME=/opt/rustwide/cargo-home" "-e" "RUSTUP_HOME=/opt/rustwide/rustup-home" "-e" "CARGO_TARGET_DIR=/opt/rustwide/target" "-w" "/opt/rustwide/workdir" "--user" "0:0" "938feda6495254e1e76411ea6d9726d3eacc8bb9e125c38c51414db6b5e3c1ad" "/opt/rustwide/cargo-home/bin/cargo" "+1.99.0-beta.8" "metadata" "--no-deps" "--format-version=1", kill_on_drop: false }`
[INFO] running `Command { std: "docker" "inspect" "938feda6495254e1e76411ea6d9726d3eacc8bb9e125c38c51414db6b5e3c1ad", kill_on_drop: false }`
[INFO] running `Command { std: "docker" "exec" "-e" "SOURCE_DIR=/opt/rustwide/workdir" "-e" "CARGO_HOME=/opt/rustwide/cargo-home" "-e" "RUSTUP_HOME=/opt/rustwide/rustup-home" "-e" "CARGO_TARGET_DIR=/opt/rustwide/target" "-e" "CARGO_INCREMENTAL=0" "-e" "RUST_BACKTRACE=full" "-e" "RUSTFLAGS=--cap-lints=warn" "-e" "RUSTDOCFLAGS=--cap-lints=warn" "-w" "/opt/rustwide/workdir" "--user" "0:0" "938feda6495254e1e76411ea6d9726d3eacc8bb9e125c38c51414db6b5e3c1ad" "/opt/rustwide/cargo-home/bin/cargo" "+1.99.0-beta.8" "build" "--frozen" "--message-format=json" "--release", kill_on_drop: false }`
[INFO] [stderr]    Compiling proc-macro2 v1.0.24
[INFO] [stderr]    Compiling syn v1.0.58
[INFO] [stderr]    Compiling memchr v2.3.4
[INFO] [stderr]    Compiling serde_derive v1.0.118
[INFO] [stderr]    Compiling ryu v1.0.5
[INFO] [stderr]    Compiling serde v1.0.118
[INFO] [stderr]    Compiling serde_json v1.0.61
[INFO] [stderr]    Compiling httparse v1.3.4
[INFO] [stderr]    Compiling thread_local v1.0.1
[INFO] [stderr]    Compiling itoa v0.4.7
[INFO] [stderr]    Compiling regex-syntax v0.6.21
[INFO] [stderr]    Compiling fastrand v1.4.0
[INFO] [stderr]    Compiling aho-corasick v0.7.15
[INFO] [stderr]    Compiling quote v1.0.8
[INFO] [stderr]    Compiling regex v1.4.2
[INFO] [stderr]    Compiling yeelib_rs v0.1.1 (/opt/rustwide/workdir)
[INFO] [stdout] warning: unused imports: `Read` and `Write`
[INFO] [stdout]  --> src/bin/main.rs:1:15
[INFO] [stdout]   |
[INFO] [stdout] 1 | use std::io::{Read, Write};
[INFO] [stdout]   |               ^^^^  ^^^^^
[INFO] [stdout]   |
[INFO] [stdout]   = note: `#[warn(unused_imports)]` (part of `#[warn(unused)]`) on by default
[INFO] [stdout] 
[INFO] [stdout] 
[INFO] [stdout] warning: unused import: `std::net::TcpStream`
[INFO] [stdout]  --> src/bin/main.rs:2:5
[INFO] [stdout]   |
[INFO] [stdout] 2 | use std::net::TcpStream;
[INFO] [stdout]   |     ^^^^^^^^^^^^^^^^^^^
[INFO] [stdout] 
[INFO] [stdout] 
[INFO] [stdout] warning: unreachable expression
[INFO] [stdout]   --> src/bin/main.rs:82:5
[INFO] [stdout]    |
[INFO] [stdout] 25 | /     loop {
[INFO] [stdout] 26 | |         println!("dark");
[INFO] [stdout] 27 | |         let result = light.set_bright(1, Transition::sudden());
[INFO] [stdout] 28 | |         println!("{:?}", result);
[INFO] [stdout] ...  |
[INFO] [stdout] 62 | |         sleep(Duration::from_secs(4));
[INFO] [stdout] 63 | |     }
[INFO] [stdout]    | |_____- any code following this expression is unreachable
[INFO] [stdout] ...
[INFO] [stdout] 82 |       Ok(())
[INFO] [stdout]    |       ^^^^^^ unreachable expression
[INFO] [stdout]    |
[INFO] [stdout]    = note: `#[warn(unreachable_code)]` (part of `#[warn(unused)]`) on by default
[INFO] [stdout] 
[INFO] [stdout] 
[INFO] [stdout] warning: unused `Result` that must be used
[INFO] [stdout]   --> src/bin/main.rs:47:9
[INFO] [stdout]    |
[INFO] [stdout] 47 |         light.set_ct_abx(2700, Transition::sudden());
[INFO] [stdout]    |         ^^^^^^^^^^^^^^^^^^^^^^^^^^^^^^^^^^^^^^^^^^^^
[INFO] [stdout]    |
[INFO] [stdout]    = note: this `Result` may be an `Err` variant, which should be handled
[INFO] [stdout]    = note: `#[warn(unused_must_use)]` (part of `#[warn(unused)]`) on by default
[INFO] [stdout] help: use `let _ = ...` to ignore the resulting value
[INFO] [stdout]    |
[INFO] [stdout] 47 |         let _ = light.set_ct_abx(2700, Transition::sudden());
[INFO] [stdout]    |         +++++++
[INFO] [stdout] 
[INFO] [stdout] 
[INFO] [stdout] warning: unused `Result` that must be used
[INFO] [stdout]   --> src/bin/main.rs:51:9
[INFO] [stdout]    |
[INFO] [stdout] 51 |         light.set_ct_abx(6600, Transition::sudden());
[INFO] [stdout]    |         ^^^^^^^^^^^^^^^^^^^^^^^^^^^^^^^^^^^^^^^^^^^^
[INFO] [stdout]    |
[INFO] [stdout]    = note: this `Result` may be an `Err` variant, which should be handled
[INFO] [stdout] help: use `let _ = ...` to ignore the resulting value
[INFO] [stdout]    |
[INFO] [stdout] 51 |         let _ = light.set_ct_abx(6600, Transition::sudden());
[INFO] [stdout]    |         +++++++
[INFO] [stdout] 
[INFO] [stdout] 
[INFO] [stdout] warning: unused `Result` that must be used
[INFO] [stdout]   --> src/bin/main.rs:54:9
[INFO] [stdout]    |
[INFO] [stdout] 54 |         light.set_rgb(Rgb::new(30, 40, 50), Transition::Sudden);
[INFO] [stdout]    |         ^^^^^^^^^^^^^^^^^^^^^^^^^^^^^^^^^^^^^^^^^^^^^^^^^^^^^^^
[INFO] [stdout]    |
[INFO] [stdout]    = note: this `Result` may be an `Err` variant, which should be handled
[INFO] [stdout] help: use `let _ = ...` to ignore the resulting value
[INFO] [stdout]    |
[INFO] [stdout] 54 |         let _ = light.set_rgb(Rgb::new(30, 40, 50), Transition::Sudden);
[INFO] [stdout]    |         +++++++
[INFO] [stdout] 
[INFO] [stdout] 
[INFO] [stderr]     Finished `release` profile [optimized] target(s) in 22.19s
[INFO] running `Command { std: "docker" "inspect" "938feda6495254e1e76411ea6d9726d3eacc8bb9e125c38c51414db6b5e3c1ad", kill_on_drop: false }`
[INFO] running `Command { std: "docker" "exec" "-e" "SOURCE_DIR=/opt/rustwide/workdir" "-e" "CARGO_HOME=/opt/rustwide/cargo-home" "-e" "RUSTUP_HOME=/opt/rustwide/rustup-home" "-e" "CARGO_TARGET_DIR=/opt/rustwide/target" "-e" "CARGO_INCREMENTAL=0" "-e" "RUST_BACKTRACE=full" "-e" "RUSTFLAGS=--cap-lints=warn" "-e" "RUSTDOCFLAGS=--cap-lints=warn" "-w" "/opt/rustwide/workdir" "--user" "0:0" "938feda6495254e1e76411ea6d9726d3eacc8bb9e125c38c51414db6b5e3c1ad" "/opt/rustwide/cargo-home/bin/cargo" "+1.99.0-beta.8" "test" "--frozen" "--no-run" "--message-format=json" "--release", kill_on_drop: false }`
[INFO] [stderr]    Compiling anyhow v1.0.37
[INFO] [stderr]    Compiling yeelib_rs v0.1.1 (/opt/rustwide/workdir)
[INFO] [stdout] warning: unused imports: `Read` and `Write`
[INFO] [stdout]  --> src/bin/main.rs:1:15
[INFO] [stdout]   |
[INFO] [stdout] 1 | use std::io::{Read, Write};
[INFO] [stdout]   |               ^^^^  ^^^^^
[INFO] [stdout]   |
[INFO] [stdout]   = note: `#[warn(unused_imports)]` (part of `#[warn(unused)]`) on by default
[INFO] [stdout] 
[INFO] [stdout] 
[INFO] [stdout] warning: unused import: `std::net::TcpStream`
[INFO] [stdout]  --> src/bin/main.rs:2:5
[INFO] [stdout]   |
[INFO] [stdout] 2 | use std::net::TcpStream;
[INFO] [stdout]   |     ^^^^^^^^^^^^^^^^^^^
[INFO] [stdout] 
[INFO] [stdout] 
[INFO] [stdout] warning: unreachable expression
[INFO] [stdout]   --> src/bin/main.rs:82:5
[INFO] [stdout]    |
[INFO] [stdout] 25 | /     loop {
[INFO] [stdout] 26 | |         println!("dark");
[INFO] [stdout] 27 | |         let result = light.set_bright(1, Transition::sudden());
[INFO] [stdout] 28 | |         println!("{:?}", result);
[INFO] [stdout] ...  |
[INFO] [stdout] 62 | |         sleep(Duration::from_secs(4));
[INFO] [stdout] 63 | |     }
[INFO] [stdout]    | |_____- any code following this expression is unreachable
[INFO] [stdout] ...
[INFO] [stdout] 82 |       Ok(())
[INFO] [stdout]    |       ^^^^^^ unreachable expression
[INFO] [stdout]    |
[INFO] [stdout]    = note: `#[warn(unreachable_code)]` (part of `#[warn(unused)]`) on by default
[INFO] [stdout] 
[INFO] [stdout] 
[INFO] [stdout] warning: unused `Result` that must be used
[INFO] [stdout]   --> src/bin/main.rs:47:9
[INFO] [stdout]    |
[INFO] [stdout] 47 |         light.set_ct_abx(2700, Transition::sudden());
[INFO] [stdout]    |         ^^^^^^^^^^^^^^^^^^^^^^^^^^^^^^^^^^^^^^^^^^^^
[INFO] [stdout]    |
[INFO] [stdout]    = note: this `Result` may be an `Err` variant, which should be handled
[INFO] [stdout]    = note: `#[warn(unused_must_use)]` (part of `#[warn(unused)]`) on by default
[INFO] [stdout] help: use `let _ = ...` to ignore the resulting value
[INFO] [stdout]    |
[INFO] [stdout] 47 |         let _ = light.set_ct_abx(2700, Transition::sudden());
[INFO] [stdout]    |         +++++++
[INFO] [stdout] 
[INFO] [stdout] 
[INFO] [stdout] warning: unused `Result` that must be used
[INFO] [stdout]   --> src/bin/main.rs:51:9
[INFO] [stdout]    |
[INFO] [stdout] 51 |         light.set_ct_abx(6600, Transition::sudden());
[INFO] [stdout]    |         ^^^^^^^^^^^^^^^^^^^^^^^^^^^^^^^^^^^^^^^^^^^^
[INFO] [stdout]    |
[INFO] [stdout]    = note: this `Result` may be an `Err` variant, which should be handled
[INFO] [stdout] help: use `let _ = ...` to ignore the resulting value
[INFO] [stdout]    |
[INFO] [stdout] 51 |         let _ = light.set_ct_abx(6600, Transition::sudden());
[INFO] [stdout]    |         +++++++
[INFO] [stdout] 
[INFO] [stdout] 
[INFO] [stdout] warning: unused `Result` that must be used
[INFO] [stdout]   --> src/bin/main.rs:54:9
[INFO] [stdout]    |
[INFO] [stdout] 54 |         light.set_rgb(Rgb::new(30, 40, 50), Transition::Sudden);
[INFO] [stdout]    |         ^^^^^^^^^^^^^^^^^^^^^^^^^^^^^^^^^^^^^^^^^^^^^^^^^^^^^^^
[INFO] [stdout]    |
[INFO] [stdout]    = note: this `Result` may be an `Err` variant, which should be handled
[INFO] [stdout] help: use `let _ = ...` to ignore the resulting value
[INFO] [stdout]    |
[INFO] [stdout] 54 |         let _ = light.set_rgb(Rgb::new(30, 40, 50), Transition::Sudden);
[INFO] [stdout]    |         +++++++
[INFO] [stdout] 
[INFO] [stdout] 
[INFO] [stdout] warning: unused import: `super::*`
[INFO] [stdout]   --> src/req.rs:72:9
[INFO] [stdout]    |
[INFO] [stdout] 72 |     use super::*;
[INFO] [stdout]    |         ^^^^^^^^
[INFO] [stdout]    |
[INFO] [stdout]    = note: `#[warn(unused_imports)]` (part of `#[warn(unused)]`) on by default
[INFO] [stdout] 
[INFO] [stdout] 
[INFO] [stderr]     Finished `release` profile [optimized] target(s) in 2.88s
[INFO] running `Command { std: "docker" "inspect" "938feda6495254e1e76411ea6d9726d3eacc8bb9e125c38c51414db6b5e3c1ad", kill_on_drop: false }`
[INFO] running `Command { std: "docker" "exec" "-e" "SOURCE_DIR=/opt/rustwide/workdir" "-e" "CARGO_HOME=/opt/rustwide/cargo-home" "-e" "RUSTUP_HOME=/opt/rustwide/rustup-home" "-e" "CARGO_TARGET_DIR=/opt/rustwide/target" "-e" "CARGO_INCREMENTAL=0" "-e" "RUST_BACKTRACE=full" "-e" "RUSTFLAGS=--cap-lints=warn" "-e" "RUSTDOCFLAGS=--cap-lints=warn" "-w" "/opt/rustwide/workdir" "--user" "0:0" "938feda6495254e1e76411ea6d9726d3eacc8bb9e125c38c51414db6b5e3c1ad" "/opt/rustwide/cargo-home/bin/cargo" "+1.99.0-beta.8" "test" "--frozen" "--release", kill_on_drop: false }`
[INFO] [stderr] warning: unused imports: `Read` and `Write`
[INFO] [stderr]  --> src/bin/main.rs:1:15
[INFO] [stderr]   |
[INFO] [stderr] 1 | use std::io::{Read, Write};
[INFO] [stderr]   |               ^^^^  ^^^^^
[INFO] [stderr]   |
[INFO] [stderr]   = note: `#[warn(unused_imports)]` (part of `#[warn(unused)]`) on by default
[INFO] [stderr] 
[INFO] [stderr] warning: unused import: `std::net::TcpStream`
[INFO] [stderr]  --> src/bin/main.rs:2:5
[INFO] [stderr]   |
[INFO] [stderr] 2 | use std::net::TcpStream;
[INFO] [stderr]   |     ^^^^^^^^^^^^^^^^^^^
[INFO] [stderr] 
[INFO] [stderr] warning: unreachable expression
[INFO] [stderr]   --> src/bin/main.rs:82:5
[INFO] [stderr]    |
[INFO] [stderr] 25 | /     loop {
[INFO] [stderr] 26 | |         println!("dark");
[INFO] [stderr] 27 | |         let result = light.set_bright(1, Transition::sudden());
[INFO] [stderr] 28 | |         println!("{:?}", result);
[INFO] [stderr] ...  |
[INFO] [stderr] 62 | |         sleep(Duration::from_secs(4));
[INFO] [stderr] 63 | |     }
[INFO] [stderr]    | |_____- any code following this expression is unreachable
[INFO] [stderr] ...
[INFO] [stderr] 82 |       Ok(())
[INFO] [stderr]    |       ^^^^^^ unreachable expression
[INFO] [stderr]    |
[INFO] [stderr]    = note: `#[warn(unreachable_code)]` (part of `#[warn(unused)]`) on by default
[INFO] [stderr] 
[INFO] [stderr] warning: unused `Result` that must be used
[INFO] [stderr]   --> src/bin/main.rs:47:9
[INFO] [stderr]    |
[INFO] [stderr] 47 |         light.set_ct_abx(2700, Transition::sudden());
[INFO] [stderr]    |         ^^^^^^^^^^^^^^^^^^^^^^^^^^^^^^^^^^^^^^^^^^^^
[INFO] [stderr]    |
[INFO] [stderr]    = note: this `Result` may be an `Err` variant, which should be handled
[INFO] [stderr]    = note: `#[warn(unused_must_use)]` (part of `#[warn(unused)]`) on by default
[INFO] [stderr] help: use `let _ = ...` to ignore the resulting value
[INFO] [stderr]    |
[INFO] [stderr] 47 |         let _ = light.set_ct_abx(2700, Transition::sudden());
[INFO] [stderr]    |         +++++++
[INFO] [stderr] 
[INFO] [stderr] warning: unused `Result` that must be used
[INFO] [stderr]   --> src/bin/main.rs:51:9
[INFO] [stderr]    |
[INFO] [stderr] 51 |         light.set_ct_abx(6600, Transition::sudden());
[INFO] [stderr]    |         ^^^^^^^^^^^^^^^^^^^^^^^^^^^^^^^^^^^^^^^^^^^^
[INFO] [stderr]    |
[INFO] [stderr]    = note: this `Result` may be an `Err` variant, which should be handled
[INFO] [stderr] help: use `let _ = ...` to ignore the resulting value
[INFO] [stderr]    |
[INFO] [stderr] 51 |         let _ = light.set_ct_abx(6600, Transition::sudden());
[INFO] [stderr]    |         +++++++
[INFO] [stderr] 
[INFO] [stderr] warning: unused `Result` that must be used
[INFO] [stderr]   --> src/bin/main.rs:54:9
[INFO] [stderr]    |
[INFO] [stderr] 54 |         light.set_rgb(Rgb::new(30, 40, 50), Transition::Sudden);
[INFO] [stderr]    |         ^^^^^^^^^^^^^^^^^^^^^^^^^^^^^^^^^^^^^^^^^^^^^^^^^^^^^^^
[INFO] [stderr]    |
[INFO] [stderr]    = note: this `Result` may be an `Err` variant, which should be handled
[INFO] [stderr] help: use `let _ = ...` to ignore the resulting value
[INFO] [stderr]    |
[INFO] [stderr] 54 |         let _ = light.set_rgb(Rgb::new(30, 40, 50), Transition::Sudden);
[INFO] [stderr]    |         +++++++
[INFO] [stderr] 
[INFO] [stderr] warning: `yeelib_rs` (bin "main" test) generated 6 warnings (run `cargo fix --bin "main" -p yeelib_rs --tests` to apply 2 suggestions)
[INFO] [stderr] warning: unused import: `super::*`
[INFO] [stderr]   --> src/req.rs:72:9
[INFO] [stderr]    |
[INFO] [stderr] 72 |     use super::*;
[INFO] [stderr]    |         ^^^^^^^^
[INFO] [stderr]    |
[INFO] [stderr]    = note: `#[warn(unused_imports)]` (part of `#[warn(unused)]`) on by default
[INFO] [stderr] 
[INFO] [stderr] warning: `yeelib_rs` (lib test) generated 1 warning (run `cargo fix --lib -p yeelib_rs --tests` to apply 1 suggestion)
[INFO] [stderr]     Finished `release` profile [optimized] target(s) in 0.04s
[INFO] [stderr]      Running unittests src/lib.rs (/opt/rustwide/target/release/deps/yeelib_rs-14de3fc3074af83a)
[INFO] [stdout] 
[INFO] [stdout] running 43 tests
[INFO] [stdout] test light::tests::correctly_connects ... ok
[INFO] [stdout] test fields::tests::incorrect_parse_color_mode ... ok
[INFO] [stdout] test fields::tests::correct_parse_rgb ... ok
[INFO] [stdout] test fields::tests::incorrect_parse_rgb ... ok
[INFO] [stdout] test fields::tests::correct_parse_power_status ... ok
[INFO] [stdout] test fields::tests::correct_parse_color_mode ... ok
[INFO] [stdout] test err::tests::it_works ... ok
[INFO] [stdout] test light::tests::get_correct_support ... ok
[INFO] [stdout] test light::tests::get_correct_location ... ok
[INFO] [stdout] test light::tests::test_get_parse::color_mode ... ok
[INFO] [stdout] test light::tests::test_get_parse::hue ... ok
[INFO] [stdout] test light::tests::test_get_parse::ct ... ok
[INFO] [stdout] test light::tests::test_get_parse::name ... ok
[INFO] [stdout] test light::tests::test_get_parse::power ... ok
[INFO] [stdout] test light::tests::test_get_parse::id ... ok
[INFO] [stdout] test light::tests::test_get_parse::model ... ok
[INFO] [stdout] test light::tests::test_get_parse::rgb ... ok
[INFO] [stdout] test light::tests::test_parse_fail::color_mode ... ok
[INFO] [stdout] test light::tests::test_parse_fail::ct ... ok
[INFO] [stdout] test light::tests::test_parse_fail::fw_ver ... ok
[INFO] [stdout] test light::tests::test_parse_fail::id ... ok
[INFO] [stdout] test light::tests::send_correct_req ... ok
[INFO] [stdout] test light::tests::test_get_parse::bright ... ok
[INFO] [stdout] test light::tests::test_parse_fail::model ... ok
[INFO] [stdout] test light::tests::test_get_parse::fw_ver ... ok
[INFO] [stdout] test light::tests::test_get_parse::sat ... ok
[INFO] [stdout] test light::tests::test_parse_fail::hue ... ok
[INFO] [stdout] test light::tests::test_parse_fail::sat ... ok
[INFO] [stdout] test fields::tests::incorrect_parse_power_status ... ok
[INFO] [stdout] test light::tests::test_parse_fail::name ... ok
[INFO] [stdout] test req::tests::test ... ok
[INFO] [stdout] test light::tests::test_parse_fail::power ... ok
[INFO] [stdout] test light::tests::test_parse_fail::support ... ok
[INFO] [stdout] test light::tests::test_parse_fail::rgb ... ok
[INFO] [stdout] test light::tests::test_parse_fail::bright ... ok
[INFO] [stdout] test tests::is_multicast ... ok
[INFO] [stdout] test tests::create_default_client ... FAILED
[INFO] [stdout] test tests::create_valid_client ... FAILED
[INFO] [stdout] test tests::create_with_invalid_multicast ... ok
[INFO] [stdout] test tests::return_no_duplicate_lights ... ok
[INFO] [stdout] test tests::find_correct_lights_and_initialized ... ok
[INFO] [stdout] test tests::send_correct_message ... ok
[INFO] [stdout] test tests::discard_missing_field_response ... ok
[INFO] [stdout] 
[INFO] [stdout] failures:
[INFO] [stdout] 
[INFO] [stdout] ---- tests::create_default_client stdout ----
[INFO] [stdout] 
[INFO] [stdout] thread 'tests::create_default_client' (698) panicked at src/lib.rs:182:9:
[INFO] [stdout] assertion failed: client.is_ok()
[INFO] [stdout] stack backtrace:
[INFO] [stdout]    0:     0x5ab35e8e3111 - <<std[70759c8f55707aa4]::sys::backtrace::BacktraceLock>::print::DisplayBacktrace as core[df12db4294e9bfd3]::fmt::Display>::fmt
[INFO] [stdout]    1:     0x5ab35e8f8f8a - core[df12db4294e9bfd3]::fmt::write
[INFO] [stdout]    2:     0x5ab35e8e765c - <alloc[2182bb758b4b3781]::vec::Vec<u8> as core[df12db4294e9bfd3]::io::write::Write>::write_fmt
[INFO] [stdout]    3:     0x5ab35e8beb26 - std[70759c8f55707aa4]::panicking::default_hook::{closure#0}
[INFO] [stdout]    4:     0x5ab35e8db289 - std[70759c8f55707aa4]::panicking::default_hook
[INFO] [stdout]    5:     0x5ab35e7fd800 - test[9d35eded1c95d3be]::test_main_inner::<test[9d35eded1c95d3be]::test_main_static::{closure#0}>::{closure#0}
[INFO] [stdout]    6:     0x5ab35e8db442 - std[70759c8f55707aa4]::panicking::panic_with_hook
[INFO] [stdout]    7:     0x5ab35e8bec04 - std[70759c8f55707aa4]::panicking::panic_handler::{closure#0}
[INFO] [stdout]    8:     0x5ab35e8b7929 - std[70759c8f55707aa4]::sys::backtrace::__rust_end_short_backtrace::<std[70759c8f55707aa4]::panicking::panic_handler::{closure#0}, !>
[INFO] [stdout]    9:     0x5ab35e8bf7cd - __rustc[8fa7c3cbc660c2b3]::rust_begin_unwind
[INFO] [stdout]   10:     0x5ab35e8f96ec - core[df12db4294e9bfd3]::panicking::panic_fmt
[INFO] [stdout]   11:     0x5ab35e8f96b2 - core[df12db4294e9bfd3]::panicking::panic
[INFO] [stdout]   12:     0x5ab35e7edfc0 - yeelib_rs[b90e9c91ee9b0ab4]::tests::create_default_client
[INFO] [stdout]   13:     0x5ab35e7eb5b9 - <yeelib_rs[b90e9c91ee9b0ab4]::tests::create_default_client::{closure#0} as core[df12db4294e9bfd3]::ops::function::FnOnce<()>>::call_once
[INFO] [stdout]   14:     0x5ab35e7f0aeb - test[9d35eded1c95d3be]::__rust_begin_short_backtrace::<core[df12db4294e9bfd3]::result::Result<(), alloc[2182bb758b4b3781]::string::String>, fn() -> core[df12db4294e9bfd3]::result::Result<(), alloc[2182bb758b4b3781]::string::String>>
[INFO] [stdout]   15:     0x5ab35e7fe155 - test[9d35eded1c95d3be]::run_test::{closure#0}
[INFO] [stdout]   16:     0x5ab35e7f7a14 - std[70759c8f55707aa4]::sys::backtrace::__rust_begin_short_backtrace::<test[9d35eded1c95d3be]::run_test::{closure#1}, ()>
[INFO] [stdout]   17:     0x5ab35e8012b2 - <std[70759c8f55707aa4]::thread::lifecycle::spawn_unchecked<test[9d35eded1c95d3be]::run_test::{closure#1}, ()>::{closure#1} as core[df12db4294e9bfd3]::ops::function::FnOnce<()>>::call_once::{shim:vtable#0}
[INFO] [stdout]   18:     0x5ab35e8e2479 - <std[70759c8f55707aa4]::sys::thread::unix::Thread>::new::thread_start
[INFO] [stdout]   19:     0x7602b8455dfa - <unknown>
[INFO] [stdout]   20:     0x7602b84e93d4 - clone
[INFO] [stdout]   21:                0x0 - <unknown>
[INFO] [stdout] 
[INFO] [stdout] ---- tests::create_valid_client stdout ----
[INFO] [stdout] 
[INFO] [stdout] thread 'tests::create_valid_client' (699) panicked at src/lib.rs:165:9:
[INFO] [stdout] assertion failed: client.is_ok()
[INFO] [stdout] stack backtrace:
[INFO] [stdout]    0:     0x5ab35e8e3111 - <<std[70759c8f55707aa4]::sys::backtrace::BacktraceLock>::print::DisplayBacktrace as core[df12db4294e9bfd3]::fmt::Display>::fmt
[INFO] [stdout]    1:     0x5ab35e8f8f8a - core[df12db4294e9bfd3]::fmt::write
[INFO] [stdout]    2:     0x5ab35e8e765c - <alloc[2182bb758b4b3781]::vec::Vec<u8> as core[df12db4294e9bfd3]::io::write::Write>::write_fmt
[INFO] [stdout]    3:     0x5ab35e8beb26 - std[70759c8f55707aa4]::panicking::default_hook::{closure#0}
[INFO] [stdout]    4:     0x5ab35e8db289 - std[70759c8f55707aa4]::panicking::default_hook
[INFO] [stdout]    5:     0x5ab35e7fd800 - test[9d35eded1c95d3be]::test_main_inner::<test[9d35eded1c95d3be]::test_main_static::{closure#0}>::{closure#0}
[INFO] [stdout]    6:     0x5ab35e8db442 - std[70759c8f55707aa4]::panicking::panic_with_hook
[INFO] [stdout]    7:     0x5ab35e8bec04 - std[70759c8f55707aa4]::panicking::panic_handler::{closure#0}
[INFO] [stdout]    8:     0x5ab35e8b7929 - std[70759c8f55707aa4]::sys::backtrace::__rust_end_short_backtrace::<std[70759c8f55707aa4]::panicking::panic_handler::{closure#0}, !>
[INFO] [stdout]    9:     0x5ab35e8bf7cd - __rustc[8fa7c3cbc660c2b3]::rust_begin_unwind
[INFO] [stdout]   10:     0x5ab35e8f96ec - core[df12db4294e9bfd3]::panicking::panic_fmt
[INFO] [stdout]   11:     0x5ab35e8f96b2 - core[df12db4294e9bfd3]::panicking::panic
[INFO] [stdout]   12:     0x5ab35e7ed619 - yeelib_rs[b90e9c91ee9b0ab4]::tests::create_valid_client
[INFO] [stdout]   13:     0x5ab35e7eb4e9 - <yeelib_rs[b90e9c91ee9b0ab4]::tests::create_valid_client::{closure#0} as core[df12db4294e9bfd3]::ops::function::FnOnce<()>>::call_once
[INFO] [stdout]   14:     0x5ab35e7f0aeb - test[9d35eded1c95d3be]::__rust_begin_short_backtrace::<core[df12db4294e9bfd3]::result::Result<(), alloc[2182bb758b4b3781]::string::String>, fn() -> core[df12db4294e9bfd3]::result::Result<(), alloc[2182bb758b4b3781]::string::String>>
[INFO] [stdout]   15:     0x5ab35e7fe155 - test[9d35eded1c95d3be]::run_test::{closure#0}
[INFO] [stdout]   16:     0x5ab35e7f7a14 - std[70759c8f55707aa4]::sys::backtrace::__rust_begin_short_backtrace::<test[9d35eded1c95d3be]::run_test::{closure#1}, ()>
[INFO] [stdout]   17:     0x5ab35e8012b2 - <std[70759c8f55707aa4]::thread::lifecycle::spawn_unchecked<test[9d35eded1c95d3be]::run_test::{closure#1}, ()>::{closure#1} as core[df12db4294e9bfd3]::ops::function::FnOnce<()>>::call_once::{shim:vtable#0}
[INFO] [stdout]   18:     0x5ab35e8e2479 - <std[70759c8f55707aa4]::sys::thread::unix::Thread>::new::thread_start
[INFO] [stdout]   19:     0x7602b8455dfa - <unknown>
[INFO] [stdout]   20:     0x7602b84e93d4 - clone
[INFO] [stdout]   21:                0x0 - <unknown>
[INFO] [stdout] 
[INFO] [stdout] 
[INFO] [stdout] failures:
[INFO] [stdout]     tests::create_default_client
[INFO] [stdout]     tests::create_valid_client
[INFO] [stdout] 
[INFO] [stdout] test result: FAILED. 41 passed; 2 failed; 0 ignored; 0 measured; 0 filtered out; finished in 0.51s
[INFO] [stdout] 
[INFO] [stderr] error: test failed, to rerun pass `--lib`
[INFO] running `Command { std: "docker" "inspect" "938feda6495254e1e76411ea6d9726d3eacc8bb9e125c38c51414db6b5e3c1ad", kill_on_drop: false }`
[INFO] running `Command { std: "docker" "rm" "-f" "938feda6495254e1e76411ea6d9726d3eacc8bb9e125c38c51414db6b5e3c1ad", kill_on_drop: false }`
[INFO] [stdout] 938feda6495254e1e76411ea6d9726d3eacc8bb9e125c38c51414db6b5e3c1ad
