[INFO] fetching crate ydp-gen 0.1.0-alpha.2...
[INFO] testing ydp-gen-0.1.0-alpha.2 against 1.100.0-beta.1+cargoflags=--release for beta-release-1.100-2
[INFO] extracting crate ydp-gen 0.1.0-alpha.2 into /workspace/builds/worker-2-tc2/source
[INFO] started tweaking crates.io crate ydp-gen 0.1.0-alpha.2
[INFO] removed 0 missing tests
[INFO] finished tweaking crates.io crate ydp-gen 0.1.0-alpha.2
[INFO] tweaked toml for crates.io crate ydp-gen 0.1.0-alpha.2 written to /workspace/builds/worker-2-tc2/source/Cargo.toml
[INFO] validating manifest of crates.io crate ydp-gen 0.1.0-alpha.2 on toolchain 1.100.0-beta.1
[INFO] running `Command { std: CARGO_HOME="/workspace/cargo-home" RUSTUP_HOME="/workspace/rustup-home" "/workspace/cargo-home/bin/cargo" "+1.100.0-beta.1" "metadata" "--manifest-path" "Cargo.toml" "--no-deps", kill_on_drop: false }`
[INFO] crate crates.io crate ydp-gen 0.1.0-alpha.2 already has a lockfile, it will not be regenerated
[INFO] running `Command { std: CARGO_HOME="/workspace/cargo-home" RUSTUP_HOME="/workspace/rustup-home" "/workspace/cargo-home/bin/cargo" "+1.100.0-beta.1" "fetch" "--manifest-path" "Cargo.toml", kill_on_drop: false }`
[INFO] [stderr] warning: `package.homepage` is redundant with `package.repository`
[INFO] [stderr]   --> Cargo.toml:62:12
[INFO] [stderr]    |
[INFO] [stderr] 62 | homepage = "https://github.com/yitao2/ydp"
[INFO] [stderr]    |            ^^^^^^^^^^^^^^^^^^^^^^^^^^^^^^^
[INFO] [stderr] ...
[INFO] [stderr] 67 | repository = "https://github.com/yitao2/ydp"
[INFO] [stderr]    |              -------------------------------
[INFO] [stderr]    |
[INFO] [stderr]    = note: `cargo::redundant_homepage` is set to `warn` by default
[INFO] [stderr] help: consider removing `package.homepage`
[INFO] [stderr] warning: `ydp-gen` (manifest) generated 1 warning
[INFO] running `Command { std: "docker" "create" "-v" "/var/lib/crater-agent-workspace/builds/worker-2-tc2/source:/opt/rustwide/workdir:ro,Z" "-v" "/var/lib/crater-agent-workspace/builds/worker-2-tc2/target:/opt/rustwide/target:rw,Z" "-v" "/var/lib/crater-agent-workspace/cargo-home:/opt/rustwide/cargo-home:ro,Z" "-v" "/var/lib/crater-agent-workspace/rustup-home:/opt/rustwide/rustup-home:ro,Z" "-m" "1610612736" "--network" "none" "ghcr.io/rust-lang/crates-build-env/linux@sha256:77db811e55d90add9212f6832c23229e3de5f1c1f9905e8cb07319ea15df73ac" "sleep" "infinity", kill_on_drop: false }`
[INFO] [stdout] f7668f5e2dbea6349fcebba28604496dc93c360c1c84a6bd47a40c5806034747
[INFO] running `Command { std: "docker" "start" "f7668f5e2dbea6349fcebba28604496dc93c360c1c84a6bd47a40c5806034747", kill_on_drop: false }`
[INFO] running `Command { std: "docker" "inspect" "f7668f5e2dbea6349fcebba28604496dc93c360c1c84a6bd47a40c5806034747", kill_on_drop: false }`
[INFO] running `Command { std: "docker" "exec" "-e" "SOURCE_DIR=/opt/rustwide/workdir" "-e" "CARGO_HOME=/opt/rustwide/cargo-home" "-e" "RUSTUP_HOME=/opt/rustwide/rustup-home" "-e" "CARGO_TARGET_DIR=/opt/rustwide/target" "-w" "/opt/rustwide/workdir" "--user" "0:0" "f7668f5e2dbea6349fcebba28604496dc93c360c1c84a6bd47a40c5806034747" "/opt/rustwide/cargo-home/bin/cargo" "+1.100.0-beta.1" "metadata" "--no-deps" "--format-version=1", kill_on_drop: false }`
[INFO] running `Command { std: "docker" "inspect" "f7668f5e2dbea6349fcebba28604496dc93c360c1c84a6bd47a40c5806034747", kill_on_drop: false }`
[INFO] running `Command { std: "docker" "exec" "-e" "SOURCE_DIR=/opt/rustwide/workdir" "-e" "CARGO_HOME=/opt/rustwide/cargo-home" "-e" "RUSTUP_HOME=/opt/rustwide/rustup-home" "-e" "CARGO_TARGET_DIR=/opt/rustwide/target" "-e" "CARGO_INCREMENTAL=0" "-e" "RUST_BACKTRACE=full" "-e" "RUSTFLAGS=--cap-lints=warn" "-e" "RUSTDOCFLAGS=--cap-lints=warn" "-w" "/opt/rustwide/workdir" "--user" "0:0" "f7668f5e2dbea6349fcebba28604496dc93c360c1c84a6bd47a40c5806034747" "/opt/rustwide/cargo-home/bin/cargo" "+1.100.0-beta.1" "build" "--frozen" "--message-format=json" "--release", kill_on_drop: false }`
[INFO] [stderr] warning: `package.homepage` is redundant with `package.repository`
[INFO] [stderr]   --> Cargo.toml:62:12
[INFO] [stderr]    |
[INFO] [stderr] 62 | homepage = "https://github.com/yitao2/ydp"
[INFO] [stderr]    |            ^^^^^^^^^^^^^^^^^^^^^^^^^^^^^^^
[INFO] [stderr] ...
[INFO] [stderr] 67 | repository = "https://github.com/yitao2/ydp"
[INFO] [stderr]    |              -------------------------------
[INFO] [stderr]    |
[INFO] [stderr]    = note: `cargo::redundant_homepage` is set to `warn` by default
[INFO] [stderr] help: consider removing `package.homepage`
[INFO] [stderr] warning: `ydp-gen` (manifest) generated 1 warning
[INFO] [stderr]    Compiling proc-macro2 v1.0.107
[INFO] [stderr]    Compiling quote v1.0.47
[INFO] [stderr]    Compiling prettyplease v0.2.37
[INFO] [stderr]    Compiling heck v0.5.0
[INFO] [stderr]    Compiling syn v3.0.5
[INFO] [stderr]    Compiling serde_json v1.0.151
[INFO] [stderr]    Compiling toml v0.9.12+spec-1.1.0
[INFO] [stderr]    Compiling sha2 v0.10.9
[INFO] [stderr]    Compiling syn v2.0.119
[INFO] [stderr]    Compiling thiserror-impl v2.0.20
[INFO] [stderr]    Compiling serde_derive v1.0.229
[INFO] [stderr]    Compiling thiserror v2.0.20
[INFO] [stderr]    Compiling serde v1.0.229
[INFO] [stderr]    Compiling ydp-gen v0.1.0-alpha.2 (/opt/rustwide/workdir)
[INFO] [stderr]     Finished `release` profile [optimized] target(s) in 42.25s
[INFO] running `Command { std: "docker" "inspect" "f7668f5e2dbea6349fcebba28604496dc93c360c1c84a6bd47a40c5806034747", kill_on_drop: false }`
[INFO] running `Command { std: "docker" "exec" "-e" "SOURCE_DIR=/opt/rustwide/workdir" "-e" "CARGO_HOME=/opt/rustwide/cargo-home" "-e" "RUSTUP_HOME=/opt/rustwide/rustup-home" "-e" "CARGO_TARGET_DIR=/opt/rustwide/target" "-e" "CARGO_INCREMENTAL=0" "-e" "RUST_BACKTRACE=full" "-e" "RUSTFLAGS=--cap-lints=warn" "-e" "RUSTDOCFLAGS=--cap-lints=warn" "-w" "/opt/rustwide/workdir" "--user" "0:0" "f7668f5e2dbea6349fcebba28604496dc93c360c1c84a6bd47a40c5806034747" "/opt/rustwide/cargo-home/bin/cargo" "+1.100.0-beta.1" "test" "--frozen" "--no-run" "--message-format=json" "--release", kill_on_drop: false }`
[INFO] [stderr] warning: `package.homepage` is redundant with `package.repository`
[INFO] [stderr]   --> Cargo.toml:62:12
[INFO] [stderr]    |
[INFO] [stderr] 62 | homepage = "https://github.com/yitao2/ydp"
[INFO] [stderr]    |            ^^^^^^^^^^^^^^^^^^^^^^^^^^^^^^^
[INFO] [stderr] ...
[INFO] [stderr] 67 | repository = "https://github.com/yitao2/ydp"
[INFO] [stderr]    |              -------------------------------
[INFO] [stderr]    |
[INFO] [stderr]    = note: `cargo::redundant_homepage` is set to `warn` by default
[INFO] [stderr] help: consider removing `package.homepage`
[INFO] [stderr] warning: `ydp-gen` (manifest) generated 1 warning
[INFO] [stderr]    Compiling getrandom v0.4.3
[INFO] [stderr]    Compiling tempfile v3.27.0
[INFO] [stderr]    Compiling ydp-gen v0.1.0-alpha.2 (/opt/rustwide/workdir)
[INFO] [stderr]     Finished `release` profile [optimized] target(s) in 7.79s
[INFO] running `Command { std: "docker" "inspect" "f7668f5e2dbea6349fcebba28604496dc93c360c1c84a6bd47a40c5806034747", kill_on_drop: false }`
[INFO] running `Command { std: "docker" "exec" "-e" "SOURCE_DIR=/opt/rustwide/workdir" "-e" "CARGO_HOME=/opt/rustwide/cargo-home" "-e" "RUSTUP_HOME=/opt/rustwide/rustup-home" "-e" "CARGO_TARGET_DIR=/opt/rustwide/target" "-e" "CARGO_INCREMENTAL=0" "-e" "RUST_BACKTRACE=full" "-e" "RUSTFLAGS=--cap-lints=warn" "-e" "RUSTDOCFLAGS=--cap-lints=warn" "-w" "/opt/rustwide/workdir" "--user" "0:0" "f7668f5e2dbea6349fcebba28604496dc93c360c1c84a6bd47a40c5806034747" "/opt/rustwide/cargo-home/bin/cargo" "+1.100.0-beta.1" "test" "--frozen" "--release", kill_on_drop: false }`
[INFO] [stderr] warning: `package.homepage` is redundant with `package.repository`
[INFO] [stderr]   --> Cargo.toml:62:12
[INFO] [stderr]    |
[INFO] [stderr] 62 | homepage = "https://github.com/yitao2/ydp"
[INFO] [stderr]    |            ^^^^^^^^^^^^^^^^^^^^^^^^^^^^^^^
[INFO] [stderr] ...
[INFO] [stderr] 67 | repository = "https://github.com/yitao2/ydp"
[INFO] [stderr]    |              -------------------------------
[INFO] [stderr]    |
[INFO] [stderr]    = note: `cargo::redundant_homepage` is set to `warn` by default
[INFO] [stderr] help: consider removing `package.homepage`
[INFO] [stderr] warning: `ydp-gen` (manifest) generated 1 warning
[INFO] [stderr]     Finished `release` profile [optimized] target(s) in 0.10s
[INFO] [stderr]      Running unittests src/lib.rs (/opt/rustwide/target/release/build/ydp-gen/e85eda3b66e3a09c/out/ydp_gen-e85eda3b66e3a09c)
[INFO] [stdout] 
[INFO] [stdout] running 6 tests
[INFO] [stdout] test output::tests::first_publication_failure_leaves_no_partial_destination ... ok
[INFO] [stdout] test output::tests::check_does_not_create_locks_or_change_files_on_any_comparison ... ok
[INFO] [stdout] test output::tests::restore_failure_preserves_complete_backup_and_recovery_marker ... ok
[INFO] [stdout] test output::tests::publish_failure_restores_old_directory_before_returning ... ok
[INFO] [stderr]      Running unittests src/main.rs (/opt/rustwide/target/release/build/ydp-gen/4403068b21257b50/out/ydp_gen-4403068b21257b50)
[INFO] [stdout] test output::tests::concurrent_writer_is_rejected_while_first_holds_lock ... ok
[INFO] [stdout] test output::tests::stage_marker_and_backup_failures_leave_old_directory_complete ... ok
[INFO] [stdout] 
[INFO] [stdout] test result: ok. 6 passed; 0 failed; 0 ignored; 0 measured; 0 filtered out; finished in 0.01s
[INFO] [stdout] 
[INFO] [stdout] 
[INFO] [stdout] running 0 tests
[INFO] [stdout] 
[INFO] [stdout] test result: ok. 0 passed; 0 failed; 0 ignored; 0 measured; 0 filtered out; finished in 0.00s
[INFO] [stdout] 
[INFO] [stdout] 
[INFO] [stderr]      Running tests/compiler.rs (/opt/rustwide/target/release/build/ydp-gen/9119c1d7c3ded765/out/compiler-9119c1d7c3ded765)
[INFO] [stdout] running 28 tests
[INFO] [stdout] test optional_on_array_items_is_rejected_instead_of_ignored ... ok
[INFO] [stdout] test input_hash_is_verified_before_parsing ... ok
[INFO] [stdout] test pdl_unknown_grammar_and_duplicate_sections_fail ... ok
[INFO] [stdout] test alias_cycle_and_deep_chains_are_bounded ... ok
[INFO] [stdout] test include_depth_is_bounded ... ok
[INFO] [stdout] test publication_replaces_complete_output_and_lock_rejects_concurrency ... FAILED
[INFO] [stdout] test removed_generated_files_are_deleted_only_when_unmodified ... FAILED
[INFO] [stdout] test output_alias_paths_are_rejected ... FAILED
[INFO] [stdout] test schema_shapes_are_strict ... ok
[INFO] [stdout] test schema_symlink_escape_is_rejected ... ok
[INFO] [stdout] test independently_generated_echo_is_deterministic_across_roots ... FAILED
[INFO] [stdout] test unknown_manifest_key_is_rejected ... ok
[INFO] [stdout] test raw_keyword_module_uses_unprefixed_file_path ... FAILED
[INFO] [stdout] test forward_cross_domain_reference_and_named_identity ... FAILED
[INFO] [stdout] test domain_fragments_merge_metadata_and_empty_field_lists_are_equivalent ... FAILED
[INFO] [stdout] test description_html_and_markdown_are_data_not_executable_docs ... FAILED
[INFO] [stdout] test override_duplicate_targets_and_deleted_references_fail ... FAILED
[INFO] [stdout] test overlay_hash_replace_remove_and_dangling_reference ... FAILED
[INFO] [stdout] test original_descriptions_are_release_ready_and_optional_translation_is_hash_bound ... FAILED
[INFO] [stdout] test optional_recursive_layout_boxes_direct_edges ... FAILED
[INFO] [stdout] test check_is_read_only_and_reports_extra_files ... FAILED
[INFO] [stdout] test pdl_include_reuse_cycle_and_escape_are_distinct ... FAILED
[INFO] [stdout] test source_reordering_is_byte_deterministic_and_rust_only_diff_is_distinct ... FAILED
[INFO] [stdout] test named_object_description_uses_symbol_path ... FAILED
[INFO] [stdout] test same_domain_fragments_merge_and_conflicts_fail ... FAILED
[INFO] [stdout] test output_cannot_escape_directory ... FAILED
[INFO] [stdout] test rust_name_collisions_and_dangling_refs_fail ... FAILED
[INFO] [stdout] test vector_recursion_has_no_box_and_required_cycle_is_rejected ... FAILED
[INFO] [stdout] 
[INFO] [stdout] failures:
[INFO] [stdout] 
[INFO] [stdout] ---- publication_replaces_complete_output_and_lock_rejects_concurrency stdout ----
[INFO] [stdout] 
[INFO] [stdout] thread 'publication_replaces_complete_output_and_lock_rejects_concurrency' (707) panicked at tests/compiler.rs:76:40:
[INFO] [stdout] 生成: GeneratorError { code: "Output.Formatter", location: "rustfmt", message: "error: 'rustfmt' is not installed for the toolchain '1.100.0-beta.1-x86_64-unknown-linux-gnu'.\nhelp: run `rustup component add --toolchain 1.100.0-beta.1-x86_64-unknown-linux-gnu rustfmt` to install it\n" }
[INFO] [stdout] stack backtrace:
[INFO] [stdout]    0:     0x64a5d09bbb11 - <<std[617be2ca0a6fd877]::sys::backtrace::BacktraceLock>::print::DisplayBacktrace as core[a373ad73a504971]::fmt::Display>::fmt
[INFO] [stdout]    1:     0x64a5d09d1a1a - core[a373ad73a504971]::fmt::write
[INFO] [stdout]    2:     0x64a5d09c00dc - <alloc[2e1b2a31b91974c5]::vec::Vec<u8> as core[a373ad73a504971]::io::write::Write>::write_fmt
[INFO] [stdout]    3:     0x64a5d0994466 - std[617be2ca0a6fd877]::panicking::default_hook::{closure#0}
[INFO] [stdout]    4:     0x64a5d09b1d99 - std[617be2ca0a6fd877]::panicking::default_hook
[INFO] [stdout]    5:     0x64a5d074b1f0 - test[aada8e7e76ba119b]::test_main_inner::{closure#0}
[INFO] [stdout]    6:     0x64a5d09b20c2 - std[617be2ca0a6fd877]::panicking::panic_with_hook
[INFO] [stdout]    7:     0x64a5d0994512 - std[617be2ca0a6fd877]::panicking::panic_handler::{closure#0}
[INFO] [stdout]    8:     0x64a5d098ce19 - std[617be2ca0a6fd877]::sys::backtrace::__rust_end_short_backtrace::<std[617be2ca0a6fd877]::panicking::panic_handler::{closure#0}, !>
[INFO] [stdout]    9:     0x64a5d09952fd - __rustc[ea4f61d10b84890b]::rust_begin_unwind
[INFO] [stdout]   10:     0x64a5d09d21bc - core[a373ad73a504971]::panicking::panic_fmt
[INFO] [stdout]   11:     0x64a5d09d1f92 - core[a373ad73a504971]::result::unwrap_failed
[INFO] [stdout]   12:     0x64a5d072e795 - <compiler[52ba0392c6c088e9]::publication_replaces_complete_output_and_lock_rejects_concurrency::{closure#0} as core[a373ad73a504971]::ops::function::FnOnce<()>>::call_once
[INFO] [stdout]   13:     0x64a5d073e63b - test[aada8e7e76ba119b]::__rust_begin_short_backtrace::<core[a373ad73a504971]::result::Result<(), alloc[2e1b2a31b91974c5]::string::String>, fn() -> core[a373ad73a504971]::result::Result<(), alloc[2e1b2a31b91974c5]::string::String>>
[INFO] [stdout]   14:     0x64a5d074b815 - test[aada8e7e76ba119b]::run_test::{closure#0}
[INFO] [stdout]   15:     0x64a5d0745104 - std[617be2ca0a6fd877]::sys::backtrace::__rust_begin_short_backtrace::<test[aada8e7e76ba119b]::run_test::{closure#1}, ()>
[INFO] [stdout]   16:     0x64a5d074e8a2 - <std[617be2ca0a6fd877]::thread::lifecycle::spawn_unchecked<test[aada8e7e76ba119b]::run_test::{closure#1}, ()>::{closure#1} as core[a373ad73a504971]::ops::function::FnOnce<()>>::call_once::{shim:vtable#0}
[INFO] [stdout]   17:     0x64a5d09baa4f - <std[617be2ca0a6fd877]::sys::thread::unix::Thread>::new::thread_start
[INFO] [stdout]   18:     0x7228cb772dfa - <unknown>
[INFO] [stdout]   19:     0x7228cb8063d4 - clone
[INFO] [stdout]   20:                0x0 - <unknown>
[INFO] [stdout] 
[INFO] [stdout] ---- removed_generated_files_are_deleted_only_when_unmodified stdout ----
[INFO] [stdout] 
[INFO] [stdout] thread 'removed_generated_files_are_deleted_only_when_unmodified' (871) panicked at tests/compiler.rs:335:38:
[INFO] [stdout] 生成: GeneratorError { code: "Output.Formatter", location: "rustfmt", message: "error: 'rustfmt' is not installed for the toolchain '1.100.0-beta.1-x86_64-unknown-linux-gnu'.\nhelp: run `rustup component add --toolchain 1.100.0-beta.1-x86_64-unknown-linux-gnu rustfmt` to install it\n" }
[INFO] [stdout] stack backtrace:
[INFO] [stdout]    0:     0x64a5d09bbb11 - <<std[617be2ca0a6fd877]::sys::backtrace::BacktraceLock>::print::DisplayBacktrace as core[a373ad73a504971]::fmt::Display>::fmt
[INFO] [stdout]    1:     0x64a5d09d1a1a - core[a373ad73a504971]::fmt::write
[INFO] [stdout]    2:     0x64a5d09c00dc - <alloc[2e1b2a31b91974c5]::vec::Vec<u8> as core[a373ad73a504971]::io::write::Write>::write_fmt
[INFO] [stdout]    3:     0x64a5d0994466 - std[617be2ca0a6fd877]::panicking::default_hook::{closure#0}
[INFO] [stdout]    4:     0x64a5d09b1d99 - std[617be2ca0a6fd877]::panicking::default_hook
[INFO] [stdout]    5:     0x64a5d074b1f0 - test[aada8e7e76ba119b]::test_main_inner::{closure#0}
[INFO] [stdout]    6:     0x64a5d09b20c2 - std[617be2ca0a6fd877]::panicking::panic_with_hook
[INFO] [stdout]    7:     0x64a5d0994512 - std[617be2ca0a6fd877]::panicking::panic_handler::{closure#0}
[INFO] [stdout]    8:     0x64a5d098ce19 - std[617be2ca0a6fd877]::sys::backtrace::__rust_end_short_backtrace::<std[617be2ca0a6fd877]::panicking::panic_handler::{closure#0}, !>
[INFO] [stdout]    9:     0x64a5d09952fd - __rustc[ea4f61d10b84890b]::rust_begin_unwind
[INFO] [stdout]   10:     0x64a5d09d21bc - core[a373ad73a504971]::panicking::panic_fmt
[INFO] [stdout]   11:     0x64a5d09d1f92 - core[a373ad73a504971]::result::unwrap_failed
[INFO] [stderr] error: test failed, to rerun pass `--test compiler`
[INFO] [stdout]   12:     0x64a5d072bae6 - <compiler[52ba0392c6c088e9]::removed_generated_files_are_deleted_only_when_unmodified::{closure#0} as core[a373ad73a504971]::ops::function::FnOnce<()>>::call_once
[INFO] [stdout]   13:     0x64a5d073e63b - test[aada8e7e76ba119b]::__rust_begin_short_backtrace::<core[a373ad73a504971]::result::Result<(), alloc[2e1b2a31b91974c5]::string::String>, fn() -> core[a373ad73a504971]::result::Result<(), alloc[2e1b2a31b91974c5]::string::String>>
[INFO] [stdout]   14:     0x64a5d074b815 - test[aada8e7e76ba119b]::run_test::{closure#0}
[INFO] [stdout]   15:     0x64a5d0745104 - std[617be2ca0a6fd877]::sys::backtrace::__rust_begin_short_backtrace::<test[aada8e7e76ba119b]::run_test::{closure#1}, ()>
[INFO] [stdout]   16:     0x64a5d074e8a2 - <std[617be2ca0a6fd877]::thread::lifecycle::spawn_unchecked<test[aada8e7e76ba119b]::run_test::{closure#1}, ()>::{closure#1} as core[a373ad73a504971]::ops::function::FnOnce<()>>::call_once::{shim:vtable#0}
[INFO] [stdout]   17:     0x64a5d09baa4f - <std[617be2ca0a6fd877]::sys::thread::unix::Thread>::new::thread_start
[INFO] [stdout]   18:     0x7228cb772dfa - <unknown>
[INFO] [stdout]   19:     0x7228cb8063d4 - clone
[INFO] [stdout]   20:                0x0 - <unknown>
[INFO] [stdout] 
[INFO] [stdout] ---- output_alias_paths_are_rejected stdout ----
[INFO] [stdout] 
[INFO] [stdout] thread 'output_alias_paths_are_rejected' (688) panicked at tests/compiler.rs:308:44:
[INFO] [stdout] 生成: GeneratorError { code: "Output.Formatter", location: "rustfmt", message: "error: 'rustfmt' is not installed for the toolchain '1.100.0-beta.1-x86_64-unknown-linux-gnu'.\nhelp: run `rustup component add --toolchain 1.100.0-beta.1-x86_64-unknown-linux-gnu rustfmt` to install it\n" }
[INFO] [stdout] stack backtrace:
[INFO] [stdout]    0:     0x64a5d09bbb11 - <<std[617be2ca0a6fd877]::sys::backtrace::BacktraceLock>::print::DisplayBacktrace as core[a373ad73a504971]::fmt::Display>::fmt
[INFO] [stdout]    1:     0x64a5d09d1a1a - core[a373ad73a504971]::fmt::write
[INFO] [stdout]    2:     0x64a5d09c00dc - <alloc[2e1b2a31b91974c5]::vec::Vec<u8> as core[a373ad73a504971]::io::write::Write>::write_fmt
[INFO] [stdout]    3:     0x64a5d0994466 - std[617be2ca0a6fd877]::panicking::default_hook::{closure#0}
[INFO] [stdout]    4:     0x64a5d09b1d99 - std[617be2ca0a6fd877]::panicking::default_hook
[INFO] [stdout]    5:     0x64a5d074b1f0 - test[aada8e7e76ba119b]::test_main_inner::{closure#0}
[INFO] [stdout]    6:     0x64a5d09b20c2 - std[617be2ca0a6fd877]::panicking::panic_with_hook
[INFO] [stdout]    7:     0x64a5d0994512 - std[617be2ca0a6fd877]::panicking::panic_handler::{closure#0}
[INFO] [stdout]    8:     0x64a5d098ce19 - std[617be2ca0a6fd877]::sys::backtrace::__rust_end_short_backtrace::<std[617be2ca0a6fd877]::panicking::panic_handler::{closure#0}, !>
[INFO] [stdout]    9:     0x64a5d09952fd - __rustc[ea4f61d10b84890b]::rust_begin_unwind
[INFO] [stdout]   10:     0x64a5d09d21bc - core[a373ad73a504971]::panicking::panic_fmt
[INFO] [stdout]   11:     0x64a5d09d1f92 - core[a373ad73a504971]::result::unwrap_failed
[INFO] [stdout]   12:     0x64a5d071ff3a - <compiler[52ba0392c6c088e9]::output_alias_paths_are_rejected::{closure#0} as core[a373ad73a504971]::ops::function::FnOnce<()>>::call_once
[INFO] [stdout]   13:     0x64a5d073e63b - test[aada8e7e76ba119b]::__rust_begin_short_backtrace::<core[a373ad73a504971]::result::Result<(), alloc[2e1b2a31b91974c5]::string::String>, fn() -> core[a373ad73a504971]::result::Result<(), alloc[2e1b2a31b91974c5]::string::String>>
[INFO] [stdout]   14:     0x64a5d074b815 - test[aada8e7e76ba119b]::run_test::{closure#0}
[INFO] [stdout]   15:     0x64a5d0745104 - std[617be2ca0a6fd877]::sys::backtrace::__rust_begin_short_backtrace::<test[aada8e7e76ba119b]::run_test::{closure#1}, ()>
[INFO] [stdout]   16:     0x64a5d074e8a2 - <std[617be2ca0a6fd877]::thread::lifecycle::spawn_unchecked<test[aada8e7e76ba119b]::run_test::{closure#1}, ()>::{closure#1} as core[a373ad73a504971]::ops::function::FnOnce<()>>::call_once::{shim:vtable#0}
[INFO] [stdout]   17:     0x64a5d09baa4f - <std[617be2ca0a6fd877]::sys::thread::unix::Thread>::new::thread_start
[INFO] [stdout]   18:     0x7228cb772dfa - <unknown>
[INFO] [stdout]   19:     0x7228cb8063d4 - clone
[INFO] [stdout]   20:                0x0 - <unknown>
[INFO] [stdout] 
[INFO] [stdout] ---- independently_generated_echo_is_deterministic_across_roots stdout ----
[INFO] [stdout] 
[INFO] [stdout] thread 'independently_generated_echo_is_deterministic_across_roots' (682) panicked at tests/compiler.rs:27:32:
[INFO] [stdout] 自包含 Echo 编译: GeneratorError { code: "Output.Formatter", location: "rustfmt", message: "error: 'rustfmt' is not installed for the toolchain '1.100.0-beta.1-x86_64-unknown-linux-gnu'.\nhelp: run `rustup component add --toolchain 1.100.0-beta.1-x86_64-unknown-linux-gnu rustfmt` to install it\n" }
[INFO] [stdout] stack backtrace:
[INFO] [stdout]    0:     0x64a5d09bbb11 - <<std[617be2ca0a6fd877]::sys::backtrace::BacktraceLock>::print::DisplayBacktrace as core[a373ad73a504971]::fmt::Display>::fmt
[INFO] [stdout]    1:     0x64a5d09d1a1a - core[a373ad73a504971]::fmt::write
[INFO] [stdout]    2:     0x64a5d09c00dc - <alloc[2e1b2a31b91974c5]::vec::Vec<u8> as core[a373ad73a504971]::io::write::Write>::write_fmt
[INFO] [stdout]    3:     0x64a5d0994466 - std[617be2ca0a6fd877]::panicking::default_hook::{closure#0}
[INFO] [stdout]    4:     0x64a5d09b1d99 - std[617be2ca0a6fd877]::panicking::default_hook
[INFO] [stdout]    5:     0x64a5d074b1f0 - test[aada8e7e76ba119b]::test_main_inner::{closure#0}
[INFO] [stdout]    6:     0x64a5d09b20c2 - std[617be2ca0a6fd877]::panicking::panic_with_hook
[INFO] [stdout]    7:     0x64a5d0994512 - std[617be2ca0a6fd877]::panicking::panic_handler::{closure#0}
[INFO] [stdout]    8:     0x64a5d098ce19 - std[617be2ca0a6fd877]::sys::backtrace::__rust_end_short_backtrace::<std[617be2ca0a6fd877]::panicking::panic_handler::{closure#0}, !>
[INFO] [stdout]    9:     0x64a5d09952fd - __rustc[ea4f61d10b84890b]::rust_begin_unwind
[INFO] [stdout]   10:     0x64a5d09d21bc - core[a373ad73a504971]::panicking::panic_fmt
[INFO] [stdout]   11:     0x64a5d09d1f92 - core[a373ad73a504971]::result::unwrap_failed
[INFO] [stdout]   12:     0x64a5d072cad7 - <compiler[52ba0392c6c088e9]::independently_generated_echo_is_deterministic_across_roots::{closure#0} as core[a373ad73a504971]::ops::function::FnOnce<()>>::call_once
[INFO] [stdout]   13:     0x64a5d073e63b - test[aada8e7e76ba119b]::__rust_begin_short_backtrace::<core[a373ad73a504971]::result::Result<(), alloc[2e1b2a31b91974c5]::string::String>, fn() -> core[a373ad73a504971]::result::Result<(), alloc[2e1b2a31b91974c5]::string::String>>
[INFO] [stdout]   14:     0x64a5d074b815 - test[aada8e7e76ba119b]::run_test::{closure#0}
[INFO] [stdout]   15:     0x64a5d0745104 - std[617be2ca0a6fd877]::sys::backtrace::__rust_begin_short_backtrace::<test[aada8e7e76ba119b]::run_test::{closure#1}, ()>
[INFO] [stdout]   16:     0x64a5d074e8a2 - <std[617be2ca0a6fd877]::thread::lifecycle::spawn_unchecked<test[aada8e7e76ba119b]::run_test::{closure#1}, ()>::{closure#1} as core[a373ad73a504971]::ops::function::FnOnce<()>>::call_once::{shim:vtable#0}
[INFO] [stdout]   17:     0x64a5d09baa4f - <std[617be2ca0a6fd877]::sys::thread::unix::Thread>::new::thread_start
[INFO] [stdout]   18:     0x7228cb772dfa - <unknown>
[INFO] [stdout]   19:     0x7228cb8063d4 - clone
[INFO] [stdout]   20:                0x0 - <unknown>
[INFO] [stdout] 
[INFO] [stdout] ---- raw_keyword_module_uses_unprefixed_file_path stdout ----
[INFO] [stdout] 
[INFO] [stdout] thread 'raw_keyword_module_uses_unprefixed_file_path' (782) panicked at tests/compiler.rs:298:43:
[INFO] [stdout] 关键字模块: GeneratorError { code: "Output.Formatter", location: "rustfmt", message: "error: 'rustfmt' is not installed for the toolchain '1.100.0-beta.1-x86_64-unknown-linux-gnu'.\nhelp: run `rustup component add --toolchain 1.100.0-beta.1-x86_64-unknown-linux-gnu rustfmt` to install it\n" }
[INFO] [stdout] stack backtrace:
[INFO] [stdout]    0:     0x64a5d09bbb11 - <<std[617be2ca0a6fd877]::sys::backtrace::BacktraceLock>::print::DisplayBacktrace as core[a373ad73a504971]::fmt::Display>::fmt
[INFO] [stdout]    1:     0x64a5d09d1a1a - core[a373ad73a504971]::fmt::write
[INFO] [stdout]    2:     0x64a5d09c00dc - <alloc[2e1b2a31b91974c5]::vec::Vec<u8> as core[a373ad73a504971]::io::write::Write>::write_fmt
[INFO] [stdout]    3:     0x64a5d0994466 - std[617be2ca0a6fd877]::panicking::default_hook::{closure#0}
[INFO] [stdout]    4:     0x64a5d09b1d99 - std[617be2ca0a6fd877]::panicking::default_hook
[INFO] [stdout]    5:     0x64a5d074b1f0 - test[aada8e7e76ba119b]::test_main_inner::{closure#0}
[INFO] [stdout]    6:     0x64a5d09b20c2 - std[617be2ca0a6fd877]::panicking::panic_with_hook
[INFO] [stdout]    7:     0x64a5d0994512 - std[617be2ca0a6fd877]::panicking::panic_handler::{closure#0}
[INFO] [stdout]    8:     0x64a5d098ce19 - std[617be2ca0a6fd877]::sys::backtrace::__rust_end_short_backtrace::<std[617be2ca0a6fd877]::panicking::panic_handler::{closure#0}, !>
[INFO] [stdout]    9:     0x64a5d09952fd - __rustc[ea4f61d10b84890b]::rust_begin_unwind
[INFO] [stdout]   10:     0x64a5d09d21bc - core[a373ad73a504971]::panicking::panic_fmt
[INFO] [stdout]   11:     0x64a5d09d1f92 - core[a373ad73a504971]::result::unwrap_failed
[INFO] [stdout]   12:     0x64a5d0725789 - <compiler[52ba0392c6c088e9]::raw_keyword_module_uses_unprefixed_file_path::{closure#0} as core[a373ad73a504971]::ops::function::FnOnce<()>>::call_once
[INFO] [stdout]   13:     0x64a5d073e63b - test[aada8e7e76ba119b]::__rust_begin_short_backtrace::<core[a373ad73a504971]::result::Result<(), alloc[2e1b2a31b91974c5]::string::String>, fn() -> core[a373ad73a504971]::result::Result<(), alloc[2e1b2a31b91974c5]::string::String>>
[INFO] [stdout]   14:     0x64a5d074b815 - test[aada8e7e76ba119b]::run_test::{closure#0}
[INFO] [stdout]   15:     0x64a5d0745104 - std[617be2ca0a6fd877]::sys::backtrace::__rust_begin_short_backtrace::<test[aada8e7e76ba119b]::run_test::{closure#1}, ()>
[INFO] [stdout]   16:     0x64a5d074e8a2 - <std[617be2ca0a6fd877]::thread::lifecycle::spawn_unchecked<test[aada8e7e76ba119b]::run_test::{closure#1}, ()>::{closure#1} as core[a373ad73a504971]::ops::function::FnOnce<()>>::call_once::{shim:vtable#0}
[INFO] [stdout]   17:     0x64a5d09baa4f - <std[617be2ca0a6fd877]::sys::thread::unix::Thread>::new::thread_start
[INFO] [stdout]   18:     0x7228cb772dfa - <unknown>
[INFO] [stdout]   19:     0x7228cb8063d4 - clone
[INFO] [stdout]   20:                0x0 - <unknown>
[INFO] [stdout] 
[INFO] [stdout] ---- forward_cross_domain_reference_and_named_identity stdout ----
[INFO] [stdout] 
[INFO] [stdout] thread 'forward_cross_domain_reference_and_named_identity' (678) panicked at tests/compiler.rs:169:38:
[INFO] [stdout] 跨域引用: GeneratorError { code: "Output.Formatter", location: "rustfmt", message: "error: 'rustfmt' is not installed for the toolchain '1.100.0-beta.1-x86_64-unknown-linux-gnu'.\nhelp: run `rustup component add --toolchain 1.100.0-beta.1-x86_64-unknown-linux-gnu rustfmt` to install it\n" }
[INFO] [stdout] stack backtrace:
[INFO] [stdout]    0:     0x64a5d09bbb11 - <<std[617be2ca0a6fd877]::sys::backtrace::BacktraceLock>::print::DisplayBacktrace as core[a373ad73a504971]::fmt::Display>::fmt
[INFO] [stdout]    1:     0x64a5d09d1a1a - core[a373ad73a504971]::fmt::write
[INFO] [stdout]    2:     0x64a5d09c00dc - <alloc[2e1b2a31b91974c5]::vec::Vec<u8> as core[a373ad73a504971]::io::write::Write>::write_fmt
[INFO] [stdout]    3:     0x64a5d0994466 - std[617be2ca0a6fd877]::panicking::default_hook::{closure#0}
[INFO] [stdout]    4:     0x64a5d09b1d99 - std[617be2ca0a6fd877]::panicking::default_hook
[INFO] [stdout]    5:     0x64a5d074b1f0 - test[aada8e7e76ba119b]::test_main_inner::{closure#0}
[INFO] [stdout]    6:     0x64a5d09b20c2 - std[617be2ca0a6fd877]::panicking::panic_with_hook
[INFO] [stdout]    7:     0x64a5d0994512 - std[617be2ca0a6fd877]::panicking::panic_handler::{closure#0}
[INFO] [stdout]    8:     0x64a5d098ce19 - std[617be2ca0a6fd877]::sys::backtrace::__rust_end_short_backtrace::<std[617be2ca0a6fd877]::panicking::panic_handler::{closure#0}, !>
[INFO] [stdout]    9:     0x64a5d09952fd - __rustc[ea4f61d10b84890b]::rust_begin_unwind
[INFO] [stdout]   10:     0x64a5d09d21bc - core[a373ad73a504971]::panicking::panic_fmt
[INFO] [stdout]   11:     0x64a5d09d1f92 - core[a373ad73a504971]::result::unwrap_failed
[INFO] [stdout]   12:     0x64a5d07278a1 - <compiler[52ba0392c6c088e9]::forward_cross_domain_reference_and_named_identity::{closure#0} as core[a373ad73a504971]::ops::function::FnOnce<()>>::call_once
[INFO] [stdout]   13:     0x64a5d073e63b - test[aada8e7e76ba119b]::__rust_begin_short_backtrace::<core[a373ad73a504971]::result::Result<(), alloc[2e1b2a31b91974c5]::string::String>, fn() -> core[a373ad73a504971]::result::Result<(), alloc[2e1b2a31b91974c5]::string::String>>
[INFO] [stdout]   14:     0x64a5d074b815 - test[aada8e7e76ba119b]::run_test::{closure#0}
[INFO] [stdout]   15:     0x64a5d0745104 - std[617be2ca0a6fd877]::sys::backtrace::__rust_begin_short_backtrace::<test[aada8e7e76ba119b]::run_test::{closure#1}, ()>
[INFO] [stdout]   16:     0x64a5d074e8a2 - <std[617be2ca0a6fd877]::thread::lifecycle::spawn_unchecked<test[aada8e7e76ba119b]::run_test::{closure#1}, ()>::{closure#1} as core[a373ad73a504971]::ops::function::FnOnce<()>>::call_once::{shim:vtable#0}
[INFO] [stdout]   17:     0x64a5d09baa4f - <std[617be2ca0a6fd877]::sys::thread::unix::Thread>::new::thread_start
[INFO] [stdout]   18:     0x7228cb772dfa - <unknown>
[INFO] [stdout]   19:     0x7228cb8063d4 - clone
[INFO] [stdout]   20:                0x0 - <unknown>
[INFO] [stdout] 
[INFO] [stdout] ---- domain_fragments_merge_metadata_and_empty_field_lists_are_equivalent stdout ----
[INFO] [stdout] 
[INFO] [stdout] thread 'domain_fragments_merge_metadata_and_empty_field_lists_are_equivalent' (676) panicked at tests/compiler.rs:585:5:
[INFO] [stdout] assertion failed: build(fixture(value).path()).is_ok()
[INFO] [stdout] stack backtrace:
[INFO] [stdout]    0:     0x64a5d09bbb11 - <<std[617be2ca0a6fd877]::sys::backtrace::BacktraceLock>::print::DisplayBacktrace as core[a373ad73a504971]::fmt::Display>::fmt
[INFO] [stdout]    1:     0x64a5d09d1a1a - core[a373ad73a504971]::fmt::write
[INFO] [stdout]    2:     0x64a5d09c00dc - <alloc[2e1b2a31b91974c5]::vec::Vec<u8> as core[a373ad73a504971]::io::write::Write>::write_fmt
[INFO] [stdout]    3:     0x64a5d0994466 - std[617be2ca0a6fd877]::panicking::default_hook::{closure#0}
[INFO] [stdout]    4:     0x64a5d09b1d99 - std[617be2ca0a6fd877]::panicking::default_hook
[INFO] [stdout]    5:     0x64a5d074b1f0 - test[aada8e7e76ba119b]::test_main_inner::{closure#0}
[INFO] [stdout]    6:     0x64a5d09b20c2 - std[617be2ca0a6fd877]::panicking::panic_with_hook
[INFO] [stdout]    7:     0x64a5d0994544 - std[617be2ca0a6fd877]::panicking::panic_handler::{closure#0}
[INFO] [stdout]    8:     0x64a5d098ce19 - std[617be2ca0a6fd877]::sys::backtrace::__rust_end_short_backtrace::<std[617be2ca0a6fd877]::panicking::panic_handler::{closure#0}, !>
[INFO] [stdout]    9:     0x64a5d09952fd - __rustc[ea4f61d10b84890b]::rust_begin_unwind
[INFO] [stdout]   10:     0x64a5d09d21bc - core[a373ad73a504971]::panicking::panic_fmt
[INFO] [stdout]   11:     0x64a5d09d2182 - core[a373ad73a504971]::panicking::panic
[INFO] [stdout]   12:     0x64a5d072fa63 - <compiler[52ba0392c6c088e9]::domain_fragments_merge_metadata_and_empty_field_lists_are_equivalent::{closure#0} as core[a373ad73a504971]::ops::function::FnOnce<()>>::call_once
[INFO] [stdout]   13:     0x64a5d073e63b - test[aada8e7e76ba119b]::__rust_begin_short_backtrace::<core[a373ad73a504971]::result::Result<(), alloc[2e1b2a31b91974c5]::string::String>, fn() -> core[a373ad73a504971]::result::Result<(), alloc[2e1b2a31b91974c5]::string::String>>
[INFO] [stdout]   14:     0x64a5d074b815 - test[aada8e7e76ba119b]::run_test::{closure#0}
[INFO] [stdout]   15:     0x64a5d0745104 - std[617be2ca0a6fd877]::sys::backtrace::__rust_begin_short_backtrace::<test[aada8e7e76ba119b]::run_test::{closure#1}, ()>
[INFO] [stdout]   16:     0x64a5d074e8a2 - <std[617be2ca0a6fd877]::thread::lifecycle::spawn_unchecked<test[aada8e7e76ba119b]::run_test::{closure#1}, ()>::{closure#1} as core[a373ad73a504971]::ops::function::FnOnce<()>>::call_once::{shim:vtable#0}
[INFO] [stdout]   17:     0x64a5d09baa4f - <std[617be2ca0a6fd877]::sys::thread::unix::Thread>::new::thread_start
[INFO] [stdout]   18:     0x7228cb772dfa - <unknown>
[INFO] [stdout]   19:     0x7228cb8063d4 - clone
[INFO] [stdout]   20:                0x0 - <unknown>
[INFO] [stdout] 
[INFO] [stdout] ---- description_html_and_markdown_are_data_not_executable_docs stdout ----
[INFO] [stdout] 
[INFO] [stdout] thread 'description_html_and_markdown_are_data_not_executable_docs' (675) panicked at tests/compiler.rs:250:43:
[INFO] [stdout] 安全原文: GeneratorError { code: "Output.Formatter", location: "rustfmt", message: "error: 'rustfmt' is not installed for the toolchain '1.100.0-beta.1-x86_64-unknown-linux-gnu'.\nhelp: run `rustup component add --toolchain 1.100.0-beta.1-x86_64-unknown-linux-gnu rustfmt` to install it\n" }
[INFO] [stdout] stack backtrace:
[INFO] [stdout]    0:     0x64a5d09bbb11 - <<std[617be2ca0a6fd877]::sys::backtrace::BacktraceLock>::print::DisplayBacktrace as core[a373ad73a504971]::fmt::Display>::fmt
[INFO] [stdout]    1:     0x64a5d09d1a1a - core[a373ad73a504971]::fmt::write
[INFO] [stdout]    2:     0x64a5d09c00dc - <alloc[2e1b2a31b91974c5]::vec::Vec<u8> as core[a373ad73a504971]::io::write::Write>::write_fmt
[INFO] [stdout]    3:     0x64a5d0994466 - std[617be2ca0a6fd877]::panicking::default_hook::{closure#0}
[INFO] [stdout]    4:     0x64a5d09b1d99 - std[617be2ca0a6fd877]::panicking::default_hook
[INFO] [stdout]    5:     0x64a5d074b1f0 - test[aada8e7e76ba119b]::test_main_inner::{closure#0}
[INFO] [stdout]    6:     0x64a5d09b20c2 - std[617be2ca0a6fd877]::panicking::panic_with_hook
[INFO] [stdout]    7:     0x64a5d0994512 - std[617be2ca0a6fd877]::panicking::panic_handler::{closure#0}
[INFO] [stdout]    8:     0x64a5d098ce19 - std[617be2ca0a6fd877]::sys::backtrace::__rust_end_short_backtrace::<std[617be2ca0a6fd877]::panicking::panic_handler::{closure#0}, !>
[INFO] [stdout]    9:     0x64a5d09952fd - __rustc[ea4f61d10b84890b]::rust_begin_unwind
[INFO] [stdout]   10:     0x64a5d09d21bc - core[a373ad73a504971]::panicking::panic_fmt
[INFO] [stdout]   11:     0x64a5d09d1f92 - core[a373ad73a504971]::result::unwrap_failed
[INFO] [stdout]   12:     0x64a5d072c339 - <compiler[52ba0392c6c088e9]::description_html_and_markdown_are_data_not_executable_docs::{closure#0} as core[a373ad73a504971]::ops::function::FnOnce<()>>::call_once
[INFO] [stdout]   13:     0x64a5d073e63b - test[aada8e7e76ba119b]::__rust_begin_short_backtrace::<core[a373ad73a504971]::result::Result<(), alloc[2e1b2a31b91974c5]::string::String>, fn() -> core[a373ad73a504971]::result::Result<(), alloc[2e1b2a31b91974c5]::string::String>>
[INFO] [stdout]   14:     0x64a5d074b815 - test[aada8e7e76ba119b]::run_test::{closure#0}
[INFO] [stdout]   15:     0x64a5d0745104 - std[617be2ca0a6fd877]::sys::backtrace::__rust_begin_short_backtrace::<test[aada8e7e76ba119b]::run_test::{closure#1}, ()>
[INFO] [stdout]   16:     0x64a5d074e8a2 - <std[617be2ca0a6fd877]::thread::lifecycle::spawn_unchecked<test[aada8e7e76ba119b]::run_test::{closure#1}, ()>::{closure#1} as core[a373ad73a504971]::ops::function::FnOnce<()>>::call_once::{shim:vtable#0}
[INFO] [stdout]   17:     0x64a5d09baa4f - <std[617be2ca0a6fd877]::sys::thread::unix::Thread>::new::thread_start
[INFO] [stdout]   18:     0x7228cb772dfa - <unknown>
[INFO] [stdout]   19:     0x7228cb8063d4 - clone
[INFO] [stdout]   20:                0x0 - <unknown>
[INFO] [stdout] 
[INFO] [stdout] ---- override_duplicate_targets_and_deleted_references_fail stdout ----
[INFO] [stdout] 
[INFO] [stdout] thread 'override_duplicate_targets_and_deleted_references_fail' (691) panicked at tests/compiler.rs:527:5:
[INFO] [stdout] assertion `left == right` failed
[INFO] [stdout]   left: "Output.Formatter"
[INFO] [stdout]  right: "Reference.Missing"
[INFO] [stdout] stack backtrace:
[INFO] [stdout]    0:     0x64a5d09bbb11 - <<std[617be2ca0a6fd877]::sys::backtrace::BacktraceLock>::print::DisplayBacktrace as core[a373ad73a504971]::fmt::Display>::fmt
[INFO] [stdout]    1:     0x64a5d09d1a1a - core[a373ad73a504971]::fmt::write
[INFO] [stdout]    2:     0x64a5d09c00dc - <alloc[2e1b2a31b91974c5]::vec::Vec<u8> as core[a373ad73a504971]::io::write::Write>::write_fmt
[INFO] [stdout]    3:     0x64a5d0994466 - std[617be2ca0a6fd877]::panicking::default_hook::{closure#0}
[INFO] [stdout]    4:     0x64a5d09b1d99 - std[617be2ca0a6fd877]::panicking::default_hook
[INFO] [stdout]    5:     0x64a5d074b1f0 - test[aada8e7e76ba119b]::test_main_inner::{closure#0}
[INFO] [stdout]    6:     0x64a5d09b20c2 - std[617be2ca0a6fd877]::panicking::panic_with_hook
[INFO] [stdout]    7:     0x64a5d0994512 - std[617be2ca0a6fd877]::panicking::panic_handler::{closure#0}
[INFO] [stdout]    8:     0x64a5d098ce19 - std[617be2ca0a6fd877]::sys::backtrace::__rust_end_short_backtrace::<std[617be2ca0a6fd877]::panicking::panic_handler::{closure#0}, !>
[INFO] [stdout]    9:     0x64a5d09952fd - __rustc[ea4f61d10b84890b]::rust_begin_unwind
[INFO] [stdout]   10:     0x64a5d09d21bc - core[a373ad73a504971]::panicking::panic_fmt
[INFO] [stdout]   11:     0x64a5d09d20d3 - core[a373ad73a504971]::panicking::assert_failed_inner
[INFO] [stdout]   12:     0x64a5d073810f - core[a373ad73a504971]::panicking::assert_failed::<&str, &str>
[INFO] [stdout]   13:     0x64a5d072acad - <compiler[52ba0392c6c088e9]::override_duplicate_targets_and_deleted_references_fail::{closure#0} as core[a373ad73a504971]::ops::function::FnOnce<()>>::call_once
[INFO] [stdout]   14:     0x64a5d073e63b - test[aada8e7e76ba119b]::__rust_begin_short_backtrace::<core[a373ad73a504971]::result::Result<(), alloc[2e1b2a31b91974c5]::string::String>, fn() -> core[a373ad73a504971]::result::Result<(), alloc[2e1b2a31b91974c5]::string::String>>
[INFO] [stdout]   15:     0x64a5d074b815 - test[aada8e7e76ba119b]::run_test::{closure#0}
[INFO] [stdout]   16:     0x64a5d0745104 - std[617be2ca0a6fd877]::sys::backtrace::__rust_begin_short_backtrace::<test[aada8e7e76ba119b]::run_test::{closure#1}, ()>
[INFO] [stdout]   17:     0x64a5d074e8a2 - <std[617be2ca0a6fd877]::thread::lifecycle::spawn_unchecked<test[aada8e7e76ba119b]::run_test::{closure#1}, ()>::{closure#1} as core[a373ad73a504971]::ops::function::FnOnce<()>>::call_once::{shim:vtable#0}
[INFO] [stdout]   18:     0x64a5d09baa4f - <std[617be2ca0a6fd877]::sys::thread::unix::Thread>::new::thread_start
[INFO] [stdout]   19:     0x7228cb772dfa - <unknown>
[INFO] [stdout]   20:     0x7228cb8063d4 - clone
[INFO] [stdout]   21:                0x0 - <unknown>
[INFO] [stdout] 
[INFO] [stdout] ---- overlay_hash_replace_remove_and_dangling_reference stdout ----
[INFO] [stdout] 
[INFO] [stdout] thread 'overlay_hash_replace_remove_and_dangling_reference' (690) panicked at tests/compiler.rs:466:27:
[INFO] [stdout] 真实覆盖: GeneratorError { code: "Output.Formatter", location: "rustfmt", message: "error: 'rustfmt' is not installed for the toolchain '1.100.0-beta.1-x86_64-unknown-linux-gnu'.\nhelp: run `rustup component add --toolchain 1.100.0-beta.1-x86_64-unknown-linux-gnu rustfmt` to install it\n" }
[INFO] [stdout] stack backtrace:
[INFO] [stdout]    0:     0x64a5d09bbb11 - <<std[617be2ca0a6fd877]::sys::backtrace::BacktraceLock>::print::DisplayBacktrace as core[a373ad73a504971]::fmt::Display>::fmt
[INFO] [stdout]    1:     0x64a5d09d1a1a - core[a373ad73a504971]::fmt::write
[INFO] [stdout]    2:     0x64a5d09c00dc - <alloc[2e1b2a31b91974c5]::vec::Vec<u8> as core[a373ad73a504971]::io::write::Write>::write_fmt
[INFO] [stdout]    3:     0x64a5d0994466 - std[617be2ca0a6fd877]::panicking::default_hook::{closure#0}
[INFO] [stdout]    4:     0x64a5d09b1d99 - std[617be2ca0a6fd877]::panicking::default_hook
[INFO] [stdout]    5:     0x64a5d074b1f0 - test[aada8e7e76ba119b]::test_main_inner::{closure#0}
[INFO] [stdout]    6:     0x64a5d09b20c2 - std[617be2ca0a6fd877]::panicking::panic_with_hook
[INFO] [stdout]    7:     0x64a5d0994512 - std[617be2ca0a6fd877]::panicking::panic_handler::{closure#0}
[INFO] [stdout]    8:     0x64a5d098ce19 - std[617be2ca0a6fd877]::sys::backtrace::__rust_end_short_backtrace::<std[617be2ca0a6fd877]::panicking::panic_handler::{closure#0}, !>
[INFO] [stdout]    9:     0x64a5d09952fd - __rustc[ea4f61d10b84890b]::rust_begin_unwind
[INFO] [stdout]   10:     0x64a5d09d21bc - core[a373ad73a504971]::panicking::panic_fmt
[INFO] [stdout]   11:     0x64a5d09d1f92 - core[a373ad73a504971]::result::unwrap_failed
[INFO] [stdout]   12:     0x64a5d0729012 - <compiler[52ba0392c6c088e9]::overlay_hash_replace_remove_and_dangling_reference::{closure#0} as core[a373ad73a504971]::ops::function::FnOnce<()>>::call_once
[INFO] [stdout]   13:     0x64a5d073e63b - test[aada8e7e76ba119b]::__rust_begin_short_backtrace::<core[a373ad73a504971]::result::Result<(), alloc[2e1b2a31b91974c5]::string::String>, fn() -> core[a373ad73a504971]::result::Result<(), alloc[2e1b2a31b91974c5]::string::String>>
[INFO] [stdout]   14:     0x64a5d074b815 - test[aada8e7e76ba119b]::run_test::{closure#0}
[INFO] [stdout]   15:     0x64a5d0745104 - std[617be2ca0a6fd877]::sys::backtrace::__rust_begin_short_backtrace::<test[aada8e7e76ba119b]::run_test::{closure#1}, ()>
[INFO] [stdout]   16:     0x64a5d074e8a2 - <std[617be2ca0a6fd877]::thread::lifecycle::spawn_unchecked<test[aada8e7e76ba119b]::run_test::{closure#1}, ()>::{closure#1} as core[a373ad73a504971]::ops::function::FnOnce<()>>::call_once::{shim:vtable#0}
[INFO] [stdout]   17:     0x64a5d09baa4f - <std[617be2ca0a6fd877]::sys::thread::unix::Thread>::new::thread_start
[INFO] [stdout]   18:     0x7228cb772dfa - <unknown>
[INFO] [stdout]   19:     0x7228cb8063d4 - clone
[INFO] [stdout]   20:                0x0 - <unknown>
[INFO] [stdout] 
[INFO] [stdout] ---- original_descriptions_are_release_ready_and_optional_translation_is_hash_bound stdout ----
[INFO] [stdout] 
[INFO] [stdout] thread 'original_descriptions_are_release_ready_and_optional_translation_is_hash_bound' (687) panicked at tests/compiler.rs:197:38:
[INFO] [stdout] 原文正式生成: GeneratorError { code: "Output.Formatter", location: "rustfmt", message: "error: 'rustfmt' is not installed for the toolchain '1.100.0-beta.1-x86_64-unknown-linux-gnu'.\nhelp: run `rustup component add --toolchain 1.100.0-beta.1-x86_64-unknown-linux-gnu rustfmt` to install it\n" }
[INFO] [stdout] stack backtrace:
[INFO] [stdout]    0:     0x64a5d09bbb11 - <<std[617be2ca0a6fd877]::sys::backtrace::BacktraceLock>::print::DisplayBacktrace as core[a373ad73a504971]::fmt::Display>::fmt
[INFO] [stdout]    1:     0x64a5d09d1a1a - core[a373ad73a504971]::fmt::write
[INFO] [stdout]    2:     0x64a5d09c00dc - <alloc[2e1b2a31b91974c5]::vec::Vec<u8> as core[a373ad73a504971]::io::write::Write>::write_fmt
[INFO] [stdout]    3:     0x64a5d0994466 - std[617be2ca0a6fd877]::panicking::default_hook::{closure#0}
[INFO] [stdout]    4:     0x64a5d09b1d99 - std[617be2ca0a6fd877]::panicking::default_hook
[INFO] [stdout]    5:     0x64a5d074b1f0 - test[aada8e7e76ba119b]::test_main_inner::{closure#0}
[INFO] [stdout]    6:     0x64a5d09b20c2 - std[617be2ca0a6fd877]::panicking::panic_with_hook
[INFO] [stdout]    7:     0x64a5d0994512 - std[617be2ca0a6fd877]::panicking::panic_handler::{closure#0}
[INFO] [stdout]    8:     0x64a5d098ce19 - std[617be2ca0a6fd877]::sys::backtrace::__rust_end_short_backtrace::<std[617be2ca0a6fd877]::panicking::panic_handler::{closure#0}, !>
[INFO] [stdout]    9:     0x64a5d09952fd - __rustc[ea4f61d10b84890b]::rust_begin_unwind
[INFO] [stdout]   10:     0x64a5d09d21bc - core[a373ad73a504971]::panicking::panic_fmt
[INFO] [stdout]   11:     0x64a5d09d1f92 - core[a373ad73a504971]::result::unwrap_failed
[INFO] [stdout]   12:     0x64a5d07331c3 - <compiler[52ba0392c6c088e9]::original_descriptions_are_release_ready_and_optional_translation_is_hash_bound::{closure#0} as core[a373ad73a504971]::ops::function::FnOnce<()>>::call_once
[INFO] [stdout]   13:     0x64a5d073e63b - test[aada8e7e76ba119b]::__rust_begin_short_backtrace::<core[a373ad73a504971]::result::Result<(), alloc[2e1b2a31b91974c5]::string::String>, fn() -> core[a373ad73a504971]::result::Result<(), alloc[2e1b2a31b91974c5]::string::String>>
[INFO] [stdout]   14:     0x64a5d074b815 - test[aada8e7e76ba119b]::run_test::{closure#0}
[INFO] [stdout]   15:     0x64a5d0745104 - std[617be2ca0a6fd877]::sys::backtrace::__rust_begin_short_backtrace::<test[aada8e7e76ba119b]::run_test::{closure#1}, ()>
[INFO] [stdout]   16:     0x64a5d074e8a2 - <std[617be2ca0a6fd877]::thread::lifecycle::spawn_unchecked<test[aada8e7e76ba119b]::run_test::{closure#1}, ()>::{closure#1} as core[a373ad73a504971]::ops::function::FnOnce<()>>::call_once::{shim:vtable#0}
[INFO] [stdout]   17:     0x64a5d09baa4f - <std[617be2ca0a6fd877]::sys::thread::unix::Thread>::new::thread_start
[INFO] [stdout]   18:     0x7228cb772dfa - <unknown>
[INFO] [stdout]   19:     0x7228cb8063d4 - clone
[INFO] [stdout]   20:                0x0 - <unknown>
[INFO] [stdout] 
[INFO] [stdout] ---- optional_recursive_layout_boxes_direct_edges stdout ----
[INFO] [stdout] 
[INFO] [stdout] thread 'optional_recursive_layout_boxes_direct_edges' (686) panicked at tests/compiler.rs:189:43:
[INFO] [stdout] optional 递归可构造: GeneratorError { code: "Output.Formatter", location: "rustfmt", message: "error: 'rustfmt' is not installed for the toolchain '1.100.0-beta.1-x86_64-unknown-linux-gnu'.\nhelp: run `rustup component add --toolchain 1.100.0-beta.1-x86_64-unknown-linux-gnu rustfmt` to install it\n" }
[INFO] [stdout] stack backtrace:
[INFO] [stdout]    0:     0x64a5d09bbb11 - <<std[617be2ca0a6fd877]::sys::backtrace::BacktraceLock>::print::DisplayBacktrace as core[a373ad73a504971]::fmt::Display>::fmt
[INFO] [stdout]    1:     0x64a5d09d1a1a - core[a373ad73a504971]::fmt::write
[INFO] [stdout]    2:     0x64a5d09c00dc - <alloc[2e1b2a31b91974c5]::vec::Vec<u8> as core[a373ad73a504971]::io::write::Write>::write_fmt
[INFO] [stdout]    3:     0x64a5d0994466 - std[617be2ca0a6fd877]::panicking::default_hook::{closure#0}
[INFO] [stdout]    4:     0x64a5d09b1d99 - std[617be2ca0a6fd877]::panicking::default_hook
[INFO] [stdout]    5:     0x64a5d074b1f0 - test[aada8e7e76ba119b]::test_main_inner::{closure#0}
[INFO] [stdout]    6:     0x64a5d09b20c2 - std[617be2ca0a6fd877]::panicking::panic_with_hook
[INFO] [stdout]    7:     0x64a5d0994512 - std[617be2ca0a6fd877]::panicking::panic_handler::{closure#0}
[INFO] [stdout]    8:     0x64a5d098ce19 - std[617be2ca0a6fd877]::sys::backtrace::__rust_end_short_backtrace::<std[617be2ca0a6fd877]::panicking::panic_handler::{closure#0}, !>
[INFO] [stdout]    9:     0x64a5d09952fd - __rustc[ea4f61d10b84890b]::rust_begin_unwind
[INFO] [stdout]   10:     0x64a5d09d21bc - core[a373ad73a504971]::panicking::panic_fmt
[INFO] [stdout]   11:     0x64a5d09d1f92 - core[a373ad73a504971]::result::unwrap_failed
[INFO] [stdout]   12:     0x64a5d0725099 - <compiler[52ba0392c6c088e9]::optional_recursive_layout_boxes_direct_edges::{closure#0} as core[a373ad73a504971]::ops::function::FnOnce<()>>::call_once
[INFO] [stdout]   13:     0x64a5d073e63b - test[aada8e7e76ba119b]::__rust_begin_short_backtrace::<core[a373ad73a504971]::result::Result<(), alloc[2e1b2a31b91974c5]::string::String>, fn() -> core[a373ad73a504971]::result::Result<(), alloc[2e1b2a31b91974c5]::string::String>>
[INFO] [stdout]   14:     0x64a5d074b815 - test[aada8e7e76ba119b]::run_test::{closure#0}
[INFO] [stdout]   15:     0x64a5d0745104 - std[617be2ca0a6fd877]::sys::backtrace::__rust_begin_short_backtrace::<test[aada8e7e76ba119b]::run_test::{closure#1}, ()>
[INFO] [stdout]   16:     0x64a5d074e8a2 - <std[617be2ca0a6fd877]::thread::lifecycle::spawn_unchecked<test[aada8e7e76ba119b]::run_test::{closure#1}, ()>::{closure#1} as core[a373ad73a504971]::ops::function::FnOnce<()>>::call_once::{shim:vtable#0}
[INFO] [stdout]   17:     0x64a5d09baa4f - <std[617be2ca0a6fd877]::sys::thread::unix::Thread>::new::thread_start
[INFO] [stdout]   18:     0x7228cb772dfa - <unknown>
[INFO] [stdout]   19:     0x7228cb8063d4 - clone
[INFO] [stdout]   20:                0x0 - <unknown>
[INFO] [stdout] 
[INFO] [stdout] ---- check_is_read_only_and_reports_extra_files stdout ----
[INFO] [stdout] 
[INFO] [stdout] thread 'check_is_read_only_and_reports_extra_files' (674) panicked at tests/compiler.rs:47:36:
[INFO] [stdout] 生成: GeneratorError { code: "Output.Formatter", location: "rustfmt", message: "error: 'rustfmt' is not installed for the toolchain '1.100.0-beta.1-x86_64-unknown-linux-gnu'.\nhelp: run `rustup component add --toolchain 1.100.0-beta.1-x86_64-unknown-linux-gnu rustfmt` to install it\n" }
[INFO] [stdout] stack backtrace:
[INFO] [stdout]    0:     0x64a5d09bbb11 - <<std[617be2ca0a6fd877]::sys::backtrace::BacktraceLock>::print::DisplayBacktrace as core[a373ad73a504971]::fmt::Display>::fmt
[INFO] [stdout]    1:     0x64a5d09d1a1a - core[a373ad73a504971]::fmt::write
[INFO] [stdout]    2:     0x64a5d09c00dc - <alloc[2e1b2a31b91974c5]::vec::Vec<u8> as core[a373ad73a504971]::io::write::Write>::write_fmt
[INFO] [stdout]    3:     0x64a5d0994466 - std[617be2ca0a6fd877]::panicking::default_hook::{closure#0}
[INFO] [stdout]    4:     0x64a5d09b1d99 - std[617be2ca0a6fd877]::panicking::default_hook
[INFO] [stdout]    5:     0x64a5d074b1f0 - test[aada8e7e76ba119b]::test_main_inner::{closure#0}
[INFO] [stdout]    6:     0x64a5d09b20c2 - std[617be2ca0a6fd877]::panicking::panic_with_hook
[INFO] [stdout]    7:     0x64a5d0994512 - std[617be2ca0a6fd877]::panicking::panic_handler::{closure#0}
[INFO] [stdout]    8:     0x64a5d098ce19 - std[617be2ca0a6fd877]::sys::backtrace::__rust_end_short_backtrace::<std[617be2ca0a6fd877]::panicking::panic_handler::{closure#0}, !>
[INFO] [stdout]    9:     0x64a5d09952fd - __rustc[ea4f61d10b84890b]::rust_begin_unwind
[INFO] [stdout]   10:     0x64a5d09d21bc - core[a373ad73a504971]::panicking::panic_fmt
[INFO] [stdout]   11:     0x64a5d09d1f92 - core[a373ad73a504971]::result::unwrap_failed
[INFO] [stdout]   12:     0x64a5d0723715 - <compiler[52ba0392c6c088e9]::check_is_read_only_and_reports_extra_files::{closure#0} as core[a373ad73a504971]::ops::function::FnOnce<()>>::call_once
[INFO] [stdout]   13:     0x64a5d073e63b - test[aada8e7e76ba119b]::__rust_begin_short_backtrace::<core[a373ad73a504971]::result::Result<(), alloc[2e1b2a31b91974c5]::string::String>, fn() -> core[a373ad73a504971]::result::Result<(), alloc[2e1b2a31b91974c5]::string::String>>
[INFO] [stdout]   14:     0x64a5d074b815 - test[aada8e7e76ba119b]::run_test::{closure#0}
[INFO] [stdout]   15:     0x64a5d0745104 - std[617be2ca0a6fd877]::sys::backtrace::__rust_begin_short_backtrace::<test[aada8e7e76ba119b]::run_test::{closure#1}, ()>
[INFO] [stdout]   16:     0x64a5d074e8a2 - <std[617be2ca0a6fd877]::thread::lifecycle::spawn_unchecked<test[aada8e7e76ba119b]::run_test::{closure#1}, ()>::{closure#1} as core[a373ad73a504971]::ops::function::FnOnce<()>>::call_once::{shim:vtable#0}
[INFO] [stdout]   17:     0x64a5d09baa4f - <std[617be2ca0a6fd877]::sys::thread::unix::Thread>::new::thread_start
[INFO] [stdout]   18:     0x7228cb772dfa - <unknown>
[INFO] [stdout]   19:     0x7228cb8063d4 - clone
[INFO] [stdout]   20:                0x0 - <unknown>
[INFO] [stdout] 
[INFO] [stdout] ---- pdl_include_reuse_cycle_and_escape_are_distinct stdout ----
[INFO] [stdout] 
[INFO] [stdout] thread 'pdl_include_reuse_cycle_and_escape_are_distinct' (693) panicked at tests/compiler.rs:410:5:
[INFO] [stdout] assertion failed: build(dir.path()).is_ok()
[INFO] [stdout] stack backtrace:
[INFO] [stdout]    0:     0x64a5d09bbb11 - <<std[617be2ca0a6fd877]::sys::backtrace::BacktraceLock>::print::DisplayBacktrace as core[a373ad73a504971]::fmt::Display>::fmt
[INFO] [stdout]    1:     0x64a5d09d1a1a - core[a373ad73a504971]::fmt::write
[INFO] [stdout]    2:     0x64a5d09c00dc - <alloc[2e1b2a31b91974c5]::vec::Vec<u8> as core[a373ad73a504971]::io::write::Write>::write_fmt
[INFO] [stdout]    3:     0x64a5d0994466 - std[617be2ca0a6fd877]::panicking::default_hook::{closure#0}
[INFO] [stdout]    4:     0x64a5d09b1d99 - std[617be2ca0a6fd877]::panicking::default_hook
[INFO] [stdout]    5:     0x64a5d074b1f0 - test[aada8e7e76ba119b]::test_main_inner::{closure#0}
[INFO] [stdout]    6:     0x64a5d09b20c2 - std[617be2ca0a6fd877]::panicking::panic_with_hook
[INFO] [stdout]    7:     0x64a5d0994544 - std[617be2ca0a6fd877]::panicking::panic_handler::{closure#0}
[INFO] [stdout]    8:     0x64a5d098ce19 - std[617be2ca0a6fd877]::sys::backtrace::__rust_end_short_backtrace::<std[617be2ca0a6fd877]::panicking::panic_handler::{closure#0}, !>
[INFO] [stdout]    9:     0x64a5d09952fd - __rustc[ea4f61d10b84890b]::rust_begin_unwind
[INFO] [stdout]   10:     0x64a5d09d21bc - core[a373ad73a504971]::panicking::panic_fmt
[INFO] [stdout]   11:     0x64a5d09d2182 - core[a373ad73a504971]::panicking::panic
[INFO] [stdout]   12:     0x64a5d07266d1 - <compiler[52ba0392c6c088e9]::pdl_include_reuse_cycle_and_escape_are_distinct::{closure#0} as core[a373ad73a504971]::ops::function::FnOnce<()>>::call_once
[INFO] [stdout]   13:     0x64a5d073e63b - test[aada8e7e76ba119b]::__rust_begin_short_backtrace::<core[a373ad73a504971]::result::Result<(), alloc[2e1b2a31b91974c5]::string::String>, fn() -> core[a373ad73a504971]::result::Result<(), alloc[2e1b2a31b91974c5]::string::String>>
[INFO] [stdout]   14:     0x64a5d074b815 - test[aada8e7e76ba119b]::run_test::{closure#0}
[INFO] [stdout]   15:     0x64a5d0745104 - std[617be2ca0a6fd877]::sys::backtrace::__rust_begin_short_backtrace::<test[aada8e7e76ba119b]::run_test::{closure#1}, ()>
[INFO] [stdout]   16:     0x64a5d074e8a2 - <std[617be2ca0a6fd877]::thread::lifecycle::spawn_unchecked<test[aada8e7e76ba119b]::run_test::{closure#1}, ()>::{closure#1} as core[a373ad73a504971]::ops::function::FnOnce<()>>::call_once::{shim:vtable#0}
[INFO] [stdout]   17:     0x64a5d09baa4f - <std[617be2ca0a6fd877]::sys::thread::unix::Thread>::new::thread_start
[INFO] [stdout]   18:     0x7228cb772dfa - <unknown>
[INFO] [stdout]   19:     0x7228cb8063d4 - clone
[INFO] [stdout]   20:                0x0 - <unknown>
[INFO] [stdout] 
[INFO] [stdout] ---- source_reordering_is_byte_deterministic_and_rust_only_diff_is_distinct stdout ----
[INFO] [stdout] 
[INFO] [stdout] thread 'source_reordering_is_byte_deterministic_and_rust_only_diff_is_distinct' (3060) panicked at tests/compiler.rs:553:31:
[INFO] [stdout] a: GeneratorError { code: "Output.Formatter", location: "rustfmt", message: "error: 'rustfmt' is not installed for the toolchain '1.100.0-beta.1-x86_64-unknown-linux-gnu'.\nhelp: run `rustup component add --toolchain 1.100.0-beta.1-x86_64-unknown-linux-gnu rustfmt` to install it\n" }
[INFO] [stdout] stack backtrace:
[INFO] [stdout]    0:     0x64a5d09bbb11 - <<std[617be2ca0a6fd877]::sys::backtrace::BacktraceLock>::print::DisplayBacktrace as core[a373ad73a504971]::fmt::Display>::fmt
[INFO] [stdout]    1:     0x64a5d09d1a1a - core[a373ad73a504971]::fmt::write
[INFO] [stdout]    2:     0x64a5d09c00dc - <alloc[2e1b2a31b91974c5]::vec::Vec<u8> as core[a373ad73a504971]::io::write::Write>::write_fmt
[INFO] [stdout]    3:     0x64a5d0994466 - std[617be2ca0a6fd877]::panicking::default_hook::{closure#0}
[INFO] [stdout]    4:     0x64a5d09b1d99 - std[617be2ca0a6fd877]::panicking::default_hook
[INFO] [stdout]    5:     0x64a5d074b1f0 - test[aada8e7e76ba119b]::test_main_inner::{closure#0}
[INFO] [stdout]    6:     0x64a5d09b20c2 - std[617be2ca0a6fd877]::panicking::panic_with_hook
[INFO] [stdout]    7:     0x64a5d0994512 - std[617be2ca0a6fd877]::panicking::panic_handler::{closure#0}
[INFO] [stdout]    8:     0x64a5d098ce19 - std[617be2ca0a6fd877]::sys::backtrace::__rust_end_short_backtrace::<std[617be2ca0a6fd877]::panicking::panic_handler::{closure#0}, !>
[INFO] [stdout]    9:     0x64a5d09952fd - __rustc[ea4f61d10b84890b]::rust_begin_unwind
[INFO] [stdout]   10:     0x64a5d09d21bc - core[a373ad73a504971]::panicking::panic_fmt
[INFO] [stdout]   11:     0x64a5d09d1f92 - core[a373ad73a504971]::result::unwrap_failed
[INFO] [stdout]   12:     0x64a5d0731077 - <compiler[52ba0392c6c088e9]::source_reordering_is_byte_deterministic_and_rust_only_diff_is_distinct::{closure#0} as core[a373ad73a504971]::ops::function::FnOnce<()>>::call_once
[INFO] [stdout]   13:     0x64a5d073e63b - test[aada8e7e76ba119b]::__rust_begin_short_backtrace::<core[a373ad73a504971]::result::Result<(), alloc[2e1b2a31b91974c5]::string::String>, fn() -> core[a373ad73a504971]::result::Result<(), alloc[2e1b2a31b91974c5]::string::String>>
[INFO] [stdout]   14:     0x64a5d074b815 - test[aada8e7e76ba119b]::run_test::{closure#0}
[INFO] [stdout]   15:     0x64a5d0745104 - std[617be2ca0a6fd877]::sys::backtrace::__rust_begin_short_backtrace::<test[aada8e7e76ba119b]::run_test::{closure#1}, ()>
[INFO] [stdout]   16:     0x64a5d074e8a2 - <std[617be2ca0a6fd877]::thread::lifecycle::spawn_unchecked<test[aada8e7e76ba119b]::run_test::{closure#1}, ()>::{closure#1} as core[a373ad73a504971]::ops::function::FnOnce<()>>::call_once::{shim:vtable#0}
[INFO] [stdout]   17:     0x64a5d09baa4f - <std[617be2ca0a6fd877]::sys::thread::unix::Thread>::new::thread_start
[INFO] [stdout]   18:     0x7228cb772dfa - <unknown>
[INFO] [stdout]   19:     0x7228cb8063d4 - clone
[INFO] [stdout]   20:                0x0 - <unknown>
[INFO] [stdout] 
[INFO] [stdout] ---- named_object_description_uses_symbol_path stdout ----
[INFO] [stdout] 
[INFO] [stdout] thread 'named_object_description_uses_symbol_path' (684) panicked at tests/compiler.rs:329:5:
[INFO] [stdout] assertion failed: build(dir.path()).is_ok()
[INFO] [stdout] stack backtrace:
[INFO] [stdout]    0:     0x64a5d09bbb11 - <<std[617be2ca0a6fd877]::sys::backtrace::BacktraceLock>::print::DisplayBacktrace as core[a373ad73a504971]::fmt::Display>::fmt
[INFO] [stdout]    1:     0x64a5d09d1a1a - core[a373ad73a504971]::fmt::write
[INFO] [stdout]    2:     0x64a5d09c00dc - <alloc[2e1b2a31b91974c5]::vec::Vec<u8> as core[a373ad73a504971]::io::write::Write>::write_fmt
[INFO] [stdout]    3:     0x64a5d0994466 - std[617be2ca0a6fd877]::panicking::default_hook::{closure#0}
[INFO] [stdout]    4:     0x64a5d09b1d99 - std[617be2ca0a6fd877]::panicking::default_hook
[INFO] [stdout]    5:     0x64a5d074b1f0 - test[aada8e7e76ba119b]::test_main_inner::{closure#0}
[INFO] [stdout]    6:     0x64a5d09b20c2 - std[617be2ca0a6fd877]::panicking::panic_with_hook
[INFO] [stdout]    7:     0x64a5d0994544 - std[617be2ca0a6fd877]::panicking::panic_handler::{closure#0}
[INFO] [stdout]    8:     0x64a5d098ce19 - std[617be2ca0a6fd877]::sys::backtrace::__rust_end_short_backtrace::<std[617be2ca0a6fd877]::panicking::panic_handler::{closure#0}, !>
[INFO] [stdout]    9:     0x64a5d09952fd - __rustc[ea4f61d10b84890b]::rust_begin_unwind
[INFO] [stdout]   10:     0x64a5d09d21bc - core[a373ad73a504971]::panicking::panic_fmt
[INFO] [stdout]   11:     0x64a5d09d2182 - core[a373ad73a504971]::panicking::panic
[INFO] [stdout]   12:     0x64a5d0722d5d - <compiler[52ba0392c6c088e9]::named_object_description_uses_symbol_path::{closure#0} as core[a373ad73a504971]::ops::function::FnOnce<()>>::call_once
[INFO] [stdout]   13:     0x64a5d073e63b - test[aada8e7e76ba119b]::__rust_begin_short_backtrace::<core[a373ad73a504971]::result::Result<(), alloc[2e1b2a31b91974c5]::string::String>, fn() -> core[a373ad73a504971]::result::Result<(), alloc[2e1b2a31b91974c5]::string::String>>
[INFO] [stdout]   14:     0x64a5d074b815 - test[aada8e7e76ba119b]::run_test::{closure#0}
[INFO] [stdout]   15:     0x64a5d0745104 - std[617be2ca0a6fd877]::sys::backtrace::__rust_begin_short_backtrace::<test[aada8e7e76ba119b]::run_test::{closure#1}, ()>
[INFO] [stdout]   16:     0x64a5d074e8a2 - <std[617be2ca0a6fd877]::thread::lifecycle::spawn_unchecked<test[aada8e7e76ba119b]::run_test::{closure#1}, ()>::{closure#1} as core[a373ad73a504971]::ops::function::FnOnce<()>>::call_once::{shim:vtable#0}
[INFO] [stdout]   17:     0x64a5d09baa4f - <std[617be2ca0a6fd877]::sys::thread::unix::Thread>::new::thread_start
[INFO] [stdout]   18:     0x7228cb772dfa - <unknown>
[INFO] [stdout]   19:     0x7228cb8063d4 - clone
[INFO] [stdout]   20:                0x0 - <unknown>
[INFO] [stdout] 
[INFO] [stdout] ---- same_domain_fragments_merge_and_conflicts_fail stdout ----
[INFO] [stdout] 
[INFO] [stdout] thread 'same_domain_fragments_merge_and_conflicts_fail' (2760) panicked at tests/compiler.rs:178:5:
[INFO] [stdout] assertion failed: build(fixture(v.clone()).path()).is_ok()
[INFO] [stdout] stack backtrace:
[INFO] [stdout]    0:     0x64a5d09bbb11 - <<std[617be2ca0a6fd877]::sys::backtrace::BacktraceLock>::print::DisplayBacktrace as core[a373ad73a504971]::fmt::Display>::fmt
[INFO] [stdout]    1:     0x64a5d09d1a1a - core[a373ad73a504971]::fmt::write
[INFO] [stdout]    2:     0x64a5d09c00dc - <alloc[2e1b2a31b91974c5]::vec::Vec<u8> as core[a373ad73a504971]::io::write::Write>::write_fmt
[INFO] [stdout]    3:     0x64a5d0994466 - std[617be2ca0a6fd877]::panicking::default_hook::{closure#0}
[INFO] [stdout]    4:     0x64a5d09b1d99 - std[617be2ca0a6fd877]::panicking::default_hook
[INFO] [stdout]    5:     0x64a5d074b1f0 - test[aada8e7e76ba119b]::test_main_inner::{closure#0}
[INFO] [stdout]    6:     0x64a5d09b20c2 - std[617be2ca0a6fd877]::panicking::panic_with_hook
[INFO] [stdout]    7:     0x64a5d0994544 - std[617be2ca0a6fd877]::panicking::panic_handler::{closure#0}
[INFO] [stdout]    8:     0x64a5d098ce19 - std[617be2ca0a6fd877]::sys::backtrace::__rust_end_short_backtrace::<std[617be2ca0a6fd877]::panicking::panic_handler::{closure#0}, !>
[INFO] [stdout]    9:     0x64a5d09952fd - __rustc[ea4f61d10b84890b]::rust_begin_unwind
[INFO] [stdout]   10:     0x64a5d09d21bc - core[a373ad73a504971]::panicking::panic_fmt
[INFO] [stdout]   11:     0x64a5d09d2182 - core[a373ad73a504971]::panicking::panic
[INFO] [stdout]   12:     0x64a5d0725df3 - <compiler[52ba0392c6c088e9]::same_domain_fragments_merge_and_conflicts_fail::{closure#0} as core[a373ad73a504971]::ops::function::FnOnce<()>>::call_once
[INFO] [stdout]   13:     0x64a5d073e63b - test[aada8e7e76ba119b]::__rust_begin_short_backtrace::<core[a373ad73a504971]::result::Result<(), alloc[2e1b2a31b91974c5]::string::String>, fn() -> core[a373ad73a504971]::result::Result<(), alloc[2e1b2a31b91974c5]::string::String>>
[INFO] [stdout]   14:     0x64a5d074b815 - test[aada8e7e76ba119b]::run_test::{closure#0}
[INFO] [stdout]   15:     0x64a5d0745104 - std[617be2ca0a6fd877]::sys::backtrace::__rust_begin_short_backtrace::<test[aada8e7e76ba119b]::run_test::{closure#1}, ()>
[INFO] [stdout]   16:     0x64a5d074e8a2 - <std[617be2ca0a6fd877]::thread::lifecycle::spawn_unchecked<test[aada8e7e76ba119b]::run_test::{closure#1}, ()>::{closure#1} as core[a373ad73a504971]::ops::function::FnOnce<()>>::call_once::{shim:vtable#0}
[INFO] [stdout]   17:     0x64a5d09baa4f - <std[617be2ca0a6fd877]::sys::thread::unix::Thread>::new::thread_start
[INFO] [stdout]   18:     0x7228cb772dfa - <unknown>
[INFO] [stdout]   19:     0x7228cb8063d4 - clone
[INFO] [stdout]   20:                0x0 - <unknown>
[INFO] [stdout] 
[INFO] [stdout] ---- output_cannot_escape_directory stdout ----
[INFO] [stdout] 
[INFO] [stdout] thread 'output_cannot_escape_directory' (689) panicked at tests/compiler.rs:98:40:
[INFO] [stdout] 生成: GeneratorError { code: "Output.Formatter", location: "rustfmt", message: "error: 'rustfmt' is not installed for the toolchain '1.100.0-beta.1-x86_64-unknown-linux-gnu'.\nhelp: run `rustup component add --toolchain 1.100.0-beta.1-x86_64-unknown-linux-gnu rustfmt` to install it\n" }
[INFO] [stdout] stack backtrace:
[INFO] [stdout]    0:     0x64a5d09bbb11 - <<std[617be2ca0a6fd877]::sys::backtrace::BacktraceLock>::print::DisplayBacktrace as core[a373ad73a504971]::fmt::Display>::fmt
[INFO] [stdout]    1:     0x64a5d09d1a1a - core[a373ad73a504971]::fmt::write
[INFO] [stdout]    2:     0x64a5d09c00dc - <alloc[2e1b2a31b91974c5]::vec::Vec<u8> as core[a373ad73a504971]::io::write::Write>::write_fmt
[INFO] [stdout]    3:     0x64a5d0994466 - std[617be2ca0a6fd877]::panicking::default_hook::{closure#0}
[INFO] [stdout]    4:     0x64a5d09b1d99 - std[617be2ca0a6fd877]::panicking::default_hook
[INFO] [stdout]    5:     0x64a5d074b1f0 - test[aada8e7e76ba119b]::test_main_inner::{closure#0}
[INFO] [stdout]    6:     0x64a5d09b20c2 - std[617be2ca0a6fd877]::panicking::panic_with_hook
[INFO] [stdout]    7:     0x64a5d0994512 - std[617be2ca0a6fd877]::panicking::panic_handler::{closure#0}
[INFO] [stdout]    8:     0x64a5d098ce19 - std[617be2ca0a6fd877]::sys::backtrace::__rust_end_short_backtrace::<std[617be2ca0a6fd877]::panicking::panic_handler::{closure#0}, !>
[INFO] [stdout]    9:     0x64a5d09952fd - __rustc[ea4f61d10b84890b]::rust_begin_unwind
[INFO] [stdout]   10:     0x64a5d09d21bc - core[a373ad73a504971]::panicking::panic_fmt
[INFO] [stdout]   11:     0x64a5d09d1f92 - core[a373ad73a504971]::result::unwrap_failed
[INFO] [stdout]   12:     0x64a5d071f602 - <compiler[52ba0392c6c088e9]::output_cannot_escape_directory::{closure#0} as core[a373ad73a504971]::ops::function::FnOnce<()>>::call_once
[INFO] [stdout]   13:     0x64a5d073e63b - test[aada8e7e76ba119b]::__rust_begin_short_backtrace::<core[a373ad73a504971]::result::Result<(), alloc[2e1b2a31b91974c5]::string::String>, fn() -> core[a373ad73a504971]::result::Result<(), alloc[2e1b2a31b91974c5]::string::String>>
[INFO] [stdout]   14:     0x64a5d074b815 - test[aada8e7e76ba119b]::run_test::{closure#0}
[INFO] [stdout]   15:     0x64a5d0745104 - std[617be2ca0a6fd877]::sys::backtrace::__rust_begin_short_backtrace::<test[aada8e7e76ba119b]::run_test::{closure#1}, ()>
[INFO] [stdout]   16:     0x64a5d074e8a2 - <std[617be2ca0a6fd877]::thread::lifecycle::spawn_unchecked<test[aada8e7e76ba119b]::run_test::{closure#1}, ()>::{closure#1} as core[a373ad73a504971]::ops::function::FnOnce<()>>::call_once::{shim:vtable#0}
[INFO] [stdout]   17:     0x64a5d09baa4f - <std[617be2ca0a6fd877]::sys::thread::unix::Thread>::new::thread_start
[INFO] [stdout]   18:     0x7228cb772dfa - <unknown>
[INFO] [stdout]   19:     0x7228cb8063d4 - clone
[INFO] [stdout]   20:                0x0 - <unknown>
[INFO] [stdout] 
[INFO] [stdout] ---- rust_name_collisions_and_dangling_refs_fail stdout ----
[INFO] [stdout] 
[INFO] [stdout] thread 'rust_name_collisions_and_dangling_refs_fail' (2510) panicked at tests/compiler.rs:150:5:
[INFO] [stdout] assertion `left == right` failed
[INFO] [stdout]   left: "Output.Formatter"
[INFO] [stdout]  right: "Naming.FieldCollision"
[INFO] [stdout] stack backtrace:
[INFO] [stdout]    0:     0x64a5d09bbb11 - <<std[617be2ca0a6fd877]::sys::backtrace::BacktraceLock>::print::DisplayBacktrace as core[a373ad73a504971]::fmt::Display>::fmt
[INFO] [stdout]    1:     0x64a5d09d1a1a - core[a373ad73a504971]::fmt::write
[INFO] [stdout]    2:     0x64a5d09c00dc - <alloc[2e1b2a31b91974c5]::vec::Vec<u8> as core[a373ad73a504971]::io::write::Write>::write_fmt
[INFO] [stdout]    3:     0x64a5d0994466 - std[617be2ca0a6fd877]::panicking::default_hook::{closure#0}
[INFO] [stdout]    4:     0x64a5d09b1d99 - std[617be2ca0a6fd877]::panicking::default_hook
[INFO] [stdout]    5:     0x64a5d074b1f0 - test[aada8e7e76ba119b]::test_main_inner::{closure#0}
[INFO] [stdout]    6:     0x64a5d09b20c2 - std[617be2ca0a6fd877]::panicking::panic_with_hook
[INFO] [stdout]    7:     0x64a5d0994512 - std[617be2ca0a6fd877]::panicking::panic_handler::{closure#0}
[INFO] [stdout]    8:     0x64a5d098ce19 - std[617be2ca0a6fd877]::sys::backtrace::__rust_end_short_backtrace::<std[617be2ca0a6fd877]::panicking::panic_handler::{closure#0}, !>
[INFO] [stdout]    9:     0x64a5d09952fd - __rustc[ea4f61d10b84890b]::rust_begin_unwind
[INFO] [stdout]   10:     0x64a5d09d21bc - core[a373ad73a504971]::panicking::panic_fmt
[INFO] [stdout]   11:     0x64a5d09d20d3 - core[a373ad73a504971]::panicking::assert_failed_inner
[INFO] [stdout]   12:     0x64a5d073810f - core[a373ad73a504971]::panicking::assert_failed::<&str, &str>
[INFO] [stdout]   13:     0x64a5d0724433 - <compiler[52ba0392c6c088e9]::rust_name_collisions_and_dangling_refs_fail::{closure#0} as core[a373ad73a504971]::ops::function::FnOnce<()>>::call_once
[INFO] [stdout]   14:     0x64a5d073e63b - test[aada8e7e76ba119b]::__rust_begin_short_backtrace::<core[a373ad73a504971]::result::Result<(), alloc[2e1b2a31b91974c5]::string::String>, fn() -> core[a373ad73a504971]::result::Result<(), alloc[2e1b2a31b91974c5]::string::String>>
[INFO] [stdout]   15:     0x64a5d074b815 - test[aada8e7e76ba119b]::run_test::{closure#0}
[INFO] [stdout]   16:     0x64a5d0745104 - std[617be2ca0a6fd877]::sys::backtrace::__rust_begin_short_backtrace::<test[aada8e7e76ba119b]::run_test::{closure#1}, ()>
[INFO] [stdout]   17:     0x64a5d074e8a2 - <std[617be2ca0a6fd877]::thread::lifecycle::spawn_unchecked<test[aada8e7e76ba119b]::run_test::{closure#1}, ()>::{closure#1} as core[a373ad73a504971]::ops::function::FnOnce<()>>::call_once::{shim:vtable#0}
[INFO] [stdout]   18:     0x64a5d09baa4f - <std[617be2ca0a6fd877]::sys::thread::unix::Thread>::new::thread_start
[INFO] [stdout]   19:     0x7228cb772dfa - <unknown>
[INFO] [stdout]   20:     0x7228cb8063d4 - clone
[INFO] [stdout]   21:                0x0 - <unknown>
[INFO] [stdout] 
[INFO] [stdout] ---- vector_recursion_has_no_box_and_required_cycle_is_rejected stdout ----
[INFO] [stdout] 
[INFO] [stdout] thread 'vector_recursion_has_no_box_and_required_cycle_is_rejected' (3070) panicked at tests/compiler.rs:360:51:
[INFO] [stdout] Vec 有有限空值: GeneratorError { code: "Output.Formatter", location: "rustfmt", message: "error: 'rustfmt' is not installed for the toolchain '1.100.0-beta.1-x86_64-unknown-linux-gnu'.\nhelp: run `rustup component add --toolchain 1.100.0-beta.1-x86_64-unknown-linux-gnu rustfmt` to install it\n" }
[INFO] [stdout] stack backtrace:
[INFO] [stdout]    0:     0x64a5d09bbb11 - <<std[617be2ca0a6fd877]::sys::backtrace::BacktraceLock>::print::DisplayBacktrace as core[a373ad73a504971]::fmt::Display>::fmt
[INFO] [stdout]    1:     0x64a5d09d1a1a - core[a373ad73a504971]::fmt::write
[INFO] [stdout]    2:     0x64a5d09c00dc - <alloc[2e1b2a31b91974c5]::vec::Vec<u8> as core[a373ad73a504971]::io::write::Write>::write_fmt
[INFO] [stdout]    3:     0x64a5d0994466 - std[617be2ca0a6fd877]::panicking::default_hook::{closure#0}
[INFO] [stdout]    4:     0x64a5d09b1d99 - std[617be2ca0a6fd877]::panicking::default_hook
[INFO] [stdout]    5:     0x64a5d074b1f0 - test[aada8e7e76ba119b]::test_main_inner::{closure#0}
[INFO] [stdout]    6:     0x64a5d09b20c2 - std[617be2ca0a6fd877]::panicking::panic_with_hook
[INFO] [stdout]    7:     0x64a5d0994512 - std[617be2ca0a6fd877]::panicking::panic_handler::{closure#0}
[INFO] [stdout]    8:     0x64a5d098ce19 - std[617be2ca0a6fd877]::sys::backtrace::__rust_end_short_backtrace::<std[617be2ca0a6fd877]::panicking::panic_handler::{closure#0}, !>
[INFO] [stdout]    9:     0x64a5d09952fd - __rustc[ea4f61d10b84890b]::rust_begin_unwind
[INFO] [stdout]   10:     0x64a5d09d21bc - core[a373ad73a504971]::panicking::panic_fmt
[INFO] [stdout]   11:     0x64a5d09d1f92 - core[a373ad73a504971]::result::unwrap_failed
[INFO] [stdout]   12:     0x64a5d072dd95 - <compiler[52ba0392c6c088e9]::vector_recursion_has_no_box_and_required_cycle_is_rejected::{closure#0} as core[a373ad73a504971]::ops::function::FnOnce<()>>::call_once
[INFO] [stdout]   13:     0x64a5d073e63b - test[aada8e7e76ba119b]::__rust_begin_short_backtrace::<core[a373ad73a504971]::result::Result<(), alloc[2e1b2a31b91974c5]::string::String>, fn() -> core[a373ad73a504971]::result::Result<(), alloc[2e1b2a31b91974c5]::string::String>>
[INFO] [stdout]   14:     0x64a5d074b815 - test[aada8e7e76ba119b]::run_test::{closure#0}
[INFO] [stdout]   15:     0x64a5d0745104 - std[617be2ca0a6fd877]::sys::backtrace::__rust_begin_short_backtrace::<test[aada8e7e76ba119b]::run_test::{closure#1}, ()>
[INFO] [stdout]   16:     0x64a5d074e8a2 - <std[617be2ca0a6fd877]::thread::lifecycle::spawn_unchecked<test[aada8e7e76ba119b]::run_test::{closure#1}, ()>::{closure#1} as core[a373ad73a504971]::ops::function::FnOnce<()>>::call_once::{shim:vtable#0}
[INFO] [stdout]   17:     0x64a5d09baa4f - <std[617be2ca0a6fd877]::sys::thread::unix::Thread>::new::thread_start
[INFO] [stdout]   18:     0x7228cb772dfa - <unknown>
[INFO] [stdout]   19:     0x7228cb8063d4 - clone
[INFO] [stdout]   20:                0x0 - <unknown>
[INFO] [stdout] 
[INFO] [stdout] 
[INFO] [stdout] failures:
[INFO] [stdout]     check_is_read_only_and_reports_extra_files
[INFO] [stdout]     description_html_and_markdown_are_data_not_executable_docs
[INFO] [stdout]     domain_fragments_merge_metadata_and_empty_field_lists_are_equivalent
[INFO] [stdout]     forward_cross_domain_reference_and_named_identity
[INFO] [stdout]     independently_generated_echo_is_deterministic_across_roots
[INFO] [stdout]     named_object_description_uses_symbol_path
[INFO] [stdout]     optional_recursive_layout_boxes_direct_edges
[INFO] [stdout]     original_descriptions_are_release_ready_and_optional_translation_is_hash_bound
[INFO] [stdout]     output_alias_paths_are_rejected
[INFO] [stdout]     output_cannot_escape_directory
[INFO] [stdout]     overlay_hash_replace_remove_and_dangling_reference
[INFO] [stdout]     override_duplicate_targets_and_deleted_references_fail
[INFO] [stdout]     pdl_include_reuse_cycle_and_escape_are_distinct
[INFO] [stdout]     publication_replaces_complete_output_and_lock_rejects_concurrency
[INFO] [stdout]     raw_keyword_module_uses_unprefixed_file_path
[INFO] [stdout]     removed_generated_files_are_deleted_only_when_unmodified
[INFO] [stdout]     rust_name_collisions_and_dangling_refs_fail
[INFO] [stdout]     same_domain_fragments_merge_and_conflicts_fail
[INFO] [stdout]     source_reordering_is_byte_deterministic_and_rust_only_diff_is_distinct
[INFO] [stdout]     vector_recursion_has_no_box_and_required_cycle_is_rejected
[INFO] [stdout] 
[INFO] [stdout] test result: FAILED. 8 passed; 20 failed; 0 ignored; 0 measured; 0 filtered out; finished in 1.58s
[INFO] [stdout] 
[INFO] running `Command { std: "docker" "inspect" "f7668f5e2dbea6349fcebba28604496dc93c360c1c84a6bd47a40c5806034747", kill_on_drop: false }`
[INFO] running `Command { std: "docker" "rm" "-f" "f7668f5e2dbea6349fcebba28604496dc93c360c1c84a6bd47a40c5806034747", kill_on_drop: false }`
[INFO] [stdout] f7668f5e2dbea6349fcebba28604496dc93c360c1c84a6bd47a40c5806034747
