[INFO] fetching crate ydlidar-rust-driver 0.1.3...
[INFO] testing ydlidar-rust-driver-0.1.3 against 1.99.0-beta.8+cargoflags=--release for beta-release-1.100-2
[INFO] extracting crate ydlidar-rust-driver 0.1.3 into /workspace/builds/worker-6-tc1/source
[INFO] started tweaking crates.io crate ydlidar-rust-driver 0.1.3
[INFO] finished tweaking crates.io crate ydlidar-rust-driver 0.1.3
[INFO] tweaked toml for crates.io crate ydlidar-rust-driver 0.1.3 written to /workspace/builds/worker-6-tc1/source/Cargo.toml
[INFO] validating manifest of crates.io crate ydlidar-rust-driver 0.1.3 on toolchain 1.99.0-beta.8
[INFO] running `Command { std: CARGO_HOME="/workspace/cargo-home" RUSTUP_HOME="/workspace/rustup-home" "/workspace/cargo-home/bin/cargo" "+1.99.0-beta.8" "metadata" "--manifest-path" "Cargo.toml" "--no-deps", kill_on_drop: false }`
[INFO] crate crates.io crate ydlidar-rust-driver 0.1.3 already has a lockfile, it will not be regenerated
[INFO] running `Command { std: CARGO_HOME="/workspace/cargo-home" RUSTUP_HOME="/workspace/rustup-home" "/workspace/cargo-home/bin/cargo" "+1.99.0-beta.8" "fetch" "--manifest-path" "Cargo.toml", kill_on_drop: false }`
[INFO] [stderr]     Updating crates.io index
[INFO] [stderr]  Downloading crates ...
[INFO] [stderr]   Downloaded io-kit-sys v0.4.1
[INFO] [stderr]   Downloaded serialport v4.7.2
[INFO] [stderr]   Downloaded unescaper v0.1.6
[INFO] [stderr]   Downloaded libudev v0.3.0
[INFO] running `Command { std: "docker" "create" "-v" "/var/lib/crater-agent-workspace/builds/worker-6-tc1/source:/opt/rustwide/workdir:ro,Z" "-v" "/var/lib/crater-agent-workspace/builds/worker-6-tc1/target:/opt/rustwide/target:rw,Z" "-v" "/var/lib/crater-agent-workspace/cargo-home:/opt/rustwide/cargo-home:ro,Z" "-v" "/var/lib/crater-agent-workspace/rustup-home:/opt/rustwide/rustup-home:ro,Z" "-m" "1610612736" "--network" "none" "ghcr.io/rust-lang/crates-build-env/linux@sha256:77db811e55d90add9212f6832c23229e3de5f1c1f9905e8cb07319ea15df73ac" "sleep" "infinity", kill_on_drop: false }`
[INFO] [stdout] 1aa7801c5f68af41769eb3af9a819a6e2bdd3b718c69f65de3d00fbebbc70752
[INFO] running `Command { std: "docker" "start" "1aa7801c5f68af41769eb3af9a819a6e2bdd3b718c69f65de3d00fbebbc70752", kill_on_drop: false }`
[INFO] running `Command { std: "docker" "inspect" "1aa7801c5f68af41769eb3af9a819a6e2bdd3b718c69f65de3d00fbebbc70752", kill_on_drop: false }`
[INFO] running `Command { std: "docker" "exec" "-e" "SOURCE_DIR=/opt/rustwide/workdir" "-e" "CARGO_HOME=/opt/rustwide/cargo-home" "-e" "RUSTUP_HOME=/opt/rustwide/rustup-home" "-e" "CARGO_TARGET_DIR=/opt/rustwide/target" "-w" "/opt/rustwide/workdir" "--user" "0:0" "1aa7801c5f68af41769eb3af9a819a6e2bdd3b718c69f65de3d00fbebbc70752" "/opt/rustwide/cargo-home/bin/cargo" "+1.99.0-beta.8" "metadata" "--no-deps" "--format-version=1", kill_on_drop: false }`
[INFO] running `Command { std: "docker" "inspect" "1aa7801c5f68af41769eb3af9a819a6e2bdd3b718c69f65de3d00fbebbc70752", kill_on_drop: false }`
[INFO] running `Command { std: "docker" "exec" "-e" "SOURCE_DIR=/opt/rustwide/workdir" "-e" "CARGO_HOME=/opt/rustwide/cargo-home" "-e" "RUSTUP_HOME=/opt/rustwide/rustup-home" "-e" "CARGO_TARGET_DIR=/opt/rustwide/target" "-e" "CARGO_INCREMENTAL=0" "-e" "RUST_BACKTRACE=full" "-e" "RUSTFLAGS=--cap-lints=warn" "-e" "RUSTDOCFLAGS=--cap-lints=warn" "-w" "/opt/rustwide/workdir" "--user" "0:0" "1aa7801c5f68af41769eb3af9a819a6e2bdd3b718c69f65de3d00fbebbc70752" "/opt/rustwide/cargo-home/bin/cargo" "+1.99.0-beta.8" "build" "--frozen" "--message-format=json" "--release", kill_on_drop: false }`
[INFO] [stderr]    Compiling libc v0.2.174
[INFO] [stderr]    Compiling scopeguard v1.2.0
[INFO] [stderr]    Compiling bitflags v2.9.1
[INFO] [stderr]    Compiling nb v1.1.0
[INFO] [stderr]    Compiling embedded-io v0.6.1
[INFO] [stderr]    Compiling libudev-sys v0.1.4
[INFO] [stderr]    Compiling syn v2.0.104
[INFO] [stderr]    Compiling nix v0.26.4
[INFO] [stderr]    Compiling libudev v0.3.0
[INFO] [stderr]    Compiling thiserror-impl v2.0.12
[INFO] [stderr]    Compiling thiserror v2.0.12
[INFO] [stderr]    Compiling unescaper v0.1.6
[INFO] [stderr]    Compiling serialport v4.7.2
[INFO] [stderr]    Compiling ydlidar-rust-driver v0.1.3 (/opt/rustwide/workdir)
[INFO] [stdout] warning: constant `SCAN_POINT_SIZE` is never used
[INFO] [stdout]   --> src/lidar.rs:62:7
[INFO] [stdout]    |
[INFO] [stdout] 62 | const SCAN_POINT_SIZE: usize = 5;
[INFO] [stdout]    |       ^^^^^^^^^^^^^^^
[INFO] [stdout]    |
[INFO] [stdout]    = note: `#[warn(dead_code)]` (part of `#[warn(unused)]`) on by default
[INFO] [stdout] 
[INFO] [stdout] 
[INFO] [stderr]     Finished `release` profile [optimized] target(s) in 6.37s
[INFO] running `Command { std: "docker" "inspect" "1aa7801c5f68af41769eb3af9a819a6e2bdd3b718c69f65de3d00fbebbc70752", kill_on_drop: false }`
[INFO] running `Command { std: "docker" "exec" "-e" "SOURCE_DIR=/opt/rustwide/workdir" "-e" "CARGO_HOME=/opt/rustwide/cargo-home" "-e" "RUSTUP_HOME=/opt/rustwide/rustup-home" "-e" "CARGO_TARGET_DIR=/opt/rustwide/target" "-e" "CARGO_INCREMENTAL=0" "-e" "RUST_BACKTRACE=full" "-e" "RUSTFLAGS=--cap-lints=warn" "-e" "RUSTDOCFLAGS=--cap-lints=warn" "-w" "/opt/rustwide/workdir" "--user" "0:0" "1aa7801c5f68af41769eb3af9a819a6e2bdd3b718c69f65de3d00fbebbc70752" "/opt/rustwide/cargo-home/bin/cargo" "+1.99.0-beta.8" "test" "--frozen" "--no-run" "--message-format=json" "--release", kill_on_drop: false }`
[INFO] [stderr]    Compiling ydlidar-rust-driver v0.1.3 (/opt/rustwide/workdir)
[INFO] [stdout] warning: constant `SCAN_POINT_SIZE` is never used
[INFO] [stdout]   --> src/lidar.rs:62:7
[INFO] [stdout]    |
[INFO] [stdout] 62 | const SCAN_POINT_SIZE: usize = 5;
[INFO] [stdout]    |       ^^^^^^^^^^^^^^^
[INFO] [stdout]    |
[INFO] [stdout]    = note: `#[warn(dead_code)]` (part of `#[warn(unused)]`) on by default
[INFO] [stdout] 
[INFO] [stdout] 
[INFO] [stdout] warning: constant `SCAN_POINT_SIZE` is never used
[INFO] [stdout]   --> src/lidar.rs:62:7
[INFO] [stdout]    |
[INFO] [stdout] 62 | const SCAN_POINT_SIZE: usize = 5;
[INFO] [stdout]    |       ^^^^^^^^^^^^^^^
[INFO] [stdout]    |
[INFO] [stdout]    = note: `#[warn(dead_code)]` (part of `#[warn(unused)]`) on by default
[INFO] [stdout] 
[INFO] [stdout] 
[INFO] [stderr]     Finished `release` profile [optimized] target(s) in 0.43s
[INFO] running `Command { std: "docker" "inspect" "1aa7801c5f68af41769eb3af9a819a6e2bdd3b718c69f65de3d00fbebbc70752", kill_on_drop: false }`
[INFO] running `Command { std: "docker" "exec" "-e" "SOURCE_DIR=/opt/rustwide/workdir" "-e" "CARGO_HOME=/opt/rustwide/cargo-home" "-e" "RUSTUP_HOME=/opt/rustwide/rustup-home" "-e" "CARGO_TARGET_DIR=/opt/rustwide/target" "-e" "CARGO_INCREMENTAL=0" "-e" "RUST_BACKTRACE=full" "-e" "RUSTFLAGS=--cap-lints=warn" "-e" "RUSTDOCFLAGS=--cap-lints=warn" "-w" "/opt/rustwide/workdir" "--user" "0:0" "1aa7801c5f68af41769eb3af9a819a6e2bdd3b718c69f65de3d00fbebbc70752" "/opt/rustwide/cargo-home/bin/cargo" "+1.99.0-beta.8" "test" "--frozen" "--release", kill_on_drop: false }`
[INFO] [stderr] warning: constant `SCAN_POINT_SIZE` is never used
[INFO] [stderr]   --> src/lidar.rs:62:7
[INFO] [stderr]    |
[INFO] [stderr] 62 | const SCAN_POINT_SIZE: usize = 5;
[INFO] [stderr]    |       ^^^^^^^^^^^^^^^
[INFO] [stderr]    |
[INFO] [stderr]    = note: `#[warn(dead_code)]` (part of `#[warn(unused)]`) on by default
[INFO] [stderr] 
[INFO] [stderr] warning: `ydlidar-rust-driver` (lib) generated 1 warning
[INFO] [stderr] warning: `ydlidar-rust-driver` (lib test) generated 1 warning (1 duplicate)
[INFO] [stderr]     Finished `release` profile [optimized] target(s) in 0.04s
[INFO] [stderr]      Running unittests src/lib.rs (/opt/rustwide/target/release/deps/ydlidar_rust_driver-caf59e5db40d86b3)
[INFO] [stderr] error: test failed, to rerun pass `--lib`
[INFO] [stdout] 
[INFO] [stdout] running 6 tests
[INFO] [stdout] test error::tests::test_embedded_io_error_kind ... ok
[INFO] [stdout] test types::tests::test_sample_node_distance ... FAILED
[INFO] [stdout] test error::tests::test_error_display ... ok
[INFO] [stdout] test types::tests::test_tmini_header_parsing ... FAILED
[INFO] [stdout] test cmd::tests::test_command_bytes ... ok
[INFO] [stdout] test cmd::tests::test_command_values ... ok
[INFO] [stdout] 
[INFO] [stdout] failures:
[INFO] [stdout] 
[INFO] [stdout] ---- types::tests::test_sample_node_distance stdout ----
[INFO] [stdout] 
[INFO] [stdout] thread 'types::tests::test_sample_node_distance' (415) panicked at src/types.rs:176:9:
[INFO] [stdout] assertion `left == right` failed
[INFO] [stdout]   left: 1165
[INFO] [stdout]  right: 4660
[INFO] [stdout] stack backtrace:
[INFO] [stdout]    0:     0x565254d7dd91 - <<std[70759c8f55707aa4]::sys::backtrace::BacktraceLock>::print::DisplayBacktrace as core[df12db4294e9bfd3]::fmt::Display>::fmt
[INFO] [stdout]    1:     0x565254d91f6a - core[df12db4294e9bfd3]::fmt::write
[INFO] [stdout]    2:     0x565254d8222c - <alloc[2182bb758b4b3781]::vec::Vec<u8> as core[df12db4294e9bfd3]::io::write::Write>::write_fmt
[INFO] [stdout]    3:     0x565254d5a386 - std[70759c8f55707aa4]::panicking::default_hook::{closure#0}
[INFO] [stdout]    4:     0x565254d764f9 - std[70759c8f55707aa4]::panicking::default_hook
[INFO] [stdout]    5:     0x565254d12960 - test[9d35eded1c95d3be]::test_main_inner::<test[9d35eded1c95d3be]::test_main_static::{closure#0}>::{closure#0}
[INFO] [stdout]    6:     0x565254d766b2 - std[70759c8f55707aa4]::panicking::panic_with_hook
[INFO] [stdout]    7:     0x565254d5a432 - std[70759c8f55707aa4]::panicking::panic_handler::{closure#0}
[INFO] [stdout]    8:     0x565254d531b9 - std[70759c8f55707aa4]::sys::backtrace::__rust_end_short_backtrace::<std[70759c8f55707aa4]::panicking::panic_handler::{closure#0}, !>
[INFO] [stdout]    9:     0x565254d5b02d - __rustc[8fa7c3cbc660c2b3]::rust_begin_unwind
[INFO] [stdout]   10:     0x565254d9269c - core[df12db4294e9bfd3]::panicking::panic_fmt
[INFO] [stdout]   11:     0x565254d925b3 - core[df12db4294e9bfd3]::panicking::assert_failed_inner
[INFO] [stdout]   12:     0x565254d056ed - core[df12db4294e9bfd3]::panicking::assert_failed::<u16, u16>
[INFO] [stdout]   13:     0x565254d05bc2 - <ydlidar_rust_driver[3229c9a67892d2ef]::types::tests::test_sample_node_distance::{closure#0} as core[df12db4294e9bfd3]::ops::function::FnOnce<()>>::call_once
[INFO] [stdout]   14:     0x565254d05c4b - test[9d35eded1c95d3be]::__rust_begin_short_backtrace::<core[df12db4294e9bfd3]::result::Result<(), alloc[2182bb758b4b3781]::string::String>, fn() -> core[df12db4294e9bfd3]::result::Result<(), alloc[2182bb758b4b3781]::string::String>>
[INFO] [stdout]   15:     0x565254d132b5 - test[9d35eded1c95d3be]::run_test::{closure#0}
[INFO] [stdout]   16:     0x565254d0cb74 - std[70759c8f55707aa4]::sys::backtrace::__rust_begin_short_backtrace::<test[9d35eded1c95d3be]::run_test::{closure#1}, ()>
[INFO] [stdout]   17:     0x565254d16412 - <std[70759c8f55707aa4]::thread::lifecycle::spawn_unchecked<test[9d35eded1c95d3be]::run_test::{closure#1}, ()>::{closure#1} as core[df12db4294e9bfd3]::ops::function::FnOnce<()>>::call_once::{shim:vtable#0}
[INFO] [stdout]   18:     0x565254d7d669 - <std[70759c8f55707aa4]::sys::thread::unix::Thread>::new::thread_start
[INFO] [stdout]   19:     0x747698d0ddfa - <unknown>
[INFO] [stdout]   20:     0x747698da13d4 - clone
[INFO] [stdout]   21:                0x0 - <unknown>
[INFO] [stdout] 
[INFO] [stdout] ---- types::tests::test_tmini_header_parsing stdout ----
[INFO] [stdout] 
[INFO] [stdout] thread 'types::tests::test_tmini_header_parsing' (416) panicked at src/types.rs:165:9:
[INFO] [stdout] assertion failed: header.is_valid()
[INFO] [stdout] stack backtrace:
[INFO] [stdout]    0:     0x565254d7dd91 - <<std[70759c8f55707aa4]::sys::backtrace::BacktraceLock>::print::DisplayBacktrace as core[df12db4294e9bfd3]::fmt::Display>::fmt
[INFO] [stdout]    1:     0x565254d91f6a - core[df12db4294e9bfd3]::fmt::write
[INFO] [stdout]    2:     0x565254d8222c - <alloc[2182bb758b4b3781]::vec::Vec<u8> as core[df12db4294e9bfd3]::io::write::Write>::write_fmt
[INFO] [stdout]    3:     0x565254d5a386 - std[70759c8f55707aa4]::panicking::default_hook::{closure#0}
[INFO] [stdout]    4:     0x565254d764f9 - std[70759c8f55707aa4]::panicking::default_hook
[INFO] [stdout]    5:     0x565254d12960 - test[9d35eded1c95d3be]::test_main_inner::<test[9d35eded1c95d3be]::test_main_static::{closure#0}>::{closure#0}
[INFO] [stdout]    6:     0x565254d766b2 - std[70759c8f55707aa4]::panicking::panic_with_hook
[INFO] [stdout]    7:     0x565254d5a464 - std[70759c8f55707aa4]::panicking::panic_handler::{closure#0}
[INFO] [stdout]    8:     0x565254d531b9 - std[70759c8f55707aa4]::sys::backtrace::__rust_end_short_backtrace::<std[70759c8f55707aa4]::panicking::panic_handler::{closure#0}, !>
[INFO] [stdout]    9:     0x565254d5b02d - __rustc[8fa7c3cbc660c2b3]::rust_begin_unwind
[INFO] [stdout]   10:     0x565254d9269c - core[df12db4294e9bfd3]::panicking::panic_fmt
[INFO] [stdout]   11:     0x565254d92662 - core[df12db4294e9bfd3]::panicking::panic
[INFO] [stdout]   12:     0x565254d05bea - <ydlidar_rust_driver[3229c9a67892d2ef]::types::tests::test_tmini_header_parsing::{closure#0} as core[df12db4294e9bfd3]::ops::function::FnOnce<()>>::call_once
[INFO] [stdout]   13:     0x565254d05c4b - test[9d35eded1c95d3be]::__rust_begin_short_backtrace::<core[df12db4294e9bfd3]::result::Result<(), alloc[2182bb758b4b3781]::string::String>, fn() -> core[df12db4294e9bfd3]::result::Result<(), alloc[2182bb758b4b3781]::string::String>>
[INFO] [stdout]   14:     0x565254d132b5 - test[9d35eded1c95d3be]::run_test::{closure#0}
[INFO] [stdout]   15:     0x565254d0cb74 - std[70759c8f55707aa4]::sys::backtrace::__rust_begin_short_backtrace::<test[9d35eded1c95d3be]::run_test::{closure#1}, ()>
[INFO] [stdout]   16:     0x565254d16412 - <std[70759c8f55707aa4]::thread::lifecycle::spawn_unchecked<test[9d35eded1c95d3be]::run_test::{closure#1}, ()>::{closure#1} as core[df12db4294e9bfd3]::ops::function::FnOnce<()>>::call_once::{shim:vtable#0}
[INFO] [stdout]   17:     0x565254d7d669 - <std[70759c8f55707aa4]::sys::thread::unix::Thread>::new::thread_start
[INFO] [stdout]   18:     0x747698d0ddfa - <unknown>
[INFO] [stdout]   19:     0x747698da13d4 - clone
[INFO] [stdout]   20:                0x0 - <unknown>
[INFO] [stdout] 
[INFO] [stdout] 
[INFO] [stdout] failures:
[INFO] [stdout]     types::tests::test_sample_node_distance
[INFO] [stdout]     types::tests::test_tmini_header_parsing
[INFO] [stdout] 
[INFO] [stdout] test result: FAILED. 4 passed; 2 failed; 0 ignored; 0 measured; 0 filtered out; finished in 0.00s
[INFO] [stdout] 
[INFO] running `Command { std: "docker" "inspect" "1aa7801c5f68af41769eb3af9a819a6e2bdd3b718c69f65de3d00fbebbc70752", kill_on_drop: false }`
[INFO] running `Command { std: "docker" "rm" "-f" "1aa7801c5f68af41769eb3af9a819a6e2bdd3b718c69f65de3d00fbebbc70752", kill_on_drop: false }`
[INFO] [stdout] 1aa7801c5f68af41769eb3af9a819a6e2bdd3b718c69f65de3d00fbebbc70752
