[INFO] fetching crate yb-postgres-openssl 0.5.0-yb-1-beta.5...
[INFO] testing yb-postgres-openssl-0.5.0-yb-1-beta.5 against 1.100.0-beta.1+cargoflags=--release for beta-release-1.100-2
[INFO] extracting crate yb-postgres-openssl 0.5.0-yb-1-beta.5 into /workspace/builds/worker-1-tc2/source
[INFO] started tweaking crates.io crate yb-postgres-openssl 0.5.0-yb-1-beta.5
[INFO] finished tweaking crates.io crate yb-postgres-openssl 0.5.0-yb-1-beta.5
[INFO] tweaked toml for crates.io crate yb-postgres-openssl 0.5.0-yb-1-beta.5 written to /workspace/builds/worker-1-tc2/source/Cargo.toml
[INFO] validating manifest of crates.io crate yb-postgres-openssl 0.5.0-yb-1-beta.5 on toolchain 1.100.0-beta.1
[INFO] running `Command { std: CARGO_HOME="/workspace/cargo-home" RUSTUP_HOME="/workspace/rustup-home" "/workspace/cargo-home/bin/cargo" "+1.100.0-beta.1" "metadata" "--manifest-path" "Cargo.toml" "--no-deps", kill_on_drop: false }`
[INFO] crate crates.io crate yb-postgres-openssl 0.5.0-yb-1-beta.5 already has a lockfile, it will not be regenerated
[INFO] running `Command { std: CARGO_HOME="/workspace/cargo-home" RUSTUP_HOME="/workspace/rustup-home" "/workspace/cargo-home/bin/cargo" "+1.100.0-beta.1" "fetch" "--manifest-path" "Cargo.toml", kill_on_drop: false }`
[INFO] running `Command { std: "docker" "create" "-v" "/var/lib/crater-agent-workspace/builds/worker-1-tc2/source:/opt/rustwide/workdir:ro,Z" "-v" "/var/lib/crater-agent-workspace/builds/worker-1-tc2/target:/opt/rustwide/target:rw,Z" "-v" "/var/lib/crater-agent-workspace/cargo-home:/opt/rustwide/cargo-home:ro,Z" "-v" "/var/lib/crater-agent-workspace/rustup-home:/opt/rustwide/rustup-home:ro,Z" "-m" "1610612736" "--network" "none" "ghcr.io/rust-lang/crates-build-env/linux@sha256:77db811e55d90add9212f6832c23229e3de5f1c1f9905e8cb07319ea15df73ac" "sleep" "infinity", kill_on_drop: false }`
[INFO] [stdout] 2e81f3c3511d5341b715a3d90ad8ab1be86dc50563104ad3e0ba42b7fd224b29
[INFO] running `Command { std: "docker" "start" "2e81f3c3511d5341b715a3d90ad8ab1be86dc50563104ad3e0ba42b7fd224b29", kill_on_drop: false }`
[INFO] running `Command { std: "docker" "inspect" "2e81f3c3511d5341b715a3d90ad8ab1be86dc50563104ad3e0ba42b7fd224b29", kill_on_drop: false }`
[INFO] running `Command { std: "docker" "exec" "-e" "SOURCE_DIR=/opt/rustwide/workdir" "-e" "CARGO_HOME=/opt/rustwide/cargo-home" "-e" "RUSTUP_HOME=/opt/rustwide/rustup-home" "-e" "CARGO_TARGET_DIR=/opt/rustwide/target" "-w" "/opt/rustwide/workdir" "--user" "0:0" "2e81f3c3511d5341b715a3d90ad8ab1be86dc50563104ad3e0ba42b7fd224b29" "/opt/rustwide/cargo-home/bin/cargo" "+1.100.0-beta.1" "metadata" "--no-deps" "--format-version=1", kill_on_drop: false }`
[INFO] running `Command { std: "docker" "inspect" "2e81f3c3511d5341b715a3d90ad8ab1be86dc50563104ad3e0ba42b7fd224b29", kill_on_drop: false }`
[INFO] running `Command { std: "docker" "exec" "-e" "SOURCE_DIR=/opt/rustwide/workdir" "-e" "CARGO_HOME=/opt/rustwide/cargo-home" "-e" "RUSTUP_HOME=/opt/rustwide/rustup-home" "-e" "CARGO_TARGET_DIR=/opt/rustwide/target" "-e" "CARGO_INCREMENTAL=0" "-e" "RUST_BACKTRACE=full" "-e" "RUSTFLAGS=--cap-lints=warn" "-e" "RUSTDOCFLAGS=--cap-lints=warn" "-w" "/opt/rustwide/workdir" "--user" "0:0" "2e81f3c3511d5341b715a3d90ad8ab1be86dc50563104ad3e0ba42b7fd224b29" "/opt/rustwide/cargo-home/bin/cargo" "+1.100.0-beta.1" "build" "--frozen" "--message-format=json" "--release", kill_on_drop: false }`
[INFO] [stderr]    Compiling libc v0.2.189
[INFO] [stderr]    Compiling cmov v0.5.4
[INFO] [stderr]    Compiling find-msvc-tools v0.1.11
[INFO] [stderr]    Compiling pkg-config v0.3.34
[INFO] [stderr]    Compiling zerocopy v0.8.56
[INFO] [stderr]    Compiling tinyvec_macros v0.1.1
[INFO] [stderr]    Compiling hybrid-array v0.4.14
[INFO] [stderr]    Compiling bytes v1.12.1
[INFO] [stderr]    Compiling cpufeatures v0.3.1
[INFO] [stderr]    Compiling unicode-properties v0.1.4
[INFO] [stderr]    Compiling unicode-bidi v0.3.18
[INFO] [stderr]    Compiling fallible-iterator v0.2.0
[INFO] [stderr]    Compiling syn v3.0.3
[INFO] [stderr]    Compiling syn v2.0.119
[INFO] [stderr]    Compiling openssl v0.10.81
[INFO] [stderr]    Compiling siphasher v1.0.3
[INFO] [stderr]    Compiling tinyvec v1.12.0
[INFO] [stderr]    Compiling chacha20 v0.10.2
[INFO] [stderr]    Compiling cc v1.4.3
[INFO] [stderr]    Compiling tokio-openssl v0.6.5
[INFO] [stderr]    Compiling bitflags v2.13.1
[INFO] [stderr]    Compiling ctutils v0.4.2
[INFO] [stderr]    Compiling phf_shared v0.11.3
[INFO] [stderr]    Compiling log v0.4.33
[INFO] [stderr]    Compiling whoami v1.6.1
[INFO] [stderr]    Compiling unicode-normalization v0.1.25
[INFO] [stderr]    Compiling phf v0.11.3
[INFO] [stderr]    Compiling block-buffer v0.12.1
[INFO] [stderr]    Compiling crypto-common v0.2.2
[INFO] [stderr]    Compiling stringprep v0.1.5
[INFO] [stderr]    Compiling openssl-sys v0.9.117
[INFO] [stderr]    Compiling socket2 v0.6.5
[INFO] [stderr]    Compiling getrandom v0.2.17
[INFO] [stderr]    Compiling getrandom v0.4.3
[INFO] [stderr]    Compiling mio v1.2.2
[INFO] [stderr]    Compiling parking_lot_core v0.9.12
[INFO] [stderr]    Compiling socket2 v0.5.10
[INFO] [stderr]    Compiling digest v0.11.3
[INFO] [stderr]    Compiling rand_core v0.6.4
[INFO] [stderr]    Compiling rand v0.10.2
[INFO] [stderr]    Compiling parking_lot v0.12.5
[INFO] [stderr]    Compiling sha2 v0.11.0
[INFO] [stderr]    Compiling md-5 v0.11.0
[INFO] [stderr]    Compiling hmac v0.13.0
[INFO] [stderr]    Compiling tokio v1.53.1
[INFO] [stderr]    Compiling postgres-protocol v0.6.12
[INFO] [stderr]    Compiling openssl-macros v0.1.1
[INFO] [stderr]    Compiling futures-macro v0.3.34
[INFO] [stderr]    Compiling async-trait v0.1.92
[INFO] [stderr]    Compiling postgres-types v0.2.14
[INFO] [stderr]    Compiling futures-util v0.3.34
[INFO] [stderr]    Compiling ppv-lite86 v0.2.21
[INFO] [stderr]    Compiling rand_chacha v0.3.1
[INFO] [stderr]    Compiling rand v0.8.7
[INFO] [stderr]    Compiling tokio-util v0.7.19
[INFO] [stderr]    Compiling yb-tokio-postgres v0.7.10-yb-1-beta.5
[INFO] [stderr]    Compiling yb-postgres-openssl v0.5.0-yb-1-beta.5 (/opt/rustwide/workdir)
[INFO] [stderr]     Finished `release` profile [optimized] target(s) in 13.66s
[INFO] running `Command { std: "docker" "inspect" "2e81f3c3511d5341b715a3d90ad8ab1be86dc50563104ad3e0ba42b7fd224b29", kill_on_drop: false }`
[INFO] running `Command { std: "docker" "exec" "-e" "SOURCE_DIR=/opt/rustwide/workdir" "-e" "CARGO_HOME=/opt/rustwide/cargo-home" "-e" "RUSTUP_HOME=/opt/rustwide/rustup-home" "-e" "CARGO_TARGET_DIR=/opt/rustwide/target" "-e" "CARGO_INCREMENTAL=0" "-e" "RUST_BACKTRACE=full" "-e" "RUSTFLAGS=--cap-lints=warn" "-e" "RUSTDOCFLAGS=--cap-lints=warn" "-w" "/opt/rustwide/workdir" "--user" "0:0" "2e81f3c3511d5341b715a3d90ad8ab1be86dc50563104ad3e0ba42b7fd224b29" "/opt/rustwide/cargo-home/bin/cargo" "+1.100.0-beta.1" "test" "--frozen" "--no-run" "--message-format=json" "--release", kill_on_drop: false }`
[INFO] [stderr]    Compiling tokio-macros v2.7.2
[INFO] [stderr]    Compiling tokio v1.53.1
[INFO] [stderr]    Compiling tokio-util v0.7.19
[INFO] [stderr]    Compiling tokio-openssl v0.6.5
[INFO] [stderr]    Compiling yb-tokio-postgres v0.7.10-yb-1-beta.5
[INFO] [stderr]    Compiling yb-postgres v0.19.7-yb-1-beta.5
[INFO] [stderr]    Compiling yb-postgres-openssl v0.5.0-yb-1-beta.5 (/opt/rustwide/workdir)
[INFO] [stderr]     Finished `release` profile [optimized] target(s) in 18.53s
[INFO] running `Command { std: "docker" "inspect" "2e81f3c3511d5341b715a3d90ad8ab1be86dc50563104ad3e0ba42b7fd224b29", kill_on_drop: false }`
[INFO] running `Command { std: "docker" "exec" "-e" "SOURCE_DIR=/opt/rustwide/workdir" "-e" "CARGO_HOME=/opt/rustwide/cargo-home" "-e" "RUSTUP_HOME=/opt/rustwide/rustup-home" "-e" "CARGO_TARGET_DIR=/opt/rustwide/target" "-e" "CARGO_INCREMENTAL=0" "-e" "RUST_BACKTRACE=full" "-e" "RUSTFLAGS=--cap-lints=warn" "-e" "RUSTDOCFLAGS=--cap-lints=warn" "-w" "/opt/rustwide/workdir" "--user" "0:0" "2e81f3c3511d5341b715a3d90ad8ab1be86dc50563104ad3e0ba42b7fd224b29" "/opt/rustwide/cargo-home/bin/cargo" "+1.100.0-beta.1" "test" "--frozen" "--release", kill_on_drop: false }`
[INFO] [stderr]     Finished `release` profile [optimized] target(s) in 0.10s
[INFO] [stderr]      Running unittests src/lib.rs (/opt/rustwide/target/release/build/yb-postgres-openssl/13691cbe88c43519/out/yb_postgres_openssl-13691cbe88c43519)
[INFO] [stdout] 
[INFO] [stdout] running 6 tests
[INFO] [stdout] test test::require ... FAILED
[INFO] [stdout] test test::require_channel_binding_err ... FAILED
[INFO] [stdout] test test::require_channel_binding_ok ... FAILED
[INFO] [stdout] test test::scram_user ... FAILED
[INFO] [stdout] test test::prefer ... FAILED
[INFO] [stdout] test test::runtime ... FAILED
[INFO] [stdout] 
[INFO] [stdout] failures:
[INFO] [stdout] 
[INFO] [stdout] ---- test::require stdout ----
[INFO] [stdout] 
[INFO] [stdout] thread 'test::require' (1237) panicked at src/test.rs:31:47:
[INFO] [stdout] called `Result::unwrap()` on an `Err` value: ErrorStack([Error { code: 2147483650, library: "system library", function: "BIO_new_file", file: "../crypto/bio/bss_file.c", line: 67, data: "calling fopen(../test/server.crt, r)" }, Error { code: 268435584, library: "BIO routines", function: "BIO_new_file", reason: "no such file", file: "../crypto/bio/bss_file.c", line: 75 }, Error { code: 92799008, library: "x509 certificate routines", function: "X509_load_cert_crl_file_ex", reason: "BIO lib", file: "../crypto/x509/by_file.c", line: 248 }])
[INFO] [stdout] stack backtrace:
[INFO] [stdout]    0:     0x61a2ac94b511 - <<std[617be2ca0a6fd877]::sys::backtrace::BacktraceLock>::print::DisplayBacktrace as core[a373ad73a504971]::fmt::Display>::fmt
[INFO] [stdout]    1:     0x61a2ac961efa - core[a373ad73a504971]::fmt::write
[INFO] [stdout]    2:     0x61a2ac94ff3c - <alloc[2e1b2a31b91974c5]::vec::Vec<u8> as core[a373ad73a504971]::io::write::Write>::write_fmt
[INFO] [stdout]    3:     0x61a2ac926896 - std[617be2ca0a6fd877]::panicking::default_hook::{closure#0}
[INFO] [stdout]    4:     0x61a2ac943559 - std[617be2ca0a6fd877]::panicking::default_hook
[INFO] [stdout]    5:     0x61a2ac87e610 - test[aada8e7e76ba119b]::test_main_inner::{closure#0}
[INFO] [stdout]    6:     0x61a2ac943882 - std[617be2ca0a6fd877]::panicking::panic_with_hook
[INFO] [stdout]    7:     0x61a2ac926942 - std[617be2ca0a6fd877]::panicking::panic_handler::{closure#0}
[INFO] [stdout]    8:     0x61a2ac91f5a9 - std[617be2ca0a6fd877]::sys::backtrace::__rust_end_short_backtrace::<std[617be2ca0a6fd877]::panicking::panic_handler::{closure#0}, !>
[INFO] [stdout]    9:     0x61a2ac92773d - __rustc[ea4f61d10b84890b]::rust_begin_unwind
[INFO] [stdout]   10:     0x61a2ac96265c - core[a373ad73a504971]::panicking::panic_fmt
[INFO] [stdout]   11:     0x61a2ac962432 - core[a373ad73a504971]::result::unwrap_failed
[INFO] [stdout]   12:     0x61a2ac83cce0 - yb_postgres_openssl[7b2eb72badad84f6]::test::require::{closure#0}
[INFO] [stdout]   13:     0x61a2ac85e8e3 - <tokio[a9625129e3006938]::runtime::scheduler::current_thread::Context>::enter::<core[a373ad73a504971]::task::poll::Poll<()>, <tokio[a9625129e3006938]::runtime::scheduler::current_thread::CoreGuard>::block_on<core[a373ad73a504971]::pin::Pin<&mut core[a373ad73a504971]::pin::Pin<&mut dyn core[a373ad73a504971]::future::future::Future<Output = ()>>>>::{closure#0}::{closure#0}>
[INFO] [stdout]   14:     0x61a2ac85a43c - <tokio[a9625129e3006938]::runtime::context::scoped::Scoped<tokio[a9625129e3006938]::runtime::scheduler::Context>>::set::<<tokio[a9625129e3006938]::runtime::scheduler::current_thread::CoreGuard>::enter<<tokio[a9625129e3006938]::runtime::scheduler::current_thread::CoreGuard>::block_on<core[a373ad73a504971]::pin::Pin<&mut core[a373ad73a504971]::pin::Pin<&mut dyn core[a373ad73a504971]::future::future::Future<Output = ()>>>>::{closure#0}, core[a373ad73a504971]::option::Option<()>>::{closure#0}, (alloc[2e1b2a31b91974c5]::boxed::Box<tokio[a9625129e3006938]::runtime::scheduler::current_thread::Core>, core[a373ad73a504971]::option::Option<()>)>
[INFO] [stdout]   15:     0x61a2ac85fe55 - <tokio[a9625129e3006938]::runtime::scheduler::current_thread::CoreGuard>::block_on::<core[a373ad73a504971]::pin::Pin<&mut core[a373ad73a504971]::pin::Pin<&mut dyn core[a373ad73a504971]::future::future::Future<Output = ()>>>>
[INFO] [stdout]   16:     0x61a2ac85bf60 - tokio[a9625129e3006938]::runtime::context::runtime::enter_runtime::<<tokio[a9625129e3006938]::runtime::scheduler::current_thread::CurrentThread>::block_on<core[a373ad73a504971]::pin::Pin<&mut dyn core[a373ad73a504971]::future::future::Future<Output = ()>>>::{closure#0}, ()>
[INFO] [stdout]   17:     0x61a2ac864f9b - <tokio[a9625129e3006938]::runtime::runtime::Runtime>::block_on::<core[a373ad73a504971]::pin::Pin<&mut dyn core[a373ad73a504971]::future::future::Future<Output = ()>>>
[INFO] [stdout]   18:     0x61a2ac84165f - <yb_postgres_openssl[7b2eb72badad84f6]::test::require::{closure#0} as core[a373ad73a504971]::ops::function::FnOnce<()>>::call_once
[INFO] [stdout]   19:     0x61a2ac871a5b - test[aada8e7e76ba119b]::__rust_begin_short_backtrace::<core[a373ad73a504971]::result::Result<(), alloc[2e1b2a31b91974c5]::string::String>, fn() -> core[a373ad73a504971]::result::Result<(), alloc[2e1b2a31b91974c5]::string::String>>
[INFO] [stdout]   20:     0x61a2ac87ec35 - test[aada8e7e76ba119b]::run_test::{closure#0}
[INFO] [stdout]   21:     0x61a2ac878524 - std[617be2ca0a6fd877]::sys::backtrace::__rust_begin_short_backtrace::<test[aada8e7e76ba119b]::run_test::{closure#1}, ()>
[INFO] [stdout]   22:     0x61a2ac881cc2 - <std[617be2ca0a6fd877]::thread::lifecycle::spawn_unchecked<test[aada8e7e76ba119b]::run_test::{closure#1}, ()>::{closure#1} as core[a373ad73a504971]::ops::function::FnOnce<()>>::call_once::{shim:vtable#0}
[INFO] [stdout]   23:     0x61a2ac94a9ef - <std[617be2ca0a6fd877]::sys::thread::unix::Thread>::new::thread_start
[INFO] [stdout]   24:     0x7e7416bc9dfa - <unknown>
[INFO] [stdout]   25:     0x7e7416c5d3d4 - clone
[INFO] [stdout]   26:                0x0 - <unknown>
[INFO] [stdout] 
[INFO] [stdout] ---- test::require_channel_binding_err stdout ----
[INFO] [stdout] 
[INFO] [stdout] thread 'test::require_channel_binding_err' (1238) panicked at src/test.rs:67:47:
[INFO] [stdout] called `Result::unwrap()` on an `Err` value: ErrorStack([Error { code: 2147483650, library: "system library", function: "BIO_new_file", file: "../crypto/bio/bss_file.c", line: 67, data: "calling fopen(../test/server.crt, r)" }, Error { code: 268435584, library: "BIO routines", function: "BIO_new_file", reason: "no such file", file: "../crypto/bio/bss_file.c", line: 75 }, Error { code: 92799008, library: "x509 certificate routines", function: "X509_load_cert_crl_file_ex", reason: "BIO lib", file: "../crypto/x509/by_file.c", line: 248 }])
[INFO] [stdout] stack backtrace:
[INFO] [stdout]    0:     0x61a2ac94b511 - <<std[617be2ca0a6fd877]::sys::backtrace::BacktraceLock>::print::DisplayBacktrace as core[a373ad73a504971]::fmt::Display>::fmt
[INFO] [stdout]    1:     0x61a2ac961efa - core[a373ad73a504971]::fmt::write
[INFO] [stdout]    2:     0x61a2ac94ff3c - <alloc[2e1b2a31b91974c5]::vec::Vec<u8> as core[a373ad73a504971]::io::write::Write>::write_fmt
[INFO] [stdout]    3:     0x61a2ac926896 - std[617be2ca0a6fd877]::panicking::default_hook::{closure#0}
[INFO] [stdout]    4:     0x61a2ac943559 - std[617be2ca0a6fd877]::panicking::default_hook
[INFO] [stdout]    5:     0x61a2ac87e610 - test[aada8e7e76ba119b]::test_main_inner::{closure#0}
[INFO] [stdout]    6:     0x61a2ac943882 - std[617be2ca0a6fd877]::panicking::panic_with_hook
[INFO] [stdout]    7:     0x61a2ac926942 - std[617be2ca0a6fd877]::panicking::panic_handler::{closure#0}
[INFO] [stdout]    8:     0x61a2ac91f5a9 - std[617be2ca0a6fd877]::sys::backtrace::__rust_end_short_backtrace::<std[617be2ca0a6fd877]::panicking::panic_handler::{closure#0}, !>
[INFO] [stdout]    9:     0x61a2ac92773d - __rustc[ea4f61d10b84890b]::rust_begin_unwind
[INFO] [stdout]   10:     0x61a2ac96265c - core[a373ad73a504971]::panicking::panic_fmt
[INFO] [stdout]   11:     0x61a2ac962432 - core[a373ad73a504971]::result::unwrap_failed
[INFO] [stdout]   12:     0x61a2ac83c52f - yb_postgres_openssl[7b2eb72badad84f6]::test::require_channel_binding_err::{closure#0}
[INFO] [stdout]   13:     0x61a2ac85e8e3 - <tokio[a9625129e3006938]::runtime::scheduler::current_thread::Context>::enter::<core[a373ad73a504971]::task::poll::Poll<()>, <tokio[a9625129e3006938]::runtime::scheduler::current_thread::CoreGuard>::block_on<core[a373ad73a504971]::pin::Pin<&mut core[a373ad73a504971]::pin::Pin<&mut dyn core[a373ad73a504971]::future::future::Future<Output = ()>>>>::{closure#0}::{closure#0}>
[INFO] [stdout]   14:     0x61a2ac85a43c - <tokio[a9625129e3006938]::runtime::context::scoped::Scoped<tokio[a9625129e3006938]::runtime::scheduler::Context>>::set::<<tokio[a9625129e3006938]::runtime::scheduler::current_thread::CoreGuard>::enter<<tokio[a9625129e3006938]::runtime::scheduler::current_thread::CoreGuard>::block_on<core[a373ad73a504971]::pin::Pin<&mut core[a373ad73a504971]::pin::Pin<&mut dyn core[a373ad73a504971]::future::future::Future<Output = ()>>>>::{closure#0}, core[a373ad73a504971]::option::Option<()>>::{closure#0}, (alloc[2e1b2a31b91974c5]::boxed::Box<tokio[a9625129e3006938]::runtime::scheduler::current_thread::Core>, core[a373ad73a504971]::option::Option<()>)>
[INFO] [stdout]   15:     0x61a2ac85fe55 - <tokio[a9625129e3006938]::runtime::scheduler::current_thread::CoreGuard>::block_on::<core[a373ad73a504971]::pin::Pin<&mut core[a373ad73a504971]::pin::Pin<&mut dyn core[a373ad73a504971]::future::future::Future<Output = ()>>>>
[INFO] [stdout]   16:     0x61a2ac85bf60 - tokio[a9625129e3006938]::runtime::context::runtime::enter_runtime::<<tokio[a9625129e3006938]::runtime::scheduler::current_thread::CurrentThread>::block_on<core[a373ad73a504971]::pin::Pin<&mut dyn core[a373ad73a504971]::future::future::Future<Output = ()>>>::{closure#0}, ()>
[INFO] [stdout]   17:     0x61a2ac864f9b - <tokio[a9625129e3006938]::runtime::runtime::Runtime>::block_on::<core[a373ad73a504971]::pin::Pin<&mut dyn core[a373ad73a504971]::future::future::Future<Output = ()>>>
[INFO] [stdout]   18:     0x61a2ac84139b - <yb_postgres_openssl[7b2eb72badad84f6]::test::require_channel_binding_err::{closure#0} as core[a373ad73a504971]::ops::function::FnOnce<()>>::call_once
[INFO] [stdout]   19:     0x61a2ac871a5b - test[aada8e7e76ba119b]::__rust_begin_short_backtrace::<core[a373ad73a504971]::result::Result<(), alloc[2e1b2a31b91974c5]::string::String>, fn() -> core[a373ad73a504971]::result::Result<(), alloc[2e1b2a31b91974c5]::string::String>>
[INFO] [stdout]   20:     0x61a2ac87ec35 - test[aada8e7e76ba119b]::run_test::{closure#0}
[INFO] [stdout]   21:     0x61a2ac878524 - std[617be2ca0a6fd877]::sys::backtrace::__rust_begin_short_backtrace::<test[aada8e7e76ba119b]::run_test::{closure#1}, ()>
[INFO] [stdout]   22:     0x61a2ac881cc2 - <std[617be2ca0a6fd877]::thread::lifecycle::spawn_unchecked<test[aada8e7e76ba119b]::run_test::{closure#1}, ()>::{closure#1} as core[a373ad73a504971]::ops::function::FnOnce<()>>::call_once::{shim:vtable#0}
[INFO] [stdout]   23:     0x61a2ac94a9ef - <std[617be2ca0a6fd877]::sys::thread::unix::Thread>::new::thread_start
[INFO] [stdout]   24:     0x7e7416bc9dfa - <unknown>
[INFO] [stdout]   25:     0x7e7416c5d3d4 - clone
[INFO] [stdout]   26:                0x0 - <unknown>
[INFO] [stdout] 
[INFO] [stdout] ---- test::require_channel_binding_ok stdout ----
[INFO] [stdout] 
[INFO] [stdout] thread 'test::require_channel_binding_ok' (1239) panicked at src/test.rs:81:47:
[INFO] [stdout] called `Result::unwrap()` on an `Err` value: ErrorStack([Error { code: 2147483650, library: "system library", function: "BIO_new_file", file: "../crypto/bio/bss_file.c", line: 67, data: "calling fopen(../test/server.crt, r)" }, Error { code: 268435584, library: "BIO routines", function: "BIO_new_file", reason: "no such file", file: "../crypto/bio/bss_file.c", line: 75 }, Error { code: 92799008, library: "x509 certificate routines", function: "X509_load_cert_crl_file_ex", reason: "BIO lib", file: "../crypto/x509/by_file.c", line: 248 }])
[INFO] [stdout] stack backtrace:
[INFO] [stdout]    0:     0x61a2ac94b511 - <<std[617be2ca0a6fd877]::sys::backtrace::BacktraceLock>::print::DisplayBacktrace as core[a373ad73a504971]::fmt::Display>::fmt
[INFO] [stdout]    1:     0x61a2ac961efa - core[a373ad73a504971]::fmt::write
[INFO] [stdout]    2:     0x61a2ac94ff3c - <alloc[2e1b2a31b91974c5]::vec::Vec<u8> as core[a373ad73a504971]::io::write::Write>::write_fmt
[INFO] [stdout]    3:     0x61a2ac926896 - std[617be2ca0a6fd877]::panicking::default_hook::{closure#0}
[INFO] [stdout]    4:     0x61a2ac943559 - std[617be2ca0a6fd877]::panicking::default_hook
[INFO] [stdout]    5:     0x61a2ac87e610 - test[aada8e7e76ba119b]::test_main_inner::{closure#0}
[INFO] [stdout]    6:     0x61a2ac943882 - std[617be2ca0a6fd877]::panicking::panic_with_hook
[INFO] [stdout]    7:     0x61a2ac926942 - std[617be2ca0a6fd877]::panicking::panic_handler::{closure#0}
[INFO] [stdout]    8:     0x61a2ac91f5a9 - std[617be2ca0a6fd877]::sys::backtrace::__rust_end_short_backtrace::<std[617be2ca0a6fd877]::panicking::panic_handler::{closure#0}, !>
[INFO] [stdout]    9:     0x61a2ac92773d - __rustc[ea4f61d10b84890b]::rust_begin_unwind
[INFO] [stdout]   10:     0x61a2ac96265c - core[a373ad73a504971]::panicking::panic_fmt
[INFO] [stdout]   11:     0x61a2ac962432 - core[a373ad73a504971]::result::unwrap_failed
[INFO] [stdout]   12:     0x61a2ac83c010 - yb_postgres_openssl[7b2eb72badad84f6]::test::require_channel_binding_ok::{closure#0}
[INFO] [stdout]   13:     0x61a2ac85e8e3 - <tokio[a9625129e3006938]::runtime::scheduler::current_thread::Context>::enter::<core[a373ad73a504971]::task::poll::Poll<()>, <tokio[a9625129e3006938]::runtime::scheduler::current_thread::CoreGuard>::block_on<core[a373ad73a504971]::pin::Pin<&mut core[a373ad73a504971]::pin::Pin<&mut dyn core[a373ad73a504971]::future::future::Future<Output = ()>>>>::{closure#0}::{closure#0}>
[INFO] [stdout]   14:     0x61a2ac85a43c - <tokio[a9625129e3006938]::runtime::context::scoped::Scoped<tokio[a9625129e3006938]::runtime::scheduler::Context>>::set::<<tokio[a9625129e3006938]::runtime::scheduler::current_thread::CoreGuard>::enter<<tokio[a9625129e3006938]::runtime::scheduler::current_thread::CoreGuard>::block_on<core[a373ad73a504971]::pin::Pin<&mut core[a373ad73a504971]::pin::Pin<&mut dyn core[a373ad73a504971]::future::future::Future<Output = ()>>>>::{closure#0}, core[a373ad73a504971]::option::Option<()>>::{closure#0}, (alloc[2e1b2a31b91974c5]::boxed::Box<tokio[a9625129e3006938]::runtime::scheduler::current_thread::Core>, core[a373ad73a504971]::option::Option<()>)>
[INFO] [stdout]   15:     0x61a2ac85fe55 - <tokio[a9625129e3006938]::runtime::scheduler::current_thread::CoreGuard>::block_on::<core[a373ad73a504971]::pin::Pin<&mut core[a373ad73a504971]::pin::Pin<&mut dyn core[a373ad73a504971]::future::future::Future<Output = ()>>>>
[INFO] [stdout]   16:     0x61a2ac85bf60 - tokio[a9625129e3006938]::runtime::context::runtime::enter_runtime::<<tokio[a9625129e3006938]::runtime::scheduler::current_thread::CurrentThread>::block_on<core[a373ad73a504971]::pin::Pin<&mut dyn core[a373ad73a504971]::future::future::Future<Output = ()>>>::{closure#0}, ()>
[INFO] [stdout]   17:     0x61a2ac864f9b - <tokio[a9625129e3006938]::runtime::runtime::Runtime>::block_on::<core[a373ad73a504971]::pin::Pin<&mut dyn core[a373ad73a504971]::future::future::Future<Output = ()>>>
[INFO] [stdout]   18:     0x61a2ac84121f - <yb_postgres_openssl[7b2eb72badad84f6]::test::require_channel_binding_ok::{closure#0} as core[a373ad73a504971]::ops::function::FnOnce<()>>::call_once
[INFO] [stdout]   19:     0x61a2ac871a5b - test[aada8e7e76ba119b]::__rust_begin_short_backtrace::<core[a373ad73a504971]::result::Result<(), alloc[2e1b2a31b91974c5]::string::String>, fn() -> core[a373ad73a504971]::result::Result<(), alloc[2e1b2a31b91974c5]::string::String>>
[INFO] [stdout]   20:     0x61a2ac87ec35 - test[aada8e7e76ba119b]::run_test::{closure#0}
[INFO] [stdout]   21:     0x61a2ac878524 - std[617be2ca0a6fd877]::sys::backtrace::__rust_begin_short_backtrace::<test[aada8e7e76ba119b]::run_test::{closure#1}, ()>
[INFO] [stdout]   22:     0x61a2ac881cc2 - <std[617be2ca0a6fd877]::thread::lifecycle::spawn_unchecked<test[aada8e7e76ba119b]::run_test::{closure#1}, ()>::{closure#1} as core[a373ad73a504971]::ops::function::FnOnce<()>>::call_once::{shim:vtable#0}
[INFO] [stdout]   23:     0x61a2ac94a9ef - <std[617be2ca0a6fd877]::sys::thread::unix::Thread>::new::thread_start
[INFO] [stdout]   24:     0x7e7416bc9dfa - <unknown>
[INFO] [stdout]   25:     0x7e7416c5d3d4 - clone
[INFO] [stdout]   26:                0x0 - <unknown>
[INFO] [stdout] 
[INFO] [stdout] ---- test::scram_user stdout ----
[INFO] [stdout] 
[INFO] [stdout] thread 'test::scram_user' (1241) panicked at src/test.rs:55:47:
[INFO] [stdout] called `Result::unwrap()` on an `Err` value: ErrorStack([Error { code: 2147483650, library: "system library", function: "BIO_new_file", file: "../crypto/bio/bss_file.c", line: 67, data: "calling fopen(../test/server.crt, r)" }, Error { code: 268435584, library: "BIO routines", function: "BIO_new_file", reason: "no such file", file: "../crypto/bio/bss_file.c", line: 75 }, Error { code: 92799008, library: "x509 certificate routines", function: "X509_load_cert_crl_file_ex", reason: "BIO lib", file: "../crypto/x509/by_file.c", line: 248 }])
[INFO] [stdout] stack backtrace:
[INFO] [stdout]    0:     0x61a2ac94b511 - <<std[617be2ca0a6fd877]::sys::backtrace::BacktraceLock>::print::DisplayBacktrace as core[a373ad73a504971]::fmt::Display>::fmt
[INFO] [stdout]    1:     0x61a2ac961efa - core[a373ad73a504971]::fmt::write
[INFO] [stdout]    2:     0x61a2ac94ff3c - <alloc[2e1b2a31b91974c5]::vec::Vec<u8> as core[a373ad73a504971]::io::write::Write>::write_fmt
[INFO] [stdout]    3:     0x61a2ac926896 - std[617be2ca0a6fd877]::panicking::default_hook::{closure#0}
[INFO] [stdout]    4:     0x61a2ac943559 - std[617be2ca0a6fd877]::panicking::default_hook
[INFO] [stdout]    5:     0x61a2ac87e610 - test[aada8e7e76ba119b]::test_main_inner::{closure#0}
[INFO] [stdout]    6:     0x61a2ac943882 - std[617be2ca0a6fd877]::panicking::panic_with_hook
[INFO] [stdout]    7:     0x61a2ac926942 - std[617be2ca0a6fd877]::panicking::panic_handler::{closure#0}
[INFO] [stdout]    8:     0x61a2ac91f5a9 - std[617be2ca0a6fd877]::sys::backtrace::__rust_end_short_backtrace::<std[617be2ca0a6fd877]::panicking::panic_handler::{closure#0}, !>
[INFO] [stdout]    9:     0x61a2ac92773d - __rustc[ea4f61d10b84890b]::rust_begin_unwind
[INFO] [stdout]   10:     0x61a2ac96265c - core[a373ad73a504971]::panicking::panic_fmt
[INFO] [stdout]   11:     0x61a2ac962432 - core[a373ad73a504971]::result::unwrap_failed
[INFO] [stdout]   12:     0x61a2ac83bd00 - yb_postgres_openssl[7b2eb72badad84f6]::test::scram_user::{closure#0}
[INFO] [stdout]   13:     0x61a2ac85e8e3 - <tokio[a9625129e3006938]::runtime::scheduler::current_thread::Context>::enter::<core[a373ad73a504971]::task::poll::Poll<()>, <tokio[a9625129e3006938]::runtime::scheduler::current_thread::CoreGuard>::block_on<core[a373ad73a504971]::pin::Pin<&mut core[a373ad73a504971]::pin::Pin<&mut dyn core[a373ad73a504971]::future::future::Future<Output = ()>>>>::{closure#0}::{closure#0}>
[INFO] [stdout]   14:     0x61a2ac85a43c - <tokio[a9625129e3006938]::runtime::context::scoped::Scoped<tokio[a9625129e3006938]::runtime::scheduler::Context>>::set::<<tokio[a9625129e3006938]::runtime::scheduler::current_thread::CoreGuard>::enter<<tokio[a9625129e3006938]::runtime::scheduler::current_thread::CoreGuard>::block_on<core[a373ad73a504971]::pin::Pin<&mut core[a373ad73a504971]::pin::Pin<&mut dyn core[a373ad73a504971]::future::future::Future<Output = ()>>>>::{closure#0}, core[a373ad73a504971]::option::Option<()>>::{closure#0}, (alloc[2e1b2a31b91974c5]::boxed::Box<tokio[a9625129e3006938]::runtime::scheduler::current_thread::Core>, core[a373ad73a504971]::option::Option<()>)>
[INFO] [stdout]   15:     0x61a2ac85fe55 - <tokio[a9625129e3006938]::runtime::scheduler::current_thread::CoreGuard>::block_on::<core[a373ad73a504971]::pin::Pin<&mut core[a373ad73a504971]::pin::Pin<&mut dyn core[a373ad73a504971]::future::future::Future<Output = ()>>>>
[INFO] [stdout]   16:     0x61a2ac85bf60 - tokio[a9625129e3006938]::runtime::context::runtime::enter_runtime::<<tokio[a9625129e3006938]::runtime::scheduler::current_thread::CurrentThread>::block_on<core[a373ad73a504971]::pin::Pin<&mut dyn core[a373ad73a504971]::future::future::Future<Output = ()>>>::{closure#0}, ()>
[INFO] [stdout]   17:     0x61a2ac864f9b - <tokio[a9625129e3006938]::runtime::runtime::Runtime>::block_on::<core[a373ad73a504971]::pin::Pin<&mut dyn core[a373ad73a504971]::future::future::Future<Output = ()>>>
[INFO] [stdout]   18:     0x61a2ac84109f - <yb_postgres_openssl[7b2eb72badad84f6]::test::scram_user::{closure#0} as core[a373ad73a504971]::ops::function::FnOnce<()>>::call_once
[INFO] [stdout]   19:     0x61a2ac871a5b - test[aada8e7e76ba119b]::__rust_begin_short_backtrace::<core[a373ad73a504971]::result::Result<(), alloc[2e1b2a31b91974c5]::string::String>, fn() -> core[a373ad73a504971]::result::Result<(), alloc[2e1b2a31b91974c5]::string::String>>
[INFO] [stdout]   20:     0x61a2ac87ec35 - test[aada8e7e76ba119b]::run_test::{closure#0}
[INFO] [stdout]   21:     0x61a2ac878524 - std[617be2ca0a6fd877]::sys::backtrace::__rust_begin_short_backtrace::<test[aada8e7e76ba119b]::run_test::{closure#1}, ()>
[INFO] [stdout]   22:     0x61a2ac881cc2 - <std[617be2ca0a6fd877]::thread::lifecycle::spawn_unchecked<test[aada8e7e76ba119b]::run_test::{closure#1}, ()>::{closure#1} as core[a373ad73a504971]::ops::function::FnOnce<()>>::call_once::{shim:vtable#0}
[INFO] [stdout]   23:     0x61a2ac94a9ef - <std[617be2ca0a6fd877]::sys::thread::unix::Thread>::new::thread_start
[INFO] [stdout]   24:     0x7e7416bc9dfa - <unknown>
[INFO] [stdout]   25:     0x7e7416c5d3d4 - clone
[INFO] [stdout]   26:                0x0 - <unknown>
[INFO] [stdout] 
[INFO] [stdout] ---- test::prefer stdout ----
[INFO] [stdout] 
[INFO] [stdout] thread 'test::prefer' (1236) panicked at src/test.rs:43:47:
[INFO] [stdout] called `Result::unwrap()` on an `Err` value: ErrorStack([Error { code: 2147483650, library: "system library", function: "BIO_new_file", file: "../crypto/bio/bss_file.c", line: 67, data: "calling fopen(../test/server.crt, r)" }, Error { code: 268435584, library: "BIO routines", function: "BIO_new_file", reason: "no such file", file: "../crypto/bio/bss_file.c", line: 75 }, Error { code: 92799008, library: "x509 certificate routines", function: "X509_load_cert_crl_file_ex", reason: "BIO lib", file: "../crypto/x509/by_file.c", line: 248 }])
[INFO] [stdout] stack backtrace:
[INFO] [stdout]    0:     0x61a2ac94b511 - <<std[617be2ca0a6fd877]::sys::backtrace::BacktraceLock>::print::DisplayBacktrace as core[a373ad73a504971]::fmt::Display>::fmt
[INFO] [stdout]    1:     0x61a2ac961efa - core[a373ad73a504971]::fmt::write
[INFO] [stdout]    2:     0x61a2ac94ff3c - <alloc[2e1b2a31b91974c5]::vec::Vec<u8> as core[a373ad73a504971]::io::write::Write>::write_fmt
[INFO] [stdout]    3:     0x61a2ac926896 - std[617be2ca0a6fd877]::panicking::default_hook::{closure#0}
[INFO] [stdout]    4:     0x61a2ac943559 - std[617be2ca0a6fd877]::panicking::default_hook
[INFO] [stdout]    5:     0x61a2ac87e610 - test[aada8e7e76ba119b]::test_main_inner::{closure#0}
[INFO] [stdout]    6:     0x61a2ac943882 - std[617be2ca0a6fd877]::panicking::panic_with_hook
[INFO] [stdout]    7:     0x61a2ac926942 - std[617be2ca0a6fd877]::panicking::panic_handler::{closure#0}
[INFO] [stdout]    8:     0x61a2ac91f5a9 - std[617be2ca0a6fd877]::sys::backtrace::__rust_end_short_backtrace::<std[617be2ca0a6fd877]::panicking::panic_handler::{closure#0}, !>
[INFO] [stdout]    9:     0x61a2ac92773d - __rustc[ea4f61d10b84890b]::rust_begin_unwind
[INFO] [stdout]   10:     0x61a2ac96265c - core[a373ad73a504971]::panicking::panic_fmt
[INFO] [stdout]   11:     0x61a2ac962432 - core[a373ad73a504971]::result::unwrap_failed
[INFO] [stdout]   12:     0x61a2ac83c9d0 - yb_postgres_openssl[7b2eb72badad84f6]::test::prefer::{closure#0}
[INFO] [stdout]   13:     0x61a2ac85e8e3 - <tokio[a9625129e3006938]::runtime::scheduler::current_thread::Context>::enter::<core[a373ad73a504971]::task::poll::Poll<()>, <tokio[a9625129e3006938]::runtime::scheduler::current_thread::CoreGuard>::block_on<core[a373ad73a504971]::pin::Pin<&mut core[a373ad73a504971]::pin::Pin<&mut dyn core[a373ad73a504971]::future::future::Future<Output = ()>>>>::{closure#0}::{closure#0}>
[INFO] [stdout]   14:     0x61a2ac85a43c - <tokio[a9625129e3006938]::runtime::context::scoped::Scoped<tokio[a9625129e3006938]::runtime::scheduler::Context>>::set::<<tokio[a9625129e3006938]::runtime::scheduler::current_thread::CoreGuard>::enter<<tokio[a9625129e3006938]::runtime::scheduler::current_thread::CoreGuard>::block_on<core[a373ad73a504971]::pin::Pin<&mut core[a373ad73a504971]::pin::Pin<&mut dyn core[a373ad73a504971]::future::future::Future<Output = ()>>>>::{closure#0}, core[a373ad73a504971]::option::Option<()>>::{closure#0}, (alloc[2e1b2a31b91974c5]::boxed::Box<tokio[a9625129e3006938]::runtime::scheduler::current_thread::Core>, core[a373ad73a504971]::option::Option<()>)>
[INFO] [stdout]   15:     0x61a2ac85fe55 - <tokio[a9625129e3006938]::runtime::scheduler::current_thread::CoreGuard>::block_on::<core[a373ad73a504971]::pin::Pin<&mut core[a373ad73a504971]::pin::Pin<&mut dyn core[a373ad73a504971]::future::future::Future<Output = ()>>>>
[INFO] [stdout]   16:     0x61a2ac85bf60 - tokio[a9625129e3006938]::runtime::context::runtime::enter_runtime::<<tokio[a9625129e3006938]::runtime::scheduler::current_thread::CurrentThread>::block_on<core[a373ad73a504971]::pin::Pin<&mut dyn core[a373ad73a504971]::future::future::Future<Output = ()>>>::{closure#0}, ()>
[INFO] [stdout]   17:     0x61a2ac864f9b - <tokio[a9625129e3006938]::runtime::runtime::Runtime>::block_on::<core[a373ad73a504971]::pin::Pin<&mut dyn core[a373ad73a504971]::future::future::Future<Output = ()>>>
[INFO] [stdout]   18:     0x61a2ac8414df - <yb_postgres_openssl[7b2eb72badad84f6]::test::prefer::{closure#0} as core[a373ad73a504971]::ops::function::FnOnce<()>>::call_once
[INFO] [stdout]   19:     0x61a2ac871a5b - test[aada8e7e76ba119b]::__rust_begin_short_backtrace::<core[a373ad73a504971]::result::Result<(), alloc[2e1b2a31b91974c5]::string::String>, fn() -> core[a373ad73a504971]::result::Result<(), alloc[2e1b2a31b91974c5]::string::String>>
[INFO] [stdout]   20:     0x61a2ac87ec35 - test[aada8e7e76ba119b]::run_test::{closure#0}
[INFO] [stdout]   21:     0x61a2ac878524 - std[617be2ca0a6fd877]::sys::backtrace::__rust_begin_short_backtrace::<test[aada8e7e76ba119b]::run_test::{closure#1}, ()>
[INFO] [stdout]   22:     0x61a2ac881cc2 - <std[617be2ca0a6fd877]::thread::lifecycle::spawn_unchecked<test[aada8e7e76ba119b]::run_test::{closure#1}, ()>::{closure#1} as core[a373ad73a504971]::ops::function::FnOnce<()>>::call_once::{shim:vtable#0}
[INFO] [stdout]   23:     0x61a2ac94a9ef - <std[617be2ca0a6fd877]::sys::thread::unix::Thread>::new::thread_start
[INFO] [stdout]   24:     0x7e7416bc9dfa - <unknown>
[INFO] [stdout]   25:     0x7e7416c5d3d4 - clone
[INFO] [stdout]   26:                0x0 - <unknown>
[INFO] [stdout] 
[INFO] [stdout] ---- test::runtime stdout ----
[INFO] [stdout] 
[INFO] [stdout] thread 'test::runtime' (1240) panicked at src/test.rs:94:47:
[INFO] [stdout] called `Result::unwrap()` on an `Err` value: ErrorStack([Error { code: 2147483650, library: "system library", function: "BIO_new_file", file: "../crypto/bio/bss_file.c", line: 67, data: "calling fopen(../test/server.crt, r)" }, Error { code: 268435584, library: "BIO routines", function: "BIO_new_file", reason: "no such file", file: "../crypto/bio/bss_file.c", line: 75 }, Error { code: 92799008, library: "x509 certificate routines", function: "X509_load_cert_crl_file_ex", reason: "BIO lib", file: "../crypto/x509/by_file.c", line: 248 }])
[INFO] [stdout] stack backtrace:
[INFO] [stdout]    0:     0x61a2ac94b511 - <<std[617be2ca0a6fd877]::sys::backtrace::BacktraceLock>::print::DisplayBacktrace as core[a373ad73a504971]::fmt::Display>::fmt
[INFO] [stdout]    1:     0x61a2ac961efa - core[a373ad73a504971]::fmt::write
[INFO] [stdout]    2:     0x61a2ac94ff3c - <alloc[2e1b2a31b91974c5]::vec::Vec<u8> as core[a373ad73a504971]::io::write::Write>::write_fmt
[INFO] [stdout]    3:     0x61a2ac926896 - std[617be2ca0a6fd877]::panicking::default_hook::{closure#0}
[INFO] [stdout]    4:     0x61a2ac943559 - std[617be2ca0a6fd877]::panicking::default_hook
[INFO] [stdout]    5:     0x61a2ac87e610 - test[aada8e7e76ba119b]::test_main_inner::{closure#0}
[INFO] [stdout]    6:     0x61a2ac943882 - std[617be2ca0a6fd877]::panicking::panic_with_hook
[INFO] [stdout]    7:     0x61a2ac926942 - std[617be2ca0a6fd877]::panicking::panic_handler::{closure#0}
[INFO] [stdout]    8:     0x61a2ac91f5a9 - std[617be2ca0a6fd877]::sys::backtrace::__rust_end_short_backtrace::<std[617be2ca0a6fd877]::panicking::panic_handler::{closure#0}, !>
[INFO] [stdout]    9:     0x61a2ac92773d - __rustc[ea4f61d10b84890b]::rust_begin_unwind
[INFO] [stdout]   10:     0x61a2ac96265c - core[a373ad73a504971]::panicking::panic_fmt
[INFO] [stdout]   11:     0x61a2ac962432 - core[a373ad73a504971]::result::unwrap_failed
[INFO] [stdout]   12:     0x61a2ac83dea9 - yb_postgres_openssl[7b2eb72badad84f6]::test::runtime::{closure#0}
[INFO] [stdout]   13:     0x61a2ac85e8e3 - <tokio[a9625129e3006938]::runtime::scheduler::current_thread::Context>::enter::<core[a373ad73a504971]::task::poll::Poll<()>, <tokio[a9625129e3006938]::runtime::scheduler::current_thread::CoreGuard>::block_on<core[a373ad73a504971]::pin::Pin<&mut core[a373ad73a504971]::pin::Pin<&mut dyn core[a373ad73a504971]::future::future::Future<Output = ()>>>>::{closure#0}::{closure#0}>
[INFO] [stdout]   14:     0x61a2ac85a43c - <tokio[a9625129e3006938]::runtime::context::scoped::Scoped<tokio[a9625129e3006938]::runtime::scheduler::Context>>::set::<<tokio[a9625129e3006938]::runtime::scheduler::current_thread::CoreGuard>::enter<<tokio[a9625129e3006938]::runtime::scheduler::current_thread::CoreGuard>::block_on<core[a373ad73a504971]::pin::Pin<&mut core[a373ad73a504971]::pin::Pin<&mut dyn core[a373ad73a504971]::future::future::Future<Output = ()>>>>::{closure#0}, core[a373ad73a504971]::option::Option<()>>::{closure#0}, (alloc[2e1b2a31b91974c5]::boxed::Box<tokio[a9625129e3006938]::runtime::scheduler::current_thread::Core>, core[a373ad73a504971]::option::Option<()>)>
[INFO] [stdout]   15:     0x61a2ac85fe55 - <tokio[a9625129e3006938]::runtime::scheduler::current_thread::CoreGuard>::block_on::<core[a373ad73a504971]::pin::Pin<&mut core[a373ad73a504971]::pin::Pin<&mut dyn core[a373ad73a504971]::future::future::Future<Output = ()>>>>
[INFO] [stdout]   16:     0x61a2ac85bf60 - tokio[a9625129e3006938]::runtime::context::runtime::enter_runtime::<<tokio[a9625129e3006938]::runtime::scheduler::current_thread::CurrentThread>::block_on<core[a373ad73a504971]::pin::Pin<&mut dyn core[a373ad73a504971]::future::future::Future<Output = ()>>>::{closure#0}, ()>
[INFO] [stdout]   17:     0x61a2ac864f9b - <tokio[a9625129e3006938]::runtime::runtime::Runtime>::block_on::<core[a373ad73a504971]::pin::Pin<&mut dyn core[a373ad73a504971]::future::future::Future<Output = ()>>>
[INFO] [stdout]   18:     0x61a2ac8417ea - <yb_postgres_openssl[7b2eb72badad84f6]::test::runtime::{closure#0} as core[a373ad73a504971]::ops::function::FnOnce<()>>::call_once
[INFO] [stdout]   19:     0x61a2ac871a5b - test[aada8e7e76ba119b]::__rust_begin_short_backtrace::<core[a373ad73a504971]::result::Result<(), alloc[2e1b2a31b91974c5]::string::String>, fn() -> core[a373ad73a504971]::result::Result<(), alloc[2e1b2a31b91974c5]::string::String>>
[INFO] [stdout]   20:     0x61a2ac87ec35 - test[aada8e7e76ba119b]::run_test::{closure#0}
[INFO] [stdout]   21:     0x61a2ac878524 - std[617be2ca0a6fd877]::sys::backtrace::__rust_begin_short_backtrace::<test[aada8e7e76ba119b]::run_test::{closure#1}, ()>
[INFO] [stdout]   22:     0x61a2ac881cc2 - <std[617be2ca0a6fd877]::thread::lifecycle::spawn_unchecked<test[aada8e7e76ba119b]::run_test::{closure#1}, ()>::{closure#1} as core[a373ad73a504971]::ops::function::FnOnce<()>>::call_once::{shim:vtable#0}
[INFO] [stdout]   23:     0x61a2ac94a9ef - <std[617be2ca0a6fd877]::sys::thread::unix::Thread>::new::thread_start
[INFO] [stdout]   24:     0x7e7416bc9dfa - <unknown>
[INFO] [stdout]   25:     0x7e7416c5d3d4 - clone
[INFO] [stdout]   26:                0x0 - <unknown>
[INFO] [stdout] 
[INFO] [stdout] 
[INFO] [stdout] failures:
[INFO] [stdout]     test::prefer
[INFO] [stdout]     test::require
[INFO] [stdout]     test::require_channel_binding_err
[INFO] [stdout]     test::require_channel_binding_ok
[INFO] [stdout]     test::runtime
[INFO] [stdout]     test::scram_user
[INFO] [stdout] 
[INFO] [stdout] test result: FAILED. 0 passed; 6 failed; 0 ignored; 0 measured; 0 filtered out; finished in 0.04s
[INFO] [stdout] 
[INFO] [stderr] error: test failed, to rerun pass `--lib`
[INFO] running `Command { std: "docker" "inspect" "2e81f3c3511d5341b715a3d90ad8ab1be86dc50563104ad3e0ba42b7fd224b29", kill_on_drop: false }`
[INFO] running `Command { std: "docker" "rm" "-f" "2e81f3c3511d5341b715a3d90ad8ab1be86dc50563104ad3e0ba42b7fd224b29", kill_on_drop: false }`
[INFO] [stdout] 2e81f3c3511d5341b715a3d90ad8ab1be86dc50563104ad3e0ba42b7fd224b29
