[INFO] fetching crate yayagram 0.8.5...
[INFO] testing yayagram-0.8.5 against 1.100.0-beta.1+cargoflags=--release for beta-release-1.100-2
[INFO] extracting crate yayagram 0.8.5 into /workspace/builds/worker-5-tc2/source
[INFO] started tweaking crates.io crate yayagram 0.8.5
[INFO] finished tweaking crates.io crate yayagram 0.8.5
[INFO] tweaked toml for crates.io crate yayagram 0.8.5 written to /workspace/builds/worker-5-tc2/source/Cargo.toml
[INFO] validating manifest of crates.io crate yayagram 0.8.5 on toolchain 1.100.0-beta.1
[INFO] running `Command { std: CARGO_HOME="/workspace/cargo-home" RUSTUP_HOME="/workspace/rustup-home" "/workspace/cargo-home/bin/cargo" "+1.100.0-beta.1" "metadata" "--manifest-path" "Cargo.toml" "--no-deps", kill_on_drop: false }`
[INFO] crate crates.io crate yayagram 0.8.5 already has a lockfile, it will not be regenerated
[INFO] running `Command { std: CARGO_HOME="/workspace/cargo-home" RUSTUP_HOME="/workspace/rustup-home" "/workspace/cargo-home/bin/cargo" "+1.100.0-beta.1" "fetch" "--manifest-path" "Cargo.toml", kill_on_drop: false }`
[INFO] running `Command { std: "docker" "create" "-v" "/var/lib/crater-agent-workspace/builds/worker-5-tc2/source:/opt/rustwide/workdir:ro,Z" "-v" "/var/lib/crater-agent-workspace/builds/worker-5-tc2/target:/opt/rustwide/target:rw,Z" "-v" "/var/lib/crater-agent-workspace/cargo-home:/opt/rustwide/cargo-home:ro,Z" "-v" "/var/lib/crater-agent-workspace/rustup-home:/opt/rustwide/rustup-home:ro,Z" "-m" "1610612736" "--network" "none" "ghcr.io/rust-lang/crates-build-env/linux@sha256:77db811e55d90add9212f6832c23229e3de5f1c1f9905e8cb07319ea15df73ac" "sleep" "infinity", kill_on_drop: false }`
[INFO] [stdout] 65b55295fbcf4a2be4ebe96fcf1d2ab964e92b4373b18771689024123adf54d5
[INFO] running `Command { std: "docker" "start" "65b55295fbcf4a2be4ebe96fcf1d2ab964e92b4373b18771689024123adf54d5", kill_on_drop: false }`
[INFO] running `Command { std: "docker" "inspect" "65b55295fbcf4a2be4ebe96fcf1d2ab964e92b4373b18771689024123adf54d5", kill_on_drop: false }`
[INFO] running `Command { std: "docker" "exec" "-e" "SOURCE_DIR=/opt/rustwide/workdir" "-e" "CARGO_HOME=/opt/rustwide/cargo-home" "-e" "RUSTUP_HOME=/opt/rustwide/rustup-home" "-e" "CARGO_TARGET_DIR=/opt/rustwide/target" "-w" "/opt/rustwide/workdir" "--user" "0:0" "65b55295fbcf4a2be4ebe96fcf1d2ab964e92b4373b18771689024123adf54d5" "/opt/rustwide/cargo-home/bin/cargo" "+1.100.0-beta.1" "metadata" "--no-deps" "--format-version=1", kill_on_drop: false }`
[INFO] running `Command { std: "docker" "inspect" "65b55295fbcf4a2be4ebe96fcf1d2ab964e92b4373b18771689024123adf54d5", kill_on_drop: false }`
[INFO] running `Command { std: "docker" "exec" "-e" "SOURCE_DIR=/opt/rustwide/workdir" "-e" "CARGO_HOME=/opt/rustwide/cargo-home" "-e" "RUSTUP_HOME=/opt/rustwide/rustup-home" "-e" "CARGO_TARGET_DIR=/opt/rustwide/target" "-e" "CARGO_INCREMENTAL=0" "-e" "RUST_BACKTRACE=full" "-e" "RUSTFLAGS=--cap-lints=warn" "-e" "RUSTDOCFLAGS=--cap-lints=warn" "-w" "/opt/rustwide/workdir" "--user" "0:0" "65b55295fbcf4a2be4ebe96fcf1d2ab964e92b4373b18771689024123adf54d5" "/opt/rustwide/cargo-home/bin/cargo" "+1.100.0-beta.1" "build" "--frozen" "--message-format=json" "--release", kill_on_drop: false }`
[INFO] [stderr]    Compiling libc v0.2.135
[INFO] [stderr]    Compiling autocfg v1.1.0
[INFO] [stderr]    Compiling cfg-if v1.0.0
[INFO] [stderr]    Compiling log v0.4.17
[INFO] [stderr]    Compiling signal-hook v0.3.14
[INFO] [stderr]    Compiling parking_lot_core v0.8.5
[INFO] [stderr]    Compiling scopeguard v1.1.0
[INFO] [stderr]    Compiling smallvec v1.10.0
[INFO] [stderr]    Compiling bitflags v1.3.2
[INFO] [stderr]    Compiling either v1.8.0
[INFO] [stderr]    Compiling fastrand v1.8.0
[INFO] [stderr]    Compiling instant v0.1.12
[INFO] [stderr]    Compiling lock_api v0.4.9
[INFO] [stderr]    Compiling num-traits v0.2.15
[INFO] [stderr]    Compiling itertools v0.10.5
[INFO] [stderr]    Compiling signal-hook-registry v1.4.0
[INFO] [stderr]    Compiling mio v0.7.14
[INFO] [stderr]    Compiling parking_lot v0.11.2
[INFO] [stderr]    Compiling signal-hook-mio v0.2.3
[INFO] [stderr]    Compiling crossterm v0.20.0
[INFO] [stderr]    Compiling line_drawing v0.8.1
[INFO] [stderr]    Compiling tanmatsu v0.6.4
[INFO] [stderr]    Compiling yayagram v0.8.5 (/opt/rustwide/workdir)
[INFO] [stderr]     Finished `release` profile [optimized] target(s) in 11.18s
[INFO] running `Command { std: "docker" "inspect" "65b55295fbcf4a2be4ebe96fcf1d2ab964e92b4373b18771689024123adf54d5", kill_on_drop: false }`
[INFO] running `Command { std: "docker" "exec" "-e" "SOURCE_DIR=/opt/rustwide/workdir" "-e" "CARGO_HOME=/opt/rustwide/cargo-home" "-e" "RUSTUP_HOME=/opt/rustwide/rustup-home" "-e" "CARGO_TARGET_DIR=/opt/rustwide/target" "-e" "CARGO_INCREMENTAL=0" "-e" "RUST_BACKTRACE=full" "-e" "RUSTFLAGS=--cap-lints=warn" "-e" "RUSTDOCFLAGS=--cap-lints=warn" "-w" "/opt/rustwide/workdir" "--user" "0:0" "65b55295fbcf4a2be4ebe96fcf1d2ab964e92b4373b18771689024123adf54d5" "/opt/rustwide/cargo-home/bin/cargo" "+1.100.0-beta.1" "test" "--frozen" "--no-run" "--message-format=json" "--release", kill_on_drop: false }`
[INFO] [stderr]    Compiling cfg-if v1.0.0
[INFO] [stderr]    Compiling libc v0.2.135
[INFO] [stderr]    Compiling smallvec v1.10.0
[INFO] [stderr]    Compiling scopeguard v1.1.0
[INFO] [stderr]    Compiling bitflags v1.3.2
[INFO] [stderr]    Compiling either v1.8.0
[INFO] [stderr]    Compiling fastrand v1.8.0
[INFO] [stderr]    Compiling num-traits v0.2.15
[INFO] [stderr]    Compiling log v0.4.17
[INFO] [stderr]    Compiling instant v0.1.12
[INFO] [stderr]    Compiling lock_api v0.4.9
[INFO] [stderr]    Compiling itertools v0.10.5
[INFO] [stderr]    Compiling signal-hook-registry v1.4.0
[INFO] [stderr]    Compiling parking_lot_core v0.8.5
[INFO] [stderr]    Compiling mio v0.7.14
[INFO] [stderr]    Compiling signal-hook v0.3.14
[INFO] [stderr]    Compiling parking_lot v0.11.2
[INFO] [stderr]    Compiling signal-hook-mio v0.2.3
[INFO] [stderr]    Compiling crossterm v0.20.0
[INFO] [stderr]    Compiling line_drawing v0.8.1
[INFO] [stderr]    Compiling tanmatsu v0.6.4
[INFO] [stderr]    Compiling yayagram v0.8.5 (/opt/rustwide/workdir)
[INFO] [stderr]     Finished `release` profile [optimized] target(s) in 13.02s
[INFO] running `Command { std: "docker" "inspect" "65b55295fbcf4a2be4ebe96fcf1d2ab964e92b4373b18771689024123adf54d5", kill_on_drop: false }`
[INFO] running `Command { std: "docker" "exec" "-e" "SOURCE_DIR=/opt/rustwide/workdir" "-e" "CARGO_HOME=/opt/rustwide/cargo-home" "-e" "RUSTUP_HOME=/opt/rustwide/rustup-home" "-e" "CARGO_TARGET_DIR=/opt/rustwide/target" "-e" "CARGO_INCREMENTAL=0" "-e" "RUST_BACKTRACE=full" "-e" "RUSTFLAGS=--cap-lints=warn" "-e" "RUSTDOCFLAGS=--cap-lints=warn" "-w" "/opt/rustwide/workdir" "--user" "0:0" "65b55295fbcf4a2be4ebe96fcf1d2ab964e92b4373b18771689024123adf54d5" "/opt/rustwide/cargo-home/bin/cargo" "+1.100.0-beta.1" "test" "--frozen" "--release", kill_on_drop: false }`
[INFO] [stderr]     Finished `release` profile [optimized] target(s) in 0.02s
[INFO] [stderr]      Running unittests src/main.rs (/opt/rustwide/target/release/build/yayagram/f393ce837a784320/out/yayagram-f393ce837a784320)
[INFO] [stdout] 
[INFO] [stdout] running 12 tests
[INFO] [stdout] test args::tests::test_parse_size ... ok
[INFO] [stdout] test args::tests::test_parse_squared_size ... ok
[INFO] [stdout] test grid::tests::test_clear ... ok
[INFO] [stdout] test grid::tests::test_non_squared_grid ... ok
[INFO] [stdout] test grid::tests::test_squared_grid ... ok
[INFO] [stdout] test args::tests::test_parse_strings ... FAILED
[INFO] [stdout] test grid::builder::tests::test_contains ... FAILED
[INFO] [stdout] test grid::builder::tests::test_draw_all ... FAILED
[INFO] [stdout] test grid::builder::tests::test_clear_clues ... FAILED
[INFO] [stdout] test grid::builder::tests::test_draw_empty_grid ... FAILED
[INFO] [stdout] test grid::builder::tests::test_draw_grid ... FAILED
[INFO] [stdout] test grid::builder::tests::test_draw_picture ... FAILED
[INFO] [stdout] 
[INFO] [stdout] failures:
[INFO] [stdout] 
[INFO] [stdout] ---- args::tests::test_parse_strings stdout ----
[INFO] [stdout] 
[INFO] [stdout] thread 'args::tests::test_parse_strings' (694) panicked at src/args.rs:159:9:
[INFO] [stdout] assertion failed: matches!(parse_strings(format!("example.{}", FILE_EXTENSION), None),
[INFO] [stdout]     Ok(Some(Arg::File { name: _, content: _ })))
[INFO] [stdout] stack backtrace:
[INFO] [stdout]    0:     0x5b74d10012a7 - <<std[617be2ca0a6fd877]::sys::backtrace::BacktraceLock>::print::DisplayBacktrace as core[a373ad73a504971]::fmt::Display>::fmt
[INFO] [stdout]    1:     0x5b74d0fe87aa - core[a373ad73a504971]::fmt::write
[INFO] [stdout]    2:     0x5b74d100085b - <alloc[2e1b2a31b91974c5]::vec::Vec<u8> as core[a373ad73a504971]::io::write::Write>::write_fmt
[INFO] [stdout]    3:     0x5b74d100033f - std[617be2ca0a6fd877]::panicking::default_hook::{closure#0}
[INFO] [stdout]    4:     0x5b74d0ffff6a - std[617be2ca0a6fd877]::panicking::default_hook
[INFO] [stdout]    5:     0x5b74d0fffaa5 - std[617be2ca0a6fd877]::panicking::panic_with_hook
[INFO] [stdout]    6:     0x5b74d1026932 - std[617be2ca0a6fd877]::panicking::panic_handler::{closure#0}
[INFO] [stdout]    7:     0x5b74d10268b9 - std[617be2ca0a6fd877]::sys::backtrace::__rust_end_short_backtrace::<std[617be2ca0a6fd877]::panicking::panic_handler::{closure#0}, !>
[INFO] [stdout]    8:     0x5b74d1026dbc - __rustc[ea4f61d10b84890b]::rust_begin_unwind
[INFO] [stdout]    9:     0x5b74d0fe863b - core[a373ad73a504971]::panicking::panic_fmt
[INFO] [stdout]   10:     0x5b74d0fe9d91 - core[a373ad73a504971]::panicking::panic
[INFO] [stdout]   11:     0x5b74d0fe337c - <yayagram[fadcea5efae66a0]::args::tests::test_parse_strings::{closure#0} as core[a373ad73a504971]::ops::function::FnOnce<()>>::call_once
[INFO] [stdout]   12:     0x5b74d103f81b - test[aada8e7e76ba119b]::__rust_begin_short_backtrace::<core[a373ad73a504971]::result::Result<(), alloc[2e1b2a31b91974c5]::string::String>, fn() -> core[a373ad73a504971]::result::Result<(), alloc[2e1b2a31b91974c5]::string::String>>
[INFO] [stdout]   13:     0x5b74d103b7e1 - test[aada8e7e76ba119b]::run_test::{closure#0}
[INFO] [stdout]   14:     0x5b74d103afcc - std[617be2ca0a6fd877]::sys::backtrace::__rust_begin_short_backtrace::<test[aada8e7e76ba119b]::run_test::{closure#1}, ()>
[INFO] [stderr] error: test failed, to rerun pass `--bin yayagram`
[INFO] [stdout]   15:     0x5b74d105ac6c - <std[617be2ca0a6fd877]::thread::lifecycle::spawn_unchecked<test[aada8e7e76ba119b]::run_test::{closure#1}, ()>::{closure#1} as core[a373ad73a504971]::ops::function::FnOnce<()>>::call_once::{shim:vtable#0}
[INFO] [stdout]   16:     0x5b74d1028594 - <std[617be2ca0a6fd877]::sys::thread::unix::Thread>::new::thread_start
[INFO] [stdout]   17:     0x7ece18a47dfa - <unknown>
[INFO] [stdout]   18:     0x7ece18adb3d4 - clone
[INFO] [stdout]   19:                0x0 - <unknown>
[INFO] [stdout] 
[INFO] [stdout] ---- grid::builder::tests::test_contains stdout ----
[INFO] [stdout] 
[INFO] [stdout] thread 'grid::builder::tests::test_contains' (696) panicked at src/grid/builder.rs:390:46:
[INFO] [stdout] called `Result::unwrap()` on an `Err` value: NotTTY
[INFO] [stdout] stack backtrace:
[INFO] [stdout]    0:     0x5b74d10012a7 - <<std[617be2ca0a6fd877]::sys::backtrace::BacktraceLock>::print::DisplayBacktrace as core[a373ad73a504971]::fmt::Display>::fmt
[INFO] [stdout]    1:     0x5b74d0fe87aa - core[a373ad73a504971]::fmt::write
[INFO] [stdout]    2:     0x5b74d100085b - <alloc[2e1b2a31b91974c5]::vec::Vec<u8> as core[a373ad73a504971]::io::write::Write>::write_fmt
[INFO] [stdout]    3:     0x5b74d100033f - std[617be2ca0a6fd877]::panicking::default_hook::{closure#0}
[INFO] [stdout]    4:     0x5b74d0ffff6a - std[617be2ca0a6fd877]::panicking::default_hook
[INFO] [stdout]    5:     0x5b74d0fffaa5 - std[617be2ca0a6fd877]::panicking::panic_with_hook
[INFO] [stdout]    6:     0x5b74d1026901 - std[617be2ca0a6fd877]::panicking::panic_handler::{closure#0}
[INFO] [stdout]    7:     0x5b74d10268b9 - std[617be2ca0a6fd877]::sys::backtrace::__rust_end_short_backtrace::<std[617be2ca0a6fd877]::panicking::panic_handler::{closure#0}, !>
[INFO] [stdout]    8:     0x5b74d1026dbc - __rustc[ea4f61d10b84890b]::rust_begin_unwind
[INFO] [stdout]    9:     0x5b74d0fe863b - core[a373ad73a504971]::panicking::panic_fmt
[INFO] [stdout]   10:     0x5b74d0feb8a1 - core[a373ad73a504971]::result::unwrap_failed
[INFO] [stdout]   11:     0x5b74d0fe0e8b - yayagram[fadcea5efae66a0]::grid::builder::tests::get_terminal_and_builder
[INFO] [stdout]   12:     0x5b74d0fe4617 - <yayagram[fadcea5efae66a0]::grid::builder::tests::test_contains::{closure#0} as core[a373ad73a504971]::ops::function::FnOnce<()>>::call_once
[INFO] [stdout]   13:     0x5b74d103f81b - test[aada8e7e76ba119b]::__rust_begin_short_backtrace::<core[a373ad73a504971]::result::Result<(), alloc[2e1b2a31b91974c5]::string::String>, fn() -> core[a373ad73a504971]::result::Result<(), alloc[2e1b2a31b91974c5]::string::String>>
[INFO] [stdout]   14:     0x5b74d103b7e1 - test[aada8e7e76ba119b]::run_test::{closure#0}
[INFO] [stdout]   15:     0x5b74d103afcc - std[617be2ca0a6fd877]::sys::backtrace::__rust_begin_short_backtrace::<test[aada8e7e76ba119b]::run_test::{closure#1}, ()>
[INFO] [stdout]   16:     0x5b74d105ac6c - <std[617be2ca0a6fd877]::thread::lifecycle::spawn_unchecked<test[aada8e7e76ba119b]::run_test::{closure#1}, ()>::{closure#1} as core[a373ad73a504971]::ops::function::FnOnce<()>>::call_once::{shim:vtable#0}
[INFO] [stdout]   17:     0x5b74d1028594 - <std[617be2ca0a6fd877]::sys::thread::unix::Thread>::new::thread_start
[INFO] [stdout]   18:     0x7ece18a47dfa - <unknown>
[INFO] [stdout]   19:     0x7ece18adb3d4 - clone
[INFO] [stdout]   20:                0x0 - <unknown>
[INFO] [stdout] 
[INFO] [stdout] ---- grid::builder::tests::test_draw_all stdout ----
[INFO] [stdout] 
[INFO] [stdout] thread 'grid::builder::tests::test_draw_all' (697) panicked at src/grid/builder.rs:390:46:
[INFO] [stdout] called `Result::unwrap()` on an `Err` value: NotTTY
[INFO] [stdout] stack backtrace:
[INFO] [stdout]    0:     0x5b74d10012a7 - <<std[617be2ca0a6fd877]::sys::backtrace::BacktraceLock>::print::DisplayBacktrace as core[a373ad73a504971]::fmt::Display>::fmt
[INFO] [stdout]    1:     0x5b74d0fe87aa - core[a373ad73a504971]::fmt::write
[INFO] [stdout]    2:     0x5b74d100085b - <alloc[2e1b2a31b91974c5]::vec::Vec<u8> as core[a373ad73a504971]::io::write::Write>::write_fmt
[INFO] [stdout]    3:     0x5b74d100033f - std[617be2ca0a6fd877]::panicking::default_hook::{closure#0}
[INFO] [stdout]    4:     0x5b74d0ffff6a - std[617be2ca0a6fd877]::panicking::default_hook
[INFO] [stdout]    5:     0x5b74d0fffaa5 - std[617be2ca0a6fd877]::panicking::panic_with_hook
[INFO] [stdout]    6:     0x5b74d1026901 - std[617be2ca0a6fd877]::panicking::panic_handler::{closure#0}
[INFO] [stdout]    7:     0x5b74d10268b9 - std[617be2ca0a6fd877]::sys::backtrace::__rust_end_short_backtrace::<std[617be2ca0a6fd877]::panicking::panic_handler::{closure#0}, !>
[INFO] [stdout]    8:     0x5b74d1026dbc - __rustc[ea4f61d10b84890b]::rust_begin_unwind
[INFO] [stdout]    9:     0x5b74d0fe863b - core[a373ad73a504971]::panicking::panic_fmt
[INFO] [stdout]   10:     0x5b74d0feb8a1 - core[a373ad73a504971]::result::unwrap_failed
[INFO] [stdout]   11:     0x5b74d0fe0e8b - yayagram[fadcea5efae66a0]::grid::builder::tests::get_terminal_and_builder
[INFO] [stdout]   12:     0x5b74d0fe480c - <yayagram[fadcea5efae66a0]::grid::builder::tests::test_draw_all::{closure#0} as core[a373ad73a504971]::ops::function::FnOnce<()>>::call_once
[INFO] [stdout]   13:     0x5b74d103f81b - test[aada8e7e76ba119b]::__rust_begin_short_backtrace::<core[a373ad73a504971]::result::Result<(), alloc[2e1b2a31b91974c5]::string::String>, fn() -> core[a373ad73a504971]::result::Result<(), alloc[2e1b2a31b91974c5]::string::String>>
[INFO] [stdout]   14:     0x5b74d103b7e1 - test[aada8e7e76ba119b]::run_test::{closure#0}
[INFO] [stdout]   15:     0x5b74d103afcc - std[617be2ca0a6fd877]::sys::backtrace::__rust_begin_short_backtrace::<test[aada8e7e76ba119b]::run_test::{closure#1}, ()>
[INFO] [stdout]   16:     0x5b74d105ac6c - <std[617be2ca0a6fd877]::thread::lifecycle::spawn_unchecked<test[aada8e7e76ba119b]::run_test::{closure#1}, ()>::{closure#1} as core[a373ad73a504971]::ops::function::FnOnce<()>>::call_once::{shim:vtable#0}
[INFO] [stdout]   17:     0x5b74d1028594 - <std[617be2ca0a6fd877]::sys::thread::unix::Thread>::new::thread_start
[INFO] [stdout]   18:     0x7ece18a47dfa - <unknown>
[INFO] [stdout]   19:     0x7ece18adb3d4 - clone
[INFO] [stdout]   20:                0x0 - <unknown>
[INFO] [stdout] 
[INFO] [stdout] ---- grid::builder::tests::test_clear_clues stdout ----
[INFO] [stdout] 
[INFO] [stdout] thread 'grid::builder::tests::test_clear_clues' (695) panicked at src/grid/builder.rs:390:46:
[INFO] [stdout] called `Result::unwrap()` on an `Err` value: NotTTY
[INFO] [stdout] stack backtrace:
[INFO] [stdout]    0:     0x5b74d10012a7 - <<std[617be2ca0a6fd877]::sys::backtrace::BacktraceLock>::print::DisplayBacktrace as core[a373ad73a504971]::fmt::Display>::fmt
[INFO] [stdout]    1:     0x5b74d0fe87aa - core[a373ad73a504971]::fmt::write
[INFO] [stdout]    2:     0x5b74d100085b - <alloc[2e1b2a31b91974c5]::vec::Vec<u8> as core[a373ad73a504971]::io::write::Write>::write_fmt
[INFO] [stdout]    3:     0x5b74d100033f - std[617be2ca0a6fd877]::panicking::default_hook::{closure#0}
[INFO] [stdout]    4:     0x5b74d0ffff6a - std[617be2ca0a6fd877]::panicking::default_hook
[INFO] [stdout]    5:     0x5b74d0fffaa5 - std[617be2ca0a6fd877]::panicking::panic_with_hook
[INFO] [stdout]    6:     0x5b74d1026901 - std[617be2ca0a6fd877]::panicking::panic_handler::{closure#0}
[INFO] [stdout]    7:     0x5b74d10268b9 - std[617be2ca0a6fd877]::sys::backtrace::__rust_end_short_backtrace::<std[617be2ca0a6fd877]::panicking::panic_handler::{closure#0}, !>
[INFO] [stdout]    8:     0x5b74d1026dbc - __rustc[ea4f61d10b84890b]::rust_begin_unwind
[INFO] [stdout]    9:     0x5b74d0fe863b - core[a373ad73a504971]::panicking::panic_fmt
[INFO] [stdout]   10:     0x5b74d0feb8a1 - core[a373ad73a504971]::result::unwrap_failed
[INFO] [stdout]   11:     0x5b74d0fe0e8b - yayagram[fadcea5efae66a0]::grid::builder::tests::get_terminal_and_builder
[INFO] [stdout]   12:     0x5b74d0fe618c - <yayagram[fadcea5efae66a0]::grid::builder::tests::test_clear_clues::{closure#0} as core[a373ad73a504971]::ops::function::FnOnce<()>>::call_once
[INFO] [stdout]   13:     0x5b74d103f81b - test[aada8e7e76ba119b]::__rust_begin_short_backtrace::<core[a373ad73a504971]::result::Result<(), alloc[2e1b2a31b91974c5]::string::String>, fn() -> core[a373ad73a504971]::result::Result<(), alloc[2e1b2a31b91974c5]::string::String>>
[INFO] [stdout]   14:     0x5b74d103b7e1 - test[aada8e7e76ba119b]::run_test::{closure#0}
[INFO] [stdout]   15:     0x5b74d103afcc - std[617be2ca0a6fd877]::sys::backtrace::__rust_begin_short_backtrace::<test[aada8e7e76ba119b]::run_test::{closure#1}, ()>
[INFO] [stdout]   16:     0x5b74d105ac6c - <std[617be2ca0a6fd877]::thread::lifecycle::spawn_unchecked<test[aada8e7e76ba119b]::run_test::{closure#1}, ()>::{closure#1} as core[a373ad73a504971]::ops::function::FnOnce<()>>::call_once::{shim:vtable#0}
[INFO] [stdout]   17:     0x5b74d1028594 - <std[617be2ca0a6fd877]::sys::thread::unix::Thread>::new::thread_start
[INFO] [stdout]   18:     0x7ece18a47dfa - <unknown>
[INFO] [stdout]   19:     0x7ece18adb3d4 - clone
[INFO] [stdout]   20:                0x0 - <unknown>
[INFO] [stdout] 
[INFO] [stdout] ---- grid::builder::tests::test_draw_empty_grid stdout ----
[INFO] [stdout] 
[INFO] [stdout] thread 'grid::builder::tests::test_draw_empty_grid' (698) panicked at src/grid/builder.rs:390:46:
[INFO] [stdout] called `Result::unwrap()` on an `Err` value: NotTTY
[INFO] [stdout] stack backtrace:
[INFO] [stdout]    0:     0x5b74d10012a7 - <<std[617be2ca0a6fd877]::sys::backtrace::BacktraceLock>::print::DisplayBacktrace as core[a373ad73a504971]::fmt::Display>::fmt
[INFO] [stdout]    1:     0x5b74d0fe87aa - core[a373ad73a504971]::fmt::write
[INFO] [stdout]    2:     0x5b74d100085b - <alloc[2e1b2a31b91974c5]::vec::Vec<u8> as core[a373ad73a504971]::io::write::Write>::write_fmt
[INFO] [stdout]    3:     0x5b74d100033f - std[617be2ca0a6fd877]::panicking::default_hook::{closure#0}
[INFO] [stdout]    4:     0x5b74d0ffff6a - std[617be2ca0a6fd877]::panicking::default_hook
[INFO] [stdout]    5:     0x5b74d0fffaa5 - std[617be2ca0a6fd877]::panicking::panic_with_hook
[INFO] [stdout]    6:     0x5b74d1026901 - std[617be2ca0a6fd877]::panicking::panic_handler::{closure#0}
[INFO] [stdout]    7:     0x5b74d10268b9 - std[617be2ca0a6fd877]::sys::backtrace::__rust_end_short_backtrace::<std[617be2ca0a6fd877]::panicking::panic_handler::{closure#0}, !>
[INFO] [stdout]    8:     0x5b74d1026dbc - __rustc[ea4f61d10b84890b]::rust_begin_unwind
[INFO] [stdout]    9:     0x5b74d0fe863b - core[a373ad73a504971]::panicking::panic_fmt
[INFO] [stdout]   10:     0x5b74d0feb8a1 - core[a373ad73a504971]::result::unwrap_failed
[INFO] [stdout]   11:     0x5b74d0fe0e8b - yayagram[fadcea5efae66a0]::grid::builder::tests::get_terminal_and_builder
[INFO] [stdout]   12:     0x5b74d0fe6fc6 - <yayagram[fadcea5efae66a0]::grid::builder::tests::test_draw_empty_grid::{closure#0} as core[a373ad73a504971]::ops::function::FnOnce<()>>::call_once
[INFO] [stdout]   13:     0x5b74d103f81b - test[aada8e7e76ba119b]::__rust_begin_short_backtrace::<core[a373ad73a504971]::result::Result<(), alloc[2e1b2a31b91974c5]::string::String>, fn() -> core[a373ad73a504971]::result::Result<(), alloc[2e1b2a31b91974c5]::string::String>>
[INFO] [stdout]   14:     0x5b74d103b7e1 - test[aada8e7e76ba119b]::run_test::{closure#0}
[INFO] [stdout]   15:     0x5b74d103afcc - std[617be2ca0a6fd877]::sys::backtrace::__rust_begin_short_backtrace::<test[aada8e7e76ba119b]::run_test::{closure#1}, ()>
[INFO] [stdout]   16:     0x5b74d105ac6c - <std[617be2ca0a6fd877]::thread::lifecycle::spawn_unchecked<test[aada8e7e76ba119b]::run_test::{closure#1}, ()>::{closure#1} as core[a373ad73a504971]::ops::function::FnOnce<()>>::call_once::{shim:vtable#0}
[INFO] [stdout]   17:     0x5b74d1028594 - <std[617be2ca0a6fd877]::sys::thread::unix::Thread>::new::thread_start
[INFO] [stdout]   18:     0x7ece18a47dfa - <unknown>
[INFO] [stdout]   19:     0x7ece18adb3d4 - clone
[INFO] [stdout]   20:                0x0 - <unknown>
[INFO] [stdout] 
[INFO] [stdout] ---- grid::builder::tests::test_draw_grid stdout ----
[INFO] [stdout] 
[INFO] [stdout] thread 'grid::builder::tests::test_draw_grid' (699) panicked at src/grid/builder.rs:390:46:
[INFO] [stdout] called `Result::unwrap()` on an `Err` value: NotTTY
[INFO] [stdout] stack backtrace:
[INFO] [stdout]    0:     0x5b74d10012a7 - <<std[617be2ca0a6fd877]::sys::backtrace::BacktraceLock>::print::DisplayBacktrace as core[a373ad73a504971]::fmt::Display>::fmt
[INFO] [stdout]    1:     0x5b74d0fe87aa - core[a373ad73a504971]::fmt::write
[INFO] [stdout]    2:     0x5b74d100085b - <alloc[2e1b2a31b91974c5]::vec::Vec<u8> as core[a373ad73a504971]::io::write::Write>::write_fmt
[INFO] [stdout]    3:     0x5b74d100033f - std[617be2ca0a6fd877]::panicking::default_hook::{closure#0}
[INFO] [stdout]    4:     0x5b74d0ffff6a - std[617be2ca0a6fd877]::panicking::default_hook
[INFO] [stdout]    5:     0x5b74d0fffaa5 - std[617be2ca0a6fd877]::panicking::panic_with_hook
[INFO] [stdout]    6:     0x5b74d1026901 - std[617be2ca0a6fd877]::panicking::panic_handler::{closure#0}
[INFO] [stdout]    7:     0x5b74d10268b9 - std[617be2ca0a6fd877]::sys::backtrace::__rust_end_short_backtrace::<std[617be2ca0a6fd877]::panicking::panic_handler::{closure#0}, !>
[INFO] [stdout]    8:     0x5b74d1026dbc - __rustc[ea4f61d10b84890b]::rust_begin_unwind
[INFO] [stdout]    9:     0x5b74d0fe863b - core[a373ad73a504971]::panicking::panic_fmt
[INFO] [stdout]   10:     0x5b74d0feb8a1 - core[a373ad73a504971]::result::unwrap_failed
[INFO] [stdout]   11:     0x5b74d0fe0e8b - yayagram[fadcea5efae66a0]::grid::builder::tests::get_terminal_and_builder
[INFO] [stdout]   12:     0x5b74d0fe5f34 - <yayagram[fadcea5efae66a0]::grid::builder::tests::test_draw_grid::{closure#0} as core[a373ad73a504971]::ops::function::FnOnce<()>>::call_once
[INFO] [stdout]   13:     0x5b74d103f81b - test[aada8e7e76ba119b]::__rust_begin_short_backtrace::<core[a373ad73a504971]::result::Result<(), alloc[2e1b2a31b91974c5]::string::String>, fn() -> core[a373ad73a504971]::result::Result<(), alloc[2e1b2a31b91974c5]::string::String>>
[INFO] [stdout]   14:     0x5b74d103b7e1 - test[aada8e7e76ba119b]::run_test::{closure#0}
[INFO] [stdout]   15:     0x5b74d103afcc - std[617be2ca0a6fd877]::sys::backtrace::__rust_begin_short_backtrace::<test[aada8e7e76ba119b]::run_test::{closure#1}, ()>
[INFO] [stdout]   16:     0x5b74d105ac6c - <std[617be2ca0a6fd877]::thread::lifecycle::spawn_unchecked<test[aada8e7e76ba119b]::run_test::{closure#1}, ()>::{closure#1} as core[a373ad73a504971]::ops::function::FnOnce<()>>::call_once::{shim:vtable#0}
[INFO] [stdout]   17:     0x5b74d1028594 - <std[617be2ca0a6fd877]::sys::thread::unix::Thread>::new::thread_start
[INFO] [stdout]   18:     0x7ece18a47dfa - <unknown>
[INFO] [stdout]   19:     0x7ece18adb3d4 - clone
[INFO] [stdout]   20:                0x0 - <unknown>
[INFO] [stdout] 
[INFO] [stdout] ---- grid::builder::tests::test_draw_picture stdout ----
[INFO] [stdout] 
[INFO] [stdout] thread 'grid::builder::tests::test_draw_picture' (700) panicked at src/grid/builder.rs:390:46:
[INFO] [stdout] called `Result::unwrap()` on an `Err` value: NotTTY
[INFO] [stdout] stack backtrace:
[INFO] [stdout]    0:     0x5b74d10012a7 - <<std[617be2ca0a6fd877]::sys::backtrace::BacktraceLock>::print::DisplayBacktrace as core[a373ad73a504971]::fmt::Display>::fmt
[INFO] [stdout]    1:     0x5b74d0fe87aa - core[a373ad73a504971]::fmt::write
[INFO] [stdout]    2:     0x5b74d100085b - <alloc[2e1b2a31b91974c5]::vec::Vec<u8> as core[a373ad73a504971]::io::write::Write>::write_fmt
[INFO] [stdout]    3:     0x5b74d100033f - std[617be2ca0a6fd877]::panicking::default_hook::{closure#0}
[INFO] [stdout]    4:     0x5b74d0ffff6a - std[617be2ca0a6fd877]::panicking::default_hook
[INFO] [stdout]    5:     0x5b74d0fffaa5 - std[617be2ca0a6fd877]::panicking::panic_with_hook
[INFO] [stdout]    6:     0x5b74d1026901 - std[617be2ca0a6fd877]::panicking::panic_handler::{closure#0}
[INFO] [stdout]    7:     0x5b74d10268b9 - std[617be2ca0a6fd877]::sys::backtrace::__rust_end_short_backtrace::<std[617be2ca0a6fd877]::panicking::panic_handler::{closure#0}, !>
[INFO] [stdout]    8:     0x5b74d1026dbc - __rustc[ea4f61d10b84890b]::rust_begin_unwind
[INFO] [stdout]    9:     0x5b74d0fe863b - core[a373ad73a504971]::panicking::panic_fmt
[INFO] [stdout]   10:     0x5b74d0feb8a1 - core[a373ad73a504971]::result::unwrap_failed
[INFO] [stdout]   11:     0x5b74d0fe0e8b - yayagram[fadcea5efae66a0]::grid::builder::tests::get_terminal_and_builder
[INFO] [stdout]   12:     0x5b74d0fe6d74 - <yayagram[fadcea5efae66a0]::grid::builder::tests::test_draw_picture::{closure#0} as core[a373ad73a504971]::ops::function::FnOnce<()>>::call_once
[INFO] [stdout]   13:     0x5b74d103f81b - test[aada8e7e76ba119b]::__rust_begin_short_backtrace::<core[a373ad73a504971]::result::Result<(), alloc[2e1b2a31b91974c5]::string::String>, fn() -> core[a373ad73a504971]::result::Result<(), alloc[2e1b2a31b91974c5]::string::String>>
[INFO] [stdout]   14:     0x5b74d103b7e1 - test[aada8e7e76ba119b]::run_test::{closure#0}
[INFO] [stdout]   15:     0x5b74d103afcc - std[617be2ca0a6fd877]::sys::backtrace::__rust_begin_short_backtrace::<test[aada8e7e76ba119b]::run_test::{closure#1}, ()>
[INFO] [stdout]   16:     0x5b74d105ac6c - <std[617be2ca0a6fd877]::thread::lifecycle::spawn_unchecked<test[aada8e7e76ba119b]::run_test::{closure#1}, ()>::{closure#1} as core[a373ad73a504971]::ops::function::FnOnce<()>>::call_once::{shim:vtable#0}
[INFO] [stdout]   17:     0x5b74d1028594 - <std[617be2ca0a6fd877]::sys::thread::unix::Thread>::new::thread_start
[INFO] [stdout]   18:     0x7ece18a47dfa - <unknown>
[INFO] [stdout]   19:     0x7ece18adb3d4 - clone
[INFO] [stdout]   20:                0x0 - <unknown>
[INFO] [stdout] 
[INFO] [stdout] 
[INFO] [stdout] failures:
[INFO] [stdout]     args::tests::test_parse_strings
[INFO] [stdout]     grid::builder::tests::test_clear_clues
[INFO] [stdout]     grid::builder::tests::test_contains
[INFO] [stdout]     grid::builder::tests::test_draw_all
[INFO] [stdout]     grid::builder::tests::test_draw_empty_grid
[INFO] [stdout]     grid::builder::tests::test_draw_grid
[INFO] [stdout]     grid::builder::tests::test_draw_picture
[INFO] [stdout] 
[INFO] [stdout] test result: FAILED. 5 passed; 7 failed; 0 ignored; 0 measured; 0 filtered out; finished in 0.00s
[INFO] [stdout] 
[INFO] running `Command { std: "docker" "inspect" "65b55295fbcf4a2be4ebe96fcf1d2ab964e92b4373b18771689024123adf54d5", kill_on_drop: false }`
[INFO] running `Command { std: "docker" "rm" "-f" "65b55295fbcf4a2be4ebe96fcf1d2ab964e92b4373b18771689024123adf54d5", kill_on_drop: false }`
[INFO] [stdout] 65b55295fbcf4a2be4ebe96fcf1d2ab964e92b4373b18771689024123adf54d5
