[INFO] fetching crate yas-terminal-driver 0.5.0...
[INFO] testing yas-terminal-driver-0.5.0 against 1.99.0-beta.8+cargoflags=--release for beta-release-1.100-2
[INFO] extracting crate yas-terminal-driver 0.5.0 into /workspace/builds/worker-1-tc1/source
[INFO] started tweaking crates.io crate yas-terminal-driver 0.5.0
[INFO] removed 0 missing tests
[INFO] finished tweaking crates.io crate yas-terminal-driver 0.5.0
[INFO] tweaked toml for crates.io crate yas-terminal-driver 0.5.0 written to /workspace/builds/worker-1-tc1/source/Cargo.toml
[INFO] validating manifest of crates.io crate yas-terminal-driver 0.5.0 on toolchain 1.99.0-beta.8
[INFO] running `Command { std: CARGO_HOME="/workspace/cargo-home" RUSTUP_HOME="/workspace/rustup-home" "/workspace/cargo-home/bin/cargo" "+1.99.0-beta.8" "metadata" "--manifest-path" "Cargo.toml" "--no-deps", kill_on_drop: false }`
[INFO] crate crates.io crate yas-terminal-driver 0.5.0 already has a lockfile, it will not be regenerated
[INFO] running `Command { std: CARGO_HOME="/workspace/cargo-home" RUSTUP_HOME="/workspace/rustup-home" "/workspace/cargo-home/bin/cargo" "+1.99.0-beta.8" "fetch" "--manifest-path" "Cargo.toml", kill_on_drop: false }`
[INFO] [stderr]     Updating crates.io index
[INFO] [stderr]  Downloading crates ...
[INFO] [stderr]   Downloaded rustix-openpty v0.2.0
[INFO] [stderr]   Downloaded miow v0.6.1
[INFO] [stderr]   Downloaded yas-alacritty-terminal v0.26.0-yas.1
[INFO] [stderr]   Downloaded yas-terminal-model v0.5.0
[INFO] running `Command { std: "docker" "create" "-v" "/var/lib/crater-agent-workspace/builds/worker-1-tc1/source:/opt/rustwide/workdir:ro,Z" "-v" "/var/lib/crater-agent-workspace/builds/worker-1-tc1/target:/opt/rustwide/target:rw,Z" "-v" "/var/lib/crater-agent-workspace/cargo-home:/opt/rustwide/cargo-home:ro,Z" "-v" "/var/lib/crater-agent-workspace/rustup-home:/opt/rustwide/rustup-home:ro,Z" "-m" "1610612736" "--network" "none" "ghcr.io/rust-lang/crates-build-env/linux@sha256:77db811e55d90add9212f6832c23229e3de5f1c1f9905e8cb07319ea15df73ac" "sleep" "infinity", kill_on_drop: false }`
[INFO] [stdout] f793af19fcfd29764af506d71f26edbf273ade45a14cca4f7a379caa0909586c
[INFO] running `Command { std: "docker" "start" "f793af19fcfd29764af506d71f26edbf273ade45a14cca4f7a379caa0909586c", kill_on_drop: false }`
[INFO] running `Command { std: "docker" "inspect" "f793af19fcfd29764af506d71f26edbf273ade45a14cca4f7a379caa0909586c", kill_on_drop: false }`
[INFO] running `Command { std: "docker" "exec" "-e" "SOURCE_DIR=/opt/rustwide/workdir" "-e" "CARGO_HOME=/opt/rustwide/cargo-home" "-e" "RUSTUP_HOME=/opt/rustwide/rustup-home" "-e" "CARGO_TARGET_DIR=/opt/rustwide/target" "-w" "/opt/rustwide/workdir" "--user" "0:0" "f793af19fcfd29764af506d71f26edbf273ade45a14cca4f7a379caa0909586c" "/opt/rustwide/cargo-home/bin/cargo" "+1.99.0-beta.8" "metadata" "--no-deps" "--format-version=1", kill_on_drop: false }`
[INFO] running `Command { std: "docker" "inspect" "f793af19fcfd29764af506d71f26edbf273ade45a14cca4f7a379caa0909586c", kill_on_drop: false }`
[INFO] running `Command { std: "docker" "exec" "-e" "SOURCE_DIR=/opt/rustwide/workdir" "-e" "CARGO_HOME=/opt/rustwide/cargo-home" "-e" "RUSTUP_HOME=/opt/rustwide/rustup-home" "-e" "CARGO_TARGET_DIR=/opt/rustwide/target" "-e" "CARGO_INCREMENTAL=0" "-e" "RUST_BACKTRACE=full" "-e" "RUSTFLAGS=--cap-lints=warn" "-e" "RUSTDOCFLAGS=--cap-lints=warn" "-w" "/opt/rustwide/workdir" "--user" "0:0" "f793af19fcfd29764af506d71f26edbf273ade45a14cca4f7a379caa0909586c" "/opt/rustwide/cargo-home/bin/cargo" "+1.99.0-beta.8" "build" "--frozen" "--message-format=json" "--release", kill_on_drop: false }`
[INFO] [stderr]    Compiling rustix v1.1.4
[INFO] [stderr]    Compiling linux-raw-sys v0.12.1
[INFO] [stderr]    Compiling signal-hook v0.4.4
[INFO] [stderr]    Compiling smallvec v1.16.1
[INFO] [stderr]    Compiling cursor-icon v1.2.0
[INFO] [stderr]    Compiling proc-macro2 v1.0.107
[INFO] [stderr]    Compiling bitflags v2.13.2
[INFO] [stderr]    Compiling regex-automata v0.4.18
[INFO] [stderr]    Compiling yas-terminal-model v0.5.0
[INFO] [stderr]    Compiling errno v0.3.14
[INFO] [stderr]    Compiling signal-hook-registry v1.4.8
[INFO] [stderr]    Compiling parking_lot_core v0.9.12
[INFO] [stderr]    Compiling parking_lot v0.12.5
[INFO] [stderr]    Compiling quote v1.0.47
[INFO] [stderr]    Compiling syn v3.0.5
[INFO] [stderr]    Compiling serde_derive v1.0.229
[INFO] [stderr]    Compiling regex v1.13.1
[INFO] [stderr]    Compiling polling v3.11.0
[INFO] [stderr]    Compiling rustix-openpty v0.2.0
[INFO] [stderr]    Compiling serde v1.0.229
[INFO] [stderr]    Compiling vte v0.15.0
[INFO] [stderr]    Compiling yas-alacritty-terminal v0.26.0-yas.1
[INFO] [stderr]    Compiling yas-terminal-driver v0.5.0 (/opt/rustwide/workdir)
[INFO] [stderr]     Finished `release` profile [optimized] target(s) in 41.52s
[INFO] running `Command { std: "docker" "inspect" "f793af19fcfd29764af506d71f26edbf273ade45a14cca4f7a379caa0909586c", kill_on_drop: false }`
[INFO] running `Command { std: "docker" "exec" "-e" "SOURCE_DIR=/opt/rustwide/workdir" "-e" "CARGO_HOME=/opt/rustwide/cargo-home" "-e" "RUSTUP_HOME=/opt/rustwide/rustup-home" "-e" "CARGO_TARGET_DIR=/opt/rustwide/target" "-e" "CARGO_INCREMENTAL=0" "-e" "RUST_BACKTRACE=full" "-e" "RUSTFLAGS=--cap-lints=warn" "-e" "RUSTDOCFLAGS=--cap-lints=warn" "-w" "/opt/rustwide/workdir" "--user" "0:0" "f793af19fcfd29764af506d71f26edbf273ade45a14cca4f7a379caa0909586c" "/opt/rustwide/cargo-home/bin/cargo" "+1.99.0-beta.8" "test" "--frozen" "--no-run" "--message-format=json" "--release", kill_on_drop: false }`
[INFO] [stderr]    Compiling yas-terminal-driver v0.5.0 (/opt/rustwide/workdir)
[INFO] [stderr]     Finished `release` profile [optimized] target(s) in 5.57s
[INFO] running `Command { std: "docker" "inspect" "f793af19fcfd29764af506d71f26edbf273ade45a14cca4f7a379caa0909586c", kill_on_drop: false }`
[INFO] running `Command { std: "docker" "exec" "-e" "SOURCE_DIR=/opt/rustwide/workdir" "-e" "CARGO_HOME=/opt/rustwide/cargo-home" "-e" "RUSTUP_HOME=/opt/rustwide/rustup-home" "-e" "CARGO_TARGET_DIR=/opt/rustwide/target" "-e" "CARGO_INCREMENTAL=0" "-e" "RUST_BACKTRACE=full" "-e" "RUSTFLAGS=--cap-lints=warn" "-e" "RUSTDOCFLAGS=--cap-lints=warn" "-w" "/opt/rustwide/workdir" "--user" "0:0" "f793af19fcfd29764af506d71f26edbf273ade45a14cca4f7a379caa0909586c" "/opt/rustwide/cargo-home/bin/cargo" "+1.99.0-beta.8" "test" "--frozen" "--release", kill_on_drop: false }`
[INFO] [stderr]     Finished `release` profile [optimized] target(s) in 0.08s
[INFO] [stderr]      Running unittests src/lib.rs (/opt/rustwide/target/release/deps/yas_terminal_driver-93de59a5da56f47e)
[INFO] [stdout] 
[INFO] [stdout] running 21 tests
[INFO] [stdout] test integration_tests::process_produces_nonempty_snapshot ... ok
[INFO] [stdout] test integration_tests::wrap_at_space_does_not_fuse_words ... ok
[INFO] [stdout] test integration_tests::wrap_at_space_does_not_fuse_words_get_text_range ... ok
[INFO] [stdout] test tests::basic_terminal_creation ... ok
[INFO] [stdout] test integration_tests::welcome_emoji_width ... ok
[INFO] [stdout] test tests::osc8_dedups_identical_uris_across_spans ... ok
[INFO] [stdout] test tests::osc8_hyperlink_spans_marked_cells ... ok
[INFO] [stdout] test tests::osc8_link_wrapping_a_row_reports_one_span ... ok
[INFO] [stdout] test tests::osc8_carries_a_target_unrelated_to_the_visible_text ... ok
[INFO] [stdout] test tests::mouse_mode_tracking ... ok
[INFO] [stdout] test tests::title_tracking ... ok
[INFO] [stdout] test integration_tests::scrollback_works ... ok
[INFO] [stdout] test tests::osc8_overlong_uri_is_dropped_not_truncated ... ok
[INFO] [stdout] test tests::osc8_survives_semantic_frame_capture ... ok
[INFO] [stdout] test tests::process_text ... ok
[INFO] [stdout] test tests::used_rows_grows_resets_and_caps ... ok
[INFO] [stdout] test tests::kitty_modes_query_set_stack_screens_and_reset ... FAILED
[INFO] [stdout] test tests::osc8_wide_char_continuation_inherits_link ... ok
[INFO] [stdout] test tests::resize ... ok
[INFO] [stdout] test tests::kitty_stack_overflow_is_bounded_and_does_not_touch_titles ... FAILED
[INFO] [stdout] test tests::alternate_screen_tracking ... ok
[INFO] [stdout] 
[INFO] [stdout] failures:
[INFO] [stdout] 
[INFO] [stdout] ---- tests::kitty_modes_query_set_stack_screens_and_reset stdout ----
[INFO] [stdout] 
[INFO] [stdout] thread 'tests::kitty_modes_query_set_stack_screens_and_reset' (636) panicked at src/lib.rs:1523:13:
[INFO] [stdout] assertion `left == right` failed
[INFO] [stdout]   left: [27, 91, 63, 48, 117]
[INFO] [stdout]  right: [27, 91, 63, 49, 117]
[INFO] [stdout] stack backtrace:
[INFO] [stdout]    0:     0x62e2b7d2a111 - <<std[70759c8f55707aa4]::sys::backtrace::BacktraceLock>::print::DisplayBacktrace as core[df12db4294e9bfd3]::fmt::Display>::fmt
[INFO] [stdout]    1:     0x62e2b7d3efba - core[df12db4294e9bfd3]::fmt::write
[INFO] [stdout]    2:     0x62e2b7d2e5ac - <alloc[2182bb758b4b3781]::vec::Vec<u8> as core[df12db4294e9bfd3]::io::write::Write>::write_fmt
[INFO] [stdout]    3:     0x62e2b7d06706 - std[70759c8f55707aa4]::panicking::default_hook::{closure#0}
[INFO] [stdout]    4:     0x62e2b7d22879 - std[70759c8f55707aa4]::panicking::default_hook
[INFO] [stdout]    5:     0x62e2b7cb63e0 - test[9d35eded1c95d3be]::test_main_inner::<test[9d35eded1c95d3be]::test_main_static::{closure#0}>::{closure#0}
[INFO] [stdout]    6:     0x62e2b7d22a32 - std[70759c8f55707aa4]::panicking::panic_with_hook
[INFO] [stdout]    7:     0x62e2b7d067b2 - std[70759c8f55707aa4]::panicking::panic_handler::{closure#0}
[INFO] [stdout]    8:     0x62e2b7cff539 - std[70759c8f55707aa4]::sys::backtrace::__rust_end_short_backtrace::<std[70759c8f55707aa4]::panicking::panic_handler::{closure#0}, !>
[INFO] [stdout]    9:     0x62e2b7d073ad - __rustc[8fa7c3cbc660c2b3]::rust_begin_unwind
[INFO] [stdout]   10:     0x62e2b7d3f6ec - core[df12db4294e9bfd3]::panicking::panic_fmt
[INFO] [stdout]   11:     0x62e2b7d3f603 - core[df12db4294e9bfd3]::panicking::assert_failed_inner
[INFO] [stdout]   12:     0x62e2b7ca10d4 - core[df12db4294e9bfd3]::panicking::assert_failed::<alloc[2182bb758b4b3781]::vec::Vec<u8>, alloc[2182bb758b4b3781]::vec::Vec<u8>>
[INFO] [stdout]   13:     0x62e2b7c9542b - yas_terminal_driver[e59b6bc8fb5ba009]::tests::kitty_modes_query_set_stack_screens_and_reset
[INFO] [stdout]   14:     0x62e2b7c91c59 - <yas_terminal_driver[e59b6bc8fb5ba009]::tests::kitty_modes_query_set_stack_screens_and_reset::{closure#0} as core[df12db4294e9bfd3]::ops::function::FnOnce<()>>::call_once
[INFO] [stdout]   15:     0x62e2b7ca96cb - test[9d35eded1c95d3be]::__rust_begin_short_backtrace::<core[df12db4294e9bfd3]::result::Result<(), alloc[2182bb758b4b3781]::string::String>, fn() -> core[df12db4294e9bfd3]::result::Result<(), alloc[2182bb758b4b3781]::string::String>>
[INFO] [stdout]   16:     0x62e2b7cb6d35 - test[9d35eded1c95d3be]::run_test::{closure#0}
[INFO] [stdout]   17:     0x62e2b7cb05f4 - std[70759c8f55707aa4]::sys::backtrace::__rust_begin_short_backtrace::<test[9d35eded1c95d3be]::run_test::{closure#1}, ()>
[INFO] [stdout]   18:     0x62e2b7cb9e92 - <std[70759c8f55707aa4]::thread::lifecycle::spawn_unchecked<test[9d35eded1c95d3be]::run_test::{closure#1}, ()>::{closure#1} as core[df12db4294e9bfd3]::ops::function::FnOnce<()>>::call_once::{shim:vtable#0}
[INFO] [stdout]   19:     0x62e2b7d299e9 - <std[70759c8f55707aa4]::sys::thread::unix::Thread>::new::thread_start
[INFO] [stdout]   20:     0x74b24413fdfa - <unknown>
[INFO] [stdout]   21:     0x74b2441d33d4 - clone
[INFO] [stdout]   22:                0x0 - <unknown>
[INFO] [stdout] 
[INFO] [stdout] ---- tests::kitty_stack_overflow_is_bounded_and_does_not_touch_titles stdout ----
[INFO] [stdout] 
[INFO] [stdout] thread 'tests::kitty_stack_overflow_is_bounded_and_does_not_touch_titles' (637) panicked at /opt/rustwide/cargo-home/registry/src/index.crates.io-1949cf8c6b5b557f/yas-alacritty-terminal-0.26.0-yas.1/src/term/mod.rs:1464:44:
[INFO] [stdout] removal index (is 0) should be < len (is 0)
[INFO] [stdout] stack backtrace:
[INFO] [stdout]    0:     0x62e2b7d2a111 - <<std[70759c8f55707aa4]::sys::backtrace::BacktraceLock>::print::DisplayBacktrace as core[df12db4294e9bfd3]::fmt::Display>::fmt
[INFO] [stdout]    1:     0x62e2b7d3efba - core[df12db4294e9bfd3]::fmt::write
[INFO] [stdout]    2:     0x62e2b7d2e5ac - <alloc[2182bb758b4b3781]::vec::Vec<u8> as core[df12db4294e9bfd3]::io::write::Write>::write_fmt
[INFO] [stdout]    3:     0x62e2b7d06706 - std[70759c8f55707aa4]::panicking::default_hook::{closure#0}
[INFO] [stdout]    4:     0x62e2b7d22879 - std[70759c8f55707aa4]::panicking::default_hook
[INFO] [stdout]    5:     0x62e2b7cb63e0 - test[9d35eded1c95d3be]::test_main_inner::<test[9d35eded1c95d3be]::test_main_static::{closure#0}>::{closure#0}
[INFO] [stdout]    6:     0x62e2b7d22a32 - std[70759c8f55707aa4]::panicking::panic_with_hook
[INFO] [stdout]    7:     0x62e2b7d067b2 - std[70759c8f55707aa4]::panicking::panic_handler::{closure#0}
[INFO] [stdout]    8:     0x62e2b7cff539 - std[70759c8f55707aa4]::sys::backtrace::__rust_end_short_backtrace::<std[70759c8f55707aa4]::panicking::panic_handler::{closure#0}, !>
[INFO] [stdout]    9:     0x62e2b7d073ad - __rustc[8fa7c3cbc660c2b3]::rust_begin_unwind
[INFO] [stdout]   10:     0x62e2b7d3f6ec - core[df12db4294e9bfd3]::panicking::panic_fmt
[INFO] [stdout]   11:     0x62e2b7d3b2a2 - <alloc[2182bb758b4b3781]::vec::Vec<_, _>>::remove::assert_failed
[INFO] [stdout]   12:     0x62e2b7c8df54 - <alacritty_terminal[501b1ac3630fdf94]::term::Term<yas_terminal_driver[e59b6bc8fb5ba009]::YasEventProxy> as vte[ad47b8b041fd7430]::ansi::Handler>::push_keyboard_mode
[INFO] [stdout]   13:     0x62e2b7c8290e - <vte[ad47b8b041fd7430]::Parser<1024usize>>::action_csi_dispatch::<vte[ad47b8b041fd7430]::ansi::Performer<alacritty_terminal[501b1ac3630fdf94]::term::Term<yas_terminal_driver[e59b6bc8fb5ba009]::YasEventProxy>, yas_terminal_driver[e59b6bc8fb5ba009]::NoSyncTimeout>>
[INFO] [stdout]   14:     0x62e2b7c89d00 - <yas_terminal_driver[e59b6bc8fb5ba009]::TerminalDriver>::process
[INFO] [stdout]   15:     0x62e2b7c95820 - yas_terminal_driver[e59b6bc8fb5ba009]::tests::kitty_stack_overflow_is_bounded_and_does_not_touch_titles
[INFO] [stdout]   16:     0x62e2b7c91c99 - <yas_terminal_driver[e59b6bc8fb5ba009]::tests::kitty_stack_overflow_is_bounded_and_does_not_touch_titles::{closure#0} as core[df12db4294e9bfd3]::ops::function::FnOnce<()>>::call_once
[INFO] [stdout]   17:     0x62e2b7ca96cb - test[9d35eded1c95d3be]::__rust_begin_short_backtrace::<core[df12db4294e9bfd3]::result::Result<(), alloc[2182bb758b4b3781]::string::String>, fn() -> core[df12db4294e9bfd3]::result::Result<(), alloc[2182bb758b4b3781]::string::String>>
[INFO] [stdout]   18:     0x62e2b7cb6d35 - test[9d35eded1c95d3be]::run_test::{closure#0}
[INFO] [stdout]   19:     0x62e2b7cb05f4 - std[70759c8f55707aa4]::sys::backtrace::__rust_begin_short_backtrace::<test[9d35eded1c95d3be]::run_test::{closure#1}, ()>
[INFO] [stdout]   20:     0x62e2b7cb9e92 - <std[70759c8f55707aa4]::thread::lifecycle::spawn_unchecked<test[9d35eded1c95d3be]::run_test::{closure#1}, ()>::{closure#1} as core[df12db4294e9bfd3]::ops::function::FnOnce<()>>::call_once::{shim:vtable#0}
[INFO] [stdout]   21:     0x62e2b7d299e9 - <std[70759c8f55707aa4]::sys::thread::unix::Thread>::new::thread_start
[INFO] [stdout]   22:     0x74b24413fdfa - <unknown>
[INFO] [stdout]   23:     0x74b2441d33d4 - clone
[INFO] [stdout]   24:                0x0 - <unknown>
[INFO] [stdout] 
[INFO] [stdout] 
[INFO] [stdout] failures:
[INFO] [stdout]     tests::kitty_modes_query_set_stack_screens_and_reset
[INFO] [stdout]     tests::kitty_stack_overflow_is_bounded_and_does_not_touch_titles
[INFO] [stdout] 
[INFO] [stdout] test result: FAILED. 19 passed; 2 failed; 0 ignored; 0 measured; 0 filtered out; finished in 0.09s
[INFO] [stdout] 
[INFO] [stderr] error: test failed, to rerun pass `--lib`
[INFO] running `Command { std: "docker" "inspect" "f793af19fcfd29764af506d71f26edbf273ade45a14cca4f7a379caa0909586c", kill_on_drop: false }`
[INFO] running `Command { std: "docker" "rm" "-f" "f793af19fcfd29764af506d71f26edbf273ade45a14cca4f7a379caa0909586c", kill_on_drop: false }`
[INFO] [stdout] f793af19fcfd29764af506d71f26edbf273ade45a14cca4f7a379caa0909586c
