[INFO] fetching crate yas-compositor 0.5.0...
[INFO] testing yas-compositor-0.5.0 against 1.100.0-beta.1+cargoflags=--release for beta-release-1.100-2
[INFO] extracting crate yas-compositor 0.5.0 into /workspace/builds/worker-2-tc2/source
[INFO] started tweaking crates.io crate yas-compositor 0.5.0
[INFO] removed 0 missing examples
[INFO] removed 0 missing tests
[INFO] finished tweaking crates.io crate yas-compositor 0.5.0
[INFO] tweaked toml for crates.io crate yas-compositor 0.5.0 written to /workspace/builds/worker-2-tc2/source/Cargo.toml
[INFO] validating manifest of crates.io crate yas-compositor 0.5.0 on toolchain 1.100.0-beta.1
[INFO] running `Command { std: CARGO_HOME="/workspace/cargo-home" RUSTUP_HOME="/workspace/rustup-home" "/workspace/cargo-home/bin/cargo" "+1.100.0-beta.1" "metadata" "--manifest-path" "Cargo.toml" "--no-deps", kill_on_drop: false }`
[INFO] crate crates.io crate yas-compositor 0.5.0 already has a lockfile, it will not be regenerated
[INFO] running `Command { std: CARGO_HOME="/workspace/cargo-home" RUSTUP_HOME="/workspace/rustup-home" "/workspace/cargo-home/bin/cargo" "+1.100.0-beta.1" "fetch" "--manifest-path" "Cargo.toml", kill_on_drop: false }`
[INFO] running `Command { std: "docker" "create" "-v" "/var/lib/crater-agent-workspace/builds/worker-2-tc2/source:/opt/rustwide/workdir:ro,Z" "-v" "/var/lib/crater-agent-workspace/builds/worker-2-tc2/target:/opt/rustwide/target:rw,Z" "-v" "/var/lib/crater-agent-workspace/cargo-home:/opt/rustwide/cargo-home:ro,Z" "-v" "/var/lib/crater-agent-workspace/rustup-home:/opt/rustwide/rustup-home:ro,Z" "-m" "1610612736" "--network" "none" "ghcr.io/rust-lang/crates-build-env/linux@sha256:77db811e55d90add9212f6832c23229e3de5f1c1f9905e8cb07319ea15df73ac" "sleep" "infinity", kill_on_drop: false }`
[INFO] [stdout] 80dd8f5a33f95b47222a0371dfa3ed871a6d728e7cbc2a685b76f0522be9649a
[INFO] running `Command { std: "docker" "start" "80dd8f5a33f95b47222a0371dfa3ed871a6d728e7cbc2a685b76f0522be9649a", kill_on_drop: false }`
[INFO] running `Command { std: "docker" "inspect" "80dd8f5a33f95b47222a0371dfa3ed871a6d728e7cbc2a685b76f0522be9649a", kill_on_drop: false }`
[INFO] running `Command { std: "docker" "exec" "-e" "SOURCE_DIR=/opt/rustwide/workdir" "-e" "CARGO_HOME=/opt/rustwide/cargo-home" "-e" "RUSTUP_HOME=/opt/rustwide/rustup-home" "-e" "CARGO_TARGET_DIR=/opt/rustwide/target" "-w" "/opt/rustwide/workdir" "--user" "0:0" "80dd8f5a33f95b47222a0371dfa3ed871a6d728e7cbc2a685b76f0522be9649a" "/opt/rustwide/cargo-home/bin/cargo" "+1.100.0-beta.1" "metadata" "--no-deps" "--format-version=1", kill_on_drop: false }`
[INFO] running `Command { std: "docker" "inspect" "80dd8f5a33f95b47222a0371dfa3ed871a6d728e7cbc2a685b76f0522be9649a", kill_on_drop: false }`
[INFO] running `Command { std: "docker" "exec" "-e" "SOURCE_DIR=/opt/rustwide/workdir" "-e" "CARGO_HOME=/opt/rustwide/cargo-home" "-e" "RUSTUP_HOME=/opt/rustwide/rustup-home" "-e" "CARGO_TARGET_DIR=/opt/rustwide/target" "-e" "CARGO_INCREMENTAL=0" "-e" "RUST_BACKTRACE=full" "-e" "RUSTFLAGS=--cap-lints=warn" "-e" "RUSTDOCFLAGS=--cap-lints=warn" "-w" "/opt/rustwide/workdir" "--user" "0:0" "80dd8f5a33f95b47222a0371dfa3ed871a6d728e7cbc2a685b76f0522be9649a" "/opt/rustwide/cargo-home/bin/cargo" "+1.100.0-beta.1" "build" "--frozen" "--message-format=json" "--release", kill_on_drop: false }`
[INFO] [stderr]    Compiling rustix v1.1.4
[INFO] [stderr]    Compiling linux-raw-sys v0.12.1
[INFO] [stderr]    Compiling find-msvc-tools v0.1.12
[INFO] [stderr]    Compiling downcast-rs v1.2.1
[INFO] [stderr]    Compiling wayland-sys v0.31.11
[INFO] [stderr]    Compiling quick-xml v0.41.0
[INFO] [stderr]    Compiling nix v0.31.3
[INFO] [stderr]    Compiling ash v0.38.0+1.3.281
[INFO] [stderr]    Compiling tracing-core v0.1.36
[INFO] [stderr]    Compiling pxfm v0.1.30
[INFO] [stderr]    Compiling yas-runtime-dir v0.5.0
[INFO] [stderr]    Compiling zerocopy-derive v0.8.57
[INFO] [stderr]    Compiling cc v1.4.6
[INFO] [stderr]    Compiling tracing v0.1.44
[INFO] [stderr]    Compiling wayland-scanner v0.31.11
[INFO] [stderr]    Compiling zerocopy v0.8.57
[INFO] [stderr]    Compiling wayland-backend v0.3.17
[INFO] [stderr]    Compiling moxcms v0.9.0
[INFO] [stderr]    Compiling polling v3.11.0
[INFO] [stderr]    Compiling calloop v0.14.4
[INFO] [stderr]    Compiling half v2.7.1
[INFO] [stderr]    Compiling wayland-server v0.31.14
[INFO] [stderr]    Compiling wayland-protocols v0.32.13
[INFO] [stderr]    Compiling wayland-protocols-misc v0.3.12
[INFO] [stderr]    Compiling yas-compositor v0.5.0 (/opt/rustwide/workdir)
[INFO] [stderr] warning: unused dependency `wayland-protocols-misc`
[INFO] [stderr]   --> Cargo.toml:54:49
[INFO] [stderr]    |
[INFO] [stderr] 54 | [target.'cfg(target_os = "linux")'.dependencies.wayland-protocols-misc]
[INFO] [stderr]    |                                                 ^^^^^^^^^^^^^^^^^^^^^^^
[INFO] [stderr]    |
[INFO] [stderr]    = note: `cargo::unused_dependencies` is set to `warn` by default
[INFO] [stderr] help: consider removing the dependency on `wayland-protocols-misc`
[INFO] [stderr] warning: `yas-compositor` (manifest) generated 1 warning
[INFO] [stderr]     Finished `release` profile [optimized] target(s) in 47.94s
[INFO] running `Command { std: "docker" "inspect" "80dd8f5a33f95b47222a0371dfa3ed871a6d728e7cbc2a685b76f0522be9649a", kill_on_drop: false }`
[INFO] running `Command { std: "docker" "exec" "-e" "SOURCE_DIR=/opt/rustwide/workdir" "-e" "CARGO_HOME=/opt/rustwide/cargo-home" "-e" "RUSTUP_HOME=/opt/rustwide/rustup-home" "-e" "CARGO_TARGET_DIR=/opt/rustwide/target" "-e" "CARGO_INCREMENTAL=0" "-e" "RUST_BACKTRACE=full" "-e" "RUSTFLAGS=--cap-lints=warn" "-e" "RUSTDOCFLAGS=--cap-lints=warn" "-w" "/opt/rustwide/workdir" "--user" "0:0" "80dd8f5a33f95b47222a0371dfa3ed871a6d728e7cbc2a685b76f0522be9649a" "/opt/rustwide/cargo-home/bin/cargo" "+1.100.0-beta.1" "test" "--frozen" "--no-run" "--message-format=json" "--release", kill_on_drop: false }`
[INFO] [stderr]    Compiling wayland-client v0.31.15
[INFO] [stderr]    Compiling wayland-protocols v0.32.13
[INFO] [stderr]    Compiling wayland-protocols-misc v0.3.12
[INFO] [stderr]    Compiling yas-compositor v0.5.0 (/opt/rustwide/workdir)
[INFO] [stderr] warning: unused dependency `wayland-protocols-misc`
[INFO] [stderr]   --> Cargo.toml:54:49
[INFO] [stderr]    |
[INFO] [stderr] 54 | [target.'cfg(target_os = "linux")'.dependencies.wayland-protocols-misc]
[INFO] [stderr]    |                                                 ^^^^^^^^^^^^^^^^^^^^^^^
[INFO] [stderr]    |
[INFO] [stderr]    = note: `cargo::unused_dependencies` is set to `warn` by default
[INFO] [stderr] help: consider removing the dependency on `wayland-protocols-misc`
[INFO] [stderr] warning: `yas-compositor` (manifest) generated 1 warning
[INFO] [stderr]     Finished `release` profile [optimized] target(s) in 53.54s
[INFO] running `Command { std: "docker" "inspect" "80dd8f5a33f95b47222a0371dfa3ed871a6d728e7cbc2a685b76f0522be9649a", kill_on_drop: false }`
[INFO] running `Command { std: "docker" "exec" "-e" "SOURCE_DIR=/opt/rustwide/workdir" "-e" "CARGO_HOME=/opt/rustwide/cargo-home" "-e" "RUSTUP_HOME=/opt/rustwide/rustup-home" "-e" "CARGO_TARGET_DIR=/opt/rustwide/target" "-e" "CARGO_INCREMENTAL=0" "-e" "RUST_BACKTRACE=full" "-e" "RUSTFLAGS=--cap-lints=warn" "-e" "RUSTDOCFLAGS=--cap-lints=warn" "-w" "/opt/rustwide/workdir" "--user" "0:0" "80dd8f5a33f95b47222a0371dfa3ed871a6d728e7cbc2a685b76f0522be9649a" "/opt/rustwide/cargo-home/bin/cargo" "+1.100.0-beta.1" "test" "--frozen" "--release", kill_on_drop: false }`
[INFO] [stderr] warning: unused dependency `wayland-protocols-misc`
[INFO] [stderr]   --> Cargo.toml:54:49
[INFO] [stderr]    |
[INFO] [stderr] 54 | [target.'cfg(target_os = "linux")'.dependencies.wayland-protocols-misc]
[INFO] [stderr]    |                                                 ^^^^^^^^^^^^^^^^^^^^^^^
[INFO] [stderr]    |
[INFO] [stderr]    = note: `cargo::unused_dependencies` is set to `warn` by default
[INFO] [stderr] help: consider removing the dependency on `wayland-protocols-misc`
[INFO] [stderr] warning: `yas-compositor` (manifest) generated 1 warning
[INFO] [stderr]     Finished `release` profile [optimized] target(s) in 0.08s
[INFO] [stderr]      Running unittests src/lib.rs (/opt/rustwide/target/release/build/yas-compositor/e52842c2bb9fe0a4/out/yas_compositor-e52842c2bb9fe0a4)
[INFO] [stdout] 
[INFO] [stdout] running 94 tests
[INFO] [stdout] test av1_level::tests::level_matches_table_a3_at_60fps ... ok
[INFO] [stdout] test color::tests::p3_red_survives_and_srgb_fallback_is_bounded ... ok
[INFO] [stdout] test av1_level::tests::the_5_1_to_6_0_area_boundary_is_shared_with_the_announcement ... ok
[INFO] [stdout] test color::tests::custom_primaries_match_named_spaces_and_adapt_white ... ok
[INFO] [stdout] test color::tests::resize_keeps_highlights ... ok
[INFO] [stdout] test color::tests::hdr_fallback_is_monotonic_and_neutral ... ok
[INFO] [stdout] test color::tone_mapping_tests::mastering_peak_uses_the_same_reference_scale_as_pixels ... ok
[INFO] [stdout] test color::tone_mapping_tests::declared_peaks_preserve_shadows_and_highlight_detail ... ok
[INFO] [stdout] test imp::tests::absent_shm_damage_initializes_the_full_texture ... ok
[INFO] [stdout] test color::tone_mapping_tests::metadata_changes_sdr_shoulder_without_changing_hdr ... ok
[INFO] [stdout] test color::tests::pq_reference_levels ... ok
[INFO] [stdout] test imp::tests::cross_thread_queues_have_hard_admission_caps ... ok
[INFO] [stdout] test imp::tests::buffer_damage_is_clipped_without_changing_units ... ok
[INFO] [stdout] test imp::tests::failed_app_socket_application_is_acknowledged_without_a_token ... ok
[INFO] [stdout] test imp::tests::frame_clock_skips_missed_ticks_without_drifting ... ok
[INFO] [stdout] test imp::tests::ime_and_pointer_transforms_are_inverse ... ok
[INFO] [stdout] test imp::tests::normalized_pointer_survives_a_live_resize_without_old_dimensions ... ok
[INFO] [stdout] test imp::tests::pointer_inverts_the_render_scale_and_xdg_crop_origin ... ok
[INFO] [stdout] test imp::tests::pointer_uses_the_crop_origin_paired_with_the_visible_composite ... ok
[INFO] [stdout] test imp::tests::resize_is_not_published_before_its_composite_is_submitted ... ok
[INFO] [stdout] test imp::tests::chromium_is_recognised_by_its_runtime_payload ... ok
[INFO] [stdout] test imp::tests::scan_refuses_when_every_id_is_taken ... ok
[INFO] [stdout] test imp::tests::scan_skips_zero_and_wraps ... ok
[INFO] [stdout] test imp::tests::scan_tolerates_a_zero_seed ... ok
[INFO] [stdout] test imp::tests::sidebar_target_is_not_promoted_to_native_size ... ok
[INFO] [stdout] test imp::tests::surface_damage_maps_destination_against_the_full_buffer ... ok
[INFO] [stdout] test imp::tests::surface_damage_maps_through_viewport_crop_and_scale ... ok
[INFO] [stdout] test imp::tests::an_ordinary_binary_is_not_chromium ... ok
[INFO] [stdout] test imp::tests::unchanged_frame_clock_update_preserves_phase ... ok
[INFO] [stdout] test input_region::tests::a_later_add_fills_an_earlier_hole_back_in ... ok
[INFO] [stdout] test input_region::tests::a_rectangle_takes_input_inside_its_bounds ... ok
[INFO] [stdout] test input_region::tests::disjoint_rectangles_both_count ... ok
[INFO] [stdout] test pointer_focus::tests::a_new_press_disarms_a_stale_swallow ... ok
[INFO] [stdout] test pointer_focus::tests::a_surface_whose_client_cannot_be_told_is_not_recorded ... ok
[INFO] [stdout] test imp::tests::surface_damage_uses_the_committed_buffer_scale ... ok
[INFO] [stdout] test pointer_focus::tests::closing_a_popup_that_lacks_focus_changes_nothing ... ok
[INFO] [stdout] test pointer_focus::tests::already_inside_is_motion_only ... ok
[INFO] [stdout] test pointer_focus::tests::closing_a_submenu_returns_to_the_menu_beneath_it ... ok
[INFO] [stdout] test pointer_focus::tests::another_buttons_release_is_untouched_while_armed ... ok
[INFO] [stdout] test pointer_focus::tests::closing_the_last_menu_returns_the_keyboard_to_the_window ... ok
[INFO] [stdout] test pointer_focus::tests::crossing_between_surfaces_leaves_then_enters ... ok
[INFO] [stdout] test pointer_focus::tests::leaving_for_a_surface_that_cannot_be_told_clears_the_old_one ... ok
[INFO] [stdout] test pointer_focus::tests::returning_from_a_pointerless_surface_re_enters ... ok
[INFO] [stdout] test pointer_focus::tests::the_click_that_closes_a_menu_is_spent_on_closing_it ... ok
[INFO] [stdout] test imp::tests::parent_pid_finds_the_process_that_spawned_a_child ... ok
[INFO] [stdout] test positioner::tests::compute_position_respects_nonzero_bounds_origin ... ok
[INFO] [stdout] test positioner::tests::compute_position_uses_geometry_right_edge_for_sliding ... ok
[INFO] [stdout] test touch_pacer::tests::an_ordinary_burst_keeps_every_source_interval ... ok
[INFO] [stdout] test pointer_focus::tests::an_ordinary_click_is_delivered ... ok
[INFO] [stdout] test touch_pacer::tests::an_overdue_tail_is_rebased_without_becoming_unbounded ... ok
[INFO] [stdout] test touch_pacer::tests::cancel_is_immediate_and_discards_the_owners_tail ... ok
[INFO] [stdout] test input_region::tests::an_empty_region_takes_no_input_anywhere ... ok
[INFO] [stdout] test input_region::tests::subtract_punches_a_hole ... ok
[INFO] [stdout] test touch_pacer::tests::a_sustained_burst_keeps_recent_positions_and_bounds_release_latency ... ok
[INFO] [stdout] test touch_pacer::tests::successive_gestures_from_one_owner_never_merge ... ok
[INFO] [stdout] test vulkan_encode::tests::bitstream_capacity_scales_with_resolution ... ok
[INFO] [stdout] test vulkan_encode::tests::h264_bitwriter_emulation_prevention ... ok
[INFO] [stdout] test vulkan_encode::tests::h264_bitwriter_exp_golomb ... ok
[INFO] [stdout] test vulkan_encode::tests::h264_parameter_sets_structure ... ok
[INFO] [stdout] test vulkan_encode::tests::level_tables ... ok
[INFO] [stdout] test vulkan_encode::tests::h264_parameter_sets_golden_720p ... ok
[INFO] [stdout] test touch_pacer::tests::compaction_stays_continuous_after_playout_has_started ... ok
[INFO] [stdout] test vulkan_encode::tests::h264_parameter_sets_golden_cropped_1918x1078 ... ok
[INFO] [stdout] test vulkan_render::tests::a_far_edge_that_would_overflow_i32_still_lands_inside ... ok
[INFO] [stdout] test vulkan_render::tests::a_gpu_owned_surface_without_other_targets_skips_cpu_pixels ... ok
[INFO] [stdout] test vulkan_encode::tests::av1_sequence_header_bit_budget_follows_the_profile ... ok
[INFO] [stdout] test vulkan_render::tests::a_layer_inside_the_framebuffer_scissors_to_itself ... ok
[INFO] [stdout] test vulkan_render::tests::a_layer_running_past_the_far_edge_is_clipped_to_it ... ok
[INFO] [stdout] test vulkan_render::tests::a_layer_starting_off_the_top_left_is_clipped_to_the_origin ... ok
[INFO] [stdout] test vulkan_render::tests::a_stalled_submit_is_abandoned_but_a_live_one_is_not ... ok
[INFO] [stdout] test vulkan_encode::tests::av1_sequence_header_golden_1080p ... ok
[INFO] [stdout] test vulkan_encode::tests::av1_sequence_header_structure ... ok
[INFO] [stdout] test vulkan_render::tests::a_surface_without_targets_reads_back_bootstrap_pixels ... ok
[INFO] [stdout] test vulkan_render::tests::automatic_host_import_requires_capability ... ok
[INFO] [stdout] test vulkan_render::tests::gpu_only_output_memory ... ignored, requires Vulkan; measures GPU-only output allocations
[INFO] [stdout] test vulkan_render::tests::expired_ring_history_requires_a_full_copy ... ok
[INFO] [stdout] test vulkan_render::tests::full_surface_damage_is_detected ... ok
[INFO] [stdout] test vulkan_render::tests::disabling_host_import_wins_over_the_force_override ... ok
[INFO] [stdout] test vulkan_render::tests::gpu_target_skips_native_readback ... ok
[INFO] [stdout] test vulkan_render::tests::host_import_may_use_the_remainder_of_the_files_last_page ... ok
[INFO] [stdout] test vulkan_render::tests::a_layer_entirely_outside_scissors_to_nothing ... ok
[INFO] [stdout] test vulkan_render::tests::idle_gpu_resources_expire_and_readbacks_recreate ... ignored, requires Vulkan; checks expiry, retained frames, and readback recreation
[INFO] [stdout] test vulkan_render::tests::opaque_output_accepts_exported_or_host_fence_synchronization ... ok
[INFO] [stdout] test vulkan_render::tests::output_cache_resize_memory ... ignored, requires Vulkan; measures retained allocations after window resizing
[INFO] [stdout] test vulkan_render::tests::large_damage_uses_one_full_copy ... ok
[INFO] [stdout] test vulkan_render::tests::native_cpu_target_reads_back_for_the_encoder ... ok
[INFO] [stdout] test vulkan_render::tests::shm_cache_resize_memory ... ignored, requires Vulkan; checks idle SHM memory and live texture ownership
[INFO] [stdout] test vulkan_render::tests::ring_texture_replays_every_missed_damage_generation ... ok
[INFO] [stdout] test vulkan_render::tests::touching_shm_damage_is_coalesced ... ok
[INFO] [stdout] test vulkan_render::tests::nvidia_host_import_remains_an_explicit_full_upload_override ... ok
[INFO] [stdout] test vulkan_render::tests::on_demand_readback_does_not_enter_a_gpu_only_encoder ... ok
[INFO] [stdout] test imp::icc::tests::icc_pq_is_hdr_and_invalid_profiles_are_rejected ... ok
[INFO] [stdout] test imp::tests::guaranteed_app_socket_commands_wait_through_full_queue_and_application ... ok
[INFO] [stdout] test imp::icc::tests::icc_p3_luts_preserve_primaries_and_cache_each_intent ... ok
[INFO] [stdout] 
[INFO] [stdout] test result: ok. 90 passed; 0 failed; 4 ignored; 0 measured; 0 filtered out; finished in 0.07s
[INFO] [stdout] 
[INFO] [stderr]      Running tests/client_disconnect.rs (/opt/rustwide/target/release/build/yas-compositor/cd113ffa33215767/out/client_disconnect-cd113ffa33215767)
[INFO] [stdout] 
[INFO] [stdout] running 3 tests
[INFO] [stdout] test client_process_hands_connection_to_descendant ... ignored
[INFO] [stdout] test closed_client_drops_queued_commits_before_destroying_surface ... ok
[INFO] [stdout] test handed_off_connection_outlives_the_original_process ... ok
[INFO] [stdout] 
[INFO] [stdout] test result: ok. 2 passed; 0 failed; 1 ignored; 0 measured; 0 filtered out; finished in 0.61s
[INFO] [stdout] 
[INFO] [stderr]      Running tests/client_drag.rs (/opt/rustwide/target/release/build/yas-compositor/baee3683c6184f75/out/client_drag-baee3683c6184f75)
[INFO] [stdout] 
[INFO] [stdout] running 16 tests
[INFO] [stdout] test destroying_the_active_offer_leaves_and_cancels_the_drag ... ok
[INFO] [stdout] test source_actions_declared_before_start_drag_are_preserved ... ok
[INFO] [stdout] test unsupported_destination_preference_falls_back_to_a_common_action ... ok
[INFO] [stdout] test a_drop_nowhere_cancels_at_the_source ... ok
[INFO] [stdout] test explicit_source_action_none_is_not_rewritten_to_copy ... ok
[INFO] [stdout] test destroying_the_target_surface_cannot_drop_on_stale_acceptance ... ok
[INFO] [stdout] test release_with_none_action_cancels_instead_of_dropping ... ok
[INFO] [stdout] test none_action_can_be_renegotiated_on_the_same_entered_offer ... ok
[INFO] [stdout] test release_without_an_accepted_mime_cancels_instead_of_dropping ... ok
[INFO] [stdout] test xdg_toplevel_drag_moves_a_chromium_tab_between_toplevels ... ok
[INFO] [stdout] test a_drag_onto_the_same_app_still_works ... ok
[INFO] [stdout] test attached_toplevel_is_not_its_own_drag_target ... ok
[INFO] [stdout] test destroying_the_source_mid_drag_leaves_the_target_and_ends_the_session ... ok
[INFO] [stdout] test crossing_between_surfaces_leaves_the_first_and_enters_the_second ... ok
[INFO] [stdout] test chromium_image_drag_can_fetch_custom_metadata_and_the_named_image_stream ... ok
[INFO] [stdout] test a_client_drag_delivers_enter_motion_drop_and_the_sources_bytes ... ok
[INFO] [stdout] 
[INFO] [stdout] test result: ok. 16 passed; 0 failed; 0 ignored; 0 measured; 0 filtered out; finished in 0.28s
[INFO] [stdout] 
[INFO] [stderr]      Running tests/clipboard_mime.rs (/opt/rustwide/target/release/build/yas-compositor/cc0ce60582386bc8/out/clipboard_mime-cc0ce60582386bc8)
[INFO] [stdout] 
[INFO] [stdout] running 6 tests
[INFO] [stdout] test an_image_selection_is_advertised_as_the_image_type_alone ... ok
[INFO] [stdout] test an_image_selection_reads_back_byte_for_byte ... ok
[INFO] [stdout] test a_text_selection_still_answers_to_every_alias ... ok
[INFO] [stdout] test an_image_selection_hands_a_text_request_nothing ... ok
[INFO] [stdout] test a_wayland_clients_image_selection_splices_directly_to_another_client ... ok
[INFO] [stdout] test replacing_a_text_selection_with_an_image_withdraws_the_text_types ... ok
[INFO] [stdout] 
[INFO] [stdout] test result: ok. 6 passed; 0 failed; 0 ignored; 0 measured; 0 filtered out; finished in 0.27s
[INFO] [stdout] 
[INFO] [stderr]      Running tests/color_management.rs (/opt/rustwide/target/release/build/yas-compositor/794c898ccd69f760/out/color_management-794c898ccd69f760)
[INFO] [stdout] 
[INFO] [stdout] running 3 tests
[INFO] [stdout] test vulkan_video_color_pixels_and_metadata ... ignored, requires Vulkan Video hardware and FFmpeg; set YAS_COLOR_GPU for the render node
[INFO] [stdout] test preferred_color_information_can_be_completed_and_requested_again ... ok
[INFO] [stdout] test p3_and_pq_survive_composition_and_unset_restores_sdr ... ok
[INFO] [stdout] 
[INFO] [stdout] test result: ok. 2 passed; 0 failed; 1 ignored; 0 measured; 0 filtered out; finished in 1.48s
[INFO] [stdout] 
[INFO] [stderr]      Running tests/compositor_shutdown.rs (/opt/rustwide/target/release/build/yas-compositor/cad8f1d2e5b15e2a/out/compositor_shutdown-cad8f1d2e5b15e2a)
[INFO] [stdout] 
[INFO] [stdout] running 1 test
[INFO] [stdout] test stop_tears_the_compositor_down_before_returning ... ok
[INFO] [stdout] 
[INFO] [stdout] test result: ok. 1 passed; 0 failed; 0 ignored; 0 measured; 0 filtered out; finished in 0.37s
[INFO] [stdout] 
[INFO] [stderr]      Running tests/cursor_repeat.rs (/opt/rustwide/target/release/build/yas-compositor/745e2c8778578598/out/cursor_repeat-745e2c8778578598)
[INFO] [stdout] 
[INFO] [stdout] running 1 test
[INFO] [stdout] test cursor_authority_replacement_and_artwork_deduplication ... ok
[INFO] [stdout] 
[INFO] [stdout] test result: ok. 1 passed; 0 failed; 0 ignored; 0 measured; 0 filtered out; finished in 1.03s
[INFO] [stdout] 
[INFO] [stderr]      Running tests/direct_touch.rs (/opt/rustwide/target/release/build/yas-compositor/4a94d799137c577e/out/direct_touch-4a94d799137c577e)
[INFO] [stdout] 
[INFO] [stdout] running 6 tests
[INFO] [stdout] test withdrawing_touch_cancels_a_down_that_is_still_scheduled ... ok
[INFO] [stdout] test motion_timestamps_preserve_the_browser_cadence ... ok
[INFO] [stdout] test direct_touch_has_its_own_browser_clock ... ok
[INFO] [stdout] test a_touch_drag_cancels_the_sequence_it_takes_over ... ok
[INFO] [stdout] test contacts_that_changed_together_arrive_in_one_frame ... ok
[INFO] [stdout] test sustained_touch_backlog_stays_bounded_and_reaches_the_latest_position ... ok
[INFO] [stdout] 
[INFO] [stdout] test result: ok. 6 passed; 0 failed; 0 ignored; 0 measured; 0 filtered out; finished in 1.10s
[INFO] [stdout] 
[INFO] [stderr]      Running tests/direct_touch_chromium.rs (/opt/rustwide/target/release/build/yas-compositor/4249f222747ca566/out/direct_touch_chromium-4249f222747ca566)
[INFO] [stdout] 
[INFO] [stdout] running 1 test
[INFO] [stdout] test chromium_flings_after_direct_touch_lifts ... ignored, starts a real browser
[INFO] [stdout] 
[INFO] [stdout] test result: ok. 0 passed; 0 failed; 1 ignored; 0 measured; 0 filtered out; finished in 0.00s
[INFO] [stdout] 
[INFO] [stderr]      Running tests/drag_drop.rs (/opt/rustwide/target/release/build/yas-compositor/06ddd98e261e3d59/out/drag_drop-06ddd98e261e3d59)
[INFO] [stdout] 
[INFO] [stdout] running 6 tests
[INFO] [stdout] test a_cancel_before_the_drop_closes_parked_receives_empty ... ok
[INFO] [stdout] test a_planned_uri_list_is_served_during_hover ... ok
[INFO] [stdout] test a_cancelled_drag_sends_leave_and_a_second_enter_retargets ... ok
[INFO] [stdout] test a_drop_enters_motions_leaves_and_serves_the_uri_list ... ok
[INFO] [stdout] test octet_stream_falls_back_to_a_single_dropped_items_bytes ... ok
[INFO] [stdout] test a_reenter_survives_the_old_offers_late_destroy ... ok
[INFO] [stdout] 
[INFO] [stdout] test result: ok. 6 passed; 0 failed; 0 ignored; 0 measured; 0 filtered out; finished in 0.32s
[INFO] [stdout] 
[INFO] [stderr]      Running tests/foreign_output_removal.rs (/opt/rustwide/target/release/build/yas-compositor/07299169f0dc49ab/out/foreign_output_removal-07299169f0dc49ab)
[INFO] [stdout] 
[INFO] [stdout] running 1 test
[INFO] [stdout] test withdrawing_an_output_stays_private_to_its_owner ... FAILED
[INFO] [stdout] 
[INFO] [stdout] failures:
[INFO] [stdout] 
[INFO] [stdout] ---- withdrawing_an_output_stays_private_to_its_owner stdout ----
[INFO] [stdout] [compositor] Vulkan renderer: false (dmabuf=false)
[INFO] [stdout] 
[INFO] [stdout] thread 'withdrawing_an_output_stays_private_to_its_owner' (2544) panicked at tests/foreign_output_removal.rs:166:5:
[INFO] [stdout] observer was told to remove global(s) [21] it was never told about; it only ever saw {2, 15, 8, 9, 6, 17, 14, 13, 1, 18, 20, 12, 3, 16, 7, 4, 11, 10, 5}
[INFO] [stdout] stack backtrace:
[INFO] [stdout]    0:     0x5f125f6fb601 - <<std[617be2ca0a6fd877]::sys::backtrace::BacktraceLock>::print::DisplayBacktrace as core[a373ad73a504971]::fmt::Display>::fmt
[INFO] [stdout]    1:     0x5f125f711c1a - core[a373ad73a504971]::fmt::write
[INFO] [stdout]    2:     0x5f125f6ff9dc - <alloc[2e1b2a31b91974c5]::vec::Vec<u8> as core[a373ad73a504971]::io::write::Write>::write_fmt
[INFO] [stdout]    3:     0x5f125f6d5906 - std[617be2ca0a6fd877]::panicking::default_hook::{closure#0}
[INFO] [stdout]    4:     0x5f125f6f3179 - std[617be2ca0a6fd877]::panicking::default_hook
[INFO] [stdout]    5:     0x5f125f4844f0 - test[aada8e7e76ba119b]::test_main_inner::{closure#0}
[INFO] [stdout]    6:     0x5f125f6f3332 - std[617be2ca0a6fd877]::panicking::panic_with_hook
[INFO] [stdout]    7:     0x5f125f6d59b2 - std[617be2ca0a6fd877]::panicking::panic_handler::{closure#0}
[INFO] [stdout]    8:     0x5f125f6ce259 - std[617be2ca0a6fd877]::sys::backtrace::__rust_end_short_backtrace::<std[617be2ca0a6fd877]::panicking::panic_handler::{closure#0}, !>
[INFO] [stdout]    9:     0x5f125f6d671d - __rustc[ea4f61d10b84890b]::rust_begin_unwind
[INFO] [stdout]   10:     0x5f125f71237c - core[a373ad73a504971]::panicking::panic_fmt
[INFO] [stdout]   11:     0x5f125f471c32 - <foreign_output_removal[8137a76159392dca]::withdrawing_an_output_stays_private_to_its_owner::{closure#0} as core[a373ad73a504971]::ops::function::FnOnce<()>>::call_once
[INFO] [stdout]   12:     0x5f125f47793b - test[aada8e7e76ba119b]::__rust_begin_short_backtrace::<core[a373ad73a504971]::result::Result<(), alloc[2e1b2a31b91974c5]::string::String>, fn() -> core[a373ad73a504971]::result::Result<(), alloc[2e1b2a31b91974c5]::string::String>>
[INFO] [stdout]   13:     0x5f125f484b15 - test[aada8e7e76ba119b]::run_test::{closure#0}
[INFO] [stdout]   14:     0x5f125f47e404 - std[617be2ca0a6fd877]::sys::backtrace::__rust_begin_short_backtrace::<test[aada8e7e76ba119b]::run_test::{closure#1}, ()>
[INFO] [stdout]   15:     0x5f125f487ba2 - <std[617be2ca0a6fd877]::thread::lifecycle::spawn_unchecked<test[aada8e7e76ba119b]::run_test::{closure#1}, ()>::{closure#1} as core[a373ad73a504971]::ops::function::FnOnce<()>>::call_once::{shim:vtable#0}
[INFO] [stdout]   16:     0x5f125f6faa8f - <std[617be2ca0a6fd877]::sys::thread::unix::Thread>::new::thread_start
[INFO] [stdout]   17:     0x735e4a602dfa - <unknown>
[INFO] [stdout]   18:     0x735e4a6963d4 - clone
[INFO] [stdout]   19:                0x0 - <unknown>
[INFO] [stdout] 
[INFO] [stdout] 
[INFO] [stdout] failures:
[INFO] [stdout]     withdrawing_an_output_stays_private_to_its_owner
[INFO] [stdout] 
[INFO] [stdout] test result: FAILED. 0 passed; 1 failed; 0 ignored; 0 measured; 0 filtered out; finished in 0.01s
[INFO] [stdout] 
[INFO] [stderr] error: test failed, to rerun pass `--test foreign_output_removal`
[INFO] running `Command { std: "docker" "inspect" "80dd8f5a33f95b47222a0371dfa3ed871a6d728e7cbc2a685b76f0522be9649a", kill_on_drop: false }`
[INFO] running `Command { std: "docker" "rm" "-f" "80dd8f5a33f95b47222a0371dfa3ed871a6d728e7cbc2a685b76f0522be9649a", kill_on_drop: false }`
[INFO] [stdout] 80dd8f5a33f95b47222a0371dfa3ed871a6d728e7cbc2a685b76f0522be9649a
