[INFO] fetching crate yarrow-rs 0.1.0...
[INFO] testing yarrow-rs-0.1.0 against 1.99.0-beta.8+cargoflags=--release for beta-release-1.100-2
[INFO] extracting crate yarrow-rs 0.1.0 into /workspace/builds/worker-3-tc1/source
[INFO] started tweaking crates.io crate yarrow-rs 0.1.0
[INFO] finished tweaking crates.io crate yarrow-rs 0.1.0
[INFO] tweaked toml for crates.io crate yarrow-rs 0.1.0 written to /workspace/builds/worker-3-tc1/source/Cargo.toml
[INFO] validating manifest of crates.io crate yarrow-rs 0.1.0 on toolchain 1.99.0-beta.8
[INFO] running `Command { std: CARGO_HOME="/workspace/cargo-home" RUSTUP_HOME="/workspace/rustup-home" "/workspace/cargo-home/bin/cargo" "+1.99.0-beta.8" "metadata" "--manifest-path" "Cargo.toml" "--no-deps", kill_on_drop: false }`
[INFO] running `Command { std: CARGO_HOME="/workspace/cargo-home" RUSTUP_HOME="/workspace/rustup-home" "/workspace/cargo-home/bin/cargo" "+1.99.0-beta.8" "generate-lockfile" "--manifest-path" "Cargo.toml", kill_on_drop: false }`
[INFO] [stderr]     Updating crates.io index
[INFO] [stderr]      Locking 35 packages to highest compatible versions
[INFO] [stderr]       Adding generic-array v0.14.7 (available: v0.14.9)
[INFO] [stderr]       Adding sha3 v0.10.9 (available: v0.12.0)
[INFO] [stderr]       Adding sysinfo v0.30.13 (available: v0.39.6)
[INFO] running `Command { std: CARGO_HOME="/workspace/cargo-home" RUSTUP_HOME="/workspace/rustup-home" "/workspace/cargo-home/bin/cargo" "+1.99.0-beta.8" "fetch" "--manifest-path" "Cargo.toml", kill_on_drop: false }`
[INFO] running `Command { std: "docker" "create" "-v" "/var/lib/crater-agent-workspace/builds/worker-3-tc1/source:/opt/rustwide/workdir:ro,Z" "-v" "/var/lib/crater-agent-workspace/builds/worker-3-tc1/target:/opt/rustwide/target:rw,Z" "-v" "/var/lib/crater-agent-workspace/cargo-home:/opt/rustwide/cargo-home:ro,Z" "-v" "/var/lib/crater-agent-workspace/rustup-home:/opt/rustwide/rustup-home:ro,Z" "-m" "1610612736" "--network" "none" "ghcr.io/rust-lang/crates-build-env/linux@sha256:77db811e55d90add9212f6832c23229e3de5f1c1f9905e8cb07319ea15df73ac" "sleep" "infinity", kill_on_drop: false }`
[INFO] [stdout] 82c018d27580c0e56919c79850cab4928ee05bcb842a4151eed062ae9bdd0d6b
[INFO] running `Command { std: "docker" "start" "82c018d27580c0e56919c79850cab4928ee05bcb842a4151eed062ae9bdd0d6b", kill_on_drop: false }`
[INFO] running `Command { std: "docker" "inspect" "82c018d27580c0e56919c79850cab4928ee05bcb842a4151eed062ae9bdd0d6b", kill_on_drop: false }`
[INFO] running `Command { std: "docker" "exec" "-e" "SOURCE_DIR=/opt/rustwide/workdir" "-e" "CARGO_HOME=/opt/rustwide/cargo-home" "-e" "RUSTUP_HOME=/opt/rustwide/rustup-home" "-e" "CARGO_TARGET_DIR=/opt/rustwide/target" "-w" "/opt/rustwide/workdir" "--user" "0:0" "82c018d27580c0e56919c79850cab4928ee05bcb842a4151eed062ae9bdd0d6b" "/opt/rustwide/cargo-home/bin/cargo" "+1.99.0-beta.8" "metadata" "--no-deps" "--format-version=1", kill_on_drop: false }`
[INFO] running `Command { std: "docker" "inspect" "82c018d27580c0e56919c79850cab4928ee05bcb842a4151eed062ae9bdd0d6b", kill_on_drop: false }`
[INFO] running `Command { std: "docker" "exec" "-e" "SOURCE_DIR=/opt/rustwide/workdir" "-e" "CARGO_HOME=/opt/rustwide/cargo-home" "-e" "RUSTUP_HOME=/opt/rustwide/rustup-home" "-e" "CARGO_TARGET_DIR=/opt/rustwide/target" "-e" "CARGO_INCREMENTAL=0" "-e" "RUST_BACKTRACE=full" "-e" "RUSTFLAGS=--cap-lints=warn" "-e" "RUSTDOCFLAGS=--cap-lints=warn" "-w" "/opt/rustwide/workdir" "--user" "0:0" "82c018d27580c0e56919c79850cab4928ee05bcb842a4151eed062ae9bdd0d6b" "/opt/rustwide/cargo-home/bin/cargo" "+1.99.0-beta.8" "build" "--frozen" "--message-format=json" "--release", kill_on_drop: false }`
[INFO] [stderr]    Compiling rayon v1.12.0
[INFO] [stderr]    Compiling sha3 v0.10.9
[INFO] [stderr]    Compiling sysinfo v0.30.13
[INFO] [stderr]    Compiling yarrow-rs v0.1.0 (/opt/rustwide/workdir)
[INFO] [stderr]     Finished `release` profile [optimized] target(s) in 8.55s
[INFO] running `Command { std: "docker" "inspect" "82c018d27580c0e56919c79850cab4928ee05bcb842a4151eed062ae9bdd0d6b", kill_on_drop: false }`
[INFO] running `Command { std: "docker" "exec" "-e" "SOURCE_DIR=/opt/rustwide/workdir" "-e" "CARGO_HOME=/opt/rustwide/cargo-home" "-e" "RUSTUP_HOME=/opt/rustwide/rustup-home" "-e" "CARGO_TARGET_DIR=/opt/rustwide/target" "-e" "CARGO_INCREMENTAL=0" "-e" "RUST_BACKTRACE=full" "-e" "RUSTFLAGS=--cap-lints=warn" "-e" "RUSTDOCFLAGS=--cap-lints=warn" "-w" "/opt/rustwide/workdir" "--user" "0:0" "82c018d27580c0e56919c79850cab4928ee05bcb842a4151eed062ae9bdd0d6b" "/opt/rustwide/cargo-home/bin/cargo" "+1.99.0-beta.8" "test" "--frozen" "--no-run" "--message-format=json" "--release", kill_on_drop: false }`
[INFO] [stderr]    Compiling yarrow-rs v0.1.0 (/opt/rustwide/workdir)
[INFO] [stderr]     Finished `release` profile [optimized] target(s) in 1.14s
[INFO] running `Command { std: "docker" "inspect" "82c018d27580c0e56919c79850cab4928ee05bcb842a4151eed062ae9bdd0d6b", kill_on_drop: false }`
[INFO] running `Command { std: "docker" "exec" "-e" "SOURCE_DIR=/opt/rustwide/workdir" "-e" "CARGO_HOME=/opt/rustwide/cargo-home" "-e" "RUSTUP_HOME=/opt/rustwide/rustup-home" "-e" "CARGO_TARGET_DIR=/opt/rustwide/target" "-e" "CARGO_INCREMENTAL=0" "-e" "RUST_BACKTRACE=full" "-e" "RUSTFLAGS=--cap-lints=warn" "-e" "RUSTDOCFLAGS=--cap-lints=warn" "-w" "/opt/rustwide/workdir" "--user" "0:0" "82c018d27580c0e56919c79850cab4928ee05bcb842a4151eed062ae9bdd0d6b" "/opt/rustwide/cargo-home/bin/cargo" "+1.99.0-beta.8" "test" "--frozen" "--release", kill_on_drop: false }`
[INFO] [stderr]     Finished `release` profile [optimized] target(s) in 0.04s
[INFO] [stderr]      Running unittests src/lib.rs (/opt/rustwide/target/release/deps/yarrow_rs-cb26d3ad3380f9b3)
[INFO] [stdout] 
[INFO] [stdout] running 10 tests
[INFO] [stdout] test yarrow::tests::test_monobit ... ok
[INFO] [stdout] test yarrow::tests::test_printer ... ok
[INFO] [stdout] test yarrow::tests::test_shuffle ... ok
[INFO] [stdout] test yarrow::tests::test_seeded_shuffle ... ok
[INFO] [stdout] test yarrow::tests::test_shuffle_string ... ok
[INFO] [stdout] test yarrow::tests::test_reseed ... ok
[INFO] [stdout] test yarrow::tests::test_generate_random_bytes ... ok
[INFO] [stdout] test yarrow::tests::test_add_entropy ... FAILED
[INFO] [stdout] test yarrow::tests::test_generate_bounded_number ... ok
[INFO] [stdout] test yarrow::tests::test_generate_bounded_number_distribution ... ok
[INFO] [stdout] 
[INFO] [stdout] failures:
[INFO] [stdout] 
[INFO] [stdout] ---- yarrow::tests::test_add_entropy stdout ----
[INFO] [stdout] [] []
[INFO] [stdout] 
[INFO] [stdout] thread 'yarrow::tests::test_add_entropy' (218) panicked at src/yarrow.rs:218:9:
[INFO] [stdout] assertion `left != right` failed: L'ajout d'entropie n'a pas modifié l'état du générateur
[INFO] [stdout]   left: []
[INFO] [stdout]  right: []
[INFO] [stdout] stack backtrace:
[INFO] [stdout]    0:     0x563829b3baf1 - <<std[70759c8f55707aa4]::sys::backtrace::BacktraceLock>::print::DisplayBacktrace as core[df12db4294e9bfd3]::fmt::Display>::fmt
[INFO] [stdout]    1:     0x563829b50bfa - core[df12db4294e9bfd3]::fmt::write
[INFO] [stdout]    2:     0x563829b4034c - <alloc[2182bb758b4b3781]::vec::Vec<u8> as core[df12db4294e9bfd3]::io::write::Write>::write_fmt
[INFO] [stdout]    3:     0x563829b17506 - std[70759c8f55707aa4]::panicking::default_hook::{closure#0}
[INFO] [stdout]    4:     0x563829b33ca9 - std[70759c8f55707aa4]::panicking::default_hook
[INFO] [stdout]    5:     0x563829aaded0 - test[9d35eded1c95d3be]::test_main_inner::<test[9d35eded1c95d3be]::test_main_static::{closure#0}>::{closure#0}
[INFO] [stdout]    6:     0x563829b33fd2 - std[70759c8f55707aa4]::panicking::panic_with_hook
[INFO] [stdout]    7:     0x563829b175b2 - std[70759c8f55707aa4]::panicking::panic_handler::{closure#0}
[INFO] [stdout]    8:     0x563829b10299 - std[70759c8f55707aa4]::sys::backtrace::__rust_end_short_backtrace::<std[70759c8f55707aa4]::panicking::panic_handler::{closure#0}, !>
[INFO] [stdout]    9:     0x563829b181ad - __rustc[8fa7c3cbc660c2b3]::rust_begin_unwind
[INFO] [stdout]   10:     0x563829b5132c - core[df12db4294e9bfd3]::panicking::panic_fmt
[INFO] [stdout]   11:     0x563829b512a3 - core[df12db4294e9bfd3]::panicking::assert_failed_inner
[INFO] [stdout]   12:     0x563829a9c012 - core[df12db4294e9bfd3]::panicking::assert_failed::<alloc[2182bb758b4b3781]::collections::vec_deque::VecDeque<u8>, alloc[2182bb758b4b3781]::collections::vec_deque::VecDeque<u8>>
[INFO] [stdout]   13:     0x563829a9eb89 - yarrow_rs[b5fb44dd3676fa4c]::yarrow::tests::test_add_entropy
[INFO] [stdout]   14:     0x563829a9b839 - <yarrow_rs[b5fb44dd3676fa4c]::yarrow::tests::test_add_entropy::{closure#0} as core[df12db4294e9bfd3]::ops::function::FnOnce<()>>::call_once
[INFO] [stdout]   15:     0x563829aa11bb - test[9d35eded1c95d3be]::__rust_begin_short_backtrace::<core[df12db4294e9bfd3]::result::Result<(), alloc[2182bb758b4b3781]::string::String>, fn() -> core[df12db4294e9bfd3]::result::Result<(), alloc[2182bb758b4b3781]::string::String>>
[INFO] [stdout]   16:     0x563829aae825 - test[9d35eded1c95d3be]::run_test::{closure#0}
[INFO] [stdout]   17:     0x563829aa80e4 - std[70759c8f55707aa4]::sys::backtrace::__rust_begin_short_backtrace::<test[9d35eded1c95d3be]::run_test::{closure#1}, ()>
[INFO] [stdout]   18:     0x563829ab1982 - <std[70759c8f55707aa4]::thread::lifecycle::spawn_unchecked<test[9d35eded1c95d3be]::run_test::{closure#1}, ()>::{closure#1} as core[df12db4294e9bfd3]::ops::function::FnOnce<()>>::call_once::{shim:vtable#0}
[INFO] [stdout]   19:     0x563829b3b389 - <std[70759c8f55707aa4]::sys::thread::unix::Thread>::new::thread_start
[INFO] [stdout]   20:     0x730903c53dfa - <unknown>
[INFO] [stdout]   21:     0x730903ce73d4 - clone
[INFO] [stdout]   22:                0x0 - <unknown>
[INFO] [stdout] 
[INFO] [stdout] 
[INFO] [stdout] failures:
[INFO] [stdout]     yarrow::tests::test_add_entropy
[INFO] [stdout] 
[INFO] [stdout] test result: FAILED. 9 passed; 1 failed; 0 ignored; 0 measured; 0 filtered out; finished in 0.15s
[INFO] [stdout] 
[INFO] [stderr] error: test failed, to rerun pass `--lib`
[INFO] running `Command { std: "docker" "inspect" "82c018d27580c0e56919c79850cab4928ee05bcb842a4151eed062ae9bdd0d6b", kill_on_drop: false }`
[INFO] running `Command { std: "docker" "rm" "-f" "82c018d27580c0e56919c79850cab4928ee05bcb842a4151eed062ae9bdd0d6b", kill_on_drop: false }`
[INFO] [stdout] 82c018d27580c0e56919c79850cab4928ee05bcb842a4151eed062ae9bdd0d6b
