[INFO] fetching crate yarnspinner 0.9.0...
[INFO] testing yarnspinner-0.9.0 against 1.99.0-beta.8+cargoflags=--release for beta-release-1.100-2
[INFO] extracting crate yarnspinner 0.9.0 into /workspace/builds/worker-5-tc1/source
[INFO] started tweaking crates.io crate yarnspinner 0.9.0
[INFO] removed 0 missing tests
[INFO] finished tweaking crates.io crate yarnspinner 0.9.0
[INFO] tweaked toml for crates.io crate yarnspinner 0.9.0 written to /workspace/builds/worker-5-tc1/source/Cargo.toml
[INFO] validating manifest of crates.io crate yarnspinner 0.9.0 on toolchain 1.99.0-beta.8
[INFO] running `Command { std: CARGO_HOME="/workspace/cargo-home" RUSTUP_HOME="/workspace/rustup-home" "/workspace/cargo-home/bin/cargo" "+1.99.0-beta.8" "metadata" "--manifest-path" "Cargo.toml" "--no-deps", kill_on_drop: false }`
[INFO] crate crates.io crate yarnspinner 0.9.0 already has a lockfile, it will not be regenerated
[INFO] running `Command { std: CARGO_HOME="/workspace/cargo-home" RUSTUP_HOME="/workspace/rustup-home" "/workspace/cargo-home/bin/cargo" "+1.99.0-beta.8" "fetch" "--manifest-path" "Cargo.toml", kill_on_drop: false }`
[INFO] [stderr]     Updating crates.io index
[INFO] [stderr]  Downloading crates ...
[INFO] [stderr]   Downloaded yarnspinner_internal_shared v0.1.0
[INFO] [stderr]   Downloaded yarnspinner_runtime v0.9.0
[INFO] [stderr]   Downloaded variadics_please v1.1.0
[INFO] [stderr]   Downloaded yarnspinner_core v0.9.0
[INFO] [stderr]   Downloaded rand v0.10.0
[INFO] [stderr]   Downloaded erased-serde v0.4.9
[INFO] [stderr]   Downloaded bevy_camera v0.19.0
[INFO] [stderr]   Downloaded bevy_ecs_macros v0.19.0
[INFO] [stderr]   Downloaded encase_derive v0.12.0
[INFO] [stderr]   Downloaded prost-derive v0.14.3
[INFO] [stderr]   Downloaded disqualified v1.0.0
[INFO] [stderr]   Downloaded inventory v0.3.22
[INFO] [stderr]   Downloaded encase_derive_impl v0.12.0
[INFO] [stderr]   Downloaded bevy_macro_utils v0.19.0
[INFO] [stderr]   Downloaded constgebra v0.1.4
[INFO] [stderr]   Downloaded rand_core v0.10.0
[INFO] [stderr]   Downloaded bevy_math v0.19.0
[INFO] [stderr]   Downloaded bevy_ecs_macro_logic v0.19.0
[INFO] [stderr]   Downloaded bevy_encase_derive v0.19.0
[INFO] [stderr]   Downloaded bevy_asset_macros v0.19.0
[INFO] [stderr]   Downloaded bevy_android v0.19.0
[INFO] [stderr]   Downloaded proc-macro-crate v3.4.0
[INFO] [stderr]   Downloaded atomicow v1.1.0
[INFO] [stderr]   Downloaded svg_fmt v0.4.5
[INFO] [stderr]   Downloaded prost v0.14.3
[INFO] [stderr]   Downloaded bevy_utils v0.19.0
[INFO] [stderr]   Downloaded bevy_platform v0.19.0
[INFO] [stderr]   Downloaded portable-atomic-util v0.2.5
[INFO] [stderr]   Downloaded bevy_transform v0.19.0
[INFO] [stderr]   Downloaded bevy_tasks v0.19.0
[INFO] [stderr]   Downloaded web-task v1.1.3
[INFO] [stderr]   Downloaded assert_type_match v0.1.1
[INFO] [stderr]   Downloaded bevy_app v0.19.0
[INFO] [stderr]   Downloaded ctrlc v3.5.2
[INFO] [stderr]   Downloaded bevy_derive v0.19.0
[INFO] [stderr]   Downloaded hexasphere v18.0.0
[INFO] [stderr]   Downloaded stackfuture v0.3.1
[INFO] [stderr]   Downloaded bevy_diagnostic v0.19.0
[INFO] [stderr]   Downloaded num_enum v0.7.5
[INFO] [stderr]   Downloaded num_enum_derive v0.7.5
[INFO] [stderr]   Downloaded rectangle-pack v0.4.2
[INFO] [stderr]   Downloaded guillotiere v0.6.2
[INFO] [stderr]   Downloaded bevy_internal v0.19.0
[INFO] [stderr]   Downloaded bevy_world_serialization v0.19.0
[INFO] [stderr]   Downloaded encase v0.12.0
[INFO] [stderr]   Downloaded const_panic v0.2.15
[INFO] [stderr]   Downloaded typewit v1.14.2
[INFO] [stderr]   Downloaded bevy_reflect_derive v0.19.0
[INFO] [stderr]   Downloaded bevy_ptr v0.19.0
[INFO] [stderr]   Downloaded rand_distr v0.6.0
[INFO] [stderr]   Downloaded bevy_window v0.19.0
[INFO] [stderr]   Downloaded const_soft_float v0.1.4
[INFO] [stderr]   Downloaded const-fnv1a-hash v1.1.0
[INFO] [stderr]   Downloaded bevy_time v0.19.0
[INFO] [stderr]   Downloaded toml_edit v0.23.10+spec-1.0.0
[INFO] [stderr]   Downloaded euclid v0.22.13
[INFO] [stderr]   Downloaded bevy_winit v0.19.0
[INFO] [stderr]   Downloaded ron v0.12.0
[INFO] [stderr]   Downloaded bevy_reflect v0.19.0
[INFO] [stderr]   Downloaded wgpu-types v29.0.4
[INFO] [stderr]   Downloaded bevy_input v0.19.0
[INFO] [stderr]   Downloaded bevy_mesh v0.19.0
[INFO] [stderr]   Downloaded bevy_asset v0.19.0
[INFO] [stderr]   Downloaded bevy_image v0.19.0
[INFO] [stderr]   Downloaded moxcms v0.7.11
[INFO] [stderr]   Downloaded bevy_color v0.19.0
[INFO] [stderr]   Downloaded nix v0.31.2
[INFO] [stderr]   Downloaded blake3 v1.8.3
[INFO] [stderr]   Downloaded dpi v0.1.2
[INFO] [stderr]   Downloaded winit v0.30.13
[INFO] [stderr]   Downloaded bevy v0.19.0
[INFO] [stderr]   Downloaded bevy_ecs v0.19.0
[INFO] [stderr]   Downloaded pxfm v0.1.28
[INFO] [stderr]   Downloaded orbclient v0.3.50
[INFO] [stderr]   Downloaded bevy_log v0.19.0
[INFO] [stderr]   Downloaded tracing-wasm v0.2.1
[INFO] [stderr]   Downloaded tracing-oslog v0.3.0
[INFO] [stderr]   Downloaded bevy_input_focus v0.19.0
[INFO] [stderr]   Downloaded accesskit v0.24.1
[INFO] [stderr]   Downloaded enumn v0.1.14
[INFO] [stderr]   Downloaded accesskit_consumer v0.35.0
[INFO] [stderr]   Downloaded taffy v0.10.1
[INFO] [stderr]   Downloaded yazi v0.2.1
[INFO] [stderr]   Downloaded android_log-sys v0.3.2
[INFO] [stderr]   Downloaded bevy_a11y v0.19.0
[INFO] [stderr]   Downloaded accesskit_winit v0.32.2
[INFO] [stderr]   Downloaded accesskit_macos v0.26.3
[INFO] [stderr]   Downloaded accesskit_consumer v0.38.0
[INFO] [stderr]   Downloaded bevy_ui v0.19.0
[INFO] [stderr]   Downloaded swash v0.2.6
[INFO] [stderr]   Downloaded zeno v0.3.3
[INFO] [stderr]   Downloaded skrifa v0.37.0
[INFO] [stderr]   Downloaded font-types v0.11.3
[INFO] [stderr]   Downloaded icu_locale v2.1.1
[INFO] [stderr]   Downloaded icu_locale_data v2.1.2
[INFO] [stderr]   Downloaded font-types v0.10.1
[INFO] [stderr]   Downloaded parley v0.9.0
[INFO] [stderr]   Downloaded fontique v0.9.0
[INFO] [stderr]   Downloaded bevy_text v0.19.0
[INFO] [stderr]   Downloaded bevy_state v0.19.0
[INFO] [stderr]   Downloaded skrifa v0.42.1
[INFO] [stderr]   Downloaded radsort v0.1.1
[INFO] [stderr]   Downloaded profiling v1.0.17
[INFO] [stderr]   Downloaded read-fonts v0.39.2
[INFO] [stderr]   Downloaded accesskit_windows v0.32.1
[INFO] [stderr]   Downloaded harfrust v0.6.2
[INFO] [stderr]   Downloaded parlance v0.1.0
[INFO] [stderr]   Downloaded icu_segmenter v2.1.2
[INFO] [stderr]   Downloaded wgpu-core v29.0.4
[INFO] [stderr]   Downloaded read-fonts v0.35.0
[INFO] [stderr]   Downloaded grid v1.0.0
[INFO] [stderr]   Downloaded naga v29.0.4
[INFO] [stderr]   Downloaded wgpu-core-deps-apple v29.0.4
[INFO] [stderr]   Downloaded bevy_clipboard v0.19.0
[INFO] [stderr]   Downloaded wgpu-hal v29.0.4
[INFO] [stderr]   Downloaded wgpu-naga-bridge v29.0.4
[INFO] [stderr]   Downloaded pp-rs v0.2.1
[INFO] [stderr]   Downloaded wgpu-core-deps-windows-linux-android v29.0.4
[INFO] [stderr]   Downloaded codespan-reporting v0.12.0
[INFO] [stderr]   Downloaded fixed_decimal v0.7.1
[INFO] [stderr]   Downloaded uuid v0.8.2
[INFO] [stderr]   Downloaded parley_data v0.9.0
[INFO] [stderr]   Downloaded bevy_sprite v0.19.0
[INFO] [stderr]   Downloaded bevy_material v0.19.0
[INFO] [stderr]   Downloaded offset-allocator v0.2.0
[INFO] [stderr]   Downloaded bevy_material_macros v0.19.0
[INFO] [stderr]   Downloaded better_any v0.2.0
[INFO] [stderr]   Downloaded bevy_render v0.19.0
[INFO] [stderr]   Downloaded wgpu v29.0.4
[INFO] [stderr]   Downloaded annotate-snippets v0.12.12
[INFO] [stderr]   Downloaded bevy_state_macros v0.19.0
[INFO] [stderr]   Downloaded icu_plurals_data v2.1.1
[INFO] [stderr]   Downloaded naga_oil v0.22.0
[INFO] [stderr]   Downloaded yarnspinner_compiler v0.9.0
[INFO] [stderr]   Downloaded linebender_resource_handle v0.1.1
[INFO] [stderr]   Downloaded antlr-rust v0.3.0-beta
[INFO] [stderr]   Downloaded weak-table v0.3.2
[INFO] [stderr]   Downloaded bevy_shader v0.19.0
[INFO] [stderr]   Downloaded icu_plurals v2.1.1
[INFO] [stderr]   Downloaded ordered-float v5.1.0
[INFO] [stderr]   Downloaded murmur3 v0.4.1
[INFO] [stderr]   Downloaded bevy_render_macros v0.19.0
[INFO] [stderr]   Downloaded icu_segmenter_data v2.1.1
[INFO] running `Command { std: "docker" "create" "-v" "/var/lib/crater-agent-workspace/builds/worker-5-tc1/source:/opt/rustwide/workdir:ro,Z" "-v" "/var/lib/crater-agent-workspace/builds/worker-5-tc1/target:/opt/rustwide/target:rw,Z" "-v" "/var/lib/crater-agent-workspace/cargo-home:/opt/rustwide/cargo-home:ro,Z" "-v" "/var/lib/crater-agent-workspace/rustup-home:/opt/rustwide/rustup-home:ro,Z" "-m" "1610612736" "--network" "none" "ghcr.io/rust-lang/crates-build-env/linux@sha256:77db811e55d90add9212f6832c23229e3de5f1c1f9905e8cb07319ea15df73ac" "sleep" "infinity", kill_on_drop: false }`
[INFO] [stdout] 0cd4160e75525b37b5d17d892d3f971a4b919983c08745b4c16867faa2647e93
[INFO] running `Command { std: "docker" "start" "0cd4160e75525b37b5d17d892d3f971a4b919983c08745b4c16867faa2647e93", kill_on_drop: false }`
[INFO] running `Command { std: "docker" "inspect" "0cd4160e75525b37b5d17d892d3f971a4b919983c08745b4c16867faa2647e93", kill_on_drop: false }`
[INFO] running `Command { std: "docker" "exec" "-e" "SOURCE_DIR=/opt/rustwide/workdir" "-e" "CARGO_HOME=/opt/rustwide/cargo-home" "-e" "RUSTUP_HOME=/opt/rustwide/rustup-home" "-e" "CARGO_TARGET_DIR=/opt/rustwide/target" "-w" "/opt/rustwide/workdir" "--user" "0:0" "0cd4160e75525b37b5d17d892d3f971a4b919983c08745b4c16867faa2647e93" "/opt/rustwide/cargo-home/bin/cargo" "+1.99.0-beta.8" "metadata" "--no-deps" "--format-version=1", kill_on_drop: false }`
[INFO] running `Command { std: "docker" "inspect" "0cd4160e75525b37b5d17d892d3f971a4b919983c08745b4c16867faa2647e93", kill_on_drop: false }`
[INFO] running `Command { std: "docker" "exec" "-e" "SOURCE_DIR=/opt/rustwide/workdir" "-e" "CARGO_HOME=/opt/rustwide/cargo-home" "-e" "RUSTUP_HOME=/opt/rustwide/rustup-home" "-e" "CARGO_TARGET_DIR=/opt/rustwide/target" "-e" "CARGO_INCREMENTAL=0" "-e" "RUST_BACKTRACE=full" "-e" "RUSTFLAGS=--cap-lints=warn" "-e" "RUSTDOCFLAGS=--cap-lints=warn" "-w" "/opt/rustwide/workdir" "--user" "0:0" "0cd4160e75525b37b5d17d892d3f971a4b919983c08745b4c16867faa2647e93" "/opt/rustwide/cargo-home/bin/cargo" "+1.99.0-beta.8" "build" "--frozen" "--message-format=json" "--release", kill_on_drop: false }`
[INFO] [stderr]    Compiling quote v1.0.44
[INFO] [stderr]    Compiling libc v0.2.182
[INFO] [stderr]    Compiling stable_deref_trait v1.2.1
[INFO] [stderr]    Compiling writeable v0.6.2
[INFO] [stderr]    Compiling anyhow v1.0.102
[INFO] [stderr]    Compiling either v1.15.0
[INFO] [stderr]    Compiling getrandom v0.4.1
[INFO] [stderr]    Compiling aho-corasick v1.1.4
[INFO] [stderr]    Compiling foldhash v0.2.0
[INFO] [stderr]    Compiling rand_core v0.10.0
[INFO] [stderr]    Compiling allocator-api2 v0.2.21
[INFO] [stderr]    Compiling itertools v0.14.0
[INFO] [stderr]    Compiling syn v2.0.117
[INFO] [stderr]    Compiling icu_locale_data v2.1.2
[INFO] [stderr]    Compiling litemap v0.8.1
[INFO] [stderr]    Compiling regex-syntax v0.8.10
[INFO] [stderr]    Compiling hashbrown v0.16.1
[INFO] [stderr]    Compiling instant v0.1.13
[INFO] [stderr]    Compiling bytes v1.11.1
[INFO] [stderr]    Compiling icu_plurals_data v2.1.1
[INFO] [stderr]    Compiling tinyvec_macros v0.1.1
[INFO] [stderr]    Compiling yarnspinner_internal_shared v0.1.0
[INFO] [stderr]    Compiling bit-vec v0.6.3
[INFO] [stderr]    Compiling ryu v1.0.23
[INFO] [stderr]    Compiling once_cell v1.21.3
[INFO] [stderr]    Compiling parking_lot_core v0.8.6
[INFO] [stderr]    Compiling rand v0.10.0
[INFO] [stderr]    Compiling murmur3 v0.4.1
[INFO] [stderr]    Compiling bit-set v0.5.3
[INFO] [stderr]    Compiling tinyvec v1.10.0
[INFO] [stderr]    Compiling parking_lot v0.11.2
[INFO] [stderr]    Compiling bstr v1.12.1
[INFO] [stderr]    Compiling uuid v0.8.2
[INFO] [stderr]    Compiling spin v0.10.0
[INFO] [stderr]    Compiling better_any v0.2.0
[INFO] [stderr]    Compiling anstyle v1.0.13
[INFO] [stderr]    Compiling same-file v1.0.6
[INFO] [stderr]    Compiling walkdir v2.5.0
[INFO] [stderr]    Compiling antlr-rust v0.3.0-beta
[INFO] [stderr]    Compiling annotate-snippets v0.12.12
[INFO] [stderr]    Compiling bevy_platform v0.19.0
[INFO] [stderr]    Compiling unicode-normalization v0.1.25
[INFO] [stderr]    Compiling synstructure v0.13.2
[INFO] [stderr]    Compiling regex-automata v0.4.14
[INFO] [stderr]    Compiling unicode-segmentation v1.12.0
[INFO] [stderr]    Compiling zerofrom-derive v0.1.6
[INFO] [stderr]    Compiling yoke-derive v0.8.1
[INFO] [stderr]    Compiling zerofrom v0.1.6
[INFO] [stderr]    Compiling zerovec-derive v0.11.2
[INFO] [stderr]    Compiling yoke v0.8.1
[INFO] [stderr]    Compiling displaydoc v0.2.5
[INFO] [stderr]    Compiling prost-derive v0.14.3
[INFO] [stderr]    Compiling variadics_please v1.1.0
[INFO] [stderr]    Compiling zerotrie v0.2.3
[INFO] [stderr]    Compiling fixed_decimal v0.7.1
[INFO] [stderr]    Compiling zerovec v0.11.5
[INFO] [stderr]    Compiling prost v0.14.3
[INFO] [stderr]    Compiling regex v1.12.3
[INFO] [stderr]    Compiling tinystr v0.8.2
[INFO] [stderr]    Compiling icu_locale_core v2.1.1
[INFO] [stderr]    Compiling potential_utf v0.1.4
[INFO] [stderr]    Compiling icu_collections v2.1.1
[INFO] [stderr]    Compiling yarnspinner_core v0.9.0
[INFO] [stderr]    Compiling globset v0.4.18
[INFO] [stderr]    Compiling icu_provider v2.1.1
[INFO] [stderr]    Compiling icu_locale v2.1.1
[INFO] [stderr]    Compiling yarnspinner_compiler v0.9.0
[INFO] [stderr]    Compiling icu_plurals v2.1.1
[INFO] [stderr]    Compiling yarnspinner_runtime v0.9.0
[INFO] [stderr]    Compiling yarnspinner v0.9.0 (/opt/rustwide/workdir)
[INFO] [stderr]     Finished `release` profile [optimized] target(s) in 2m 16s
[INFO] running `Command { std: "docker" "inspect" "0cd4160e75525b37b5d17d892d3f971a4b919983c08745b4c16867faa2647e93", kill_on_drop: false }`
[INFO] running `Command { std: "docker" "exec" "-e" "SOURCE_DIR=/opt/rustwide/workdir" "-e" "CARGO_HOME=/opt/rustwide/cargo-home" "-e" "RUSTUP_HOME=/opt/rustwide/rustup-home" "-e" "CARGO_TARGET_DIR=/opt/rustwide/target" "-e" "CARGO_INCREMENTAL=0" "-e" "RUST_BACKTRACE=full" "-e" "RUSTFLAGS=--cap-lints=warn" "-e" "RUSTDOCFLAGS=--cap-lints=warn" "-w" "/opt/rustwide/workdir" "--user" "0:0" "0cd4160e75525b37b5d17d892d3f971a4b919983c08745b4c16867faa2647e93" "/opt/rustwide/cargo-home/bin/cargo" "+1.99.0-beta.8" "test" "--frozen" "--no-run" "--message-format=json" "--release", kill_on_drop: false }`
[INFO] [stderr]    Compiling yarnspinner v0.9.0 (/opt/rustwide/workdir)
[INFO] [stderr]     Finished `release` profile [optimized] target(s) in 20.75s
[INFO] running `Command { std: "docker" "inspect" "0cd4160e75525b37b5d17d892d3f971a4b919983c08745b4c16867faa2647e93", kill_on_drop: false }`
[INFO] running `Command { std: "docker" "exec" "-e" "SOURCE_DIR=/opt/rustwide/workdir" "-e" "CARGO_HOME=/opt/rustwide/cargo-home" "-e" "RUSTUP_HOME=/opt/rustwide/rustup-home" "-e" "CARGO_TARGET_DIR=/opt/rustwide/target" "-e" "CARGO_INCREMENTAL=0" "-e" "RUST_BACKTRACE=full" "-e" "RUSTFLAGS=--cap-lints=warn" "-e" "RUSTDOCFLAGS=--cap-lints=warn" "-w" "/opt/rustwide/workdir" "--user" "0:0" "0cd4160e75525b37b5d17d892d3f971a4b919983c08745b4c16867faa2647e93" "/opt/rustwide/cargo-home/bin/cargo" "+1.99.0-beta.8" "test" "--frozen" "--release", kill_on_drop: false }`
[INFO] [stderr]     Finished `release` profile [optimized] target(s) in 0.38s
[INFO] [stderr]      Running unittests src/lib.rs (/opt/rustwide/target/release/deps/yarnspinner-2978c4eccc7bb1bd)
[INFO] [stderr]      Running tests/dialogue_tests.rs (/opt/rustwide/target/release/deps/dialogue_tests-9c9fb65ce19638e9)
[INFO] [stdout] 
[INFO] [stdout] running 0 tests
[INFO] [stdout] 
[INFO] [stdout] test result: ok. 0 passed; 0 failed; 0 ignored; 0 measured; 0 filtered out; finished in 0.00s
[INFO] [stdout] 
[INFO] [stdout] 
[INFO] [stdout] running 11 tests
[INFO] [stdout] test test_line_hints ... FAILED
[INFO] [stdout] test test_analysis_has_no_false_positives ... FAILED
[INFO] [stdout] test test_getting_tags ... FAILED
[INFO] [stdout] test test_analysis ... FAILED
[INFO] [stdout] test test_missing_node ... FAILED
[INFO] [stdout] test test_getting_current_node_name ... FAILED
[INFO] [stdout] test test_getting_raw_source ... FAILED
[INFO] [stdout] test test_getting_headers ... FAILED
[INFO] [stdout] test test_node_exists ... FAILED
[INFO] [stdout] test test_function_argument_type_inference ... ok
[INFO] [stdout] test test_selecting_option_from_inside_option_callback ... ok
[INFO] [stdout] 
[INFO] [stdout] failures:
[INFO] [stdout] 
[INFO] [stdout] ---- test_line_hints stdout ----
[INFO] [stdout] 
[INFO] [stdout] thread 'test_line_hints' (1499) panicked at /opt/rustwide/cargo-home/registry/src/index.crates.io-1949cf8c6b5b557f/yarnspinner_compiler-0.9.0/src/compiler.rs:79:39:
[INFO] [stdout] called `Result::unwrap()` on an `Err` value: Os { code: 2, kind: NotFound, message: "No such file or directory" }
[INFO] [stdout] stack backtrace:
[INFO] [stdout]    0:     0x5f1ebeb20ad1 - <<std[70759c8f55707aa4]::sys::backtrace::BacktraceLock>::print::DisplayBacktrace as core[df12db4294e9bfd3]::fmt::Display>::fmt
[INFO] [stdout]    1:     0x5f1ebeb3845a - core[df12db4294e9bfd3]::fmt::write
[INFO] [stdout]    2:     0x5f1ebeb2501c - <alloc[2182bb758b4b3781]::vec::Vec<u8> as core[df12db4294e9bfd3]::io::write::Write>::write_fmt
[INFO] [stdout]    3:     0x5f1ebeafc966 - std[70759c8f55707aa4]::panicking::default_hook::{closure#0}
[INFO] [stdout]    4:     0x5f1ebeb18d49 - std[70759c8f55707aa4]::panicking::default_hook
[INFO] [stdout]    5:     0x5f1ebe84ddb0 - test[9d35eded1c95d3be]::test_main_inner::<test[9d35eded1c95d3be]::test_main_static::{closure#0}>::{closure#0}
[INFO] [stdout]    6:     0x5f1ebeb18f02 - std[70759c8f55707aa4]::panicking::panic_with_hook
[INFO] [stdout]    7:     0x5f1ebeafca12 - std[70759c8f55707aa4]::panicking::panic_handler::{closure#0}
[INFO] [stdout]    8:     0x5f1ebeaf55d9 - std[70759c8f55707aa4]::sys::backtrace::__rust_end_short_backtrace::<std[70759c8f55707aa4]::panicking::panic_handler::{closure#0}, !>
[INFO] [stdout]    9:     0x5f1ebeafd60d - __rustc[8fa7c3cbc660c2b3]::rust_begin_unwind
[INFO] [stdout]   10:     0x5f1ebeb38c3c - core[df12db4294e9bfd3]::panicking::panic_fmt
[INFO] [stdout]   11:     0x5f1ebeb38a12 - core[df12db4294e9bfd3]::result::unwrap_failed
[INFO] [stdout]   12:     0x5f1ebe827224 - <dialogue_tests[d31936923b8d8693]::test_line_hints::{closure#0} as core[df12db4294e9bfd3]::ops::function::FnOnce<()>>::call_once
[INFO] [stdout]   13:     0x5f1ebe84109b - test[9d35eded1c95d3be]::__rust_begin_short_backtrace::<core[df12db4294e9bfd3]::result::Result<(), alloc[2182bb758b4b3781]::string::String>, fn() -> core[df12db4294e9bfd3]::result::Result<(), alloc[2182bb758b4b3781]::string::String>>
[INFO] [stdout]   14:     0x5f1ebe84e705 - test[9d35eded1c95d3be]::run_test::{closure#0}
[INFO] [stdout]   15:     0x5f1ebe847fc4 - std[70759c8f55707aa4]::sys::backtrace::__rust_begin_short_backtrace::<test[9d35eded1c95d3be]::run_test::{closure#1}, ()>
[INFO] [stdout]   16:     0x5f1ebe851862 - <std[70759c8f55707aa4]::thread::lifecycle::spawn_unchecked<test[9d35eded1c95d3be]::run_test::{closure#1}, ()>::{closure#1} as core[df12db4294e9bfd3]::ops::function::FnOnce<()>>::call_once::{shim:vtable#0}
[INFO] [stdout]   17:     0x5f1ebeb20009 - <std[70759c8f55707aa4]::sys::thread::unix::Thread>::new::thread_start
[INFO] [stdout]   18:     0x70d26957cdfa - <unknown>
[INFO] [stdout]   19:     0x70d2696103d4 - clone
[INFO] [stdout]   20:                0x0 - <unknown>
[INFO] [stdout] 
[INFO] [stdout] ---- test_analysis_has_no_false_positives stdout ----
[INFO] [stdout] 
[INFO] [stdout] thread 'test_analysis_has_no_false_positives' (1493) panicked at /opt/rustwide/cargo-home/registry/src/index.crates.io-1949cf8c6b5b557f/yarnspinner_compiler-0.9.0/src/compiler.rs:79:39:
[INFO] [stdout] called `Result::unwrap()` on an `Err` value: Os { code: 2, kind: NotFound, message: "No such file or directory" }
[INFO] [stdout] stack backtrace:
[INFO] [stdout]    0:     0x5f1ebeb20ad1 - <<std[70759c8f55707aa4]::sys::backtrace::BacktraceLock>::print::DisplayBacktrace as core[df12db4294e9bfd3]::fmt::Display>::fmt
[INFO] [stdout]    1:     0x5f1ebeb3845a - core[df12db4294e9bfd3]::fmt::write
[INFO] [stdout]    2:     0x5f1ebeb2501c - <alloc[2182bb758b4b3781]::vec::Vec<u8> as core[df12db4294e9bfd3]::io::write::Write>::write_fmt
[INFO] [stdout]    3:     0x5f1ebeafc966 - std[70759c8f55707aa4]::panicking::default_hook::{closure#0}
[INFO] [stdout]    4:     0x5f1ebeb18d49 - std[70759c8f55707aa4]::panicking::default_hook
[INFO] [stdout]    5:     0x5f1ebe84ddb0 - test[9d35eded1c95d3be]::test_main_inner::<test[9d35eded1c95d3be]::test_main_static::{closure#0}>::{closure#0}
[INFO] [stdout]    6:     0x5f1ebeb18f02 - std[70759c8f55707aa4]::panicking::panic_with_hook
[INFO] [stdout]    7:     0x5f1ebeafca12 - std[70759c8f55707aa4]::panicking::panic_handler::{closure#0}
[INFO] [stdout]    8:     0x5f1ebeaf55d9 - std[70759c8f55707aa4]::sys::backtrace::__rust_end_short_backtrace::<std[70759c8f55707aa4]::panicking::panic_handler::{closure#0}, !>
[INFO] [stdout]    9:     0x5f1ebeafd60d - __rustc[8fa7c3cbc660c2b3]::rust_begin_unwind
[INFO] [stdout]   10:     0x5f1ebeb38c3c - core[df12db4294e9bfd3]::panicking::panic_fmt
[INFO] [stdout]   11:     0x5f1ebeb38a12 - core[df12db4294e9bfd3]::result::unwrap_failed
[INFO] [stdout]   12:     0x5f1ebe82a6d2 - <dialogue_tests[d31936923b8d8693]::test_analysis_has_no_false_positives::{closure#0} as core[df12db4294e9bfd3]::ops::function::FnOnce<()>>::call_once
[INFO] [stdout]   13:     0x5f1ebe84109b - test[9d35eded1c95d3be]::__rust_begin_short_backtrace::<core[df12db4294e9bfd3]::result::Result<(), alloc[2182bb758b4b3781]::string::String>, fn() -> core[df12db4294e9bfd3]::result::Result<(), alloc[2182bb758b4b3781]::string::String>>
[INFO] [stdout]   14:     0x5f1ebe84e705 - test[9d35eded1c95d3be]::run_test::{closure#0}
[INFO] [stdout]   15:     0x5f1ebe847fc4 - std[70759c8f55707aa4]::sys::backtrace::__rust_begin_short_backtrace::<test[9d35eded1c95d3be]::run_test::{closure#1}, ()>
[INFO] [stdout]   16:     0x5f1ebe851862 - <std[70759c8f55707aa4]::thread::lifecycle::spawn_unchecked<test[9d35eded1c95d3be]::run_test::{closure#1}, ()>::{closure#1} as core[df12db4294e9bfd3]::ops::function::FnOnce<()>>::call_once::{shim:vtable#0}
[INFO] [stdout]   17:     0x5f1ebeb20009 - <std[70759c8f55707aa4]::sys::thread::unix::Thread>::new::thread_start
[INFO] [stdout]   18:     0x70d26957cdfa - <unknown>
[INFO] [stdout]   19:     0x70d2696103d4 - clone
[INFO] [stdout]   20:                0x0 - <unknown>
[INFO] [stdout] 
[INFO] [stdout] ---- test_getting_tags stdout ----
[INFO] [stdout] 
[INFO] [stdout] thread 'test_getting_tags' (1498) panicked at /opt/rustwide/cargo-home/registry/src/index.crates.io-1949cf8c6b5b557f/yarnspinner_compiler-0.9.0/src/compiler.rs:79:39:
[INFO] [stdout] called `Result::unwrap()` on an `Err` value: Os { code: 2, kind: NotFound, message: "No such file or directory" }
[INFO] [stdout] stack backtrace:
[INFO] [stdout]    0:     0x5f1ebeb20ad1 - <<std[70759c8f55707aa4]::sys::backtrace::BacktraceLock>::print::DisplayBacktrace as core[df12db4294e9bfd3]::fmt::Display>::fmt
[INFO] [stdout]    1:     0x5f1ebeb3845a - core[df12db4294e9bfd3]::fmt::write
[INFO] [stdout]    2:     0x5f1ebeb2501c - <alloc[2182bb758b4b3781]::vec::Vec<u8> as core[df12db4294e9bfd3]::io::write::Write>::write_fmt
[INFO] [stdout]    3:     0x5f1ebeafc966 - std[70759c8f55707aa4]::panicking::default_hook::{closure#0}
[INFO] [stdout]    4:     0x5f1ebeb18d49 - std[70759c8f55707aa4]::panicking::default_hook
[INFO] [stdout]    5:     0x5f1ebe84ddb0 - test[9d35eded1c95d3be]::test_main_inner::<test[9d35eded1c95d3be]::test_main_static::{closure#0}>::{closure#0}
[INFO] [stdout]    6:     0x5f1ebeb18f02 - std[70759c8f55707aa4]::panicking::panic_with_hook
[INFO] [stdout]    7:     0x5f1ebeafca12 - std[70759c8f55707aa4]::panicking::panic_handler::{closure#0}
[INFO] [stdout]    8:     0x5f1ebeaf55d9 - std[70759c8f55707aa4]::sys::backtrace::__rust_end_short_backtrace::<std[70759c8f55707aa4]::panicking::panic_handler::{closure#0}, !>
[INFO] [stdout]    9:     0x5f1ebeafd60d - __rustc[8fa7c3cbc660c2b3]::rust_begin_unwind
[INFO] [stdout]   10:     0x5f1ebeb38c3c - core[df12db4294e9bfd3]::panicking::panic_fmt
[INFO] [stdout]   11:     0x5f1ebeb38a12 - core[df12db4294e9bfd3]::result::unwrap_failed
[INFO] [stdout]   12:     0x5f1ebe828104 - <dialogue_tests[d31936923b8d8693]::test_getting_tags::{closure#0} as core[df12db4294e9bfd3]::ops::function::FnOnce<()>>::call_once
[INFO] [stdout]   13:     0x5f1ebe84109b - test[9d35eded1c95d3be]::__rust_begin_short_backtrace::<core[df12db4294e9bfd3]::result::Result<(), alloc[2182bb758b4b3781]::string::String>, fn() -> core[df12db4294e9bfd3]::result::Result<(), alloc[2182bb758b4b3781]::string::String>>
[INFO] [stdout]   14:     0x5f1ebe84e705 - test[9d35eded1c95d3be]::run_test::{closure#0}
[INFO] [stdout]   15:     0x5f1ebe847fc4 - std[70759c8f55707aa4]::sys::backtrace::__rust_begin_short_backtrace::<test[9d35eded1c95d3be]::run_test::{closure#1}, ()>
[INFO] [stdout]   16:     0x5f1ebe851862 - <std[70759c8f55707aa4]::thread::lifecycle::spawn_unchecked<test[9d35eded1c95d3be]::run_test::{closure#1}, ()>::{closure#1} as core[df12db4294e9bfd3]::ops::function::FnOnce<()>>::call_once::{shim:vtable#0}
[INFO] [stdout]   17:     0x5f1ebeb20009 - <std[70759c8f55707aa4]::sys::thread::unix::Thread>::new::thread_start
[INFO] [stdout]   18:     0x70d26957cdfa - <unknown>
[INFO] [stdout]   19:     0x70d2696103d4 - clone
[INFO] [stdout]   20:                0x0 - <unknown>
[INFO] [stdout] 
[INFO] [stdout] ---- test_analysis stdout ----
[INFO] [stdout] 
[INFO] [stdout] thread 'test_analysis' (1492) panicked at /opt/rustwide/cargo-home/registry/src/index.crates.io-1949cf8c6b5b557f/yarnspinner_compiler-0.9.0/src/compiler.rs:79:39:
[INFO] [stdout] called `Result::unwrap()` on an `Err` value: Os { code: 2, kind: NotFound, message: "No such file or directory" }
[INFO] [stdout] stack backtrace:
[INFO] [stdout]    0:     0x5f1ebeb20ad1 - <<std[70759c8f55707aa4]::sys::backtrace::BacktraceLock>::print::DisplayBacktrace as core[df12db4294e9bfd3]::fmt::Display>::fmt
[INFO] [stdout]    1:     0x5f1ebeb3845a - core[df12db4294e9bfd3]::fmt::write
[INFO] [stdout]    2:     0x5f1ebeb2501c - <alloc[2182bb758b4b3781]::vec::Vec<u8> as core[df12db4294e9bfd3]::io::write::Write>::write_fmt
[INFO] [stdout]    3:     0x5f1ebeafc966 - std[70759c8f55707aa4]::panicking::default_hook::{closure#0}
[INFO] [stdout]    4:     0x5f1ebeb18d49 - std[70759c8f55707aa4]::panicking::default_hook
[INFO] [stdout]    5:     0x5f1ebe84ddb0 - test[9d35eded1c95d3be]::test_main_inner::<test[9d35eded1c95d3be]::test_main_static::{closure#0}>::{closure#0}
[INFO] [stdout]    6:     0x5f1ebeb18f02 - std[70759c8f55707aa4]::panicking::panic_with_hook
[INFO] [stdout]    7:     0x5f1ebeafca12 - std[70759c8f55707aa4]::panicking::panic_handler::{closure#0}
[INFO] [stdout]    8:     0x5f1ebeaf55d9 - std[70759c8f55707aa4]::sys::backtrace::__rust_end_short_backtrace::<std[70759c8f55707aa4]::panicking::panic_handler::{closure#0}, !>
[INFO] [stdout]    9:     0x5f1ebeafd60d - __rustc[8fa7c3cbc660c2b3]::rust_begin_unwind
[INFO] [stdout]   10:     0x5f1ebeb38c3c - core[df12db4294e9bfd3]::panicking::panic_fmt
[INFO] [stdout]   11:     0x5f1ebeb38a12 - core[df12db4294e9bfd3]::result::unwrap_failed
[INFO] [stdout]   12:     0x5f1ebe826a76 - <dialogue_tests[d31936923b8d8693]::test_analysis::{closure#0} as core[df12db4294e9bfd3]::ops::function::FnOnce<()>>::call_once
[INFO] [stdout]   13:     0x5f1ebe84109b - test[9d35eded1c95d3be]::__rust_begin_short_backtrace::<core[df12db4294e9bfd3]::result::Result<(), alloc[2182bb758b4b3781]::string::String>, fn() -> core[df12db4294e9bfd3]::result::Result<(), alloc[2182bb758b4b3781]::string::String>>
[INFO] [stdout]   14:     0x5f1ebe84e705 - test[9d35eded1c95d3be]::run_test::{closure#0}
[INFO] [stdout]   15:     0x5f1ebe847fc4 - std[70759c8f55707aa4]::sys::backtrace::__rust_begin_short_backtrace::<test[9d35eded1c95d3be]::run_test::{closure#1}, ()>
[INFO] [stdout]   16:     0x5f1ebe851862 - <std[70759c8f55707aa4]::thread::lifecycle::spawn_unchecked<test[9d35eded1c95d3be]::run_test::{closure#1}, ()>::{closure#1} as core[df12db4294e9bfd3]::ops::function::FnOnce<()>>::call_once::{shim:vtable#0}
[INFO] [stdout]   17:     0x5f1ebeb20009 - <std[70759c8f55707aa4]::sys::thread::unix::Thread>::new::thread_start
[INFO] [stdout]   18:     0x70d26957cdfa - <unknown>
[INFO] [stdout]   19:     0x70d2696103d4 - clone
[INFO] [stdout]   20:                0x0 - <unknown>
[INFO] [stdout] 
[INFO] [stdout] ---- test_missing_node stdout ----
[INFO] [stdout] 
[INFO] [stdout] thread 'test_missing_node' (1500) panicked at /opt/rustwide/cargo-home/registry/src/index.crates.io-1949cf8c6b5b557f/yarnspinner_compiler-0.9.0/src/compiler.rs:79:39:
[INFO] [stdout] called `Result::unwrap()` on an `Err` value: Os { code: 2, kind: NotFound, message: "No such file or directory" }
[INFO] [stdout] stack backtrace:
[INFO] [stdout]    0:     0x5f1ebeb20ad1 - <<std[70759c8f55707aa4]::sys::backtrace::BacktraceLock>::print::DisplayBacktrace as core[df12db4294e9bfd3]::fmt::Display>::fmt
[INFO] [stdout]    1:     0x5f1ebeb3845a - core[df12db4294e9bfd3]::fmt::write
[INFO] [stdout]    2:     0x5f1ebeb2501c - <alloc[2182bb758b4b3781]::vec::Vec<u8> as core[df12db4294e9bfd3]::io::write::Write>::write_fmt
[INFO] [stdout]    3:     0x5f1ebeafc966 - std[70759c8f55707aa4]::panicking::default_hook::{closure#0}
[INFO] [stdout]    4:     0x5f1ebeb18d49 - std[70759c8f55707aa4]::panicking::default_hook
[INFO] [stdout]    5:     0x5f1ebe84ddb0 - test[9d35eded1c95d3be]::test_main_inner::<test[9d35eded1c95d3be]::test_main_static::{closure#0}>::{closure#0}
[INFO] [stdout]    6:     0x5f1ebeb18f02 - std[70759c8f55707aa4]::panicking::panic_with_hook
[INFO] [stdout]    7:     0x5f1ebeafca12 - std[70759c8f55707aa4]::panicking::panic_handler::{closure#0}
[INFO] [stdout]    8:     0x5f1ebeaf55d9 - std[70759c8f55707aa4]::sys::backtrace::__rust_end_short_backtrace::<std[70759c8f55707aa4]::panicking::panic_handler::{closure#0}, !>
[INFO] [stdout]    9:     0x5f1ebeafd60d - __rustc[8fa7c3cbc660c2b3]::rust_begin_unwind
[INFO] [stdout]   10:     0x5f1ebeb38c3c - core[df12db4294e9bfd3]::panicking::panic_fmt
[INFO] [stdout]   11:     0x5f1ebeb38a12 - core[df12db4294e9bfd3]::result::unwrap_failed
[INFO] [stdout]   12:     0x5f1ebe8287cc - <dialogue_tests[d31936923b8d8693]::test_missing_node::{closure#0} as core[df12db4294e9bfd3]::ops::function::FnOnce<()>>::call_once
[INFO] [stdout]   13:     0x5f1ebe84109b - test[9d35eded1c95d3be]::__rust_begin_short_backtrace::<core[df12db4294e9bfd3]::result::Result<(), alloc[2182bb758b4b3781]::string::String>, fn() -> core[df12db4294e9bfd3]::result::Result<(), alloc[2182bb758b4b3781]::string::String>>
[INFO] [stdout]   14:     0x5f1ebe84e705 - test[9d35eded1c95d3be]::run_test::{closure#0}
[INFO] [stdout]   15:     0x5f1ebe847fc4 - std[70759c8f55707aa4]::sys::backtrace::__rust_begin_short_backtrace::<test[9d35eded1c95d3be]::run_test::{closure#1}, ()>
[INFO] [stdout]   16:     0x5f1ebe851862 - <std[70759c8f55707aa4]::thread::lifecycle::spawn_unchecked<test[9d35eded1c95d3be]::run_test::{closure#1}, ()>::{closure#1} as core[df12db4294e9bfd3]::ops::function::FnOnce<()>>::call_once::{shim:vtable#0}
[INFO] [stdout]   17:     0x5f1ebeb20009 - <std[70759c8f55707aa4]::sys::thread::unix::Thread>::new::thread_start
[INFO] [stdout]   18:     0x70d26957cdfa - <unknown>
[INFO] [stdout]   19:     0x70d2696103d4 - clone
[INFO] [stdout]   20:                0x0 - <unknown>
[INFO] [stdout] 
[INFO] [stdout] ---- test_getting_current_node_name stdout ----
[INFO] [stdout] 
[INFO] [stdout] thread 'test_getting_current_node_name' (1495) panicked at /opt/rustwide/cargo-home/registry/src/index.crates.io-1949cf8c6b5b557f/yarnspinner_compiler-0.9.0/src/compiler.rs:79:39:
[INFO] [stdout] called `Result::unwrap()` on an `Err` value: Os { code: 2, kind: NotFound, message: "No such file or directory" }
[INFO] [stdout] stack backtrace:
[INFO] [stdout]    0:     0x5f1ebeb20ad1 - <<std[70759c8f55707aa4]::sys::backtrace::BacktraceLock>::print::DisplayBacktrace as core[df12db4294e9bfd3]::fmt::Display>::fmt
[INFO] [stdout]    1:     0x5f1ebeb3845a - core[df12db4294e9bfd3]::fmt::write
[INFO] [stdout]    2:     0x5f1ebeb2501c - <alloc[2182bb758b4b3781]::vec::Vec<u8> as core[df12db4294e9bfd3]::io::write::Write>::write_fmt
[INFO] [stdout]    3:     0x5f1ebeafc966 - std[70759c8f55707aa4]::panicking::default_hook::{closure#0}
[INFO] [stdout]    4:     0x5f1ebeb18d49 - std[70759c8f55707aa4]::panicking::default_hook
[INFO] [stdout]    5:     0x5f1ebe84ddb0 - test[9d35eded1c95d3be]::test_main_inner::<test[9d35eded1c95d3be]::test_main_static::{closure#0}>::{closure#0}
[INFO] [stdout]    6:     0x5f1ebeb18f02 - std[70759c8f55707aa4]::panicking::panic_with_hook
[INFO] [stdout]    7:     0x5f1ebeafca12 - std[70759c8f55707aa4]::panicking::panic_handler::{closure#0}
[INFO] [stdout]    8:     0x5f1ebeaf55d9 - std[70759c8f55707aa4]::sys::backtrace::__rust_end_short_backtrace::<std[70759c8f55707aa4]::panicking::panic_handler::{closure#0}, !>
[INFO] [stdout]    9:     0x5f1ebeafd60d - __rustc[8fa7c3cbc660c2b3]::rust_begin_unwind
[INFO] [stdout]   10:     0x5f1ebeb38c3c - core[df12db4294e9bfd3]::panicking::panic_fmt
[INFO] [stdout]   11:     0x5f1ebeb38a12 - core[df12db4294e9bfd3]::result::unwrap_failed
[INFO] [stdout]   12:     0x5f1ebe829f5d - <dialogue_tests[d31936923b8d8693]::test_getting_current_node_name::{closure#0} as core[df12db4294e9bfd3]::ops::function::FnOnce<()>>::call_once
[INFO] [stdout]   13:     0x5f1ebe84109b - test[9d35eded1c95d3be]::__rust_begin_short_backtrace::<core[df12db4294e9bfd3]::result::Result<(), alloc[2182bb758b4b3781]::string::String>, fn() -> core[df12db4294e9bfd3]::result::Result<(), alloc[2182bb758b4b3781]::string::String>>
[INFO] [stdout]   14:     0x5f1ebe84e705 - test[9d35eded1c95d3be]::run_test::{closure#0}
[INFO] [stdout]   15:     0x5f1ebe847fc4 - std[70759c8f55707aa4]::sys::backtrace::__rust_begin_short_backtrace::<test[9d35eded1c95d3be]::run_test::{closure#1}, ()>
[INFO] [stdout]   16:     0x5f1ebe851862 - <std[70759c8f55707aa4]::thread::lifecycle::spawn_unchecked<test[9d35eded1c95d3be]::run_test::{closure#1}, ()>::{closure#1} as core[df12db4294e9bfd3]::ops::function::FnOnce<()>>::call_once::{shim:vtable#0}
[INFO] [stdout]   17:     0x5f1ebeb20009 - <std[70759c8f55707aa4]::sys::thread::unix::Thread>::new::thread_start
[INFO] [stdout]   18:     0x70d26957cdfa - <unknown>
[INFO] [stdout]   19:     0x70d2696103d4 - clone
[INFO] [stdout]   20:                0x0 - <unknown>
[INFO] [stdout] 
[INFO] [stdout] ---- test_getting_raw_source stdout ----
[INFO] [stdout] 
[INFO] [stdout] thread 'test_getting_raw_source' (1497) panicked at /opt/rustwide/cargo-home/registry/src/index.crates.io-1949cf8c6b5b557f/yarnspinner_compiler-0.9.0/src/compiler.rs:79:39:
[INFO] [stdout] called `Result::unwrap()` on an `Err` value: Os { code: 2, kind: NotFound, message: "No such file or directory" }
[INFO] [stdout] stack backtrace:
[INFO] [stdout]    0:     0x5f1ebeb20ad1 - <<std[70759c8f55707aa4]::sys::backtrace::BacktraceLock>::print::DisplayBacktrace as core[df12db4294e9bfd3]::fmt::Display>::fmt
[INFO] [stdout]    1:     0x5f1ebeb3845a - core[df12db4294e9bfd3]::fmt::write
[INFO] [stdout]    2:     0x5f1ebeb2501c - <alloc[2182bb758b4b3781]::vec::Vec<u8> as core[df12db4294e9bfd3]::io::write::Write>::write_fmt
[INFO] [stdout]    3:     0x5f1ebeafc966 - std[70759c8f55707aa4]::panicking::default_hook::{closure#0}
[INFO] [stdout]    4:     0x5f1ebeb18d49 - std[70759c8f55707aa4]::panicking::default_hook
[INFO] [stdout]    5:     0x5f1ebe84ddb0 - test[9d35eded1c95d3be]::test_main_inner::<test[9d35eded1c95d3be]::test_main_static::{closure#0}>::{closure#0}
[INFO] [stdout]    6:     0x5f1ebeb18f02 - std[70759c8f55707aa4]::panicking::panic_with_hook
[INFO] [stdout]    7:     0x5f1ebeafca12 - std[70759c8f55707aa4]::panicking::panic_handler::{closure#0}
[INFO] [stdout]    8:     0x5f1ebeaf55d9 - std[70759c8f55707aa4]::sys::backtrace::__rust_end_short_backtrace::<std[70759c8f55707aa4]::panicking::panic_handler::{closure#0}, !>
[INFO] [stdout]    9:     0x5f1ebeafd60d - __rustc[8fa7c3cbc660c2b3]::rust_begin_unwind
[INFO] [stdout]   10:     0x5f1ebeb38c3c - core[df12db4294e9bfd3]::panicking::panic_fmt
[INFO] [stdout]   11:     0x5f1ebeb38a12 - core[df12db4294e9bfd3]::result::unwrap_failed
[INFO] [stdout]   12:     0x5f1ebe829829 - <dialogue_tests[d31936923b8d8693]::test_getting_raw_source::{closure#0} as core[df12db4294e9bfd3]::ops::function::FnOnce<()>>::call_once
[INFO] [stdout]   13:     0x5f1ebe84109b - test[9d35eded1c95d3be]::__rust_begin_short_backtrace::<core[df12db4294e9bfd3]::result::Result<(), alloc[2182bb758b4b3781]::string::String>, fn() -> core[df12db4294e9bfd3]::result::Result<(), alloc[2182bb758b4b3781]::string::String>>
[INFO] [stdout]   14:     0x5f1ebe84e705 - test[9d35eded1c95d3be]::run_test::{closure#0}
[INFO] [stdout]   15:     0x5f1ebe847fc4 - std[70759c8f55707aa4]::sys::backtrace::__rust_begin_short_backtrace::<test[9d35eded1c95d3be]::run_test::{closure#1}, ()>
[INFO] [stdout]   16:     0x5f1ebe851862 - <std[70759c8f55707aa4]::thread::lifecycle::spawn_unchecked<test[9d35eded1c95d3be]::run_test::{closure#1}, ()>::{closure#1} as core[df12db4294e9bfd3]::ops::function::FnOnce<()>>::call_once::{shim:vtable#0}
[INFO] [stdout]   17:     0x5f1ebeb20009 - <std[70759c8f55707aa4]::sys::thread::unix::Thread>::new::thread_start
[INFO] [stdout]   18:     0x70d26957cdfa - <unknown>
[INFO] [stdout]   19:     0x70d2696103d4 - clone
[INFO] [stdout]   20:                0x0 - <unknown>
[INFO] [stdout] 
[INFO] [stdout] ---- test_getting_headers stdout ----
[INFO] [stdout] 
[INFO] [stdout] thread 'test_getting_headers' (1496) panicked at /opt/rustwide/cargo-home/registry/src/index.crates.io-1949cf8c6b5b557f/yarnspinner_compiler-0.9.0/src/compiler.rs:79:39:
[INFO] [stdout] called `Result::unwrap()` on an `Err` value: Os { code: 2, kind: NotFound, message: "No such file or directory" }
[INFO] [stdout] stack backtrace:
[INFO] [stdout]    0:     0x5f1ebeb20ad1 - <<std[70759c8f55707aa4]::sys::backtrace::BacktraceLock>::print::DisplayBacktrace as core[df12db4294e9bfd3]::fmt::Display>::fmt
[INFO] [stdout]    1:     0x5f1ebeb3845a - core[df12db4294e9bfd3]::fmt::write
[INFO] [stdout]    2:     0x5f1ebeb2501c - <alloc[2182bb758b4b3781]::vec::Vec<u8> as core[df12db4294e9bfd3]::io::write::Write>::write_fmt
[INFO] [stdout]    3:     0x5f1ebeafc966 - std[70759c8f55707aa4]::panicking::default_hook::{closure#0}
[INFO] [stdout]    4:     0x5f1ebeb18d49 - std[70759c8f55707aa4]::panicking::default_hook
[INFO] [stdout]    5:     0x5f1ebe84ddb0 - test[9d35eded1c95d3be]::test_main_inner::<test[9d35eded1c95d3be]::test_main_static::{closure#0}>::{closure#0}
[INFO] [stdout]    6:     0x5f1ebeb18f02 - std[70759c8f55707aa4]::panicking::panic_with_hook
[INFO] [stdout]    7:     0x5f1ebeafca12 - std[70759c8f55707aa4]::panicking::panic_handler::{closure#0}
[INFO] [stdout]    8:     0x5f1ebeaf55d9 - std[70759c8f55707aa4]::sys::backtrace::__rust_end_short_backtrace::<std[70759c8f55707aa4]::panicking::panic_handler::{closure#0}, !>
[INFO] [stdout]    9:     0x5f1ebeafd60d - __rustc[8fa7c3cbc660c2b3]::rust_begin_unwind
[INFO] [stdout]   10:     0x5f1ebeb38c3c - core[df12db4294e9bfd3]::panicking::panic_fmt
[INFO] [stdout]   11:     0x5f1ebeb38a12 - core[df12db4294e9bfd3]::result::unwrap_failed
[INFO] [stdout]   12:     0x5f1ebe829182 - <dialogue_tests[d31936923b8d8693]::test_getting_headers::{closure#0} as core[df12db4294e9bfd3]::ops::function::FnOnce<()>>::call_once
[INFO] [stdout]   13:     0x5f1ebe84109b - test[9d35eded1c95d3be]::__rust_begin_short_backtrace::<core[df12db4294e9bfd3]::result::Result<(), alloc[2182bb758b4b3781]::string::String>, fn() -> core[df12db4294e9bfd3]::result::Result<(), alloc[2182bb758b4b3781]::string::String>>
[INFO] [stdout]   14:     0x5f1ebe84e705 - test[9d35eded1c95d3be]::run_test::{closure#0}
[INFO] [stdout]   15:     0x5f1ebe847fc4 - std[70759c8f55707aa4]::sys::backtrace::__rust_begin_short_backtrace::<test[9d35eded1c95d3be]::run_test::{closure#1}, ()>
[INFO] [stdout]   16:     0x5f1ebe851862 - <std[70759c8f55707aa4]::thread::lifecycle::spawn_unchecked<test[9d35eded1c95d3be]::run_test::{closure#1}, ()>::{closure#1} as core[df12db4294e9bfd3]::ops::function::FnOnce<()>>::call_once::{shim:vtable#0}
[INFO] [stdout]   17:     0x5f1ebeb20009 - <std[70759c8f55707aa4]::sys::thread::unix::Thread>::new::thread_start
[INFO] [stdout]   18:     0x70d26957cdfa - <unknown>
[INFO] [stdout]   19:     0x70d2696103d4 - clone
[INFO] [stdout]   20:                0x0 - <unknown>
[INFO] [stdout] 
[INFO] [stdout] ---- test_node_exists stdout ----
[INFO] [stdout] 
[INFO] [stdout] thread 'test_node_exists' (1501) panicked at /opt/rustwide/cargo-home/registry/src/index.crates.io-1949cf8c6b5b557f/yarnspinner_compiler-0.9.0/src/compiler.rs:79:39:
[INFO] [stdout] called `Result::unwrap()` on an `Err` value: Os { code: 2, kind: NotFound, message: "No such file or directory" }
[INFO] [stdout] stack backtrace:
[INFO] [stdout]    0:     0x5f1ebeb20ad1 - <<std[70759c8f55707aa4]::sys::backtrace::BacktraceLock>::print::DisplayBacktrace as core[df12db4294e9bfd3]::fmt::Display>::fmt
[INFO] [stdout]    1:     0x5f1ebeb3845a - core[df12db4294e9bfd3]::fmt::write
[INFO] [stdout]    2:     0x5f1ebeb2501c - <alloc[2182bb758b4b3781]::vec::Vec<u8> as core[df12db4294e9bfd3]::io::write::Write>::write_fmt
[INFO] [stdout]    3:     0x5f1ebeafc966 - std[70759c8f55707aa4]::panicking::default_hook::{closure#0}
[INFO] [stdout]    4:     0x5f1ebeb18d49 - std[70759c8f55707aa4]::panicking::default_hook
[INFO] [stdout]    5:     0x5f1ebe84ddb0 - test[9d35eded1c95d3be]::test_main_inner::<test[9d35eded1c95d3be]::test_main_static::{closure#0}>::{closure#0}
[INFO] [stdout]    6:     0x5f1ebeb18f02 - std[70759c8f55707aa4]::panicking::panic_with_hook
[INFO] [stdout]    7:     0x5f1ebeafca12 - std[70759c8f55707aa4]::panicking::panic_handler::{closure#0}
[INFO] [stdout]    8:     0x5f1ebeaf55d9 - std[70759c8f55707aa4]::sys::backtrace::__rust_end_short_backtrace::<std[70759c8f55707aa4]::panicking::panic_handler::{closure#0}, !>
[INFO] [stdout]    9:     0x5f1ebeafd60d - __rustc[8fa7c3cbc660c2b3]::rust_begin_unwind
[INFO] [stdout]   10:     0x5f1ebeb38c3c - core[df12db4294e9bfd3]::panicking::panic_fmt
[INFO] [stdout]   11:     0x5f1ebeb38a12 - core[df12db4294e9bfd3]::result::unwrap_failed
[INFO] [stdout]   12:     0x5f1ebe82796d - <dialogue_tests[d31936923b8d8693]::test_node_exists::{closure#0} as core[df12db4294e9bfd3]::ops::function::FnOnce<()>>::call_once
[INFO] [stdout]   13:     0x5f1ebe84109b - test[9d35eded1c95d3be]::__rust_begin_short_backtrace::<core[df12db4294e9bfd3]::result::Result<(), alloc[2182bb758b4b3781]::string::String>, fn() -> core[df12db4294e9bfd3]::result::Result<(), alloc[2182bb758b4b3781]::string::String>>
[INFO] [stdout]   14:     0x5f1ebe84e705 - test[9d35eded1c95d3be]::run_test::{closure#0}
[INFO] [stdout]   15:     0x5f1ebe847fc4 - std[70759c8f55707aa4]::sys::backtrace::__rust_begin_short_backtrace::<test[9d35eded1c95d3be]::run_test::{closure#1}, ()>
[INFO] [stdout]   16:     0x5f1ebe851862 - <std[70759c8f55707aa4]::thread::lifecycle::spawn_unchecked<test[9d35eded1c95d3be]::run_test::{closure#1}, ()>::{closure#1} as core[df12db4294e9bfd3]::ops::function::FnOnce<()>>::call_once::{shim:vtable#0}
[INFO] [stdout]   17:     0x5f1ebeb20009 - <std[70759c8f55707aa4]::sys::thread::unix::Thread>::new::thread_start
[INFO] [stdout]   18:     0x70d26957cdfa - <unknown>
[INFO] [stdout]   19:     0x70d2696103d4 - clone
[INFO] [stdout]   20:                0x0 - <unknown>
[INFO] [stdout] 
[INFO] [stdout] 
[INFO] [stdout] failures:
[INFO] [stdout]     test_analysis
[INFO] [stdout]     test_analysis_has_no_false_positives
[INFO] [stdout]     test_getting_current_node_name
[INFO] [stdout]     test_getting_headers
[INFO] [stdout]     test_getting_raw_source
[INFO] [stdout]     test_getting_tags
[INFO] [stdout]     test_line_hints
[INFO] [stdout]     test_missing_node
[INFO] [stdout]     test_node_exists
[INFO] [stdout] 
[INFO] [stdout] test result: FAILED. 2 passed; 9 failed; 0 ignored; 0 measured; 0 filtered out; finished in 0.01s
[INFO] [stdout] 
[INFO] [stderr] error: test failed, to rerun pass `--test dialogue_tests`
[INFO] running `Command { std: "docker" "inspect" "0cd4160e75525b37b5d17d892d3f971a4b919983c08745b4c16867faa2647e93", kill_on_drop: false }`
[INFO] running `Command { std: "docker" "rm" "-f" "0cd4160e75525b37b5d17d892d3f971a4b919983c08745b4c16867faa2647e93", kill_on_drop: false }`
[INFO] [stdout] 0cd4160e75525b37b5d17d892d3f971a4b919983c08745b4c16867faa2647e93
