[INFO] fetching crate yarn 0.4.0...
[INFO] testing yarn-0.4.0 against 1.99.0-beta.8+cargoflags=--release for beta-release-1.100-2
[INFO] extracting crate yarn 0.4.0 into /workspace/builds/worker-1-tc1/source
[INFO] started tweaking crates.io crate yarn 0.4.0
[INFO] removed 0 missing tests
[INFO] finished tweaking crates.io crate yarn 0.4.0
[INFO] tweaked toml for crates.io crate yarn 0.4.0 written to /workspace/builds/worker-1-tc1/source/Cargo.toml
[INFO] validating manifest of crates.io crate yarn 0.4.0 on toolchain 1.99.0-beta.8
[INFO] running `Command { std: CARGO_HOME="/workspace/cargo-home" RUSTUP_HOME="/workspace/rustup-home" "/workspace/cargo-home/bin/cargo" "+1.99.0-beta.8" "metadata" "--manifest-path" "Cargo.toml" "--no-deps", kill_on_drop: false }`
[INFO] crate crates.io crate yarn 0.4.0 already has a lockfile, it will not be regenerated
[INFO] running `Command { std: CARGO_HOME="/workspace/cargo-home" RUSTUP_HOME="/workspace/rustup-home" "/workspace/cargo-home/bin/cargo" "+1.99.0-beta.8" "fetch" "--manifest-path" "Cargo.toml", kill_on_drop: false }`
[INFO] [stderr]  Downloading crates ...
[INFO] [stderr]   Downloaded whoami v2.1.2
[INFO] running `Command { std: "docker" "create" "-v" "/var/lib/crater-agent-workspace/builds/worker-1-tc1/source:/opt/rustwide/workdir:ro,Z" "-v" "/var/lib/crater-agent-workspace/builds/worker-1-tc1/target:/opt/rustwide/target:rw,Z" "-v" "/var/lib/crater-agent-workspace/cargo-home:/opt/rustwide/cargo-home:ro,Z" "-v" "/var/lib/crater-agent-workspace/rustup-home:/opt/rustwide/rustup-home:ro,Z" "-m" "1610612736" "--network" "none" "ghcr.io/rust-lang/crates-build-env/linux@sha256:77db811e55d90add9212f6832c23229e3de5f1c1f9905e8cb07319ea15df73ac" "sleep" "infinity", kill_on_drop: false }`
[INFO] [stdout] cc7b846c0a10a74fbe7e8544b88d14f52662a0b93eab7f1267c5d40cb3cbcd0c
[INFO] running `Command { std: "docker" "start" "cc7b846c0a10a74fbe7e8544b88d14f52662a0b93eab7f1267c5d40cb3cbcd0c", kill_on_drop: false }`
[INFO] running `Command { std: "docker" "inspect" "cc7b846c0a10a74fbe7e8544b88d14f52662a0b93eab7f1267c5d40cb3cbcd0c", kill_on_drop: false }`
[INFO] running `Command { std: "docker" "exec" "-e" "SOURCE_DIR=/opt/rustwide/workdir" "-e" "CARGO_HOME=/opt/rustwide/cargo-home" "-e" "RUSTUP_HOME=/opt/rustwide/rustup-home" "-e" "CARGO_TARGET_DIR=/opt/rustwide/target" "-w" "/opt/rustwide/workdir" "--user" "0:0" "cc7b846c0a10a74fbe7e8544b88d14f52662a0b93eab7f1267c5d40cb3cbcd0c" "/opt/rustwide/cargo-home/bin/cargo" "+1.99.0-beta.8" "metadata" "--no-deps" "--format-version=1", kill_on_drop: false }`
[INFO] running `Command { std: "docker" "inspect" "cc7b846c0a10a74fbe7e8544b88d14f52662a0b93eab7f1267c5d40cb3cbcd0c", kill_on_drop: false }`
[INFO] running `Command { std: "docker" "exec" "-e" "SOURCE_DIR=/opt/rustwide/workdir" "-e" "CARGO_HOME=/opt/rustwide/cargo-home" "-e" "RUSTUP_HOME=/opt/rustwide/rustup-home" "-e" "CARGO_TARGET_DIR=/opt/rustwide/target" "-e" "CARGO_INCREMENTAL=0" "-e" "RUST_BACKTRACE=full" "-e" "RUSTFLAGS=--cap-lints=warn" "-e" "RUSTDOCFLAGS=--cap-lints=warn" "-w" "/opt/rustwide/workdir" "--user" "0:0" "cc7b846c0a10a74fbe7e8544b88d14f52662a0b93eab7f1267c5d40cb3cbcd0c" "/opt/rustwide/cargo-home/bin/cargo" "+1.99.0-beta.8" "build" "--frozen" "--message-format=json" "--release", kill_on_drop: false }`
[INFO] [stderr]    Compiling serde_core v1.0.228
[INFO] [stderr]    Compiling serde v1.0.228
[INFO] [stderr]    Compiling hybrid-array v0.4.12
[INFO] [stderr]    Compiling serde_json v1.0.150
[INFO] [stderr]    Compiling ctutils v0.4.2
[INFO] [stderr]    Compiling crossbeam-utils v0.8.21
[INFO] [stderr]    Compiling futures-core v0.3.32
[INFO] [stderr]    Compiling generic-array v0.14.9
[INFO] [stderr]    Compiling displaydoc v0.2.6
[INFO] [stderr]    Compiling zerofrom v0.1.8
[INFO] [stderr]    Compiling yoke v0.8.3
[INFO] [stderr]    Compiling mio v1.2.1
[INFO] [stderr]    Compiling socket2 v0.6.4
[INFO] [stderr]    Compiling tinyvec_macros v0.1.1
[INFO] [stderr]    Compiling cpufeatures v0.3.0
[INFO] [stderr]    Compiling futures-sink v0.3.32
[INFO] [stderr]    Compiling form_urlencoded v1.2.2
[INFO] [stderr]    Compiling tinyvec v1.11.0
[INFO] [stderr]    Compiling thiserror v2.0.18
[INFO] [stderr]    Compiling getrandom v0.4.2
[INFO] [stderr]    Compiling futures-task v0.3.32
[INFO] [stderr]    Compiling futures-io v0.3.32
[INFO] [stderr]    Compiling log v0.4.32
[INFO] [stderr]    Compiling sha2 v0.10.9
[INFO] [stderr]    Compiling tokio v1.52.3
[INFO] [stderr]    Compiling futures-util v0.3.32
[INFO] [stderr]    Compiling tracing v0.1.44
[INFO] [stderr]    Compiling zerovec v0.11.6
[INFO] [stderr]    Compiling chrono v0.4.45
[INFO] [stderr]    Compiling unicode-normalization v0.1.25
[INFO] [stderr]    Compiling concurrent-queue v2.5.0
[INFO] [stderr]    Compiling crossbeam-queue v0.3.12
[INFO] [stderr]    Compiling event-listener v5.4.1
[INFO] [stderr]    Compiling crypto-common v0.2.2
[INFO] [stderr]    Compiling block-buffer v0.12.1
[INFO] [stderr]    Compiling chacha20 v0.10.0
[INFO] [stderr]    Compiling block-buffer v0.10.4
[INFO] [stderr]    Compiling crypto-common v0.1.6
[INFO] [stderr]    Compiling zerotrie v0.2.4
[INFO] [stderr]    Compiling uuid v1.23.3
[INFO] [stderr]    Compiling stringprep v0.1.5
[INFO] [stderr]    Compiling smallvec v1.15.2
[INFO] [stderr]    Compiling tinystr v0.8.3
[INFO] [stderr]    Compiling potential_utf v0.1.5
[INFO] [stderr]    Compiling icu_collections v2.2.0
[INFO] [stderr]    Compiling icu_locale_core v2.2.0
[INFO] [stderr]    Compiling parking_lot_core v0.9.12
[INFO] [stderr]    Compiling rand v0.10.1
[INFO] [stderr]    Compiling digest v0.10.7
[INFO] [stderr]    Compiling digest v0.11.3
[INFO] [stderr]    Compiling hmac v0.13.0
[INFO] [stderr]    Compiling sha2 v0.11.0
[INFO] [stderr]    Compiling md-5 v0.11.0
[INFO] [stderr]    Compiling parking_lot v0.12.5
[INFO] [stderr]    Compiling hkdf v0.13.0
[INFO] [stderr]    Compiling futures-channel v0.3.32
[INFO] [stderr]    Compiling atoi v2.0.0
[INFO] [stderr]    Compiling whoami v2.1.2
[INFO] [stderr]    Compiling bitflags v2.13.0
[INFO] [stderr]    Compiling icu_provider v2.2.0
[INFO] [stderr]    Compiling futures-intrusive v0.5.0
[INFO] [stderr]    Compiling icu_properties v2.2.0
[INFO] [stderr]    Compiling either v1.16.0
[INFO] [stderr]    Compiling base64 v0.22.1
[INFO] [stderr]    Compiling icu_normalizer v2.2.0
[INFO] [stderr]    Compiling dotenvy v0.15.7
[INFO] [stderr]    Compiling idna_adapter v1.2.2
[INFO] [stderr]    Compiling idna v1.1.0
[INFO] [stderr]    Compiling tokio-stream v0.1.18
[INFO] [stderr]    Compiling url v2.5.8
[INFO] [stderr]    Compiling sqlx-core v0.9.0
[INFO] [stderr]    Compiling sqlx-postgres v0.9.0
[INFO] [stderr]    Compiling sqlx-macros-core v0.9.0
[INFO] [stderr]    Compiling sqlx-macros v0.9.0
[INFO] [stderr]    Compiling sqlx v0.9.0
[INFO] [stderr]    Compiling yarn v0.4.0 (/opt/rustwide/workdir)
[INFO] [stderr]     Finished `release` profile [optimized] target(s) in 36.75s
[INFO] running `Command { std: "docker" "inspect" "cc7b846c0a10a74fbe7e8544b88d14f52662a0b93eab7f1267c5d40cb3cbcd0c", kill_on_drop: false }`
[INFO] running `Command { std: "docker" "exec" "-e" "SOURCE_DIR=/opt/rustwide/workdir" "-e" "CARGO_HOME=/opt/rustwide/cargo-home" "-e" "RUSTUP_HOME=/opt/rustwide/rustup-home" "-e" "CARGO_TARGET_DIR=/opt/rustwide/target" "-e" "CARGO_INCREMENTAL=0" "-e" "RUST_BACKTRACE=full" "-e" "RUSTFLAGS=--cap-lints=warn" "-e" "RUSTDOCFLAGS=--cap-lints=warn" "-w" "/opt/rustwide/workdir" "--user" "0:0" "cc7b846c0a10a74fbe7e8544b88d14f52662a0b93eab7f1267c5d40cb3cbcd0c" "/opt/rustwide/cargo-home/bin/cargo" "+1.99.0-beta.8" "test" "--frozen" "--no-run" "--message-format=json" "--release", kill_on_drop: false }`
[INFO] [stderr]    Compiling yarn v0.4.0 (/opt/rustwide/workdir)
[INFO] [stderr]     Finished `release` profile [optimized] target(s) in 9.26s
[INFO] running `Command { std: "docker" "inspect" "cc7b846c0a10a74fbe7e8544b88d14f52662a0b93eab7f1267c5d40cb3cbcd0c", kill_on_drop: false }`
[INFO] running `Command { std: "docker" "exec" "-e" "SOURCE_DIR=/opt/rustwide/workdir" "-e" "CARGO_HOME=/opt/rustwide/cargo-home" "-e" "RUSTUP_HOME=/opt/rustwide/rustup-home" "-e" "CARGO_TARGET_DIR=/opt/rustwide/target" "-e" "CARGO_INCREMENTAL=0" "-e" "RUST_BACKTRACE=full" "-e" "RUSTFLAGS=--cap-lints=warn" "-e" "RUSTDOCFLAGS=--cap-lints=warn" "-w" "/opt/rustwide/workdir" "--user" "0:0" "cc7b846c0a10a74fbe7e8544b88d14f52662a0b93eab7f1267c5d40cb3cbcd0c" "/opt/rustwide/cargo-home/bin/cargo" "+1.99.0-beta.8" "test" "--frozen" "--release", kill_on_drop: false }`
[INFO] [stderr]     Finished `release` profile [optimized] target(s) in 0.11s
[INFO] [stderr]      Running unittests src/lib.rs (/opt/rustwide/target/release/deps/yarn-c164c9a46d661c05)
[INFO] [stdout] 
[INFO] [stdout] running 5 tests
[INFO] [stdout] test tests::run_invalid_task ... FAILED
[INFO] [stdout] test tests::run_dbg_permanent_task ... FAILED
[INFO] [stdout] test tests::run_dbg_noop_task ... FAILED
[INFO] [stdout] test tests::run_dbg_panic_task ... FAILED
[INFO] [stdout] test tests::run_dbg_transient_task ... FAILED
[INFO] [stdout] 
[INFO] [stdout] failures:
[INFO] [stdout] 
[INFO] [stdout] ---- tests::run_invalid_task stdout ----
[INFO] [stdout] 
[INFO] [stdout] thread 'tests::run_invalid_task' (1646) panicked at /opt/rustwide/cargo-home/registry/src/index.crates.io-1949cf8c6b5b557f/sqlx-core-0.9.0/src/testing/mod.rs:227:14:
[INFO] [stdout] failed to connect to setup test database: PoolTimedOut
[INFO] [stdout] stack backtrace:
[INFO] [stdout]    0:     0x61ba211334f1 - <<std[70759c8f55707aa4]::sys::backtrace::BacktraceLock>::print::DisplayBacktrace as core[df12db4294e9bfd3]::fmt::Display>::fmt
[INFO] [stdout]    1:     0x61ba21149e1a - core[df12db4294e9bfd3]::fmt::write
[INFO] [stdout]    2:     0x61ba211384ac - <alloc[2182bb758b4b3781]::vec::Vec<u8> as core[df12db4294e9bfd3]::io::write::Write>::write_fmt
[INFO] [stdout]    3:     0x61ba2110df36 - std[70759c8f55707aa4]::panicking::default_hook::{closure#0}
[INFO] [stdout]    4:     0x61ba2112b269 - std[70759c8f55707aa4]::panicking::default_hook
[INFO] [stdout]    5:     0x61ba20fd4ae0 - test[9d35eded1c95d3be]::test_main_inner::<test[9d35eded1c95d3be]::test_main_static::{closure#0}>::{closure#0}
[INFO] [stdout]    6:     0x61ba2112b592 - std[70759c8f55707aa4]::panicking::panic_with_hook
[INFO] [stdout]    7:     0x61ba2110dfe2 - std[70759c8f55707aa4]::panicking::panic_handler::{closure#0}
[INFO] [stdout]    8:     0x61ba211064b9 - std[70759c8f55707aa4]::sys::backtrace::__rust_end_short_backtrace::<std[70759c8f55707aa4]::panicking::panic_handler::{closure#0}, !>
[INFO] [stdout]    9:     0x61ba2110ef7d - __rustc[8fa7c3cbc660c2b3]::rust_begin_unwind
[INFO] [stdout]   10:     0x61ba2114a57c - core[df12db4294e9bfd3]::panicking::panic_fmt
[INFO] [stdout]   11:     0x61ba2114a352 - core[df12db4294e9bfd3]::result::unwrap_failed
[INFO] [stdout]   12:     0x61ba20ebcb19 - sqlx_core[1d25cde49976c27d]::testing::run_test::<sqlx_postgres[3874e2fed6df0ec7]::database::Postgres, sqlx_core[1d25cde49976c27d]::testing::run_test_with_pool<sqlx_postgres[3874e2fed6df0ec7]::database::Postgres, fn(sqlx_core[1d25cde49976c27d]::pool::Pool<sqlx_postgres[3874e2fed6df0ec7]::database::Postgres>) -> yarn[faaa2ef1fd2022bf]::tests::run_invalid_task::run_invalid_task::{closure#0}, yarn[faaa2ef1fd2022bf]::tests::run_invalid_task::run_invalid_task::{closure#0}>::{closure#0}, sqlx_core[1d25cde49976c27d]::testing::run_test_with_pool<sqlx_postgres[3874e2fed6df0ec7]::database::Postgres, fn(sqlx_core[1d25cde49976c27d]::pool::Pool<sqlx_postgres[3874e2fed6df0ec7]::database::Postgres>) -> yarn[faaa2ef1fd2022bf]::tests::run_invalid_task::run_invalid_task::{closure#0}, yarn[faaa2ef1fd2022bf]::tests::run_invalid_task::run_invalid_task::{closure#0}>::{closure#0}::{closure#0}>::{closure#0}
[INFO] [stdout]   13:     0x61ba20fad327 - <tokio[c734fa19d33728cc]::runtime::context::scoped::Scoped<tokio[c734fa19d33728cc]::runtime::scheduler::Context>>::set::<<tokio[c734fa19d33728cc]::runtime::scheduler::current_thread::CoreGuard>::enter<<tokio[c734fa19d33728cc]::runtime::scheduler::current_thread::CoreGuard>::block_on<core[df12db4294e9bfd3]::pin::Pin<&mut sqlx_core[1d25cde49976c27d]::testing::run_test<sqlx_postgres[3874e2fed6df0ec7]::database::Postgres, sqlx_core[1d25cde49976c27d]::testing::run_test_with_pool<sqlx_postgres[3874e2fed6df0ec7]::database::Postgres, fn(sqlx_core[1d25cde49976c27d]::pool::Pool<sqlx_postgres[3874e2fed6df0ec7]::database::Postgres>) -> yarn[faaa2ef1fd2022bf]::tests::run_invalid_task::run_invalid_task::{closure#0}, yarn[faaa2ef1fd2022bf]::tests::run_invalid_task::run_invalid_task::{closure#0}>::{closure#0}, sqlx_core[1d25cde49976c27d]::testing::run_test_with_pool<sqlx_postgres[3874e2fed6df0ec7]::database::Postgres, fn(sqlx_core[1d25cde49976c27d]::pool::Pool<sqlx_postgres[3874e2fed6df0ec7]::database::Postgres>) -> yarn[faaa2ef1fd2022bf]::tests::run_invalid_task::run_invalid_task::{closure#0}, yarn[faaa2ef1fd2022bf]::tests::run_invalid_task::run_invalid_task::{closure#0}>::{closure#0}::{closure#0}>::{closure#0}>>::{closure#0}, core[df12db4294e9bfd3]::option::Option<core[df12db4294e9bfd3]::result::Result<(), anyhow[8c81983cc1d9b933]::Error>>>::{closure#0}, (alloc[2182bb758b4b3781]::boxed::Box<tokio[c734fa19d33728cc]::runtime::scheduler::current_thread::Core>, core[df12db4294e9bfd3]::option::Option<core[df12db4294e9bfd3]::result::Result<(), anyhow[8c81983cc1d9b933]::Error>>)>
[INFO] [stdout]   14:     0x61ba20faf43f - <tokio[c734fa19d33728cc]::runtime::scheduler::current_thread::CoreGuard>::block_on::<core[df12db4294e9bfd3]::pin::Pin<&mut sqlx_core[1d25cde49976c27d]::testing::run_test<sqlx_postgres[3874e2fed6df0ec7]::database::Postgres, sqlx_core[1d25cde49976c27d]::testing::run_test_with_pool<sqlx_postgres[3874e2fed6df0ec7]::database::Postgres, fn(sqlx_core[1d25cde49976c27d]::pool::Pool<sqlx_postgres[3874e2fed6df0ec7]::database::Postgres>) -> yarn[faaa2ef1fd2022bf]::tests::run_invalid_task::run_invalid_task::{closure#0}, yarn[faaa2ef1fd2022bf]::tests::run_invalid_task::run_invalid_task::{closure#0}>::{closure#0}, sqlx_core[1d25cde49976c27d]::testing::run_test_with_pool<sqlx_postgres[3874e2fed6df0ec7]::database::Postgres, fn(sqlx_core[1d25cde49976c27d]::pool::Pool<sqlx_postgres[3874e2fed6df0ec7]::database::Postgres>) -> yarn[faaa2ef1fd2022bf]::tests::run_invalid_task::run_invalid_task::{closure#0}, yarn[faaa2ef1fd2022bf]::tests::run_invalid_task::run_invalid_task::{closure#0}>::{closure#0}::{closure#0}>::{closure#0}>>
[INFO] [stdout]   15:     0x61ba20fc4a07 - tokio[c734fa19d33728cc]::runtime::context::runtime::enter_runtime::<<tokio[c734fa19d33728cc]::runtime::scheduler::current_thread::CurrentThread>::block_on<sqlx_core[1d25cde49976c27d]::testing::run_test<sqlx_postgres[3874e2fed6df0ec7]::database::Postgres, sqlx_core[1d25cde49976c27d]::testing::run_test_with_pool<sqlx_postgres[3874e2fed6df0ec7]::database::Postgres, fn(sqlx_core[1d25cde49976c27d]::pool::Pool<sqlx_postgres[3874e2fed6df0ec7]::database::Postgres>) -> yarn[faaa2ef1fd2022bf]::tests::run_invalid_task::run_invalid_task::{closure#0}, yarn[faaa2ef1fd2022bf]::tests::run_invalid_task::run_invalid_task::{closure#0}>::{closure#0}, sqlx_core[1d25cde49976c27d]::testing::run_test_with_pool<sqlx_postgres[3874e2fed6df0ec7]::database::Postgres, fn(sqlx_core[1d25cde49976c27d]::pool::Pool<sqlx_postgres[3874e2fed6df0ec7]::database::Postgres>) -> yarn[faaa2ef1fd2022bf]::tests::run_invalid_task::run_invalid_task::{closure#0}, yarn[faaa2ef1fd2022bf]::tests::run_invalid_task::run_invalid_task::{closure#0}>::{closure#0}::{closure#0}>::{closure#0}>::{closure#0}, core[df12db4294e9bfd3]::result::Result<(), anyhow[8c81983cc1d9b933]::Error>>
[INFO] [stdout]   16:     0x61ba20fb5306 - <tokio[c734fa19d33728cc]::runtime::runtime::Runtime>::block_on::<sqlx_core[1d25cde49976c27d]::testing::run_test<sqlx_postgres[3874e2fed6df0ec7]::database::Postgres, sqlx_core[1d25cde49976c27d]::testing::run_test_with_pool<sqlx_postgres[3874e2fed6df0ec7]::database::Postgres, fn(sqlx_core[1d25cde49976c27d]::pool::Pool<sqlx_postgres[3874e2fed6df0ec7]::database::Postgres>) -> yarn[faaa2ef1fd2022bf]::tests::run_invalid_task::run_invalid_task::{closure#0}, yarn[faaa2ef1fd2022bf]::tests::run_invalid_task::run_invalid_task::{closure#0}>::{closure#0}, sqlx_core[1d25cde49976c27d]::testing::run_test_with_pool<sqlx_postgres[3874e2fed6df0ec7]::database::Postgres, fn(sqlx_core[1d25cde49976c27d]::pool::Pool<sqlx_postgres[3874e2fed6df0ec7]::database::Postgres>) -> yarn[faaa2ef1fd2022bf]::tests::run_invalid_task::run_invalid_task::{closure#0}, yarn[faaa2ef1fd2022bf]::tests::run_invalid_task::run_invalid_task::{closure#0}>::{closure#0}::{closure#0}>::{closure#0}>
[INFO] [stdout]   17:     0x61ba20fbe52c - sqlx_core[1d25cde49976c27d]::rt::test_block_on::<sqlx_core[1d25cde49976c27d]::testing::run_test<sqlx_postgres[3874e2fed6df0ec7]::database::Postgres, sqlx_core[1d25cde49976c27d]::testing::run_test_with_pool<sqlx_postgres[3874e2fed6df0ec7]::database::Postgres, fn(sqlx_core[1d25cde49976c27d]::pool::Pool<sqlx_postgres[3874e2fed6df0ec7]::database::Postgres>) -> yarn[faaa2ef1fd2022bf]::tests::run_invalid_task::run_invalid_task::{closure#0}, yarn[faaa2ef1fd2022bf]::tests::run_invalid_task::run_invalid_task::{closure#0}>::{closure#0}, sqlx_core[1d25cde49976c27d]::testing::run_test_with_pool<sqlx_postgres[3874e2fed6df0ec7]::database::Postgres, fn(sqlx_core[1d25cde49976c27d]::pool::Pool<sqlx_postgres[3874e2fed6df0ec7]::database::Postgres>) -> yarn[faaa2ef1fd2022bf]::tests::run_invalid_task::run_invalid_task::{closure#0}, yarn[faaa2ef1fd2022bf]::tests::run_invalid_task::run_invalid_task::{closure#0}>::{closure#0}::{closure#0}>::{closure#0}>
[INFO] [stdout]   18:     0x61ba20f993b0 - <yarn[faaa2ef1fd2022bf]::tests::run_invalid_task::{closure#0} as core[df12db4294e9bfd3]::ops::function::FnOnce<()>>::call_once
[INFO] [stdout]   19:     0x61ba20fc7dcb - test[9d35eded1c95d3be]::__rust_begin_short_backtrace::<core[df12db4294e9bfd3]::result::Result<(), alloc[2182bb758b4b3781]::string::String>, fn() -> core[df12db4294e9bfd3]::result::Result<(), alloc[2182bb758b4b3781]::string::String>>
[INFO] [stdout]   20:     0x61ba20fd5435 - test[9d35eded1c95d3be]::run_test::{closure#0}
[INFO] [stdout]   21:     0x61ba20fcecf4 - std[70759c8f55707aa4]::sys::backtrace::__rust_begin_short_backtrace::<test[9d35eded1c95d3be]::run_test::{closure#1}, ()>
[INFO] [stdout]   22:     0x61ba20fd8592 - <std[70759c8f55707aa4]::thread::lifecycle::spawn_unchecked<test[9d35eded1c95d3be]::run_test::{closure#1}, ()>::{closure#1} as core[df12db4294e9bfd3]::ops::function::FnOnce<()>>::call_once::{shim:vtable#0}
[INFO] [stdout]   23:     0x61ba21132a19 - <std[70759c8f55707aa4]::sys::thread::unix::Thread>::new::thread_start
[INFO] [stdout]   24:     0x7eeb998f9dfa - <unknown>
[INFO] [stdout]   25:     0x7eeb9998d3d4 - clone
[INFO] [stdout]   26:                0x0 - <unknown>
[INFO] [stdout] 
[INFO] [stdout] ---- tests::run_dbg_permanent_task stdout ----
[INFO] [stdout] 
[INFO] [stdout] thread 'tests::run_dbg_permanent_task' (1644) panicked at /opt/rustwide/cargo-home/registry/src/index.crates.io-1949cf8c6b5b557f/sqlx-core-0.9.0/src/testing/mod.rs:227:14:
[INFO] [stdout] failed to connect to setup test database: PoolTimedOut
[INFO] [stdout] stack backtrace:
[INFO] [stdout]    0:     0x61ba211334f1 - <<std[70759c8f55707aa4]::sys::backtrace::BacktraceLock>::print::DisplayBacktrace as core[df12db4294e9bfd3]::fmt::Display>::fmt
[INFO] [stdout]    1:     0x61ba21149e1a - core[df12db4294e9bfd3]::fmt::write
[INFO] [stdout]    2:     0x61ba211384ac - <alloc[2182bb758b4b3781]::vec::Vec<u8> as core[df12db4294e9bfd3]::io::write::Write>::write_fmt
[INFO] [stdout]    3:     0x61ba2110df36 - std[70759c8f55707aa4]::panicking::default_hook::{closure#0}
[INFO] [stdout]    4:     0x61ba2112b269 - std[70759c8f55707aa4]::panicking::default_hook
[INFO] [stdout]    5:     0x61ba20fd4ae0 - test[9d35eded1c95d3be]::test_main_inner::<test[9d35eded1c95d3be]::test_main_static::{closure#0}>::{closure#0}
[INFO] [stdout]    6:     0x61ba2112b592 - std[70759c8f55707aa4]::panicking::panic_with_hook
[INFO] [stdout]    7:     0x61ba2110dfe2 - std[70759c8f55707aa4]::panicking::panic_handler::{closure#0}
[INFO] [stdout]    8:     0x61ba211064b9 - std[70759c8f55707aa4]::sys::backtrace::__rust_end_short_backtrace::<std[70759c8f55707aa4]::panicking::panic_handler::{closure#0}, !>
[INFO] [stdout]    9:     0x61ba2110ef7d - __rustc[8fa7c3cbc660c2b3]::rust_begin_unwind
[INFO] [stdout]   10:     0x61ba2114a57c - core[df12db4294e9bfd3]::panicking::panic_fmt
[INFO] [stdout]   11:     0x61ba2114a352 - core[df12db4294e9bfd3]::result::unwrap_failed
[INFO] [stdout]   12:     0x61ba20ebf6ae - sqlx_core[1d25cde49976c27d]::testing::run_test::<sqlx_postgres[3874e2fed6df0ec7]::database::Postgres, sqlx_core[1d25cde49976c27d]::testing::run_test_with_pool<sqlx_postgres[3874e2fed6df0ec7]::database::Postgres, fn(sqlx_core[1d25cde49976c27d]::pool::Pool<sqlx_postgres[3874e2fed6df0ec7]::database::Postgres>) -> yarn[faaa2ef1fd2022bf]::tests::run_dbg_permanent_task::run_dbg_permanent_task::{closure#0}, yarn[faaa2ef1fd2022bf]::tests::run_dbg_permanent_task::run_dbg_permanent_task::{closure#0}>::{closure#0}, sqlx_core[1d25cde49976c27d]::testing::run_test_with_pool<sqlx_postgres[3874e2fed6df0ec7]::database::Postgres, fn(sqlx_core[1d25cde49976c27d]::pool::Pool<sqlx_postgres[3874e2fed6df0ec7]::database::Postgres>) -> yarn[faaa2ef1fd2022bf]::tests::run_dbg_permanent_task::run_dbg_permanent_task::{closure#0}, yarn[faaa2ef1fd2022bf]::tests::run_dbg_permanent_task::run_dbg_permanent_task::{closure#0}>::{closure#0}::{closure#0}>::{closure#0}
[INFO] [stdout]   13:     0x61ba20fae287 - <tokio[c734fa19d33728cc]::runtime::context::scoped::Scoped<tokio[c734fa19d33728cc]::runtime::scheduler::Context>>::set::<<tokio[c734fa19d33728cc]::runtime::scheduler::current_thread::CoreGuard>::enter<<tokio[c734fa19d33728cc]::runtime::scheduler::current_thread::CoreGuard>::block_on<core[df12db4294e9bfd3]::pin::Pin<&mut sqlx_core[1d25cde49976c27d]::testing::run_test<sqlx_postgres[3874e2fed6df0ec7]::database::Postgres, sqlx_core[1d25cde49976c27d]::testing::run_test_with_pool<sqlx_postgres[3874e2fed6df0ec7]::database::Postgres, fn(sqlx_core[1d25cde49976c27d]::pool::Pool<sqlx_postgres[3874e2fed6df0ec7]::database::Postgres>) -> yarn[faaa2ef1fd2022bf]::tests::run_dbg_permanent_task::run_dbg_permanent_task::{closure#0}, yarn[faaa2ef1fd2022bf]::tests::run_dbg_permanent_task::run_dbg_permanent_task::{closure#0}>::{closure#0}, sqlx_core[1d25cde49976c27d]::testing::run_test_with_pool<sqlx_postgres[3874e2fed6df0ec7]::database::Postgres, fn(sqlx_core[1d25cde49976c27d]::pool::Pool<sqlx_postgres[3874e2fed6df0ec7]::database::Postgres>) -> yarn[faaa2ef1fd2022bf]::tests::run_dbg_permanent_task::run_dbg_permanent_task::{closure#0}, yarn[faaa2ef1fd2022bf]::tests::run_dbg_permanent_task::run_dbg_permanent_task::{closure#0}>::{closure#0}::{closure#0}>::{closure#0}>>::{closure#0}, core[df12db4294e9bfd3]::option::Option<core[df12db4294e9bfd3]::result::Result<(), anyhow[8c81983cc1d9b933]::Error>>>::{closure#0}, (alloc[2182bb758b4b3781]::boxed::Box<tokio[c734fa19d33728cc]::runtime::scheduler::current_thread::Core>, core[df12db4294e9bfd3]::option::Option<core[df12db4294e9bfd3]::result::Result<(), anyhow[8c81983cc1d9b933]::Error>>)>
[INFO] [stdout]   14:     0x61ba20fafa9f - <tokio[c734fa19d33728cc]::runtime::scheduler::current_thread::CoreGuard>::block_on::<core[df12db4294e9bfd3]::pin::Pin<&mut sqlx_core[1d25cde49976c27d]::testing::run_test<sqlx_postgres[3874e2fed6df0ec7]::database::Postgres, sqlx_core[1d25cde49976c27d]::testing::run_test_with_pool<sqlx_postgres[3874e2fed6df0ec7]::database::Postgres, fn(sqlx_core[1d25cde49976c27d]::pool::Pool<sqlx_postgres[3874e2fed6df0ec7]::database::Postgres>) -> yarn[faaa2ef1fd2022bf]::tests::run_dbg_permanent_task::run_dbg_permanent_task::{closure#0}, yarn[faaa2ef1fd2022bf]::tests::run_dbg_permanent_task::run_dbg_permanent_task::{closure#0}>::{closure#0}, sqlx_core[1d25cde49976c27d]::testing::run_test_with_pool<sqlx_postgres[3874e2fed6df0ec7]::database::Postgres, fn(sqlx_core[1d25cde49976c27d]::pool::Pool<sqlx_postgres[3874e2fed6df0ec7]::database::Postgres>) -> yarn[faaa2ef1fd2022bf]::tests::run_dbg_permanent_task::run_dbg_permanent_task::{closure#0}, yarn[faaa2ef1fd2022bf]::tests::run_dbg_permanent_task::run_dbg_permanent_task::{closure#0}>::{closure#0}::{closure#0}>::{closure#0}>>
[INFO] [stdout]   15:     0x61ba20fc55d7 - tokio[c734fa19d33728cc]::runtime::context::runtime::enter_runtime::<<tokio[c734fa19d33728cc]::runtime::scheduler::current_thread::CurrentThread>::block_on<sqlx_core[1d25cde49976c27d]::testing::run_test<sqlx_postgres[3874e2fed6df0ec7]::database::Postgres, sqlx_core[1d25cde49976c27d]::testing::run_test_with_pool<sqlx_postgres[3874e2fed6df0ec7]::database::Postgres, fn(sqlx_core[1d25cde49976c27d]::pool::Pool<sqlx_postgres[3874e2fed6df0ec7]::database::Postgres>) -> yarn[faaa2ef1fd2022bf]::tests::run_dbg_permanent_task::run_dbg_permanent_task::{closure#0}, yarn[faaa2ef1fd2022bf]::tests::run_dbg_permanent_task::run_dbg_permanent_task::{closure#0}>::{closure#0}, sqlx_core[1d25cde49976c27d]::testing::run_test_with_pool<sqlx_postgres[3874e2fed6df0ec7]::database::Postgres, fn(sqlx_core[1d25cde49976c27d]::pool::Pool<sqlx_postgres[3874e2fed6df0ec7]::database::Postgres>) -> yarn[faaa2ef1fd2022bf]::tests::run_dbg_permanent_task::run_dbg_permanent_task::{closure#0}, yarn[faaa2ef1fd2022bf]::tests::run_dbg_permanent_task::run_dbg_permanent_task::{closure#0}>::{closure#0}::{closure#0}>::{closure#0}>::{closure#0}, core[df12db4294e9bfd3]::result::Result<(), anyhow[8c81983cc1d9b933]::Error>>
[INFO] [stdout]   16:     0x61ba20fb5756 - <tokio[c734fa19d33728cc]::runtime::runtime::Runtime>::block_on::<sqlx_core[1d25cde49976c27d]::testing::run_test<sqlx_postgres[3874e2fed6df0ec7]::database::Postgres, sqlx_core[1d25cde49976c27d]::testing::run_test_with_pool<sqlx_postgres[3874e2fed6df0ec7]::database::Postgres, fn(sqlx_core[1d25cde49976c27d]::pool::Pool<sqlx_postgres[3874e2fed6df0ec7]::database::Postgres>) -> yarn[faaa2ef1fd2022bf]::tests::run_dbg_permanent_task::run_dbg_permanent_task::{closure#0}, yarn[faaa2ef1fd2022bf]::tests::run_dbg_permanent_task::run_dbg_permanent_task::{closure#0}>::{closure#0}, sqlx_core[1d25cde49976c27d]::testing::run_test_with_pool<sqlx_postgres[3874e2fed6df0ec7]::database::Postgres, fn(sqlx_core[1d25cde49976c27d]::pool::Pool<sqlx_postgres[3874e2fed6df0ec7]::database::Postgres>) -> yarn[faaa2ef1fd2022bf]::tests::run_dbg_permanent_task::run_dbg_permanent_task::{closure#0}, yarn[faaa2ef1fd2022bf]::tests::run_dbg_permanent_task::run_dbg_permanent_task::{closure#0}>::{closure#0}::{closure#0}>::{closure#0}>
[INFO] [stdout]   17:     0x61ba20fbe8bc - sqlx_core[1d25cde49976c27d]::rt::test_block_on::<sqlx_core[1d25cde49976c27d]::testing::run_test<sqlx_postgres[3874e2fed6df0ec7]::database::Postgres, sqlx_core[1d25cde49976c27d]::testing::run_test_with_pool<sqlx_postgres[3874e2fed6df0ec7]::database::Postgres, fn(sqlx_core[1d25cde49976c27d]::pool::Pool<sqlx_postgres[3874e2fed6df0ec7]::database::Postgres>) -> yarn[faaa2ef1fd2022bf]::tests::run_dbg_permanent_task::run_dbg_permanent_task::{closure#0}, yarn[faaa2ef1fd2022bf]::tests::run_dbg_permanent_task::run_dbg_permanent_task::{closure#0}>::{closure#0}, sqlx_core[1d25cde49976c27d]::testing::run_test_with_pool<sqlx_postgres[3874e2fed6df0ec7]::database::Postgres, fn(sqlx_core[1d25cde49976c27d]::pool::Pool<sqlx_postgres[3874e2fed6df0ec7]::database::Postgres>) -> yarn[faaa2ef1fd2022bf]::tests::run_dbg_permanent_task::run_dbg_permanent_task::{closure#0}, yarn[faaa2ef1fd2022bf]::tests::run_dbg_permanent_task::run_dbg_permanent_task::{closure#0}>::{closure#0}::{closure#0}>::{closure#0}>
[INFO] [stdout]   18:     0x61ba20f99770 - <yarn[faaa2ef1fd2022bf]::tests::run_dbg_permanent_task::{closure#0} as core[df12db4294e9bfd3]::ops::function::FnOnce<()>>::call_once
[INFO] [stdout]   19:     0x61ba20fc7dcb - test[9d35eded1c95d3be]::__rust_begin_short_backtrace::<core[df12db4294e9bfd3]::result::Result<(), alloc[2182bb758b4b3781]::string::String>, fn() -> core[df12db4294e9bfd3]::result::Result<(), alloc[2182bb758b4b3781]::string::String>>
[INFO] [stdout]   20:     0x61ba20fd5435 - test[9d35eded1c95d3be]::run_test::{closure#0}
[INFO] [stdout]   21:     0x61ba20fcecf4 - std[70759c8f55707aa4]::sys::backtrace::__rust_begin_short_backtrace::<test[9d35eded1c95d3be]::run_test::{closure#1}, ()>
[INFO] [stdout]   22:     0x61ba20fd8592 - <std[70759c8f55707aa4]::thread::lifecycle::spawn_unchecked<test[9d35eded1c95d3be]::run_test::{closure#1}, ()>::{closure#1} as core[df12db4294e9bfd3]::ops::function::FnOnce<()>>::call_once::{shim:vtable#0}
[INFO] [stdout]   23:     0x61ba21132a19 - <std[70759c8f55707aa4]::sys::thread::unix::Thread>::new::thread_start
[INFO] [stdout]   24:     0x7eeb998f9dfa - <unknown>
[INFO] [stdout]   25:     0x7eeb9998d3d4 - clone
[INFO] [stdout]   26:                0x0 - <unknown>
[INFO] [stdout] 
[INFO] [stdout] ---- tests::run_dbg_noop_task stdout ----
[INFO] [stdout] 
[INFO] [stdout] thread 'tests::run_dbg_noop_task' (1642) panicked at /opt/rustwide/cargo-home/registry/src/index.crates.io-1949cf8c6b5b557f/sqlx-core-0.9.0/src/testing/mod.rs:227:14:
[INFO] [stdout] failed to connect to setup test database: PoolTimedOut
[INFO] [stdout] stack backtrace:
[INFO] [stdout]    0:     0x61ba211334f1 - <<std[70759c8f55707aa4]::sys::backtrace::BacktraceLock>::print::DisplayBacktrace as core[df12db4294e9bfd3]::fmt::Display>::fmt
[INFO] [stdout]    1:     0x61ba21149e1a - core[df12db4294e9bfd3]::fmt::write
[INFO] [stdout]    2:     0x61ba211384ac - <alloc[2182bb758b4b3781]::vec::Vec<u8> as core[df12db4294e9bfd3]::io::write::Write>::write_fmt
[INFO] [stdout]    3:     0x61ba2110df36 - std[70759c8f55707aa4]::panicking::default_hook::{closure#0}
[INFO] [stdout]    4:     0x61ba2112b269 - std[70759c8f55707aa4]::panicking::default_hook
[INFO] [stdout]    5:     0x61ba20fd4ae0 - test[9d35eded1c95d3be]::test_main_inner::<test[9d35eded1c95d3be]::test_main_static::{closure#0}>::{closure#0}
[INFO] [stdout]    6:     0x61ba2112b592 - std[70759c8f55707aa4]::panicking::panic_with_hook
[INFO] [stdout]    7:     0x61ba2110dfe2 - std[70759c8f55707aa4]::panicking::panic_handler::{closure#0}
[INFO] [stdout]    8:     0x61ba211064b9 - std[70759c8f55707aa4]::sys::backtrace::__rust_end_short_backtrace::<std[70759c8f55707aa4]::panicking::panic_handler::{closure#0}, !>
[INFO] [stdout]    9:     0x61ba2110ef7d - __rustc[8fa7c3cbc660c2b3]::rust_begin_unwind
[INFO] [stdout]   10:     0x61ba2114a57c - core[df12db4294e9bfd3]::panicking::panic_fmt
[INFO] [stdout]   11:     0x61ba2114a352 - core[df12db4294e9bfd3]::result::unwrap_failed
[INFO] [stdout]   12:     0x61ba20ebe0ce - sqlx_core[1d25cde49976c27d]::testing::run_test::<sqlx_postgres[3874e2fed6df0ec7]::database::Postgres, sqlx_core[1d25cde49976c27d]::testing::run_test_with_pool<sqlx_postgres[3874e2fed6df0ec7]::database::Postgres, fn(sqlx_core[1d25cde49976c27d]::pool::Pool<sqlx_postgres[3874e2fed6df0ec7]::database::Postgres>) -> yarn[faaa2ef1fd2022bf]::tests::run_dbg_noop_task::run_dbg_noop_task::{closure#0}, yarn[faaa2ef1fd2022bf]::tests::run_dbg_noop_task::run_dbg_noop_task::{closure#0}>::{closure#0}, sqlx_core[1d25cde49976c27d]::testing::run_test_with_pool<sqlx_postgres[3874e2fed6df0ec7]::database::Postgres, fn(sqlx_core[1d25cde49976c27d]::pool::Pool<sqlx_postgres[3874e2fed6df0ec7]::database::Postgres>) -> yarn[faaa2ef1fd2022bf]::tests::run_dbg_noop_task::run_dbg_noop_task::{closure#0}, yarn[faaa2ef1fd2022bf]::tests::run_dbg_noop_task::run_dbg_noop_task::{closure#0}>::{closure#0}::{closure#0}>::{closure#0}
[INFO] [stdout]   13:     0x61ba20fad847 - <tokio[c734fa19d33728cc]::runtime::context::scoped::Scoped<tokio[c734fa19d33728cc]::runtime::scheduler::Context>>::set::<<tokio[c734fa19d33728cc]::runtime::scheduler::current_thread::CoreGuard>::enter<<tokio[c734fa19d33728cc]::runtime::scheduler::current_thread::CoreGuard>::block_on<core[df12db4294e9bfd3]::pin::Pin<&mut sqlx_core[1d25cde49976c27d]::testing::run_test<sqlx_postgres[3874e2fed6df0ec7]::database::Postgres, sqlx_core[1d25cde49976c27d]::testing::run_test_with_pool<sqlx_postgres[3874e2fed6df0ec7]::database::Postgres, fn(sqlx_core[1d25cde49976c27d]::pool::Pool<sqlx_postgres[3874e2fed6df0ec7]::database::Postgres>) -> yarn[faaa2ef1fd2022bf]::tests::run_dbg_noop_task::run_dbg_noop_task::{closure#0}, yarn[faaa2ef1fd2022bf]::tests::run_dbg_noop_task::run_dbg_noop_task::{closure#0}>::{closure#0}, sqlx_core[1d25cde49976c27d]::testing::run_test_with_pool<sqlx_postgres[3874e2fed6df0ec7]::database::Postgres, fn(sqlx_core[1d25cde49976c27d]::pool::Pool<sqlx_postgres[3874e2fed6df0ec7]::database::Postgres>) -> yarn[faaa2ef1fd2022bf]::tests::run_dbg_noop_task::run_dbg_noop_task::{closure#0}, yarn[faaa2ef1fd2022bf]::tests::run_dbg_noop_task::run_dbg_noop_task::{closure#0}>::{closure#0}::{closure#0}>::{closure#0}>>::{closure#0}, core[df12db4294e9bfd3]::option::Option<core[df12db4294e9bfd3]::result::Result<(), anyhow[8c81983cc1d9b933]::Error>>>::{closure#0}, (alloc[2182bb758b4b3781]::boxed::Box<tokio[c734fa19d33728cc]::runtime::scheduler::current_thread::Core>, core[df12db4294e9bfd3]::option::Option<core[df12db4294e9bfd3]::result::Result<(), anyhow[8c81983cc1d9b933]::Error>>)>
[INFO] [stdout]   14:     0x61ba20faf65f - <tokio[c734fa19d33728cc]::runtime::scheduler::current_thread::CoreGuard>::block_on::<core[df12db4294e9bfd3]::pin::Pin<&mut sqlx_core[1d25cde49976c27d]::testing::run_test<sqlx_postgres[3874e2fed6df0ec7]::database::Postgres, sqlx_core[1d25cde49976c27d]::testing::run_test_with_pool<sqlx_postgres[3874e2fed6df0ec7]::database::Postgres, fn(sqlx_core[1d25cde49976c27d]::pool::Pool<sqlx_postgres[3874e2fed6df0ec7]::database::Postgres>) -> yarn[faaa2ef1fd2022bf]::tests::run_dbg_noop_task::run_dbg_noop_task::{closure#0}, yarn[faaa2ef1fd2022bf]::tests::run_dbg_noop_task::run_dbg_noop_task::{closure#0}>::{closure#0}, sqlx_core[1d25cde49976c27d]::testing::run_test_with_pool<sqlx_postgres[3874e2fed6df0ec7]::database::Postgres, fn(sqlx_core[1d25cde49976c27d]::pool::Pool<sqlx_postgres[3874e2fed6df0ec7]::database::Postgres>) -> yarn[faaa2ef1fd2022bf]::tests::run_dbg_noop_task::run_dbg_noop_task::{closure#0}, yarn[faaa2ef1fd2022bf]::tests::run_dbg_noop_task::run_dbg_noop_task::{closure#0}>::{closure#0}::{closure#0}>::{closure#0}>>
[INFO] [stdout]   15:     0x61ba20fc4df7 - tokio[c734fa19d33728cc]::runtime::context::runtime::enter_runtime::<<tokio[c734fa19d33728cc]::runtime::scheduler::current_thread::CurrentThread>::block_on<sqlx_core[1d25cde49976c27d]::testing::run_test<sqlx_postgres[3874e2fed6df0ec7]::database::Postgres, sqlx_core[1d25cde49976c27d]::testing::run_test_with_pool<sqlx_postgres[3874e2fed6df0ec7]::database::Postgres, fn(sqlx_core[1d25cde49976c27d]::pool::Pool<sqlx_postgres[3874e2fed6df0ec7]::database::Postgres>) -> yarn[faaa2ef1fd2022bf]::tests::run_dbg_noop_task::run_dbg_noop_task::{closure#0}, yarn[faaa2ef1fd2022bf]::tests::run_dbg_noop_task::run_dbg_noop_task::{closure#0}>::{closure#0}, sqlx_core[1d25cde49976c27d]::testing::run_test_with_pool<sqlx_postgres[3874e2fed6df0ec7]::database::Postgres, fn(sqlx_core[1d25cde49976c27d]::pool::Pool<sqlx_postgres[3874e2fed6df0ec7]::database::Postgres>) -> yarn[faaa2ef1fd2022bf]::tests::run_dbg_noop_task::run_dbg_noop_task::{closure#0}, yarn[faaa2ef1fd2022bf]::tests::run_dbg_noop_task::run_dbg_noop_task::{closure#0}>::{closure#0}::{closure#0}>::{closure#0}>::{closure#0}, core[df12db4294e9bfd3]::result::Result<(), anyhow[8c81983cc1d9b933]::Error>>
[INFO] [stdout]   16:     0x61ba20fb5476 - <tokio[c734fa19d33728cc]::runtime::runtime::Runtime>::block_on::<sqlx_core[1d25cde49976c27d]::testing::run_test<sqlx_postgres[3874e2fed6df0ec7]::database::Postgres, sqlx_core[1d25cde49976c27d]::testing::run_test_with_pool<sqlx_postgres[3874e2fed6df0ec7]::database::Postgres, fn(sqlx_core[1d25cde49976c27d]::pool::Pool<sqlx_postgres[3874e2fed6df0ec7]::database::Postgres>) -> yarn[faaa2ef1fd2022bf]::tests::run_dbg_noop_task::run_dbg_noop_task::{closure#0}, yarn[faaa2ef1fd2022bf]::tests::run_dbg_noop_task::run_dbg_noop_task::{closure#0}>::{closure#0}, sqlx_core[1d25cde49976c27d]::testing::run_test_with_pool<sqlx_postgres[3874e2fed6df0ec7]::database::Postgres, fn(sqlx_core[1d25cde49976c27d]::pool::Pool<sqlx_postgres[3874e2fed6df0ec7]::database::Postgres>) -> yarn[faaa2ef1fd2022bf]::tests::run_dbg_noop_task::run_dbg_noop_task::{closure#0}, yarn[faaa2ef1fd2022bf]::tests::run_dbg_noop_task::run_dbg_noop_task::{closure#0}>::{closure#0}::{closure#0}>::{closure#0}>
[INFO] [stdout]   17:     0x61ba20fbe65c - sqlx_core[1d25cde49976c27d]::rt::test_block_on::<sqlx_core[1d25cde49976c27d]::testing::run_test<sqlx_postgres[3874e2fed6df0ec7]::database::Postgres, sqlx_core[1d25cde49976c27d]::testing::run_test_with_pool<sqlx_postgres[3874e2fed6df0ec7]::database::Postgres, fn(sqlx_core[1d25cde49976c27d]::pool::Pool<sqlx_postgres[3874e2fed6df0ec7]::database::Postgres>) -> yarn[faaa2ef1fd2022bf]::tests::run_dbg_noop_task::run_dbg_noop_task::{closure#0}, yarn[faaa2ef1fd2022bf]::tests::run_dbg_noop_task::run_dbg_noop_task::{closure#0}>::{closure#0}, sqlx_core[1d25cde49976c27d]::testing::run_test_with_pool<sqlx_postgres[3874e2fed6df0ec7]::database::Postgres, fn(sqlx_core[1d25cde49976c27d]::pool::Pool<sqlx_postgres[3874e2fed6df0ec7]::database::Postgres>) -> yarn[faaa2ef1fd2022bf]::tests::run_dbg_noop_task::run_dbg_noop_task::{closure#0}, yarn[faaa2ef1fd2022bf]::tests::run_dbg_noop_task::run_dbg_noop_task::{closure#0}>::{closure#0}::{closure#0}>::{closure#0}>
[INFO] [stdout]   18:     0x61ba20f994f0 - <yarn[faaa2ef1fd2022bf]::tests::run_dbg_noop_task::{closure#0} as core[df12db4294e9bfd3]::ops::function::FnOnce<()>>::call_once
[INFO] [stdout]   19:     0x61ba20fc7dcb - test[9d35eded1c95d3be]::__rust_begin_short_backtrace::<core[df12db4294e9bfd3]::result::Result<(), alloc[2182bb758b4b3781]::string::String>, fn() -> core[df12db4294e9bfd3]::result::Result<(), alloc[2182bb758b4b3781]::string::String>>
[INFO] [stdout]   20:     0x61ba20fd5435 - test[9d35eded1c95d3be]::run_test::{closure#0}
[INFO] [stdout]   21:     0x61ba20fcecf4 - std[70759c8f55707aa4]::sys::backtrace::__rust_begin_short_backtrace::<test[9d35eded1c95d3be]::run_test::{closure#1}, ()>
[INFO] [stdout]   22:     0x61ba20fd8592 - <std[70759c8f55707aa4]::thread::lifecycle::spawn_unchecked<test[9d35eded1c95d3be]::run_test::{closure#1}, ()>::{closure#1} as core[df12db4294e9bfd3]::ops::function::FnOnce<()>>::call_once::{shim:vtable#0}
[INFO] [stdout]   23:     0x61ba21132a19 - <std[70759c8f55707aa4]::sys::thread::unix::Thread>::new::thread_start
[INFO] [stdout]   24:     0x7eeb998f9dfa - <unknown>
[INFO] [stdout]   25:     0x7eeb9998d3d4 - clone
[INFO] [stdout]   26:                0x0 - <unknown>
[INFO] [stdout] 
[INFO] [stdout] ---- tests::run_dbg_panic_task stdout ----
[INFO] [stdout] 
[INFO] [stdout] thread 'tests::run_dbg_panic_task' (1643) panicked at /opt/rustwide/cargo-home/registry/src/index.crates.io-1949cf8c6b5b557f/sqlx-core-0.9.0/src/testing/mod.rs:227:14:
[INFO] [stdout] failed to connect to setup test database: PoolTimedOut
[INFO] [stdout] stack backtrace:
[INFO] [stdout]    0:     0x61ba211334f1 - <<std[70759c8f55707aa4]::sys::backtrace::BacktraceLock>::print::DisplayBacktrace as core[df12db4294e9bfd3]::fmt::Display>::fmt
[INFO] [stdout]    1:     0x61ba21149e1a - core[df12db4294e9bfd3]::fmt::write
[INFO] [stdout]    2:     0x61ba211384ac - <alloc[2182bb758b4b3781]::vec::Vec<u8> as core[df12db4294e9bfd3]::io::write::Write>::write_fmt
[INFO] [stdout]    3:     0x61ba2110df36 - std[70759c8f55707aa4]::panicking::default_hook::{closure#0}
[INFO] [stdout]    4:     0x61ba2112b269 - std[70759c8f55707aa4]::panicking::default_hook
[INFO] [stdout]    5:     0x61ba20fd4ae0 - test[9d35eded1c95d3be]::test_main_inner::<test[9d35eded1c95d3be]::test_main_static::{closure#0}>::{closure#0}
[INFO] [stdout]    6:     0x61ba2112b592 - std[70759c8f55707aa4]::panicking::panic_with_hook
[INFO] [stdout]    7:     0x61ba2110dfe2 - std[70759c8f55707aa4]::panicking::panic_handler::{closure#0}
[INFO] [stdout]    8:     0x61ba211064b9 - std[70759c8f55707aa4]::sys::backtrace::__rust_end_short_backtrace::<std[70759c8f55707aa4]::panicking::panic_handler::{closure#0}, !>
[INFO] [stdout]    9:     0x61ba2110ef7d - __rustc[8fa7c3cbc660c2b3]::rust_begin_unwind
[INFO] [stdout]   10:     0x61ba2114a57c - core[df12db4294e9bfd3]::panicking::panic_fmt
[INFO] [stdout]   11:     0x61ba2114a352 - core[df12db4294e9bfd3]::result::unwrap_failed
[INFO] [stdout]   12:     0x61ba20ebebbe - sqlx_core[1d25cde49976c27d]::testing::run_test::<sqlx_postgres[3874e2fed6df0ec7]::database::Postgres, sqlx_core[1d25cde49976c27d]::testing::run_test_with_pool<sqlx_postgres[3874e2fed6df0ec7]::database::Postgres, fn(sqlx_core[1d25cde49976c27d]::pool::Pool<sqlx_postgres[3874e2fed6df0ec7]::database::Postgres>) -> yarn[faaa2ef1fd2022bf]::tests::run_dbg_panic_task::run_dbg_panic_task::{closure#0}, yarn[faaa2ef1fd2022bf]::tests::run_dbg_panic_task::run_dbg_panic_task::{closure#0}>::{closure#0}, sqlx_core[1d25cde49976c27d]::testing::run_test_with_pool<sqlx_postgres[3874e2fed6df0ec7]::database::Postgres, fn(sqlx_core[1d25cde49976c27d]::pool::Pool<sqlx_postgres[3874e2fed6df0ec7]::database::Postgres>) -> yarn[faaa2ef1fd2022bf]::tests::run_dbg_panic_task::run_dbg_panic_task::{closure#0}, yarn[faaa2ef1fd2022bf]::tests::run_dbg_panic_task::run_dbg_panic_task::{closure#0}>::{closure#0}::{closure#0}>::{closure#0}
[INFO] [stdout]   13:     0x61ba20fadd67 - <tokio[c734fa19d33728cc]::runtime::context::scoped::Scoped<tokio[c734fa19d33728cc]::runtime::scheduler::Context>>::set::<<tokio[c734fa19d33728cc]::runtime::scheduler::current_thread::CoreGuard>::enter<<tokio[c734fa19d33728cc]::runtime::scheduler::current_thread::CoreGuard>::block_on<core[df12db4294e9bfd3]::pin::Pin<&mut sqlx_core[1d25cde49976c27d]::testing::run_test<sqlx_postgres[3874e2fed6df0ec7]::database::Postgres, sqlx_core[1d25cde49976c27d]::testing::run_test_with_pool<sqlx_postgres[3874e2fed6df0ec7]::database::Postgres, fn(sqlx_core[1d25cde49976c27d]::pool::Pool<sqlx_postgres[3874e2fed6df0ec7]::database::Postgres>) -> yarn[faaa2ef1fd2022bf]::tests::run_dbg_panic_task::run_dbg_panic_task::{closure#0}, yarn[faaa2ef1fd2022bf]::tests::run_dbg_panic_task::run_dbg_panic_task::{closure#0}>::{closure#0}, sqlx_core[1d25cde49976c27d]::testing::run_test_with_pool<sqlx_postgres[3874e2fed6df0ec7]::database::Postgres, fn(sqlx_core[1d25cde49976c27d]::pool::Pool<sqlx_postgres[3874e2fed6df0ec7]::database::Postgres>) -> yarn[faaa2ef1fd2022bf]::tests::run_dbg_panic_task::run_dbg_panic_task::{closure#0}, yarn[faaa2ef1fd2022bf]::tests::run_dbg_panic_task::run_dbg_panic_task::{closure#0}>::{closure#0}::{closure#0}>::{closure#0}>>::{closure#0}, core[df12db4294e9bfd3]::option::Option<core[df12db4294e9bfd3]::result::Result<(), anyhow[8c81983cc1d9b933]::Error>>>::{closure#0}, (alloc[2182bb758b4b3781]::boxed::Box<tokio[c734fa19d33728cc]::runtime::scheduler::current_thread::Core>, core[df12db4294e9bfd3]::option::Option<core[df12db4294e9bfd3]::result::Result<(), anyhow[8c81983cc1d9b933]::Error>>)>
[INFO] [stdout]   14:     0x61ba20faf87f - <tokio[c734fa19d33728cc]::runtime::scheduler::current_thread::CoreGuard>::block_on::<core[df12db4294e9bfd3]::pin::Pin<&mut sqlx_core[1d25cde49976c27d]::testing::run_test<sqlx_postgres[3874e2fed6df0ec7]::database::Postgres, sqlx_core[1d25cde49976c27d]::testing::run_test_with_pool<sqlx_postgres[3874e2fed6df0ec7]::database::Postgres, fn(sqlx_core[1d25cde49976c27d]::pool::Pool<sqlx_postgres[3874e2fed6df0ec7]::database::Postgres>) -> yarn[faaa2ef1fd2022bf]::tests::run_dbg_panic_task::run_dbg_panic_task::{closure#0}, yarn[faaa2ef1fd2022bf]::tests::run_dbg_panic_task::run_dbg_panic_task::{closure#0}>::{closure#0}, sqlx_core[1d25cde49976c27d]::testing::run_test_with_pool<sqlx_postgres[3874e2fed6df0ec7]::database::Postgres, fn(sqlx_core[1d25cde49976c27d]::pool::Pool<sqlx_postgres[3874e2fed6df0ec7]::database::Postgres>) -> yarn[faaa2ef1fd2022bf]::tests::run_dbg_panic_task::run_dbg_panic_task::{closure#0}, yarn[faaa2ef1fd2022bf]::tests::run_dbg_panic_task::run_dbg_panic_task::{closure#0}>::{closure#0}::{closure#0}>::{closure#0}>>
[INFO] [stdout]   15:     0x61ba20fc51e7 - tokio[c734fa19d33728cc]::runtime::context::runtime::enter_runtime::<<tokio[c734fa19d33728cc]::runtime::scheduler::current_thread::CurrentThread>::block_on<sqlx_core[1d25cde49976c27d]::testing::run_test<sqlx_postgres[3874e2fed6df0ec7]::database::Postgres, sqlx_core[1d25cde49976c27d]::testing::run_test_with_pool<sqlx_postgres[3874e2fed6df0ec7]::database::Postgres, fn(sqlx_core[1d25cde49976c27d]::pool::Pool<sqlx_postgres[3874e2fed6df0ec7]::database::Postgres>) -> yarn[faaa2ef1fd2022bf]::tests::run_dbg_panic_task::run_dbg_panic_task::{closure#0}, yarn[faaa2ef1fd2022bf]::tests::run_dbg_panic_task::run_dbg_panic_task::{closure#0}>::{closure#0}, sqlx_core[1d25cde49976c27d]::testing::run_test_with_pool<sqlx_postgres[3874e2fed6df0ec7]::database::Postgres, fn(sqlx_core[1d25cde49976c27d]::pool::Pool<sqlx_postgres[3874e2fed6df0ec7]::database::Postgres>) -> yarn[faaa2ef1fd2022bf]::tests::run_dbg_panic_task::run_dbg_panic_task::{closure#0}, yarn[faaa2ef1fd2022bf]::tests::run_dbg_panic_task::run_dbg_panic_task::{closure#0}>::{closure#0}::{closure#0}>::{closure#0}>::{closure#0}, core[df12db4294e9bfd3]::result::Result<(), anyhow[8c81983cc1d9b933]::Error>>
[INFO] [stdout]   16:     0x61ba20fb55e6 - <tokio[c734fa19d33728cc]::runtime::runtime::Runtime>::block_on::<sqlx_core[1d25cde49976c27d]::testing::run_test<sqlx_postgres[3874e2fed6df0ec7]::database::Postgres, sqlx_core[1d25cde49976c27d]::testing::run_test_with_pool<sqlx_postgres[3874e2fed6df0ec7]::database::Postgres, fn(sqlx_core[1d25cde49976c27d]::pool::Pool<sqlx_postgres[3874e2fed6df0ec7]::database::Postgres>) -> yarn[faaa2ef1fd2022bf]::tests::run_dbg_panic_task::run_dbg_panic_task::{closure#0}, yarn[faaa2ef1fd2022bf]::tests::run_dbg_panic_task::run_dbg_panic_task::{closure#0}>::{closure#0}, sqlx_core[1d25cde49976c27d]::testing::run_test_with_pool<sqlx_postgres[3874e2fed6df0ec7]::database::Postgres, fn(sqlx_core[1d25cde49976c27d]::pool::Pool<sqlx_postgres[3874e2fed6df0ec7]::database::Postgres>) -> yarn[faaa2ef1fd2022bf]::tests::run_dbg_panic_task::run_dbg_panic_task::{closure#0}, yarn[faaa2ef1fd2022bf]::tests::run_dbg_panic_task::run_dbg_panic_task::{closure#0}>::{closure#0}::{closure#0}>::{closure#0}>
[INFO] [stdout]   17:     0x61ba20fbe78c - sqlx_core[1d25cde49976c27d]::rt::test_block_on::<sqlx_core[1d25cde49976c27d]::testing::run_test<sqlx_postgres[3874e2fed6df0ec7]::database::Postgres, sqlx_core[1d25cde49976c27d]::testing::run_test_with_pool<sqlx_postgres[3874e2fed6df0ec7]::database::Postgres, fn(sqlx_core[1d25cde49976c27d]::pool::Pool<sqlx_postgres[3874e2fed6df0ec7]::database::Postgres>) -> yarn[faaa2ef1fd2022bf]::tests::run_dbg_panic_task::run_dbg_panic_task::{closure#0}, yarn[faaa2ef1fd2022bf]::tests::run_dbg_panic_task::run_dbg_panic_task::{closure#0}>::{closure#0}, sqlx_core[1d25cde49976c27d]::testing::run_test_with_pool<sqlx_postgres[3874e2fed6df0ec7]::database::Postgres, fn(sqlx_core[1d25cde49976c27d]::pool::Pool<sqlx_postgres[3874e2fed6df0ec7]::database::Postgres>) -> yarn[faaa2ef1fd2022bf]::tests::run_dbg_panic_task::run_dbg_panic_task::{closure#0}, yarn[faaa2ef1fd2022bf]::tests::run_dbg_panic_task::run_dbg_panic_task::{closure#0}>::{closure#0}::{closure#0}>::{closure#0}>
[INFO] [stdout]   18:     0x61ba20f99630 - <yarn[faaa2ef1fd2022bf]::tests::run_dbg_panic_task::{closure#0} as core[df12db4294e9bfd3]::ops::function::FnOnce<()>>::call_once
[INFO] [stdout]   19:     0x61ba20fc7dcb - test[9d35eded1c95d3be]::__rust_begin_short_backtrace::<core[df12db4294e9bfd3]::result::Result<(), alloc[2182bb758b4b3781]::string::String>, fn() -> core[df12db4294e9bfd3]::result::Result<(), alloc[2182bb758b4b3781]::string::String>>
[INFO] [stdout]   20:     0x61ba20fd5435 - test[9d35eded1c95d3be]::run_test::{closure#0}
[INFO] [stdout]   21:     0x61ba20fcecf4 - std[70759c8f55707aa4]::sys::backtrace::__rust_begin_short_backtrace::<test[9d35eded1c95d3be]::run_test::{closure#1}, ()>
[INFO] [stdout]   22:     0x61ba20fd8592 - <std[70759c8f55707aa4]::thread::lifecycle::spawn_unchecked<test[9d35eded1c95d3be]::run_test::{closure#1}, ()>::{closure#1} as core[df12db4294e9bfd3]::ops::function::FnOnce<()>>::call_once::{shim:vtable#0}
[INFO] [stdout]   23:     0x61ba21132a19 - <std[70759c8f55707aa4]::sys::thread::unix::Thread>::new::thread_start
[INFO] [stdout]   24:     0x7eeb998f9dfa - <unknown>
[INFO] [stdout]   25:     0x7eeb9998d3d4 - clone
[INFO] [stdout]   26:                0x0 - <unknown>
[INFO] [stdout] 
[INFO] [stdout] ---- tests::run_dbg_transient_task stdout ----
[INFO] [stdout] 
[INFO] [stdout] thread 'tests::run_dbg_transient_task' (1645) panicked at /opt/rustwide/cargo-home/registry/src/index.crates.io-1949cf8c6b5b557f/sqlx-core-0.9.0/src/testing/mod.rs:227:14:
[INFO] [stdout] failed to connect to setup test database: PoolTimedOut
[INFO] [stdout] stack backtrace:
[INFO] [stdout]    0:     0x61ba211334f1 - <<std[70759c8f55707aa4]::sys::backtrace::BacktraceLock>::print::DisplayBacktrace as core[df12db4294e9bfd3]::fmt::Display>::fmt
[INFO] [stdout]    1:     0x61ba21149e1a - core[df12db4294e9bfd3]::fmt::write
[INFO] [stdout]    2:     0x61ba211384ac - <alloc[2182bb758b4b3781]::vec::Vec<u8> as core[df12db4294e9bfd3]::io::write::Write>::write_fmt
[INFO] [stdout]    3:     0x61ba2110df36 - std[70759c8f55707aa4]::panicking::default_hook::{closure#0}
[INFO] [stdout]    4:     0x61ba2112b269 - std[70759c8f55707aa4]::panicking::default_hook
[INFO] [stdout]    5:     0x61ba20fd4ae0 - test[9d35eded1c95d3be]::test_main_inner::<test[9d35eded1c95d3be]::test_main_static::{closure#0}>::{closure#0}
[INFO] [stdout]    6:     0x61ba2112b592 - std[70759c8f55707aa4]::panicking::panic_with_hook
[INFO] [stdout]    7:     0x61ba2110dfe2 - std[70759c8f55707aa4]::panicking::panic_handler::{closure#0}
[INFO] [stdout]    8:     0x61ba211064b9 - std[70759c8f55707aa4]::sys::backtrace::__rust_end_short_backtrace::<std[70759c8f55707aa4]::panicking::panic_handler::{closure#0}, !>
[INFO] [stdout]    9:     0x61ba2110ef7d - __rustc[8fa7c3cbc660c2b3]::rust_begin_unwind
[INFO] [stdout]   10:     0x61ba2114a57c - core[df12db4294e9bfd3]::panicking::panic_fmt
[INFO] [stdout]   11:     0x61ba2114a352 - core[df12db4294e9bfd3]::result::unwrap_failed
[INFO] [stdout]   12:     0x61ba20ec019e - sqlx_core[1d25cde49976c27d]::testing::run_test::<sqlx_postgres[3874e2fed6df0ec7]::database::Postgres, sqlx_core[1d25cde49976c27d]::testing::run_test_with_pool<sqlx_postgres[3874e2fed6df0ec7]::database::Postgres, fn(sqlx_core[1d25cde49976c27d]::pool::Pool<sqlx_postgres[3874e2fed6df0ec7]::database::Postgres>) -> yarn[faaa2ef1fd2022bf]::tests::run_dbg_transient_task::run_dbg_transient_task::{closure#0}, yarn[faaa2ef1fd2022bf]::tests::run_dbg_transient_task::run_dbg_transient_task::{closure#0}>::{closure#0}, sqlx_core[1d25cde49976c27d]::testing::run_test_with_pool<sqlx_postgres[3874e2fed6df0ec7]::database::Postgres, fn(sqlx_core[1d25cde49976c27d]::pool::Pool<sqlx_postgres[3874e2fed6df0ec7]::database::Postgres>) -> yarn[faaa2ef1fd2022bf]::tests::run_dbg_transient_task::run_dbg_transient_task::{closure#0}, yarn[faaa2ef1fd2022bf]::tests::run_dbg_transient_task::run_dbg_transient_task::{closure#0}>::{closure#0}::{closure#0}>::{closure#0}
[INFO] [stdout]   13:     0x61ba20fae7a7 - <tokio[c734fa19d33728cc]::runtime::context::scoped::Scoped<tokio[c734fa19d33728cc]::runtime::scheduler::Context>>::set::<<tokio[c734fa19d33728cc]::runtime::scheduler::current_thread::CoreGuard>::enter<<tokio[c734fa19d33728cc]::runtime::scheduler::current_thread::CoreGuard>::block_on<core[df12db4294e9bfd3]::pin::Pin<&mut sqlx_core[1d25cde49976c27d]::testing::run_test<sqlx_postgres[3874e2fed6df0ec7]::database::Postgres, sqlx_core[1d25cde49976c27d]::testing::run_test_with_pool<sqlx_postgres[3874e2fed6df0ec7]::database::Postgres, fn(sqlx_core[1d25cde49976c27d]::pool::Pool<sqlx_postgres[3874e2fed6df0ec7]::database::Postgres>) -> yarn[faaa2ef1fd2022bf]::tests::run_dbg_transient_task::run_dbg_transient_task::{closure#0}, yarn[faaa2ef1fd2022bf]::tests::run_dbg_transient_task::run_dbg_transient_task::{closure#0}>::{closure#0}, sqlx_core[1d25cde49976c27d]::testing::run_test_with_pool<sqlx_postgres[3874e2fed6df0ec7]::database::Postgres, fn(sqlx_core[1d25cde49976c27d]::pool::Pool<sqlx_postgres[3874e2fed6df0ec7]::database::Postgres>) -> yarn[faaa2ef1fd2022bf]::tests::run_dbg_transient_task::run_dbg_transient_task::{closure#0}, yarn[faaa2ef1fd2022bf]::tests::run_dbg_transient_task::run_dbg_transient_task::{closure#0}>::{closure#0}::{closure#0}>::{closure#0}>>::{closure#0}, core[df12db4294e9bfd3]::option::Option<core[df12db4294e9bfd3]::result::Result<(), anyhow[8c81983cc1d9b933]::Error>>>::{closure#0}, (alloc[2182bb758b4b3781]::boxed::Box<tokio[c734fa19d33728cc]::runtime::scheduler::current_thread::Core>, core[df12db4294e9bfd3]::option::Option<core[df12db4294e9bfd3]::result::Result<(), anyhow[8c81983cc1d9b933]::Error>>)>
[INFO] [stdout]   14:     0x61ba20fafcbf - <tokio[c734fa19d33728cc]::runtime::scheduler::current_thread::CoreGuard>::block_on::<core[df12db4294e9bfd3]::pin::Pin<&mut sqlx_core[1d25cde49976c27d]::testing::run_test<sqlx_postgres[3874e2fed6df0ec7]::database::Postgres, sqlx_core[1d25cde49976c27d]::testing::run_test_with_pool<sqlx_postgres[3874e2fed6df0ec7]::database::Postgres, fn(sqlx_core[1d25cde49976c27d]::pool::Pool<sqlx_postgres[3874e2fed6df0ec7]::database::Postgres>) -> yarn[faaa2ef1fd2022bf]::tests::run_dbg_transient_task::run_dbg_transient_task::{closure#0}, yarn[faaa2ef1fd2022bf]::tests::run_dbg_transient_task::run_dbg_transient_task::{closure#0}>::{closure#0}, sqlx_core[1d25cde49976c27d]::testing::run_test_with_pool<sqlx_postgres[3874e2fed6df0ec7]::database::Postgres, fn(sqlx_core[1d25cde49976c27d]::pool::Pool<sqlx_postgres[3874e2fed6df0ec7]::database::Postgres>) -> yarn[faaa2ef1fd2022bf]::tests::run_dbg_transient_task::run_dbg_transient_task::{closure#0}, yarn[faaa2ef1fd2022bf]::tests::run_dbg_transient_task::run_dbg_transient_task::{closure#0}>::{closure#0}::{closure#0}>::{closure#0}>>
[INFO] [stdout]   15:     0x61ba20fc59c7 - tokio[c734fa19d33728cc]::runtime::context::runtime::enter_runtime::<<tokio[c734fa19d33728cc]::runtime::scheduler::current_thread::CurrentThread>::block_on<sqlx_core[1d25cde49976c27d]::testing::run_test<sqlx_postgres[3874e2fed6df0ec7]::database::Postgres, sqlx_core[1d25cde49976c27d]::testing::run_test_with_pool<sqlx_postgres[3874e2fed6df0ec7]::database::Postgres, fn(sqlx_core[1d25cde49976c27d]::pool::Pool<sqlx_postgres[3874e2fed6df0ec7]::database::Postgres>) -> yarn[faaa2ef1fd2022bf]::tests::run_dbg_transient_task::run_dbg_transient_task::{closure#0}, yarn[faaa2ef1fd2022bf]::tests::run_dbg_transient_task::run_dbg_transient_task::{closure#0}>::{closure#0}, sqlx_core[1d25cde49976c27d]::testing::run_test_with_pool<sqlx_postgres[3874e2fed6df0ec7]::database::Postgres, fn(sqlx_core[1d25cde49976c27d]::pool::Pool<sqlx_postgres[3874e2fed6df0ec7]::database::Postgres>) -> yarn[faaa2ef1fd2022bf]::tests::run_dbg_transient_task::run_dbg_transient_task::{closure#0}, yarn[faaa2ef1fd2022bf]::tests::run_dbg_transient_task::run_dbg_transient_task::{closure#0}>::{closure#0}::{closure#0}>::{closure#0}>::{closure#0}, core[df12db4294e9bfd3]::result::Result<(), anyhow[8c81983cc1d9b933]::Error>>
[INFO] [stdout]   16:     0x61ba20fb58c6 - <tokio[c734fa19d33728cc]::runtime::runtime::Runtime>::block_on::<sqlx_core[1d25cde49976c27d]::testing::run_test<sqlx_postgres[3874e2fed6df0ec7]::database::Postgres, sqlx_core[1d25cde49976c27d]::testing::run_test_with_pool<sqlx_postgres[3874e2fed6df0ec7]::database::Postgres, fn(sqlx_core[1d25cde49976c27d]::pool::Pool<sqlx_postgres[3874e2fed6df0ec7]::database::Postgres>) -> yarn[faaa2ef1fd2022bf]::tests::run_dbg_transient_task::run_dbg_transient_task::{closure#0}, yarn[faaa2ef1fd2022bf]::tests::run_dbg_transient_task::run_dbg_transient_task::{closure#0}>::{closure#0}, sqlx_core[1d25cde49976c27d]::testing::run_test_with_pool<sqlx_postgres[3874e2fed6df0ec7]::database::Postgres, fn(sqlx_core[1d25cde49976c27d]::pool::Pool<sqlx_postgres[3874e2fed6df0ec7]::database::Postgres>) -> yarn[faaa2ef1fd2022bf]::tests::run_dbg_transient_task::run_dbg_transient_task::{closure#0}, yarn[faaa2ef1fd2022bf]::tests::run_dbg_transient_task::run_dbg_transient_task::{closure#0}>::{closure#0}::{closure#0}>::{closure#0}>
[INFO] [stdout]   17:     0x61ba20fbe9ec - sqlx_core[1d25cde49976c27d]::rt::test_block_on::<sqlx_core[1d25cde49976c27d]::testing::run_test<sqlx_postgres[3874e2fed6df0ec7]::database::Postgres, sqlx_core[1d25cde49976c27d]::testing::run_test_with_pool<sqlx_postgres[3874e2fed6df0ec7]::database::Postgres, fn(sqlx_core[1d25cde49976c27d]::pool::Pool<sqlx_postgres[3874e2fed6df0ec7]::database::Postgres>) -> yarn[faaa2ef1fd2022bf]::tests::run_dbg_transient_task::run_dbg_transient_task::{closure#0}, yarn[faaa2ef1fd2022bf]::tests::run_dbg_transient_task::run_dbg_transient_task::{closure#0}>::{closure#0}, sqlx_core[1d25cde49976c27d]::testing::run_test_with_pool<sqlx_postgres[3874e2fed6df0ec7]::database::Postgres, fn(sqlx_core[1d25cde49976c27d]::pool::Pool<sqlx_postgres[3874e2fed6df0ec7]::database::Postgres>) -> yarn[faaa2ef1fd2022bf]::tests::run_dbg_transient_task::run_dbg_transient_task::{closure#0}, yarn[faaa2ef1fd2022bf]::tests::run_dbg_transient_task::run_dbg_transient_task::{closure#0}>::{closure#0}::{closure#0}>::{closure#0}>
[INFO] [stdout]   18:     0x61ba20f998b0 - <yarn[faaa2ef1fd2022bf]::tests::run_dbg_transient_task::{closure#0} as core[df12db4294e9bfd3]::ops::function::FnOnce<()>>::call_once
[INFO] [stdout]   19:     0x61ba20fc7dcb - test[9d35eded1c95d3be]::__rust_begin_short_backtrace::<core[df12db4294e9bfd3]::result::Result<(), alloc[2182bb758b4b3781]::string::String>, fn() -> core[df12db4294e9bfd3]::result::Result<(), alloc[2182bb758b4b3781]::string::String>>
[INFO] [stdout]   20:     0x61ba20fd5435 - test[9d35eded1c95d3be]::run_test::{closure#0}
[INFO] [stdout]   21:     0x61ba20fcecf4 - std[70759c8f55707aa4]::sys::backtrace::__rust_begin_short_backtrace::<test[9d35eded1c95d3be]::run_test::{closure#1}, ()>
[INFO] [stdout]   22:     0x61ba20fd8592 - <std[70759c8f55707aa4]::thread::lifecycle::spawn_unchecked<test[9d35eded1c95d3be]::run_test::{closure#1}, ()>::{closure#1} as core[df12db4294e9bfd3]::ops::function::FnOnce<()>>::call_once::{shim:vtable#0}
[INFO] [stdout]   23:     0x61ba21132a19 - <std[70759c8f55707aa4]::sys::thread::unix::Thread>::new::thread_start
[INFO] [stdout]   24:     0x7eeb998f9dfa - <unknown>
[INFO] [stdout]   25:     0x7eeb9998d3d4 - clone
[INFO] [stdout]   26:                0x0 - <unknown>
[INFO] [stdout] 
[INFO] [stdout] 
[INFO] [stdout] failures:
[INFO] [stdout]     tests::run_dbg_noop_task
[INFO] [stdout]     tests::run_dbg_panic_task
[INFO] [stdout]     tests::run_dbg_permanent_task
[INFO] [stdout]     tests::run_dbg_transient_task
[INFO] [stdout]     tests::run_invalid_task
[INFO] [stdout] 
[INFO] [stdout] test result: FAILED. 0 passed; 5 failed; 0 ignored; 0 measured; 0 filtered out; finished in 30.01s
[INFO] [stdout] 
[INFO] [stderr] error: test failed, to rerun pass `--lib`
[INFO] running `Command { std: "docker" "inspect" "cc7b846c0a10a74fbe7e8544b88d14f52662a0b93eab7f1267c5d40cb3cbcd0c", kill_on_drop: false }`
[INFO] running `Command { std: "docker" "rm" "-f" "cc7b846c0a10a74fbe7e8544b88d14f52662a0b93eab7f1267c5d40cb3cbcd0c", kill_on_drop: false }`
[INFO] [stdout] cc7b846c0a10a74fbe7e8544b88d14f52662a0b93eab7f1267c5d40cb3cbcd0c
