[INFO] fetching crate yarel 0.2.0...
[INFO] testing yarel-0.2.0 against 1.99.0-beta.8+cargoflags=--release for beta-release-1.100-2
[INFO] extracting crate yarel 0.2.0 into /workspace/builds/worker-7-tc1/source
[INFO] started tweaking crates.io crate yarel 0.2.0
[INFO] removed 0 missing examples
[INFO] removed 0 missing tests
[INFO] finished tweaking crates.io crate yarel 0.2.0
[INFO] tweaked toml for crates.io crate yarel 0.2.0 written to /workspace/builds/worker-7-tc1/source/Cargo.toml
[INFO] validating manifest of crates.io crate yarel 0.2.0 on toolchain 1.99.0-beta.8
[INFO] running `Command { std: CARGO_HOME="/workspace/cargo-home" RUSTUP_HOME="/workspace/rustup-home" "/workspace/cargo-home/bin/cargo" "+1.99.0-beta.8" "metadata" "--manifest-path" "Cargo.toml" "--no-deps", kill_on_drop: false }`
[INFO] crate crates.io crate yarel 0.2.0 already has a lockfile, it will not be regenerated
[INFO] running `Command { std: CARGO_HOME="/workspace/cargo-home" RUSTUP_HOME="/workspace/rustup-home" "/workspace/cargo-home/bin/cargo" "+1.99.0-beta.8" "fetch" "--manifest-path" "Cargo.toml", kill_on_drop: false }`
[INFO] [stderr]     Updating crates.io index
[INFO] [stderr]  Downloading crates ...
[INFO] [stderr]   Downloaded rstest v0.27.0
[INFO] [stderr]   Downloaded yarel-derive v0.2.0
[INFO] [stderr]   Downloaded rstest_macros v0.27.0
[INFO] running `Command { std: "docker" "create" "-v" "/var/lib/crater-agent-workspace/builds/worker-7-tc1/source:/opt/rustwide/workdir:ro,Z" "-v" "/var/lib/crater-agent-workspace/builds/worker-7-tc1/target:/opt/rustwide/target:rw,Z" "-v" "/var/lib/crater-agent-workspace/cargo-home:/opt/rustwide/cargo-home:ro,Z" "-v" "/var/lib/crater-agent-workspace/rustup-home:/opt/rustwide/rustup-home:ro,Z" "-m" "1610612736" "--network" "none" "ghcr.io/rust-lang/crates-build-env/linux@sha256:77db811e55d90add9212f6832c23229e3de5f1c1f9905e8cb07319ea15df73ac" "sleep" "infinity", kill_on_drop: false }`
[INFO] [stdout] 78d051f65686699b5381b110ecd637026db103e1e1734820dd995959e2c5be7e
[INFO] running `Command { std: "docker" "start" "78d051f65686699b5381b110ecd637026db103e1e1734820dd995959e2c5be7e", kill_on_drop: false }`
[INFO] running `Command { std: "docker" "inspect" "78d051f65686699b5381b110ecd637026db103e1e1734820dd995959e2c5be7e", kill_on_drop: false }`
[INFO] running `Command { std: "docker" "exec" "-e" "SOURCE_DIR=/opt/rustwide/workdir" "-e" "CARGO_HOME=/opt/rustwide/cargo-home" "-e" "RUSTUP_HOME=/opt/rustwide/rustup-home" "-e" "CARGO_TARGET_DIR=/opt/rustwide/target" "-w" "/opt/rustwide/workdir" "--user" "0:0" "78d051f65686699b5381b110ecd637026db103e1e1734820dd995959e2c5be7e" "/opt/rustwide/cargo-home/bin/cargo" "+1.99.0-beta.8" "metadata" "--no-deps" "--format-version=1", kill_on_drop: false }`
[INFO] running `Command { std: "docker" "inspect" "78d051f65686699b5381b110ecd637026db103e1e1734820dd995959e2c5be7e", kill_on_drop: false }`
[INFO] running `Command { std: "docker" "exec" "-e" "SOURCE_DIR=/opt/rustwide/workdir" "-e" "CARGO_HOME=/opt/rustwide/cargo-home" "-e" "RUSTUP_HOME=/opt/rustwide/rustup-home" "-e" "CARGO_TARGET_DIR=/opt/rustwide/target" "-e" "CARGO_INCREMENTAL=0" "-e" "RUST_BACKTRACE=full" "-e" "RUSTFLAGS=--cap-lints=warn" "-e" "RUSTDOCFLAGS=--cap-lints=warn" "-w" "/opt/rustwide/workdir" "--user" "0:0" "78d051f65686699b5381b110ecd637026db103e1e1734820dd995959e2c5be7e" "/opt/rustwide/cargo-home/bin/cargo" "+1.99.0-beta.8" "build" "--frozen" "--message-format=json" "--release", kill_on_drop: false }`
[INFO] [stderr]    Compiling syn v3.0.5
[INFO] [stderr]    Compiling darling_core v0.24.1
[INFO] [stderr]    Compiling darling_macro v0.24.1
[INFO] [stderr]    Compiling darling v0.24.1
[INFO] [stderr]    Compiling yarel-derive v0.2.0
[INFO] [stderr]    Compiling yarel v0.2.0 (/opt/rustwide/workdir)
[INFO] [stderr]     Finished `release` profile [optimized] target(s) in 7.84s
[INFO] running `Command { std: "docker" "inspect" "78d051f65686699b5381b110ecd637026db103e1e1734820dd995959e2c5be7e", kill_on_drop: false }`
[INFO] running `Command { std: "docker" "exec" "-e" "SOURCE_DIR=/opt/rustwide/workdir" "-e" "CARGO_HOME=/opt/rustwide/cargo-home" "-e" "RUSTUP_HOME=/opt/rustwide/rustup-home" "-e" "CARGO_TARGET_DIR=/opt/rustwide/target" "-e" "CARGO_INCREMENTAL=0" "-e" "RUST_BACKTRACE=full" "-e" "RUSTFLAGS=--cap-lints=warn" "-e" "RUSTDOCFLAGS=--cap-lints=warn" "-w" "/opt/rustwide/workdir" "--user" "0:0" "78d051f65686699b5381b110ecd637026db103e1e1734820dd995959e2c5be7e" "/opt/rustwide/cargo-home/bin/cargo" "+1.99.0-beta.8" "test" "--frozen" "--no-run" "--message-format=json" "--release", kill_on_drop: false }`
[INFO] [stderr]    Compiling winnow v1.0.4
[INFO] [stderr]    Compiling hashbrown v0.17.1
[INFO] [stderr]    Compiling aho-corasick v1.1.5
[INFO] [stderr]    Compiling toml_datetime v1.1.1+spec-1.1.0
[INFO] [stderr]    Compiling regex-syntax v0.8.11
[INFO] [stderr]    Compiling rstest_macros v0.27.0
[INFO] [stderr]    Compiling rustix v1.1.4
[INFO] [stderr]    Compiling syn v2.0.119
[INFO] [stderr]    Compiling thiserror v2.0.20
[INFO] [stderr]    Compiling futures-task v0.3.34
[INFO] [stderr]    Compiling futures-core v0.3.34
[INFO] [stderr]    Compiling relative-path v1.9.3
[INFO] [stderr]    Compiling futures-util v0.3.34
[INFO] [stderr]    Compiling indexmap v2.14.2
[INFO] [stderr]    Compiling thiserror-impl v2.0.20
[INFO] [stderr]    Compiling console v0.16.6
[INFO] [stderr]    Compiling toml_parser v1.1.3+spec-1.1.0
[INFO] [stderr]    Compiling futures-timer v3.0.4
[INFO] [stderr]    Compiling similar v2.7.0
[INFO] [stderr]    Compiling toml_edit v0.25.15+spec-1.1.0
[INFO] [stderr]    Compiling regex-automata v0.4.18
[INFO] [stderr]    Compiling tempfile v3.27.0
[INFO] [stderr]    Compiling proc-macro-crate v3.5.0
[INFO] [stderr]    Compiling insta v1.48.0
[INFO] [stderr]    Compiling regex v1.13.1
[INFO] [stderr]    Compiling rstest v0.27.0
[INFO] [stderr]    Compiling yarel v0.2.0 (/opt/rustwide/workdir)
[INFO] [stderr]     Finished `release` profile [optimized] target(s) in 33.66s
[INFO] running `Command { std: "docker" "inspect" "78d051f65686699b5381b110ecd637026db103e1e1734820dd995959e2c5be7e", kill_on_drop: false }`
[INFO] running `Command { std: "docker" "exec" "-e" "SOURCE_DIR=/opt/rustwide/workdir" "-e" "CARGO_HOME=/opt/rustwide/cargo-home" "-e" "RUSTUP_HOME=/opt/rustwide/rustup-home" "-e" "CARGO_TARGET_DIR=/opt/rustwide/target" "-e" "CARGO_INCREMENTAL=0" "-e" "RUST_BACKTRACE=full" "-e" "RUSTFLAGS=--cap-lints=warn" "-e" "RUSTDOCFLAGS=--cap-lints=warn" "-w" "/opt/rustwide/workdir" "--user" "0:0" "78d051f65686699b5381b110ecd637026db103e1e1734820dd995959e2c5be7e" "/opt/rustwide/cargo-home/bin/cargo" "+1.99.0-beta.8" "test" "--frozen" "--release", kill_on_drop: false }`
[INFO] [stderr]     Finished `release` profile [optimized] target(s) in 0.08s
[INFO] [stderr]      Running unittests src/lib.rs (/opt/rustwide/target/release/deps/yarel-cac94e5d32c4d8ab)
[INFO] [stdout] 
[INFO] [stdout] running 0 tests
[INFO] [stdout] 
[INFO] [stdout] test result: ok. 0 passed; 0 failed; 0 ignored; 0 measured; 0 filtered out; finished in 0.00s
[INFO] [stdout] 
[INFO] [stderr]      Running tests/chaining.rs (/opt/rustwide/target/release/deps/chaining-d18c6556a4c6dc58)
[INFO] [stdout] 
[INFO] [stdout] running 2 tests
[INFO] [stdout] test with_context ... ok
[INFO] [stdout] test source_of_chained_errors ... ok
[INFO] [stdout] 
[INFO] [stdout] test result: ok. 2 passed; 0 failed; 0 ignored; 0 measured; 0 filtered out; finished in 0.00s
[INFO] [stdout] 
[INFO] [stderr]      Running tests/conversion.rs (/opt/rustwide/target/release/deps/conversion-05b4a6ea6e83c646)
[INFO] [stdout] 
[INFO] [stdout] running 12 tests
[INFO] [stdout] test context_error_from_str::case_2_string ... ok
[INFO] [stdout] test context_error_from_str::case_3_derived_context_error_kind ... ok
[INFO] [stdout] test context_error_from_str::case_1_str ... ok
[INFO] [stdout] test error_ext_with_context ... ok
[INFO] [stdout] test error_ext_into_context ... ok
[INFO] [stdout] test kinded_into_kind_multiple_kinds_inner ... ok
[INFO] [stdout] test kinded_into_kind_not_found::case_2_ends_with_kind ... ok
[INFO] [stdout] test kinded_into_kind_not_found::case_3_starts_and_ends_with_kind ... ok
[INFO] [stdout] test kinded_into_kind_not_found::case_4_kind_then_string ... ok
[INFO] [stdout] test kinded_into_kind_multiple_kinds_outer ... ok
[INFO] [stdout] test kinded_into_kind_not_found::case_1_no_other_cek ... ok
[INFO] [stdout] test kinded_into_kind_not_found::case_5_string_kind_string ... ok
[INFO] [stdout] 
[INFO] [stdout] test result: ok. 12 passed; 0 failed; 0 ignored; 0 measured; 0 filtered out; finished in 0.00s
[INFO] [stdout] 
[INFO] [stderr]      Running tests/derive.rs (/opt/rustwide/target/release/deps/derive-bd2171ad3aa53b0c)
[INFO] [stdout] 
[INFO] [stdout] running 0 tests
[INFO] [stdout] 
[INFO] [stdout] test result: ok. 0 passed; 0 failed; 0 ignored; 0 measured; 0 filtered out; finished in 0.00s
[INFO] [stdout] 
[INFO] [stderr]      Running tests/display.rs (/opt/rustwide/target/release/deps/display-67979e2e80122764)
[INFO] [stdout] 
[INFO] [stdout] running 19 tests
[INFO] [stdout] test validate_display::case_07_thiserror_enum_var2 ... ok
[INFO] [stdout] test validate_display::case_03_string ... ok
[INFO] [stdout] test validate_display::case_09_context_error_kind1 ... ok
[INFO] [stdout] test validate_display::case_01_str ... ok
[INFO] [stdout] test validate_display::case_11_context_error_kind2 ... ok
[INFO] [stdout] test validate_display_with_error_attr::case_1_context_error_kind2_var1 ... ok
[INFO] [stdout] test validate_display::case_05_thiserror_enum_var1 ... ok
[INFO] [stdout] test validate_display_with_error_attr::case_3_context_error_kind2_var2 ... ok
[INFO] [stdout] test validate_display::case_06_thiserror_enum_var1_alt ... FAILED
[INFO] [stdout] test validate_display_with_error_attr::case_2_context_error_kind2_var1_alt ... FAILED
[INFO] [stdout] test validate_display_with_error_attr::case_6_context_error_kind2_tuplevarunindexed ... ok
[INFO] [stdout] test validate_display_with_error_attr::case_7_context_error_kind2_tuplevarindexed ... ok
[INFO] [stdout] test validate_display_with_error_attr::case_5_context_error_kind2_structvar ... ok
[INFO] [stdout] test validate_display::case_08_thiserror_enum_var2_alt ... FAILED
[INFO] [stdout] test validate_display::case_12_context_error_kind2_alt ... FAILED
[INFO] [stdout] test validate_display::case_04_string_alt ... FAILED
[INFO] [stdout] test validate_display::case_10_context_error_kind1_alt ... FAILED
[INFO] [stdout] test validate_display_with_error_attr::case_4_context_error_kind2_var2_alt ... FAILED
[INFO] [stdout] test validate_display::case_02_str_alt ... FAILED
[INFO] [stdout] 
[INFO] [stdout] failures:
[INFO] [stdout] 
[INFO] [stdout] ---- validate_display::case_06_thiserror_enum_var1_alt stdout ----
[INFO] [stdout] ━━━━━━━━━━━━━━━━━━━━━━━━━━━━━━━ Snapshot Summary ━━━━━━━━━━━━━━━━━━━━━━━━━━━━━━━
[INFO] [stdout] Snapshot file: tests/snapshots/display__validate_display__case_thiserror_enum_var1_alt.snap
[INFO] [stdout] Snapshot: validate_display__case_thiserror_enum_var1_alt
[INFO] [stdout] Source: tests/display.rs:40
[INFO] [stdout] ────────────────────────────────────────────────────────────────────────────────
[INFO] [stdout] Expression: format!("{ctxerr:#}")
[INFO] [stdout] ────────────────────────────────────────────────────────────────────────────────
[INFO] [stdout] -old snapshot
[INFO] [stdout] +new results
[INFO] [stdout] ────────────┬───────────────────────────────────────────────────────────────────
[INFO] [stdout]     1       │-var1 at yarel/tests/display.rs:27:51
[INFO] [stdout]           1 │+var1 at tests/display.rs:27:51
[INFO] [stdout] ────────────┴───────────────────────────────────────────────────────────────────
[INFO] [stdout] 
[INFO] [stdout] thread 'validate_display::case_06_thiserror_enum_var1_alt' (855) panicked at tests/display.rs:40:9:
[INFO] [stdout] called `Result::unwrap()` on an `Err` value: FileIo(Os { code: 30, kind: ReadOnlyFilesystem, message: "Read-only file system" }, "/opt/rustwide/workdir/tests/snapshots/display__validate_display__case_thiserror_enum_var1_alt.snap.new")
[INFO] [stdout] stack backtrace:
[INFO] [stdout]    0:     0x611bd98d7f71 - <<std[70759c8f55707aa4]::sys::backtrace::BacktraceLock>::print::DisplayBacktrace as core[df12db4294e9bfd3]::fmt::Display>::fmt
[INFO] [stdout]    1:     0x611bd98eed1a - core[df12db4294e9bfd3]::fmt::write
[INFO] [stdout]    2:     0x611bd98dc97c - <alloc[2182bb758b4b3781]::vec::Vec<u8> as core[df12db4294e9bfd3]::io::write::Write>::write_fmt
[INFO] [stdout]    3:     0x611bd98b12a6 - std[70759c8f55707aa4]::panicking::default_hook::{closure#0}
[INFO] [stdout]    4:     0x611bd98cf169 - std[70759c8f55707aa4]::panicking::default_hook
[INFO] [stdout]    5:     0x611bd97faa90 - test[9d35eded1c95d3be]::test_main_inner::<test[9d35eded1c95d3be]::test_main_static::{closure#0}>::{closure#0}
[INFO] [stdout]    6:     0x611bd98cf322 - std[70759c8f55707aa4]::panicking::panic_with_hook
[INFO] [stdout]    7:     0x611bd98b1352 - std[70759c8f55707aa4]::panicking::panic_handler::{closure#0}
[INFO] [stdout]    8:     0x611bd98a9bf9 - std[70759c8f55707aa4]::sys::backtrace::__rust_end_short_backtrace::<std[70759c8f55707aa4]::panicking::panic_handler::{closure#0}, !>
[INFO] [stdout]    9:     0x611bd98b1fed - __rustc[8fa7c3cbc660c2b3]::rust_begin_unwind
[INFO] [stdout]   10:     0x611bd98ef47c - core[df12db4294e9bfd3]::panicking::panic_fmt
[INFO] [stdout]   11:     0x611bd98ef252 - core[df12db4294e9bfd3]::result::unwrap_failed
[INFO] [stdout]   12:     0x611bd97ec1a4 - display[c97b2c84f5a769a5]::validate_display
[INFO] [stdout]   13:     0x611bd97ed246 - <display[c97b2c84f5a769a5]::validate_display::case_06_thiserror_enum_var1_alt::{closure#0} as core[df12db4294e9bfd3]::ops::function::FnOnce<()>>::call_once
[INFO] [stdout]   14:     0x611bd97edd7b - test[9d35eded1c95d3be]::__rust_begin_short_backtrace::<core[df12db4294e9bfd3]::result::Result<(), alloc[2182bb758b4b3781]::string::String>, fn() -> core[df12db4294e9bfd3]::result::Result<(), alloc[2182bb758b4b3781]::string::String>>
[INFO] [stdout]   15:     0x611bd97fb3e5 - test[9d35eded1c95d3be]::run_test::{closure#0}
[INFO] [stdout]   16:     0x611bd97f4ca4 - std[70759c8f55707aa4]::sys::backtrace::__rust_begin_short_backtrace::<test[9d35eded1c95d3be]::run_test::{closure#1}, ()>
[INFO] [stdout]   17:     0x611bd97fe542 - <std[70759c8f55707aa4]::thread::lifecycle::spawn_unchecked<test[9d35eded1c95d3be]::run_test::{closure#1}, ()>::{closure#1} as core[df12db4294e9bfd3]::ops::function::FnOnce<()>>::call_once::{shim:vtable#0}
[INFO] [stdout]   18:     0x611bd98d6f99 - <std[70759c8f55707aa4]::sys::thread::unix::Thread>::new::thread_start
[INFO] [stdout]   19:     0x7ecb74a7fdfa - <unknown>
[INFO] [stdout]   20:     0x7ecb74b133d4 - clone
[INFO] [stdout]   21:                0x0 - <unknown>
[INFO] [stdout] 
[INFO] [stdout] ---- validate_display_with_error_attr::case_2_context_error_kind2_var1_alt stdout ----
[INFO] [stdout] ━━━━━━━━━━━━━━━━━━━━━━━━━━━━━━━ Snapshot Summary ━━━━━━━━━━━━━━━━━━━━━━━━━━━━━━━
[INFO] [stdout] Snapshot file: tests/snapshots/display__validate_display_with_error_attr__case_context_error_kind2_var1_alt.snap
[INFO] [stdout] Snapshot: validate_display_with_error_attr__case_context_error_kind2_var1_alt
[INFO] [stdout] Source: tests/display.rs:79
[INFO] [stdout] ────────────────────────────────────────────────────────────────────────────────
[INFO] [stdout] Expression: format!("{ctxerr:#}")
[INFO] [stdout] ────────────────────────────────────────────────────────────────────────────────
[INFO] [stdout] -old snapshot
[INFO] [stdout] +new results
[INFO] [stdout] ────────────┬───────────────────────────────────────────────────────────────────
[INFO] [stdout]     1       │-meow at yarel/tests/display.rs:64:57
[INFO] [stdout]           1 │+meow at tests/display.rs:64:57
[INFO] [stdout] ────────────┴───────────────────────────────────────────────────────────────────
[INFO] [stdout] 
[INFO] [stdout] thread 'validate_display_with_error_attr::case_2_context_error_kind2_var1_alt' (868) panicked at tests/display.rs:79:9:
[INFO] [stdout] called `Result::unwrap()` on an `Err` value: FileIo(Os { code: 30, kind: ReadOnlyFilesystem, message: "Read-only file system" }, "/opt/rustwide/workdir/tests/snapshots/display__validate_display_with_error_attr__case_context_error_kind2_var1_alt.snap.new")
[INFO] [stdout] stack backtrace:
[INFO] [stdout]    0:     0x611bd98d7f71 - <<std[70759c8f55707aa4]::sys::backtrace::BacktraceLock>::print::DisplayBacktrace as core[df12db4294e9bfd3]::fmt::Display>::fmt
[INFO] [stdout]    1:     0x611bd98eed1a - core[df12db4294e9bfd3]::fmt::write
[INFO] [stdout]    2:     0x611bd98dc97c - <alloc[2182bb758b4b3781]::vec::Vec<u8> as core[df12db4294e9bfd3]::io::write::Write>::write_fmt
[INFO] [stdout]    3:     0x611bd98b12a6 - std[70759c8f55707aa4]::panicking::default_hook::{closure#0}
[INFO] [stdout]    4:     0x611bd98cf169 - std[70759c8f55707aa4]::panicking::default_hook
[INFO] [stdout]    5:     0x611bd97faa90 - test[9d35eded1c95d3be]::test_main_inner::<test[9d35eded1c95d3be]::test_main_static::{closure#0}>::{closure#0}
[INFO] [stdout]    6:     0x611bd98cf322 - std[70759c8f55707aa4]::panicking::panic_with_hook
[INFO] [stdout]    7:     0x611bd98b1352 - std[70759c8f55707aa4]::panicking::panic_handler::{closure#0}
[INFO] [stdout]    8:     0x611bd98a9bf9 - std[70759c8f55707aa4]::sys::backtrace::__rust_end_short_backtrace::<std[70759c8f55707aa4]::panicking::panic_handler::{closure#0}, !>
[INFO] [stdout]    9:     0x611bd98b1fed - __rustc[8fa7c3cbc660c2b3]::rust_begin_unwind
[INFO] [stdout]   10:     0x611bd98ef47c - core[df12db4294e9bfd3]::panicking::panic_fmt
[INFO] [stdout]   11:     0x611bd98ef252 - core[df12db4294e9bfd3]::result::unwrap_failed
[INFO] [stdout]   12:     0x611bd97ec6a4 - display[c97b2c84f5a769a5]::validate_display_with_error_attr
[INFO] [stdout]   13:     0x611bd97ed799 - <display[c97b2c84f5a769a5]::validate_display_with_error_attr::case_2_context_error_kind2_var1_alt::{closure#0} as core[df12db4294e9bfd3]::ops::function::FnOnce<()>>::call_once
[INFO] [stdout]   14:     0x611bd97edd7b - test[9d35eded1c95d3be]::__rust_begin_short_backtrace::<core[df12db4294e9bfd3]::result::Result<(), alloc[2182bb758b4b3781]::string::String>, fn() -> core[df12db4294e9bfd3]::result::Result<(), alloc[2182bb758b4b3781]::string::String>>
[INFO] [stdout]   15:     0x611bd97fb3e5 - test[9d35eded1c95d3be]::run_test::{closure#0}
[INFO] [stdout]   16:     0x611bd97f4ca4 - std[70759c8f55707aa4]::sys::backtrace::__rust_begin_short_backtrace::<test[9d35eded1c95d3be]::run_test::{closure#1}, ()>
[INFO] [stdout]   17:     0x611bd97fe542 - <std[70759c8f55707aa4]::thread::lifecycle::spawn_unchecked<test[9d35eded1c95d3be]::run_test::{closure#1}, ()>::{closure#1} as core[df12db4294e9bfd3]::ops::function::FnOnce<()>>::call_once::{shim:vtable#0}
[INFO] [stdout]   18:     0x611bd98d6f99 - <std[70759c8f55707aa4]::sys::thread::unix::Thread>::new::thread_start
[INFO] [stdout]   19:     0x7ecb74a7fdfa - <unknown>
[INFO] [stdout]   20:     0x7ecb74b133d4 - clone
[INFO] [stdout]   21:                0x0 - <unknown>
[INFO] [stdout] 
[INFO] [stdout] ---- validate_display::case_08_thiserror_enum_var2_alt stdout ----
[INFO] [stdout] ━━━━━━━━━━━━━━━━━━━━━━━━━━━━━━━ Snapshot Summary ━━━━━━━━━━━━━━━━━━━━━━━━━━━━━━━
[INFO] [stdout] Snapshot file: tests/snapshots/display__validate_display__case_thiserror_enum_var2_alt.snap
[INFO] [stdout] Snapshot: validate_display__case_thiserror_enum_var2_alt
[INFO] [stdout] Source: tests/display.rs:40
[INFO] [stdout] ────────────────────────────────────────────────────────────────────────────────
[INFO] [stdout] Expression: format!("{ctxerr:#}")
[INFO] [stdout] ────────────────────────────────────────────────────────────────────────────────
[INFO] [stdout] -old snapshot
[INFO] [stdout] +new results
[INFO] [stdout] ────────────┬───────────────────────────────────────────────────────────────────
[INFO] [stdout]     1       │-var2 at yarel/tests/display.rs:29:51
[INFO] [stdout]           1 │+var2 at tests/display.rs:29:51
[INFO] [stdout] ────────────┴───────────────────────────────────────────────────────────────────
[INFO] [stdout] 
[INFO] [stdout] thread 'validate_display::case_08_thiserror_enum_var2_alt' (857) panicked at tests/display.rs:40:9:
[INFO] [stdout] called `Result::unwrap()` on an `Err` value: FileIo(Os { code: 30, kind: ReadOnlyFilesystem, message: "Read-only file system" }, "/opt/rustwide/workdir/tests/snapshots/display__validate_display__case_thiserror_enum_var2_alt.snap.new")
[INFO] [stdout] stack backtrace:
[INFO] [stdout]    0:     0x611bd98d7f71 - <<std[70759c8f55707aa4]::sys::backtrace::BacktraceLock>::print::DisplayBacktrace as core[df12db4294e9bfd3]::fmt::Display>::fmt
[INFO] [stdout]    1:     0x611bd98eed1a - core[df12db4294e9bfd3]::fmt::write
[INFO] [stdout]    2:     0x611bd98dc97c - <alloc[2182bb758b4b3781]::vec::Vec<u8> as core[df12db4294e9bfd3]::io::write::Write>::write_fmt
[INFO] [stdout]    3:     0x611bd98b12a6 - std[70759c8f55707aa4]::panicking::default_hook::{closure#0}
[INFO] [stdout]    4:     0x611bd98cf169 - std[70759c8f55707aa4]::panicking::default_hook
[INFO] [stdout]    5:     0x611bd97faa90 - test[9d35eded1c95d3be]::test_main_inner::<test[9d35eded1c95d3be]::test_main_static::{closure#0}>::{closure#0}
[INFO] [stdout]    6:     0x611bd98cf322 - std[70759c8f55707aa4]::panicking::panic_with_hook
[INFO] [stdout]    7:     0x611bd98b1352 - std[70759c8f55707aa4]::panicking::panic_handler::{closure#0}
[INFO] [stdout]    8:     0x611bd98a9bf9 - std[70759c8f55707aa4]::sys::backtrace::__rust_end_short_backtrace::<std[70759c8f55707aa4]::panicking::panic_handler::{closure#0}, !>
[INFO] [stdout]    9:     0x611bd98b1fed - __rustc[8fa7c3cbc660c2b3]::rust_begin_unwind
[INFO] [stdout]   10:     0x611bd98ef47c - core[df12db4294e9bfd3]::panicking::panic_fmt
[INFO] [stdout]   11:     0x611bd98ef252 - core[df12db4294e9bfd3]::result::unwrap_failed
[INFO] [stdout]   12:     0x611bd97ec1a4 - display[c97b2c84f5a769a5]::validate_display
[INFO] [stdout]   13:     0x611bd97ed316 - <display[c97b2c84f5a769a5]::validate_display::case_08_thiserror_enum_var2_alt::{closure#0} as core[df12db4294e9bfd3]::ops::function::FnOnce<()>>::call_once
[INFO] [stdout]   14:     0x611bd97edd7b - test[9d35eded1c95d3be]::__rust_begin_short_backtrace::<core[df12db4294e9bfd3]::result::Result<(), alloc[2182bb758b4b3781]::string::String>, fn() -> core[df12db4294e9bfd3]::result::Result<(), alloc[2182bb758b4b3781]::string::String>>
[INFO] [stdout]   15:     0x611bd97fb3e5 - test[9d35eded1c95d3be]::run_test::{closure#0}
[INFO] [stdout]   16:     0x611bd97f4ca4 - std[70759c8f55707aa4]::sys::backtrace::__rust_begin_short_backtrace::<test[9d35eded1c95d3be]::run_test::{closure#1}, ()>
[INFO] [stdout]   17:     0x611bd97fe542 - <std[70759c8f55707aa4]::thread::lifecycle::spawn_unchecked<test[9d35eded1c95d3be]::run_test::{closure#1}, ()>::{closure#1} as core[df12db4294e9bfd3]::ops::function::FnOnce<()>>::call_once::{shim:vtable#0}
[INFO] [stdout]   18:     0x611bd98d6f99 - <std[70759c8f55707aa4]::sys::thread::unix::Thread>::new::thread_start
[INFO] [stdout]   19:     0x7ecb74a7fdfa - <unknown>
[INFO] [stdout]   20:     0x7ecb74b133d4 - clone
[INFO] [stdout]   21:                0x0 - <unknown>
[INFO] [stdout] 
[INFO] [stdout] ---- validate_display::case_12_context_error_kind2_alt stdout ----
[INFO] [stdout] ━━━━━━━━━━━━━━━━━━━━━━━━━━━━━━━ Snapshot Summary ━━━━━━━━━━━━━━━━━━━━━━━━━━━━━━━
[INFO] [stdout] Snapshot file: tests/snapshots/display__validate_display__case_context_error_kind2_alt.snap
[INFO] [stdout] Snapshot: validate_display__case_context_error_kind2_alt
[INFO] [stdout] Source: tests/display.rs:40
[INFO] [stdout] ────────────────────────────────────────────────────────────────────────────────
[INFO] [stdout] Expression: format!("{ctxerr:#}")
[INFO] [stdout] ────────────────────────────────────────────────────────────────────────────────
[INFO] [stdout] -old snapshot
[INFO] [stdout] +new results
[INFO] [stdout] ────────────┬───────────────────────────────────────────────────────────────────
[INFO] [stdout]     1       │-MyErrorKind::Kind2 at yarel/tests/display.rs:33:52
[INFO] [stdout]           1 │+MyErrorKind::Kind2 at tests/display.rs:33:52
[INFO] [stdout] ────────────┴───────────────────────────────────────────────────────────────────
[INFO] [stdout] 
[INFO] [stdout] thread 'validate_display::case_12_context_error_kind2_alt' (863) panicked at tests/display.rs:40:9:
[INFO] [stdout] called `Result::unwrap()` on an `Err` value: FileIo(Os { code: 30, kind: ReadOnlyFilesystem, message: "Read-only file system" }, "/opt/rustwide/workdir/tests/snapshots/display__validate_display__case_context_error_kind2_alt.snap.new")
[INFO] [stdout] stack backtrace:
[INFO] [stdout]    0:     0x611bd98d7f71 - <<std[70759c8f55707aa4]::sys::backtrace::BacktraceLock>::print::DisplayBacktrace as core[df12db4294e9bfd3]::fmt::Display>::fmt
[INFO] [stdout]    1:     0x611bd98eed1a - core[df12db4294e9bfd3]::fmt::write
[INFO] [stdout]    2:     0x611bd98dc97c - <alloc[2182bb758b4b3781]::vec::Vec<u8> as core[df12db4294e9bfd3]::io::write::Write>::write_fmt
[INFO] [stdout]    3:     0x611bd98b12a6 - std[70759c8f55707aa4]::panicking::default_hook::{closure#0}
[INFO] [stdout]    4:     0x611bd98cf169 - std[70759c8f55707aa4]::panicking::default_hook
[INFO] [stdout]    5:     0x611bd97faa90 - test[9d35eded1c95d3be]::test_main_inner::<test[9d35eded1c95d3be]::test_main_static::{closure#0}>::{closure#0}
[INFO] [stdout]    6:     0x611bd98cf322 - std[70759c8f55707aa4]::panicking::panic_with_hook
[INFO] [stdout]    7:     0x611bd98b1352 - std[70759c8f55707aa4]::panicking::panic_handler::{closure#0}
[INFO] [stdout]    8:     0x611bd98a9bf9 - std[70759c8f55707aa4]::sys::backtrace::__rust_end_short_backtrace::<std[70759c8f55707aa4]::panicking::panic_handler::{closure#0}, !>
[INFO] [stdout]    9:     0x611bd98b1fed - __rustc[8fa7c3cbc660c2b3]::rust_begin_unwind
[INFO] [stdout]   10:     0x611bd98ef47c - core[df12db4294e9bfd3]::panicking::panic_fmt
[INFO] [stdout]   11:     0x611bd98ef252 - core[df12db4294e9bfd3]::result::unwrap_failed
[INFO] [stdout]   12:     0x611bd97ec1a4 - display[c97b2c84f5a769a5]::validate_display
[INFO] [stdout]   13:     0x611bd97ed4b6 - <display[c97b2c84f5a769a5]::validate_display::case_12_context_error_kind2_alt::{closure#0} as core[df12db4294e9bfd3]::ops::function::FnOnce<()>>::call_once
[INFO] [stdout]   14:     0x611bd97edd7b - test[9d35eded1c95d3be]::__rust_begin_short_backtrace::<core[df12db4294e9bfd3]::result::Result<(), alloc[2182bb758b4b3781]::string::String>, fn() -> core[df12db4294e9bfd3]::result::Result<(), alloc[2182bb758b4b3781]::string::String>>
[INFO] [stdout]   15:     0x611bd97fb3e5 - test[9d35eded1c95d3be]::run_test::{closure#0}
[INFO] [stdout]   16:     0x611bd97f4ca4 - std[70759c8f55707aa4]::sys::backtrace::__rust_begin_short_backtrace::<test[9d35eded1c95d3be]::run_test::{closure#1}, ()>
[INFO] [stdout]   17:     0x611bd97fe542 - <std[70759c8f55707aa4]::thread::lifecycle::spawn_unchecked<test[9d35eded1c95d3be]::run_test::{closure#1}, ()>::{closure#1} as core[df12db4294e9bfd3]::ops::function::FnOnce<()>>::call_once::{shim:vtable#0}
[INFO] [stdout]   18:     0x611bd98d6f99 - <std[70759c8f55707aa4]::sys::thread::unix::Thread>::new::thread_start
[INFO] [stdout]   19:     0x7ecb74a7fdfa - <unknown>
[INFO] [stdout]   20:     0x7ecb74b133d4 - clone
[INFO] [stdout]   21:                0x0 - <unknown>
[INFO] [stdout] 
[INFO] [stdout] ---- validate_display::case_04_string_alt stdout ----
[INFO] [stdout] ━━━━━━━━━━━━━━━━━━━━━━━━━━━━━━━ Snapshot Summary ━━━━━━━━━━━━━━━━━━━━━━━━━━━━━━━
[INFO] [stdout] Snapshot file: tests/snapshots/display__validate_display__case_string_alt.snap
[INFO] [stdout] Snapshot: validate_display__case_string_alt
[INFO] [stdout] Source: tests/display.rs:40
[INFO] [stdout] ────────────────────────────────────────────────────────────────────────────────
[INFO] [stdout] Expression: format!("{ctxerr:#}")
[INFO] [stdout] ────────────────────────────────────────────────────────────────────────────────
[INFO] [stdout] -old snapshot
[INFO] [stdout] +new results
[INFO] [stdout] ────────────┬───────────────────────────────────────────────────────────────────
[INFO] [stdout]     1       │-my string error msg at yarel/tests/display.rs:25:56
[INFO] [stdout]           1 │+my string error msg at tests/display.rs:25:56
[INFO] [stdout] ────────────┴───────────────────────────────────────────────────────────────────
[INFO] [stdout] 
[INFO] [stdout] thread 'validate_display::case_04_string_alt' (853) panicked at tests/display.rs:40:9:
[INFO] [stdout] called `Result::unwrap()` on an `Err` value: FileIo(Os { code: 30, kind: ReadOnlyFilesystem, message: "Read-only file system" }, "/opt/rustwide/workdir/tests/snapshots/display__validate_display__case_string_alt.snap.new")
[INFO] [stdout] stack backtrace:
[INFO] [stdout]    0:     0x611bd98d7f71 - <<std[70759c8f55707aa4]::sys::backtrace::BacktraceLock>::print::DisplayBacktrace as core[df12db4294e9bfd3]::fmt::Display>::fmt
[INFO] [stdout]    1:     0x611bd98eed1a - core[df12db4294e9bfd3]::fmt::write
[INFO] [stdout]    2:     0x611bd98dc97c - <alloc[2182bb758b4b3781]::vec::Vec<u8> as core[df12db4294e9bfd3]::io::write::Write>::write_fmt
[INFO] [stdout]    3:     0x611bd98b12a6 - std[70759c8f55707aa4]::panicking::default_hook::{closure#0}
[INFO] [stdout]    4:     0x611bd98cf169 - std[70759c8f55707aa4]::panicking::default_hook
[INFO] [stdout]    5:     0x611bd97faa90 - test[9d35eded1c95d3be]::test_main_inner::<test[9d35eded1c95d3be]::test_main_static::{closure#0}>::{closure#0}
[INFO] [stdout]    6:     0x611bd98cf322 - std[70759c8f55707aa4]::panicking::panic_with_hook
[INFO] [stdout]    7:     0x611bd98b1352 - std[70759c8f55707aa4]::panicking::panic_handler::{closure#0}
[INFO] [stdout]    8:     0x611bd98a9bf9 - std[70759c8f55707aa4]::sys::backtrace::__rust_end_short_backtrace::<std[70759c8f55707aa4]::panicking::panic_handler::{closure#0}, !>
[INFO] [stdout]    9:     0x611bd98b1fed - __rustc[8fa7c3cbc660c2b3]::rust_begin_unwind
[INFO] [stdout]   10:     0x611bd98ef47c - core[df12db4294e9bfd3]::panicking::panic_fmt
[INFO] [stdout]   11:     0x611bd98ef252 - core[df12db4294e9bfd3]::result::unwrap_failed
[INFO] [stdout]   12:     0x611bd97ec1a4 - display[c97b2c84f5a769a5]::validate_display
[INFO] [stdout]   13:     0x611bd97ece3b - <display[c97b2c84f5a769a5]::validate_display::case_04_string_alt::{closure#0} as core[df12db4294e9bfd3]::ops::function::FnOnce<()>>::call_once
[INFO] [stdout]   14:     0x611bd97edd7b - test[9d35eded1c95d3be]::__rust_begin_short_backtrace::<core[df12db4294e9bfd3]::result::Result<(), alloc[2182bb758b4b3781]::string::String>, fn() -> core[df12db4294e9bfd3]::result::Result<(), alloc[2182bb758b4b3781]::string::String>>
[INFO] [stdout]   15:     0x611bd97fb3e5 - test[9d35eded1c95d3be]::run_test::{closure#0}
[INFO] [stdout]   16:     0x611bd97f4ca4 - std[70759c8f55707aa4]::sys::backtrace::__rust_begin_short_backtrace::<test[9d35eded1c95d3be]::run_test::{closure#1}, ()>
[INFO] [stdout]   17:     0x611bd97fe542 - <std[70759c8f55707aa4]::thread::lifecycle::spawn_unchecked<test[9d35eded1c95d3be]::run_test::{closure#1}, ()>::{closure#1} as core[df12db4294e9bfd3]::ops::function::FnOnce<()>>::call_once::{shim:vtable#0}
[INFO] [stdout]   18:     0x611bd98d6f99 - <std[70759c8f55707aa4]::sys::thread::unix::Thread>::new::thread_start
[INFO] [stdout]   19:     0x7ecb74a7fdfa - <unknown>
[INFO] [stdout]   20:     0x7ecb74b133d4 - clone
[INFO] [stdout]   21:                0x0 - <unknown>
[INFO] [stdout] 
[INFO] [stdout] ---- validate_display::case_10_context_error_kind1_alt stdout ----
[INFO] [stdout] ━━━━━━━━━━━━━━━━━━━━━━━━━━━━━━━ Snapshot Summary ━━━━━━━━━━━━━━━━━━━━━━━━━━━━━━━
[INFO] [stdout] Snapshot file: tests/snapshots/display__validate_display__case_context_error_kind1_alt.snap
[INFO] [stdout] Snapshot: validate_display__case_context_error_kind1_alt
[INFO] [stdout] Source: tests/display.rs:40
[INFO] [stdout] ────────────────────────────────────────────────────────────────────────────────
[INFO] [stdout] Expression: format!("{ctxerr:#}")
[INFO] [stdout] ────────────────────────────────────────────────────────────────────────────────
[INFO] [stdout] -old snapshot
[INFO] [stdout] +new results
[INFO] [stdout] ────────────┬───────────────────────────────────────────────────────────────────
[INFO] [stdout]     1       │-MyErrorKind::Kind1 at yarel/tests/display.rs:31:52
[INFO] [stdout]           1 │+MyErrorKind::Kind1 at tests/display.rs:31:52
[INFO] [stdout] ────────────┴───────────────────────────────────────────────────────────────────
[INFO] [stdout] 
[INFO] [stdout] thread 'validate_display::case_10_context_error_kind1_alt' (861) panicked at tests/display.rs:40:9:
[INFO] [stdout] called `Result::unwrap()` on an `Err` value: FileIo(Os { code: 30, kind: ReadOnlyFilesystem, message: "Read-only file system" }, "/opt/rustwide/workdir/tests/snapshots/display__validate_display__case_context_error_kind1_alt.snap.new")
[INFO] [stdout] stack backtrace:
[INFO] [stdout]    0:     0x611bd98d7f71 - <<std[70759c8f55707aa4]::sys::backtrace::BacktraceLock>::print::DisplayBacktrace as core[df12db4294e9bfd3]::fmt::Display>::fmt
[INFO] [stdout]    1:     0x611bd98eed1a - core[df12db4294e9bfd3]::fmt::write
[INFO] [stdout]    2:     0x611bd98dc97c - <alloc[2182bb758b4b3781]::vec::Vec<u8> as core[df12db4294e9bfd3]::io::write::Write>::write_fmt
[INFO] [stdout]    3:     0x611bd98b12a6 - std[70759c8f55707aa4]::panicking::default_hook::{closure#0}
[INFO] [stdout]    4:     0x611bd98cf169 - std[70759c8f55707aa4]::panicking::default_hook
[INFO] [stdout]    5:     0x611bd97faa90 - test[9d35eded1c95d3be]::test_main_inner::<test[9d35eded1c95d3be]::test_main_static::{closure#0}>::{closure#0}
[INFO] [stdout]    6:     0x611bd98cf322 - std[70759c8f55707aa4]::panicking::panic_with_hook
[INFO] [stdout]    7:     0x611bd98b1352 - std[70759c8f55707aa4]::panicking::panic_handler::{closure#0}
[INFO] [stdout]    8:     0x611bd98a9bf9 - std[70759c8f55707aa4]::sys::backtrace::__rust_end_short_backtrace::<std[70759c8f55707aa4]::panicking::panic_handler::{closure#0}, !>
[INFO] [stdout]    9:     0x611bd98b1fed - __rustc[8fa7c3cbc660c2b3]::rust_begin_unwind
[INFO] [stdout]   10:     0x611bd98ef47c - core[df12db4294e9bfd3]::panicking::panic_fmt
[INFO] [stdout]   11:     0x611bd98ef252 - core[df12db4294e9bfd3]::result::unwrap_failed
[INFO] [stdout]   12:     0x611bd97ec1a4 - display[c97b2c84f5a769a5]::validate_display
[INFO] [stdout]   13:     0x611bd97ed3e6 - <display[c97b2c84f5a769a5]::validate_display::case_10_context_error_kind1_alt::{closure#0} as core[df12db4294e9bfd3]::ops::function::FnOnce<()>>::call_once
[INFO] [stdout]   14:     0x611bd97edd7b - test[9d35eded1c95d3be]::__rust_begin_short_backtrace::<core[df12db4294e9bfd3]::result::Result<(), alloc[2182bb758b4b3781]::string::String>, fn() -> core[df12db4294e9bfd3]::result::Result<(), alloc[2182bb758b4b3781]::string::String>>
[INFO] [stdout]   15:     0x611bd97fb3e5 - test[9d35eded1c95d3be]::run_test::{closure#0}
[INFO] [stdout]   16:     0x611bd97f4ca4 - std[70759c8f55707aa4]::sys::backtrace::__rust_begin_short_backtrace::<test[9d35eded1c95d3be]::run_test::{closure#1}, ()>
[INFO] [stdout]   17:     0x611bd97fe542 - <std[70759c8f55707aa4]::thread::lifecycle::spawn_unchecked<test[9d35eded1c95d3be]::run_test::{closure#1}, ()>::{closure#1} as core[df12db4294e9bfd3]::ops::function::FnOnce<()>>::call_once::{shim:vtable#0}
[INFO] [stdout]   18:     0x611bd98d6f99 - <std[70759c8f55707aa4]::sys::thread::unix::Thread>::new::thread_start
[INFO] [stdout]   19:     0x7ecb74a7fdfa - <unknown>
[INFO] [stdout]   20:     0x7ecb74b133d4 - clone
[INFO] [stdout]   21:                0x0 - <unknown>
[INFO] [stdout] 
[INFO] [stdout] ---- validate_display_with_error_attr::case_4_context_error_kind2_var2_alt stdout ----
[INFO] [stdout] ━━━━━━━━━━━━━━━━━━━━━━━━━━━━━━━ Snapshot Summary ━━━━━━━━━━━━━━━━━━━━━━━━━━━━━━━
[INFO] [stdout] Snapshot file: tests/snapshots/display__validate_display_with_error_attr__case_context_error_kind2_var2_alt.snap
[INFO] [stdout] Snapshot: validate_display_with_error_attr__case_context_error_kind2_var2_alt
[INFO] [stdout] Source: tests/display.rs:79
[INFO] [stdout] ────────────────────────────────────────────────────────────────────────────────
[INFO] [stdout] Expression: format!("{ctxerr:#}")
[INFO] [stdout] ────────────────────────────────────────────────────────────────────────────────
[INFO] [stdout] -old snapshot
[INFO] [stdout] +new results
[INFO] [stdout] ────────────┬───────────────────────────────────────────────────────────────────
[INFO] [stdout]     1       │-MyErrorKind2::Var2 at yarel/tests/display.rs:66:57
[INFO] [stdout]           1 │+MyErrorKind2::Var2 at tests/display.rs:66:57
[INFO] [stdout] ────────────┴───────────────────────────────────────────────────────────────────
[INFO] [stdout] 
[INFO] [stdout] thread 'validate_display_with_error_attr::case_4_context_error_kind2_var2_alt' (881) panicked at tests/display.rs:79:9:
[INFO] [stdout] called `Result::unwrap()` on an `Err` value: FileIo(Os { code: 30, kind: ReadOnlyFilesystem, message: "Read-only file system" }, "/opt/rustwide/workdir/tests/snapshots/display__validate_display_with_error_attr__case_context_error_kind2_var2_alt.snap.new")
[INFO] [stdout] stack backtrace:
[INFO] [stdout]    0:     0x611bd98d7f71 - <<std[70759c8f55707aa4]::sys::backtrace::BacktraceLock>::print::DisplayBacktrace as core[df12db4294e9bfd3]::fmt::Display>::fmt
[INFO] [stdout]    1:     0x611bd98eed1a - core[df12db4294e9bfd3]::fmt::write
[INFO] [stdout]    2:     0x611bd98dc97c - <alloc[2182bb758b4b3781]::vec::Vec<u8> as core[df12db4294e9bfd3]::io::write::Write>::write_fmt
[INFO] [stdout]    3:     0x611bd98b12a6 - std[70759c8f55707aa4]::panicking::default_hook::{closure#0}
[INFO] [stdout]    4:     0x611bd98cf169 - std[70759c8f55707aa4]::panicking::default_hook
[INFO] [stdout]    5:     0x611bd97faa90 - test[9d35eded1c95d3be]::test_main_inner::<test[9d35eded1c95d3be]::test_main_static::{closure#0}>::{closure#0}
[INFO] [stdout]    6:     0x611bd98cf322 - std[70759c8f55707aa4]::panicking::panic_with_hook
[INFO] [stdout]    7:     0x611bd98b1352 - std[70759c8f55707aa4]::panicking::panic_handler::{closure#0}
[INFO] [stdout]    8:     0x611bd98a9bf9 - std[70759c8f55707aa4]::sys::backtrace::__rust_end_short_backtrace::<std[70759c8f55707aa4]::panicking::panic_handler::{closure#0}, !>
[INFO] [stdout]    9:     0x611bd98b1fed - __rustc[8fa7c3cbc660c2b3]::rust_begin_unwind
[INFO] [stdout]   10:     0x611bd98ef47c - core[df12db4294e9bfd3]::panicking::panic_fmt
[INFO] [stdout]   11:     0x611bd98ef252 - core[df12db4294e9bfd3]::result::unwrap_failed
[INFO] [stdout]   12:     0x611bd97ec6a4 - display[c97b2c84f5a769a5]::validate_display_with_error_attr
[INFO] [stdout]   13:     0x611bd97ed899 - <display[c97b2c84f5a769a5]::validate_display_with_error_attr::case_4_context_error_kind2_var2_alt::{closure#0} as core[df12db4294e9bfd3]::ops::function::FnOnce<()>>::call_once
[INFO] [stdout]   14:     0x611bd97edd7b - test[9d35eded1c95d3be]::__rust_begin_short_backtrace::<core[df12db4294e9bfd3]::result::Result<(), alloc[2182bb758b4b3781]::string::String>, fn() -> core[df12db4294e9bfd3]::result::Result<(), alloc[2182bb758b4b3781]::string::String>>
[INFO] [stdout]   15:     0x611bd97fb3e5 - test[9d35eded1c95d3be]::run_test::{closure#0}
[INFO] [stdout]   16:     0x611bd97f4ca4 - std[70759c8f55707aa4]::sys::backtrace::__rust_begin_short_backtrace::<test[9d35eded1c95d3be]::run_test::{closure#1}, ()>
[INFO] [stdout]   17:     0x611bd97fe542 - <std[70759c8f55707aa4]::thread::lifecycle::spawn_unchecked<test[9d35eded1c95d3be]::run_test::{closure#1}, ()>::{closure#1} as core[df12db4294e9bfd3]::ops::function::FnOnce<()>>::call_once::{shim:vtable#0}
[INFO] [stdout]   18:     0x611bd98d6f99 - <std[70759c8f55707aa4]::sys::thread::unix::Thread>::new::thread_start
[INFO] [stdout]   19:     0x7ecb74a7fdfa - <unknown>
[INFO] [stdout]   20:     0x7ecb74b133d4 - clone
[INFO] [stdout]   21:                0x0 - <unknown>
[INFO] [stdout] 
[INFO] [stdout] ---- validate_display::case_02_str_alt stdout ----
[INFO] [stdout] ━━━━━━━━━━━━━━━━━━━━━━━━━━━━━━━ Snapshot Summary ━━━━━━━━━━━━━━━━━━━━━━━━━━━━━━━
[INFO] [stdout] Snapshot file: tests/snapshots/display__validate_display__case_str_alt.snap
[INFO] [stdout] Snapshot: validate_display__case_str_alt
[INFO] [stdout] Source: tests/display.rs:40
[INFO] [stdout] ────────────────────────────────────────────────────────────────────────────────
[INFO] [stdout] Expression: format!("{ctxerr:#}")
[INFO] [stdout] ────────────────────────────────────────────────────────────────────────────────
[INFO] [stdout] -old snapshot
[INFO] [stdout] +new results
[INFO] [stdout] ────────────┬───────────────────────────────────────────────────────────────────
[INFO] [stdout]     1       │-my str error msg at yarel/tests/display.rs:23:36
[INFO] [stdout]           1 │+my str error msg at tests/display.rs:23:36
[INFO] [stdout] ────────────┴───────────────────────────────────────────────────────────────────
[INFO] [stdout] 
[INFO] [stdout] thread 'validate_display::case_02_str_alt' (851) panicked at tests/display.rs:40:9:
[INFO] [stdout] called `Result::unwrap()` on an `Err` value: FileIo(Os { code: 30, kind: ReadOnlyFilesystem, message: "Read-only file system" }, "/opt/rustwide/workdir/tests/snapshots/display__validate_display__case_str_alt.snap.new")
[INFO] [stdout] stack backtrace:
[INFO] [stdout]    0:     0x611bd98d7f71 - <<std[70759c8f55707aa4]::sys::backtrace::BacktraceLock>::print::DisplayBacktrace as core[df12db4294e9bfd3]::fmt::Display>::fmt
[INFO] [stdout]    1:     0x611bd98eed1a - core[df12db4294e9bfd3]::fmt::write
[INFO] [stdout]    2:     0x611bd98dc97c - <alloc[2182bb758b4b3781]::vec::Vec<u8> as core[df12db4294e9bfd3]::io::write::Write>::write_fmt
[INFO] [stdout]    3:     0x611bd98b12a6 - std[70759c8f55707aa4]::panicking::default_hook::{closure#0}
[INFO] [stdout]    4:     0x611bd98cf169 - std[70759c8f55707aa4]::panicking::default_hook
[INFO] [stdout]    5:     0x611bd97faa90 - test[9d35eded1c95d3be]::test_main_inner::<test[9d35eded1c95d3be]::test_main_static::{closure#0}>::{closure#0}
[INFO] [stdout]    6:     0x611bd98cf322 - std[70759c8f55707aa4]::panicking::panic_with_hook
[INFO] [stdout]    7:     0x611bd98b1352 - std[70759c8f55707aa4]::panicking::panic_handler::{closure#0}
[INFO] [stdout]    8:     0x611bd98a9bf9 - std[70759c8f55707aa4]::sys::backtrace::__rust_end_short_backtrace::<std[70759c8f55707aa4]::panicking::panic_handler::{closure#0}, !>
[INFO] [stdout]    9:     0x611bd98b1fed - __rustc[8fa7c3cbc660c2b3]::rust_begin_unwind
[INFO] [stdout]   10:     0x611bd98ef47c - core[df12db4294e9bfd3]::panicking::panic_fmt
[INFO] [stdout]   11:     0x611bd98ef252 - core[df12db4294e9bfd3]::result::unwrap_failed
[INFO] [stdout]   12:     0x611bd97ec1a4 - display[c97b2c84f5a769a5]::validate_display
[INFO] [stdout]   13:     0x611bd97ecd77 - <display[c97b2c84f5a769a5]::validate_display::case_02_str_alt::{closure#0} as core[df12db4294e9bfd3]::ops::function::FnOnce<()>>::call_once
[INFO] [stdout]   14:     0x611bd97edd7b - test[9d35eded1c95d3be]::__rust_begin_short_backtrace::<core[df12db4294e9bfd3]::result::Result<(), alloc[2182bb758b4b3781]::string::String>, fn() -> core[df12db4294e9bfd3]::result::Result<(), alloc[2182bb758b4b3781]::string::String>>
[INFO] [stdout]   15:     0x611bd97fb3e5 - test[9d35eded1c95d3be]::run_test::{closure#0}
[INFO] [stdout]   16:     0x611bd97f4ca4 - std[70759c8f55707aa4]::sys::backtrace::__rust_begin_short_backtrace::<test[9d35eded1c95d3be]::run_test::{closure#1}, ()>
[INFO] [stdout]   17:     0x611bd97fe542 - <std[70759c8f55707aa4]::thread::lifecycle::spawn_unchecked<test[9d35eded1c95d3be]::run_test::{closure#1}, ()>::{closure#1} as core[df12db4294e9bfd3]::ops::function::FnOnce<()>>::call_once::{shim:vtable#0}
[INFO] [stdout]   18:     0x611bd98d6f99 - <std[70759c8f55707aa4]::sys::thread::unix::Thread>::new::thread_start
[INFO] [stdout]   19:     0x7ecb74a7fdfa - <unknown>
[INFO] [stdout]   20:     0x7ecb74b133d4 - clone
[INFO] [stdout]   21:                0x0 - <unknown>
[INFO] [stdout] 
[INFO] [stdout] 
[INFO] [stdout] failures:
[INFO] [stdout]     validate_display::case_02_str_alt
[INFO] [stdout]     validate_display::case_04_string_alt
[INFO] [stdout]     validate_display::case_06_thiserror_enum_var1_alt
[INFO] [stdout]     validate_display::case_08_thiserror_enum_var2_alt
[INFO] [stdout]     validate_display::case_10_context_error_kind1_alt
[INFO] [stdout]     validate_display::case_12_context_error_kind2_alt
[INFO] [stdout]     validate_display_with_error_attr::case_2_context_error_kind2_var1_alt
[INFO] [stdout]     validate_display_with_error_attr::case_4_context_error_kind2_var2_alt
[INFO] [stdout] 
[INFO] [stdout] test result: FAILED. 11 passed; 8 failed; 0 ignored; 0 measured; 0 filtered out; finished in 0.85s
[INFO] [stdout] 
[INFO] [stderr] error: test failed, to rerun pass `--test display`
[INFO] running `Command { std: "docker" "inspect" "78d051f65686699b5381b110ecd637026db103e1e1734820dd995959e2c5be7e", kill_on_drop: false }`
[INFO] running `Command { std: "docker" "rm" "-f" "78d051f65686699b5381b110ecd637026db103e1e1734820dd995959e2c5be7e", kill_on_drop: false }`
[INFO] [stdout] 78d051f65686699b5381b110ecd637026db103e1e1734820dd995959e2c5be7e
