[INFO] fetching crate yara-forge 0.1.0...
[INFO] testing yara-forge-0.1.0 against 1.99.0-beta.8+cargoflags=--release for beta-release-1.100-2
[INFO] extracting crate yara-forge 0.1.0 into /workspace/builds/worker-6-tc1/source
[INFO] started tweaking crates.io crate yara-forge 0.1.0
[INFO] removed 0 missing examples
[INFO] finished tweaking crates.io crate yara-forge 0.1.0
[INFO] tweaked toml for crates.io crate yara-forge 0.1.0 written to /workspace/builds/worker-6-tc1/source/Cargo.toml
[INFO] validating manifest of crates.io crate yara-forge 0.1.0 on toolchain 1.99.0-beta.8
[INFO] running `Command { std: CARGO_HOME="/workspace/cargo-home" RUSTUP_HOME="/workspace/rustup-home" "/workspace/cargo-home/bin/cargo" "+1.99.0-beta.8" "metadata" "--manifest-path" "Cargo.toml" "--no-deps", kill_on_drop: false }`
[INFO] crate crates.io crate yara-forge 0.1.0 already has a lockfile, it will not be regenerated
[INFO] running `Command { std: CARGO_HOME="/workspace/cargo-home" RUSTUP_HOME="/workspace/rustup-home" "/workspace/cargo-home/bin/cargo" "+1.99.0-beta.8" "fetch" "--manifest-path" "Cargo.toml", kill_on_drop: false }`
[INFO] [stderr]  Downloading crates ...
[INFO] [stderr]   Downloaded serde_json v1.0.134
[INFO] [stderr]   Downloaded oorandom v11.1.4
[INFO] [stderr]   Downloaded cc v1.2.5
[INFO] [stderr]   Downloaded globset v0.4.15
[INFO] [stderr]   Downloaded assert_fs v1.1.2
[INFO] [stderr]   Downloaded syn v2.0.91
[INFO] [stderr]   Downloaded bstr v1.11.1
[INFO] [stderr]   Downloaded web-sys v0.3.76
[INFO] running `Command { std: "docker" "create" "-v" "/var/lib/crater-agent-workspace/builds/worker-6-tc1/source:/opt/rustwide/workdir:ro,Z" "-v" "/var/lib/crater-agent-workspace/builds/worker-6-tc1/target:/opt/rustwide/target:rw,Z" "-v" "/var/lib/crater-agent-workspace/cargo-home:/opt/rustwide/cargo-home:ro,Z" "-v" "/var/lib/crater-agent-workspace/rustup-home:/opt/rustwide/rustup-home:ro,Z" "-m" "1610612736" "--network" "none" "ghcr.io/rust-lang/crates-build-env/linux@sha256:77db811e55d90add9212f6832c23229e3de5f1c1f9905e8cb07319ea15df73ac" "sleep" "infinity", kill_on_drop: false }`
[INFO] [stdout] 17e13dc5641ce157243bbdee5e298a9dc11d6334ba4053f617a097e60614a446
[INFO] running `Command { std: "docker" "start" "17e13dc5641ce157243bbdee5e298a9dc11d6334ba4053f617a097e60614a446", kill_on_drop: false }`
[INFO] running `Command { std: "docker" "inspect" "17e13dc5641ce157243bbdee5e298a9dc11d6334ba4053f617a097e60614a446", kill_on_drop: false }`
[INFO] running `Command { std: "docker" "exec" "-e" "SOURCE_DIR=/opt/rustwide/workdir" "-e" "CARGO_HOME=/opt/rustwide/cargo-home" "-e" "RUSTUP_HOME=/opt/rustwide/rustup-home" "-e" "CARGO_TARGET_DIR=/opt/rustwide/target" "-w" "/opt/rustwide/workdir" "--user" "0:0" "17e13dc5641ce157243bbdee5e298a9dc11d6334ba4053f617a097e60614a446" "/opt/rustwide/cargo-home/bin/cargo" "+1.99.0-beta.8" "metadata" "--no-deps" "--format-version=1", kill_on_drop: false }`
[INFO] running `Command { std: "docker" "inspect" "17e13dc5641ce157243bbdee5e298a9dc11d6334ba4053f617a097e60614a446", kill_on_drop: false }`
[INFO] running `Command { std: "docker" "exec" "-e" "SOURCE_DIR=/opt/rustwide/workdir" "-e" "CARGO_HOME=/opt/rustwide/cargo-home" "-e" "RUSTUP_HOME=/opt/rustwide/rustup-home" "-e" "CARGO_TARGET_DIR=/opt/rustwide/target" "-e" "CARGO_INCREMENTAL=0" "-e" "RUST_BACKTRACE=full" "-e" "RUSTFLAGS=--cap-lints=warn" "-e" "RUSTDOCFLAGS=--cap-lints=warn" "-w" "/opt/rustwide/workdir" "--user" "0:0" "17e13dc5641ce157243bbdee5e298a9dc11d6334ba4053f617a097e60614a446" "/opt/rustwide/cargo-home/bin/cargo" "+1.99.0-beta.8" "build" "--frozen" "--message-format=json" "--release", kill_on_drop: false }`
[INFO] [stderr]    Compiling proc-macro2 v1.0.92
[INFO] [stderr]    Compiling unicode-ident v1.0.14
[INFO] [stderr]    Compiling typenum v1.17.0
[INFO] [stderr]    Compiling version_check v0.9.5
[INFO] [stderr]    Compiling crossbeam-utils v0.8.21
[INFO] [stderr]    Compiling autocfg v1.4.0
[INFO] [stderr]    Compiling libc v0.2.169
[INFO] [stderr]    Compiling cfg-if v1.0.0
[INFO] [stderr]    Compiling memchr v2.7.4
[INFO] [stderr]    Compiling rustix v0.38.42
[INFO] [stderr]    Compiling serde v1.0.216
[INFO] [stderr]    Compiling rayon-core v1.12.1
[INFO] [stderr]    Compiling serde_json v1.0.134
[INFO] [stderr]    Compiling linux-raw-sys v0.4.14
[INFO] [stderr]    Compiling bitflags v2.6.0
[INFO] [stderr]    Compiling thiserror v1.0.69
[INFO] [stderr]    Compiling regex-syntax v0.8.5
[INFO] [stderr]    Compiling either v1.13.0
[INFO] [stderr]    Compiling once_cell v1.20.2
[INFO] [stderr]    Compiling iana-time-zone v0.1.61
[INFO] [stderr]    Compiling generic-array v0.14.7
[INFO] [stderr]    Compiling fastrand v2.3.0
[INFO] [stderr]    Compiling ryu v1.0.18
[INFO] [stderr]    Compiling same-file v1.0.6
[INFO] [stderr]    Compiling itoa v1.0.14
[INFO] [stderr]    Compiling cpufeatures v0.2.16
[INFO] [stderr]    Compiling walkdir v2.5.0
[INFO] [stderr]    Compiling base64 v0.21.7
[INFO] [stderr]    Compiling lazy_static v1.5.0
[INFO] [stderr]    Compiling hex v0.4.3
[INFO] [stderr]    Compiling num-traits v0.2.19
[INFO] [stderr]    Compiling aho-corasick v1.1.3
[INFO] [stderr]    Compiling quote v1.0.38
[INFO] [stderr]    Compiling syn v2.0.91
[INFO] [stderr]    Compiling getrandom v0.2.15
[INFO] [stderr]    Compiling uuid v1.11.0
[INFO] [stderr]    Compiling crossbeam-epoch v0.9.18
[INFO] [stderr]    Compiling crossbeam-deque v0.8.6
[INFO] [stderr]    Compiling chrono v0.4.39
[INFO] [stderr]    Compiling rayon v1.10.0
[INFO] [stderr]    Compiling block-buffer v0.10.4
[INFO] [stderr]    Compiling crypto-common v0.1.6
[INFO] [stderr]    Compiling digest v0.10.7
[INFO] [stderr]    Compiling sha2 v0.10.8
[INFO] [stderr]    Compiling serde_derive v1.0.216
[INFO] [stderr]    Compiling thiserror-impl v1.0.69
[INFO] [stderr]    Compiling regex-automata v0.4.9
[INFO] [stderr]    Compiling tempfile v3.14.0
[INFO] [stderr]    Compiling regex v1.11.1
[INFO] [stderr]    Compiling yara-forge v0.1.0 (/opt/rustwide/workdir)
[INFO] [stdout] warning: unused import: `RuleBuilder`
[INFO] [stdout]  --> src/bin/yara-forge.rs:2:18
[INFO] [stdout]   |
[INFO] [stdout] 2 | use yara_forge::{RuleBuilder, ValidationOptions};
[INFO] [stdout]   |                  ^^^^^^^^^^^
[INFO] [stdout]   |
[INFO] [stdout]   = note: `#[warn(unused_imports)]` (part of `#[warn(unused)]`) on by default
[INFO] [stdout] 
[INFO] [stdout] 
[INFO] [stderr]     Finished `release` profile [optimized] target(s) in 29.31s
[INFO] running `Command { std: "docker" "inspect" "17e13dc5641ce157243bbdee5e298a9dc11d6334ba4053f617a097e60614a446", kill_on_drop: false }`
[INFO] running `Command { std: "docker" "exec" "-e" "SOURCE_DIR=/opt/rustwide/workdir" "-e" "CARGO_HOME=/opt/rustwide/cargo-home" "-e" "RUSTUP_HOME=/opt/rustwide/rustup-home" "-e" "CARGO_TARGET_DIR=/opt/rustwide/target" "-e" "CARGO_INCREMENTAL=0" "-e" "RUST_BACKTRACE=full" "-e" "RUSTFLAGS=--cap-lints=warn" "-e" "RUSTDOCFLAGS=--cap-lints=warn" "-w" "/opt/rustwide/workdir" "--user" "0:0" "17e13dc5641ce157243bbdee5e298a9dc11d6334ba4053f617a097e60614a446" "/opt/rustwide/cargo-home/bin/cargo" "+1.99.0-beta.8" "test" "--frozen" "--no-run" "--message-format=json" "--release", kill_on_drop: false }`
[INFO] [stderr]    Compiling memchr v2.7.4
[INFO] [stderr]    Compiling syn v2.0.91
[INFO] [stderr]    Compiling regex-syntax v0.8.5
[INFO] [stderr]    Compiling serde v1.0.216
[INFO] [stderr]    Compiling libc v0.2.169
[INFO] [stderr]    Compiling same-file v1.0.6
[INFO] [stderr]    Compiling either v1.13.0
[INFO] [stderr]    Compiling anstyle v1.0.10
[INFO] [stderr]    Compiling bitflags v2.6.0
[INFO] [stderr]    Compiling num-traits v0.2.19
[INFO] [stderr]    Compiling crossbeam-utils v0.8.21
[INFO] [stderr]    Compiling typenum v1.17.0
[INFO] [stderr]    Compiling log v0.4.22
[INFO] [stderr]    Compiling itoa v1.0.14
[INFO] [stderr]    Compiling once_cell v1.20.2
[INFO] [stderr]    Compiling ryu v1.0.18
[INFO] [stderr]    Compiling linux-raw-sys v0.4.14
[INFO] [stderr]    Compiling walkdir v2.5.0
[INFO] [stderr]    Compiling half v2.4.1
[INFO] [stderr]    Compiling fastrand v2.3.0
[INFO] [stderr]    Compiling plotters-backend v0.3.7
[INFO] [stderr]    Compiling ciborium-io v0.2.2
[INFO] [stderr]    Compiling cfg-if v1.0.0
[INFO] [stderr]    Compiling doc-comment v0.3.3
[INFO] [stderr]    Compiling predicates-core v1.0.9
[INFO] [stderr]    Compiling clap_lex v0.7.4
[INFO] [stderr]    Compiling itertools v0.10.5
[INFO] [stderr]    Compiling normalize-line-endings v0.3.0
[INFO] [stderr]    Compiling cast v0.3.0
[INFO] [stderr]    Compiling difflib v0.4.0
[INFO] [stderr]    Compiling cpufeatures v0.2.16
[INFO] [stderr]    Compiling crossbeam-epoch v0.9.18
[INFO] [stderr]    Compiling clap_builder v4.5.23
[INFO] [stderr]    Compiling getrandom v0.2.15
[INFO] [stderr]    Compiling termtree v0.5.1
[INFO] [stderr]    Compiling iana-time-zone v0.1.61
[INFO] [stderr]    Compiling rustix v0.38.42
[INFO] [stderr]    Compiling plotters-svg v0.3.7
[INFO] [stderr]    Compiling ciborium-ll v0.2.2
[INFO] [stderr]    Compiling predicates-tree v1.0.12
[INFO] [stderr]    Compiling crossbeam-deque v0.8.6
[INFO] [stderr]    Compiling uuid v1.11.0
[INFO] [stderr]    Compiling is-terminal v0.4.13
[INFO] [stderr]    Compiling aho-corasick v1.1.3
[INFO] [stderr]    Compiling bstr v1.11.1
[INFO] [stderr]    Compiling base64 v0.21.7
[INFO] [stderr]    Compiling rayon-core v1.12.1
[INFO] [stderr]    Compiling generic-array v0.14.7
[INFO] [stderr]    Compiling oorandom v11.1.4
[INFO] [stderr]    Compiling lazy_static v1.5.0
[INFO] [stderr]    Compiling anes v0.1.6
[INFO] [stderr]    Compiling rayon v1.10.0
[INFO] [stderr]    Compiling float-cmp v0.10.0
[INFO] [stderr]    Compiling plotters v0.3.7
[INFO] [stderr]    Compiling chrono v0.4.39
[INFO] [stderr]    Compiling crypto-common v0.1.6
[INFO] [stderr]    Compiling block-buffer v0.10.4
[INFO] [stderr]    Compiling digest v0.10.7
[INFO] [stderr]    Compiling criterion-plot v0.5.0
[INFO] [stderr]    Compiling sha2 v0.10.8
[INFO] [stderr]    Compiling tempfile v3.14.0
[INFO] [stderr]    Compiling clap v4.5.23
[INFO] [stderr]    Compiling regex-automata v0.4.9
[INFO] [stderr]    Compiling test-case-core v3.3.1
[INFO] [stderr]    Compiling serde_derive v1.0.216
[INFO] [stderr]    Compiling thiserror-impl v1.0.69
[INFO] [stderr]    Compiling test-case-macros v3.3.1
[INFO] [stderr]    Compiling test-case v3.3.1
[INFO] [stderr]    Compiling thiserror v1.0.69
[INFO] [stderr]    Compiling regex v1.11.1
[INFO] [stderr]    Compiling globset v0.4.15
[INFO] [stderr]    Compiling ignore v0.4.23
[INFO] [stderr]    Compiling predicates v3.1.3
[INFO] [stderr]    Compiling globwalk v0.9.1
[INFO] [stderr]    Compiling assert_fs v1.1.2
[INFO] [stderr]    Compiling serde_json v1.0.134
[INFO] [stderr]    Compiling ciborium v0.2.2
[INFO] [stderr]    Compiling tinytemplate v1.2.1
[INFO] [stderr]    Compiling yara-forge v0.1.0 (/opt/rustwide/workdir)
[INFO] [stderr]    Compiling criterion v0.5.1
[INFO] [stdout] warning: unused import: `RuleBuilder`
[INFO] [stdout]  --> src/bin/yara-forge.rs:2:18
[INFO] [stdout]   |
[INFO] [stdout] 2 | use yara_forge::{RuleBuilder, ValidationOptions};
[INFO] [stdout]   |                  ^^^^^^^^^^^
[INFO] [stdout]   |
[INFO] [stdout]   = note: `#[warn(unused_imports)]` (part of `#[warn(unused)]`) on by default
[INFO] [stdout] 
[INFO] [stdout] 
[INFO] [stderr]     Finished `release` profile [optimized] target(s) in 1m 29s
[INFO] running `Command { std: "docker" "inspect" "17e13dc5641ce157243bbdee5e298a9dc11d6334ba4053f617a097e60614a446", kill_on_drop: false }`
[INFO] running `Command { std: "docker" "exec" "-e" "SOURCE_DIR=/opt/rustwide/workdir" "-e" "CARGO_HOME=/opt/rustwide/cargo-home" "-e" "RUSTUP_HOME=/opt/rustwide/rustup-home" "-e" "CARGO_TARGET_DIR=/opt/rustwide/target" "-e" "CARGO_INCREMENTAL=0" "-e" "RUST_BACKTRACE=full" "-e" "RUSTFLAGS=--cap-lints=warn" "-e" "RUSTDOCFLAGS=--cap-lints=warn" "-w" "/opt/rustwide/workdir" "--user" "0:0" "17e13dc5641ce157243bbdee5e298a9dc11d6334ba4053f617a097e60614a446" "/opt/rustwide/cargo-home/bin/cargo" "+1.99.0-beta.8" "test" "--frozen" "--release", kill_on_drop: false }`
[INFO] [stderr] warning: unused import: `RuleBuilder`
[INFO] [stderr]  --> src/bin/yara-forge.rs:2:18
[INFO] [stderr]   |
[INFO] [stderr] 2 | use yara_forge::{RuleBuilder, ValidationOptions};
[INFO] [stderr]   |                  ^^^^^^^^^^^
[INFO] [stderr]   |
[INFO] [stderr]   = note: `#[warn(unused_imports)]` (part of `#[warn(unused)]`) on by default
[INFO] [stderr] 
[INFO] [stderr] warning: `yara-forge` (bin "yara-forge" test) generated 1 warning (run `cargo fix --bin "yara-forge" -p yara-forge --tests` to apply 1 suggestion)
[INFO] [stderr]     Finished `release` profile [optimized] target(s) in 0.11s
[INFO] [stderr]      Running unittests src/lib.rs (/opt/rustwide/target/release/deps/yara_forge-98e33c85327372df)
[INFO] [stdout] 
[INFO] [stdout] running 12 tests
[INFO] [stdout] test utils::tests::test_bytes_to_hex ... ok
[INFO] [stdout] test patterns::tests::test_hex_pattern ... ok
[INFO] [stdout] test utils::tests::test_entropy_calculation ... ok
[INFO] [stdout] test tests::test_basic_rule ... FAILED
[INFO] [stdout] test patterns::tests::test_base64_pattern ... ok
[INFO] [stdout] test tests::test_rule_to_string ... FAILED
[INFO] [stdout] test utils::tests::test_rule_json_export ... FAILED
[INFO] [stdout] test tests::test_invalid_rule_name ... ok
[INFO] [stdout] test patterns::tests::test_sha256_pattern ... ok
[INFO] [stdout] test utils::tests::test_string_escaping ... ok
[INFO] [stdout] test validation::tests::test_invalid_rule ... ok
[INFO] [stdout] test validation::tests::test_rule_validation ... FAILED
[INFO] [stdout] 
[INFO] [stdout] failures:
[INFO] [stdout] 
[INFO] [stdout] ---- tests::test_basic_rule stdout ----
[INFO] [stdout] 
[INFO] [stdout] thread 'tests::test_basic_rule' (1894) panicked at src/lib.rs:228:14:
[INFO] [stdout] called `Result::unwrap()` on an `Err` value: InvalidIdentifier("$suspicious_str")
[INFO] [stdout] stack backtrace:
[INFO] [stdout]    0:     0x6057866c3485 - <unknown>
[INFO] [stdout]    1:     0x60578661f9da - <unknown>
[INFO] [stdout]    2:     0x6057866c2b1b - <unknown>
[INFO] [stdout]    3:     0x6057866c25ff - <unknown>
[INFO] [stdout]    4:     0x6057866c222a - <unknown>
[INFO] [stdout]    5:     0x6057866c1d62 - <unknown>
[INFO] [stdout]    6:     0x6057866e9161 - <unknown>
[INFO] [stdout]    7:     0x6057866e9119 - <unknown>
[INFO] [stdout]    8:     0x6057866e962c - <unknown>
[INFO] [stdout]    9:     0x60578661f86b - <unknown>
[INFO] [stdout]   10:     0x605786623801 - <unknown>
[INFO] [stdout]   11:     0x6057865ef60c - <unknown>
[INFO] [stdout]   12:     0x60578670221b - <unknown>
[INFO] [stdout]   13:     0x6057866fe371 - <unknown>
[INFO] [stdout]   14:     0x6057866fdb5c - <unknown>
[INFO] [stdout]   15:     0x60578671a46c - <unknown>
[INFO] [stdout]   16:     0x6057866ea922 - <unknown>
[INFO] [stdout]   17:     0x775e332b9dfa - <unknown>
[INFO] [stdout]   18:     0x775e3334d3d4 - clone
[INFO] [stdout]   19:                0x0 - <unknown>
[INFO] [stdout] 
[INFO] [stdout] ---- tests::test_rule_to_string stdout ----
[INFO] [stdout] 
[INFO] [stdout] thread 'tests::test_rule_to_string' (1896) panicked at src/lib.rs:255:14:
[INFO] [stdout] called `Result::unwrap()` on an `Err` value: InvalidIdentifier("$suspicious_str")
[INFO] [stdout] stack backtrace:
[INFO] [stdout]    0:     0x6057866c3485 - <unknown>
[INFO] [stdout]    1:     0x60578661f9da - <unknown>
[INFO] [stdout]    2:     0x6057866c2b1b - <unknown>
[INFO] [stdout]    3:     0x6057866c25ff - <unknown>
[INFO] [stdout]    4:     0x6057866c222a - <unknown>
[INFO] [stdout]    5:     0x6057866c1d62 - <unknown>
[INFO] [stdout]    6:     0x6057866e9161 - <unknown>
[INFO] [stdout]    7:     0x6057866e9119 - <unknown>
[INFO] [stdout]    8:     0x6057866e962c - <unknown>
[INFO] [stdout]    9:     0x60578661f86b - <unknown>
[INFO] [stdout]   10:     0x605786623801 - <unknown>
[INFO] [stdout]   11:     0x6057865efb27 - <unknown>
[INFO] [stdout]   12:     0x60578670221b - <unknown>
[INFO] [stdout]   13:     0x6057866fe371 - <unknown>
[INFO] [stdout]   14:     0x6057866fdb5c - <unknown>
[INFO] [stdout]   15:     0x60578671a46c - <unknown>
[INFO] [stdout]   16:     0x6057866ea922 - <unknown>
[INFO] [stdout]   17:     0x775e332b9dfa - <unknown>
[INFO] [stdout]   18:     0x775e3334d3d4 - clone
[INFO] [stdout]   19:                0x0 - <unknown>
[INFO] [stdout] 
[INFO] [stdout] ---- utils::tests::test_rule_json_export stdout ----
[INFO] [stdout] 
[INFO] [stdout] thread 'utils::tests::test_rule_json_export' (1899) panicked at src/utils/mod.rs:150:14:
[INFO] [stdout] called `Result::unwrap()` on an `Err` value: InvalidIdentifier("$test")
[INFO] [stdout] stack backtrace:
[INFO] [stdout]    0:     0x6057866c3485 - <unknown>
[INFO] [stdout]    1:     0x60578661f9da - <unknown>
[INFO] [stdout]    2:     0x6057866c2b1b - <unknown>
[INFO] [stdout]    3:     0x6057866c25ff - <unknown>
[INFO] [stdout]    4:     0x6057866c222a - <unknown>
[INFO] [stdout]    5:     0x6057866c1d62 - <unknown>
[INFO] [stdout]    6:     0x6057866e9161 - <unknown>
[INFO] [stdout]    7:     0x6057866e9119 - <unknown>
[INFO] [stdout]    8:     0x6057866e962c - <unknown>
[INFO] [stdout]    9:     0x60578661f86b - <unknown>
[INFO] [stdout]   10:     0x605786623801 - <unknown>
[INFO] [stdout]   11:     0x6057865f11f1 - <unknown>
[INFO] [stdout]   12:     0x60578670221b - <unknown>
[INFO] [stdout]   13:     0x6057866fe371 - <unknown>
[INFO] [stdout]   14:     0x6057866fdb5c - <unknown>
[INFO] [stdout]   15:     0x60578671a46c - <unknown>
[INFO] [stdout]   16:     0x6057866ea922 - <unknown>
[INFO] [stdout]   17:     0x775e332b9dfa - <unknown>
[INFO] [stdout]   18:     0x775e3334d3d4 - clone
[INFO] [stdout]   19:                0x0 - <unknown>
[INFO] [stdout] 
[INFO] [stdout] ---- validation::tests::test_rule_validation stdout ----
[INFO] [stdout] 
[INFO] [stdout] thread 'validation::tests::test_rule_validation' (1902) panicked at src/validation/mod.rs:166:9:
[INFO] [stdout] assertion failed: validate_rule(rule, &options).is_ok()
[INFO] [stdout] stack backtrace:
[INFO] [stdout]    0:     0x6057866c3485 - <unknown>
[INFO] [stdout]    1:     0x60578661f9da - <unknown>
[INFO] [stdout]    2:     0x6057866c2b1b - <unknown>
[INFO] [stdout]    3:     0x6057866c25ff - <unknown>
[INFO] [stdout]    4:     0x6057866c222a - <unknown>
[INFO] [stdout]    5:     0x6057866c1d62 - <unknown>
[INFO] [stdout]    6:     0x6057866e9192 - <unknown>
[INFO] [stdout]    7:     0x6057866e9119 - <unknown>
[INFO] [stdout]    8:     0x6057866e962c - <unknown>
[INFO] [stdout]    9:     0x60578661f86b - <unknown>
[INFO] [stdout]   10:     0x605786621861 - <unknown>
[INFO] [stdout]   11:     0x6057865effad - <unknown>
[INFO] [stdout]   12:     0x60578670221b - <unknown>
[INFO] [stdout]   13:     0x6057866fe371 - <unknown>
[INFO] [stdout]   14:     0x6057866fdb5c - <unknown>
[INFO] [stdout]   15:     0x60578671a46c - <unknown>
[INFO] [stdout]   16:     0x6057866ea922 - <unknown>
[INFO] [stdout]   17:     0x775e332b9dfa - <unknown>
[INFO] [stdout]   18:     0x775e3334d3d4 - clone
[INFO] [stdout]   19:                0x0 - <unknown>
[INFO] [stdout] 
[INFO] [stdout] 
[INFO] [stdout] failures:
[INFO] [stdout]     tests::test_basic_rule
[INFO] [stdout]     tests::test_rule_to_string
[INFO] [stdout]     utils::tests::test_rule_json_export
[INFO] [stdout]     validation::tests::test_rule_validation
[INFO] [stdout] 
[INFO] [stdout] test result: FAILED. 8 passed; 4 failed; 0 ignored; 0 measured; 0 filtered out; finished in 0.07s
[INFO] [stdout] 
[INFO] [stderr] error: test failed, to rerun pass `--lib`
[INFO] running `Command { std: "docker" "inspect" "17e13dc5641ce157243bbdee5e298a9dc11d6334ba4053f617a097e60614a446", kill_on_drop: false }`
[INFO] running `Command { std: "docker" "rm" "-f" "17e13dc5641ce157243bbdee5e298a9dc11d6334ba4053f617a097e60614a446", kill_on_drop: false }`
[INFO] [stdout] 17e13dc5641ce157243bbdee5e298a9dc11d6334ba4053f617a097e60614a446
