[INFO] fetching crate yamp 0.1.0...
[INFO] testing yamp-0.1.0 against 1.100.0-beta.1+cargoflags=--release for beta-release-1.100-2
[INFO] extracting crate yamp 0.1.0 into /workspace/builds/worker-6-tc2/source
[INFO] started tweaking crates.io crate yamp 0.1.0
[INFO] removed 0 missing tests
[INFO] finished tweaking crates.io crate yamp 0.1.0
[INFO] tweaked toml for crates.io crate yamp 0.1.0 written to /workspace/builds/worker-6-tc2/source/Cargo.toml
[INFO] validating manifest of crates.io crate yamp 0.1.0 on toolchain 1.100.0-beta.1
[INFO] running `Command { std: CARGO_HOME="/workspace/cargo-home" RUSTUP_HOME="/workspace/rustup-home" "/workspace/cargo-home/bin/cargo" "+1.100.0-beta.1" "metadata" "--manifest-path" "Cargo.toml" "--no-deps", kill_on_drop: false }`
[INFO] crate crates.io crate yamp 0.1.0 already has a lockfile, it will not be regenerated
[INFO] running `Command { std: CARGO_HOME="/workspace/cargo-home" RUSTUP_HOME="/workspace/rustup-home" "/workspace/cargo-home/bin/cargo" "+1.100.0-beta.1" "fetch" "--manifest-path" "Cargo.toml", kill_on_drop: false }`
[INFO] [stderr]     Blocking waiting for file lock on package cache
[INFO] running `Command { std: "docker" "create" "-v" "/var/lib/crater-agent-workspace/builds/worker-6-tc2/source:/opt/rustwide/workdir:ro,Z" "-v" "/var/lib/crater-agent-workspace/builds/worker-6-tc2/target:/opt/rustwide/target:rw,Z" "-v" "/var/lib/crater-agent-workspace/cargo-home:/opt/rustwide/cargo-home:ro,Z" "-v" "/var/lib/crater-agent-workspace/rustup-home:/opt/rustwide/rustup-home:ro,Z" "-m" "1610612736" "--network" "none" "ghcr.io/rust-lang/crates-build-env/linux@sha256:77db811e55d90add9212f6832c23229e3de5f1c1f9905e8cb07319ea15df73ac" "sleep" "infinity", kill_on_drop: false }`
[INFO] [stdout] df9a78a4ee79d4e6d6beed7dad68c96c8d0834369982bf20b981864887b537a6
[INFO] running `Command { std: "docker" "start" "df9a78a4ee79d4e6d6beed7dad68c96c8d0834369982bf20b981864887b537a6", kill_on_drop: false }`
[INFO] running `Command { std: "docker" "inspect" "df9a78a4ee79d4e6d6beed7dad68c96c8d0834369982bf20b981864887b537a6", kill_on_drop: false }`
[INFO] running `Command { std: "docker" "exec" "-e" "SOURCE_DIR=/opt/rustwide/workdir" "-e" "CARGO_HOME=/opt/rustwide/cargo-home" "-e" "RUSTUP_HOME=/opt/rustwide/rustup-home" "-e" "CARGO_TARGET_DIR=/opt/rustwide/target" "-w" "/opt/rustwide/workdir" "--user" "0:0" "df9a78a4ee79d4e6d6beed7dad68c96c8d0834369982bf20b981864887b537a6" "/opt/rustwide/cargo-home/bin/cargo" "+1.100.0-beta.1" "metadata" "--no-deps" "--format-version=1", kill_on_drop: false }`
[INFO] running `Command { std: "docker" "inspect" "df9a78a4ee79d4e6d6beed7dad68c96c8d0834369982bf20b981864887b537a6", kill_on_drop: false }`
[INFO] running `Command { std: "docker" "exec" "-e" "SOURCE_DIR=/opt/rustwide/workdir" "-e" "CARGO_HOME=/opt/rustwide/cargo-home" "-e" "RUSTUP_HOME=/opt/rustwide/rustup-home" "-e" "CARGO_TARGET_DIR=/opt/rustwide/target" "-e" "CARGO_INCREMENTAL=0" "-e" "RUST_BACKTRACE=full" "-e" "RUSTFLAGS=--cap-lints=warn" "-e" "RUSTDOCFLAGS=--cap-lints=warn" "-w" "/opt/rustwide/workdir" "--user" "0:0" "df9a78a4ee79d4e6d6beed7dad68c96c8d0834369982bf20b981864887b537a6" "/opt/rustwide/cargo-home/bin/cargo" "+1.100.0-beta.1" "build" "--frozen" "--message-format=json" "--release", kill_on_drop: false }`
[INFO] [stderr]    Compiling yamp v0.1.0 (/opt/rustwide/workdir)
[INFO] [stderr]     Finished `release` profile [optimized] target(s) in 0.88s
[INFO] running `Command { std: "docker" "inspect" "df9a78a4ee79d4e6d6beed7dad68c96c8d0834369982bf20b981864887b537a6", kill_on_drop: false }`
[INFO] running `Command { std: "docker" "exec" "-e" "SOURCE_DIR=/opt/rustwide/workdir" "-e" "CARGO_HOME=/opt/rustwide/cargo-home" "-e" "RUSTUP_HOME=/opt/rustwide/rustup-home" "-e" "CARGO_TARGET_DIR=/opt/rustwide/target" "-e" "CARGO_INCREMENTAL=0" "-e" "RUST_BACKTRACE=full" "-e" "RUSTFLAGS=--cap-lints=warn" "-e" "RUSTDOCFLAGS=--cap-lints=warn" "-w" "/opt/rustwide/workdir" "--user" "0:0" "df9a78a4ee79d4e6d6beed7dad68c96c8d0834369982bf20b981864887b537a6" "/opt/rustwide/cargo-home/bin/cargo" "+1.100.0-beta.1" "test" "--frozen" "--no-run" "--message-format=json" "--release", kill_on_drop: false }`
[INFO] [stderr]    Compiling autocfg v1.5.0
[INFO] [stderr]    Compiling anyhow v1.0.98
[INFO] [stderr]    Compiling memchr v2.7.5
[INFO] [stderr]    Compiling minimal-lexical v0.2.1
[INFO] [stderr]    Compiling utf8-width v0.1.7
[INFO] [stderr]    Compiling diff v0.1.13
[INFO] [stderr]    Compiling yansi v1.0.1
[INFO] [stderr]    Compiling html-escape v0.2.13
[INFO] [stderr]    Compiling pretty_assertions v1.4.1
[INFO] [stderr]    Compiling num-traits v0.2.19
[INFO] [stderr]    Compiling nom v7.1.3
[INFO] [stderr]    Compiling ordered-float v2.10.1
[INFO] [stderr]    Compiling darrentsung_debug_parser v0.3.1
[INFO] [stderr]    Compiling pretty_assertions_sorted v1.2.3
[INFO] [stderr]    Compiling yamp v0.1.0 (/opt/rustwide/workdir)
[INFO] [stderr]     Finished `release` profile [optimized] target(s) in 11.67s
[INFO] running `Command { std: "docker" "inspect" "df9a78a4ee79d4e6d6beed7dad68c96c8d0834369982bf20b981864887b537a6", kill_on_drop: false }`
[INFO] running `Command { std: "docker" "exec" "-e" "SOURCE_DIR=/opt/rustwide/workdir" "-e" "CARGO_HOME=/opt/rustwide/cargo-home" "-e" "RUSTUP_HOME=/opt/rustwide/rustup-home" "-e" "CARGO_TARGET_DIR=/opt/rustwide/target" "-e" "CARGO_INCREMENTAL=0" "-e" "RUST_BACKTRACE=full" "-e" "RUSTFLAGS=--cap-lints=warn" "-e" "RUSTDOCFLAGS=--cap-lints=warn" "-w" "/opt/rustwide/workdir" "--user" "0:0" "df9a78a4ee79d4e6d6beed7dad68c96c8d0834369982bf20b981864887b537a6" "/opt/rustwide/cargo-home/bin/cargo" "+1.100.0-beta.1" "test" "--frozen" "--release", kill_on_drop: false }`
[INFO] [stderr]     Finished `release` profile [optimized] target(s) in 0.04s
[INFO] [stderr]      Running unittests src/lib.rs (/opt/rustwide/target/release/build/yamp/2f9239049fab53aa/out/yamp-2f9239049fab53aa)
[INFO] [stdout] 
[INFO] [stdout] running 15 tests
[INFO] [stdout] test emitter::tests::test_preserve_comments ... ok
[INFO] [stdout] test emitter::tests::test_emit_with_special_chars ... ok
[INFO] [stdout] test emitter::tests::test_emit_array ... ok
[INFO] [stdout] test lexer::tests::test_booleans_and_null ... ok
[INFO] [stdout] test emitter::tests::test_emit_simple_object ... ok
[INFO] [stdout] test lexer::tests::test_arrays ... ok
[INFO] [stdout] test emitter::tests::test_emit_multiline_string ... ok
[INFO] [stdout] test lexer::tests::test_basic_yaml ... ok
[INFO] [stdout] test lexer::tests::test_comments ... ok
[INFO] [stdout] test parser::tests::test_parse_mixed_types ... ok
[INFO] [stdout] test parser::tests::test_parse_simple_object ... ok
[INFO] [stdout] test parser::tests::test_parse_array ... ok
[INFO] [stdout] test parser::tests::test_parse_with_comments ... ok
[INFO] [stdout] test lexer::tests::test_numbers ... ok
[INFO] [stdout] test lexer::tests::test_strings ... ok
[INFO] [stdout] 
[INFO] [stdout] test result: ok. 15 passed; 0 failed; 0 ignored; 0 measured; 0 filtered out; finished in 0.10s
[INFO] [stdout] 
[INFO] [stderr]      Running tests/parser_tests.rs (/opt/rustwide/target/release/build/yamp/c104275c82ed0de0/out/parser_tests-c104275c82ed0de0)
[INFO] [stdout] 
[INFO] [stdout] running 8 tests
[INFO] [stdout] test test_array_of_objects_inline_style ... ok
[INFO] [stdout] test test_array_of_objects ... ok
[INFO] [stdout] test test_numbers ... ok
[INFO] [stdout] test test_special_characters_in_strings ... ok
[INFO] [stdout] test test_all_value_formats_parse_as_strings ... ok
[INFO] [stderr]      Running tests/test_arrays.rs (/opt/rustwide/target/release/build/yamp/1e3cc914a1c7855d/out/test_arrays-1e3cc914a1c7855d)
[INFO] [stdout] test test_nested_objects ... ok
[INFO] [stdout] test test_simple_key_value ... ok
[INFO] [stdout] test test_boolean_variants ... ok
[INFO] [stdout] 
[INFO] [stdout] test result: ok. 8 passed; 0 failed; 0 ignored; 0 measured; 0 filtered out; finished in 0.00s
[INFO] [stdout] 
[INFO] [stdout] 
[INFO] [stdout] running 5 tests
[INFO] [stdout] test test_array_of_objects_inline_format ... ok
[INFO] [stdout] test test_manual_array_construction ... ok
[INFO] [stdout] test test_nested_arrays ... ok
[INFO] [stdout] test test_simple_array ... ok
[INFO] [stderr]      Running tests/test_boolean_emit.rs (/opt/rustwide/target/release/build/yamp/755396a84a676601/out/test_boolean_emit-755396a84a676601)
[INFO] [stdout] test test_array_of_objects ... ok
[INFO] [stdout] 
[INFO] [stdout] test result: ok. 5 passed; 0 failed; 0 ignored; 0 measured; 0 filtered out; finished in 0.00s
[INFO] [stdout] 
[INFO] [stdout] 
[INFO] [stdout] running 2 tests
[INFO] [stdout] test test_emit_non_standard_booleans_as_strings ... ok
[INFO] [stderr]      Running tests/test_boolean_literals.rs (/opt/rustwide/target/release/build/yamp/2b1fc2f3e59e6074/out/test_boolean_literals-2b1fc2f3e59e6074)
[INFO] [stdout] test test_roundtrip_boolean_strings ... ok
[INFO] [stdout] 
[INFO] [stdout] test result: ok. 2 passed; 0 failed; 0 ignored; 0 measured; 0 filtered out; finished in 0.00s
[INFO] [stdout] 
[INFO] [stdout] 
[INFO] [stdout] running 5 tests
[INFO] [stderr]      Running tests/test_comments.rs (/opt/rustwide/target/release/build/yamp/f7978201ba4302b8/out/test_comments-f7978201ba4302b8)
[INFO] [stdout] test test_case_sensitive_strings ... ok
[INFO] [stdout] test test_boolean_like_values_in_objects ... ok
[INFO] [stdout] test test_boolean_like_values_in_arrays ... ok
[INFO] [stdout] test test_all_values_are_strings ... ok
[INFO] [stdout] test test_boolean_like_values_parse_as_strings ... ok
[INFO] [stdout] 
[INFO] [stdout] test result: ok. 5 passed; 0 failed; 0 ignored; 0 measured; 0 filtered out; finished in 0.00s
[INFO] [stdout] 
[INFO] [stdout] 
[INFO] [stdout] running 3 tests
[INFO] [stdout] test test_multiple_inline_comments ... ok
[INFO] [stderr]      Running tests/test_ergonomics.rs (/opt/rustwide/target/release/build/yamp/0ae437c32f17fefa/out/test_ergonomics-0ae437c32f17fefa)
[INFO] [stdout] test test_comments_preserved_in_emit ... ok
[INFO] [stdout] test test_inline_comments ... ok
[INFO] [stdout] 
[INFO] [stdout] test result: ok. 3 passed; 0 failed; 0 ignored; 0 measured; 0 filtered out; finished in 0.00s
[INFO] [stdout] 
[INFO] [stdout] 
[INFO] [stdout] running 7 tests
[INFO] [stdout] test test_comments_still_accessible ... ok
[INFO] [stdout] test test_helper_method_get ... ok
[INFO] [stdout] test test_type_checking_helpers ... ok
[INFO] [stdout] test test_helper_method_as_object ... ok
[INFO] [stdout] test test_helper_method_as_str ... ok
[INFO] [stdout] test test_helper_method_as_array ... ok
[INFO] [stderr]      Running tests/test_footguns.rs (/opt/rustwide/target/release/build/yamp/bf6ab8a7f1bb8c5d/out/test_footguns-bf6ab8a7f1bb8c5d)
[INFO] [stdout] test test_chained_access ... ok
[INFO] [stdout] 
[INFO] [stdout] test result: ok. 7 passed; 0 failed; 0 ignored; 0 measured; 0 filtered out; finished in 0.01s
[INFO] [stdout] 
[INFO] [stdout] 
[INFO] [stdout] running 9 tests
[INFO] [stdout] test test_octal_footgun ... ok
[INFO] [stdout] test test_norway_problem ... ok
[INFO] [stdout] test test_sexagesimal_footgun ... ok
[INFO] [stdout] test test_special_float_values ... ok
[INFO] [stdout] test test_emitter_preserves_footgun_fixes ... ok
[INFO] [stdout] test test_zip_codes_and_leading_zeros ... ok
[INFO] [stdout] test test_scientific_notation_confusion ... ok
[INFO] [stdout] test test_version_number_preservation ... ok
[INFO] [stdout] test test_null_tilde_footgun ... ok
[INFO] [stdout] 
[INFO] [stdout] test result: ok. 9 passed; 0 failed; 0 ignored; 0 measured; 0 filtered out; finished in 0.02s
[INFO] [stdout] 
[INFO] [stderr]      Running tests/test_helper_methods.rs (/opt/rustwide/target/release/build/yamp/24fc5d78c1ff20f3/out/test_helper_methods-24fc5d78c1ff20f3)
[INFO] [stdout] 
[INFO] [stdout] running 12 tests
[INFO] [stdout] test test_empty_values ... ok
[INFO] [stdout] test test_get_method ... ok
[INFO] [stdout] test test_nested_navigation ... ok
[INFO] [stdout] test test_as_object_method ... ok
[INFO] [stdout] test test_is_object_method ... ok
[INFO] [stdout] test test_as_array_method ... ok
[INFO] [stdout] test test_is_string_method ... ok
[INFO] [stdout] test test_real_world_usage ... ok
[INFO] [stdout] test test_is_array_method ... ok
[INFO] [stdout] test test_as_str_method ... ok
[INFO] [stdout] test test_get_with_different_key_types ... ok
[INFO] [stdout] test test_helper_methods_preserve_comments ... ok
[INFO] [stdout] 
[INFO] [stdout] test result: ok. 12 passed; 0 failed; 0 ignored; 0 measured; 0 filtered out; finished in 0.01s
[INFO] [stdout] 
[INFO] [stdout] 
[INFO] [stdout] running 4 tests
[INFO] [stderr]      Running tests/test_manual_construction.rs (/opt/rustwide/target/release/build/yamp/c5971de450944a00/out/test_manual_construction-c5971de450944a00)
[INFO] [stdout] test test_direct_equality_with_partialeq ... ok
[INFO] [stdout] test test_array_of_objects_construction ... ok
[INFO] [stdout] test test_complex_construction ... ok
[INFO] [stdout] test test_simple_construction ... ok
[INFO] [stdout] 
[INFO] [stdout] test result: ok. 4 passed; 0 failed; 0 ignored; 0 measured; 0 filtered out; finished in 0.01s
[INFO] [stdout] 
[INFO] [stderr]      Running tests/test_multiline_strings.rs (/opt/rustwide/target/release/build/yamp/e9640f45d701f1a7/out/test_multiline_strings-e9640f45d701f1a7)
[INFO] [stdout] 
[INFO] [stdout] running 9 tests
[INFO] [stdout] test test_folded_with_strip_chomp ... ok
[INFO] [stdout] test test_literal_multiline ... ok
[INFO] [stdout] test test_literal_with_keep_chomp ... ok
[INFO] [stdout] test test_folded_multiline ... ok
[INFO] [stdout] test test_long_quoted_string ... ok
[INFO] [stdout] test test_literal_with_strip_chomp ... ok
[INFO] [stdout] test test_quoted_string_across_multiple_lines ... ok
[INFO] [stdout] test test_multiline_round_trip ... ok
[INFO] [stdout] test test_quoted_string_with_escaped_newline ... ok
[INFO] [stdout] 
[INFO] [stdout] test result: ok. 9 passed; 0 failed; 0 ignored; 0 measured; 0 filtered out; finished in 0.01s
[INFO] [stdout] 
[INFO] [stderr]      Running tests/test_nested.rs (/opt/rustwide/target/release/build/yamp/da43344ee520d904/out/test_nested-da43344ee520d904)
[INFO] [stdout] 
[INFO] [stdout] running 3 tests
[INFO] [stdout] test test_nested_objects ... ok
[INFO] [stdout] test test_deeply_nested ... ok
[INFO] [stdout] test test_mixed_nesting ... ok
[INFO] [stdout] 
[INFO] [stdout] test result: ok. 3 passed; 0 failed; 0 ignored; 0 measured; 0 filtered out; finished in 0.00s
[INFO] [stdout] 
[INFO] [stderr]      Running tests/test_sample_yamls.rs (/opt/rustwide/target/release/build/yamp/b4917604e0009a27/out/test_sample_yamls-b4917604e0009a27)
[INFO] [stdout] 
[INFO] [stdout] running 3 tests
[INFO] [stdout] test test_real_world_configs ... FAILED
[INFO] [stdout] test test_all_sample_yamls ... FAILED
[INFO] [stdout] test test_specific_sample_files ... FAILED
[INFO] [stdout] 
[INFO] [stdout] failures:
[INFO] [stdout] 
[INFO] [stdout] ---- test_real_world_configs stdout ----
[INFO] [stdout] 
[INFO] [stdout] thread 'test_real_world_configs' (879) panicked at tests/test_sample_yamls.rs:167:5:
[INFO] [stdout] sample_yamls directory not found
[INFO] [stdout] stack backtrace:
[INFO] [stdout]    0:     0x5e69a171e691 - <<std[617be2ca0a6fd877]::sys::backtrace::BacktraceLock>::print::DisplayBacktrace as core[a373ad73a504971]::fmt::Display>::fmt
[INFO] [stdout]    1:     0x5e69a1732fea - core[a373ad73a504971]::fmt::write
[INFO] [stdout]    2:     0x5e69a1722b7c - <alloc[2e1b2a31b91974c5]::vec::Vec<u8> as core[a373ad73a504971]::io::write::Write>::write_fmt
[INFO] [stdout]    3:     0x5e69a16fa176 - std[617be2ca0a6fd877]::panicking::default_hook::{closure#0}
[INFO] [stdout]    4:     0x5e69a17167b9 - std[617be2ca0a6fd877]::panicking::default_hook
[INFO] [stdout]    5:     0x5e69a16a9270 - test[aada8e7e76ba119b]::test_main_inner::{closure#0}
[INFO] [stdout]    6:     0x5e69a1716972 - std[617be2ca0a6fd877]::panicking::panic_with_hook
[INFO] [stdout]    7:     0x5e69a16fa254 - std[617be2ca0a6fd877]::panicking::panic_handler::{closure#0}
[INFO] [stdout]    8:     0x5e69a16f2d09 - std[617be2ca0a6fd877]::sys::backtrace::__rust_end_short_backtrace::<std[617be2ca0a6fd877]::panicking::panic_handler::{closure#0}, !>
[INFO] [stdout]    9:     0x5e69a16fae2d - __rustc[ea4f61d10b84890b]::rust_begin_unwind
[INFO] [stdout]   10:     0x5e69a173371c - core[a373ad73a504971]::panicking::panic_fmt
[INFO] [stdout]   11:     0x5e69a169aa69 - <test_sample_yamls[245275e755e83af7]::test_real_world_configs::{closure#0} as core[a373ad73a504971]::ops::function::FnOnce<()>>::call_once
[INFO] [stdout]   12:     0x5e69a169c6bb - test[aada8e7e76ba119b]::__rust_begin_short_backtrace::<core[a373ad73a504971]::result::Result<(), alloc[2e1b2a31b91974c5]::string::String>, fn() -> core[a373ad73a504971]::result::Result<(), alloc[2e1b2a31b91974c5]::string::String>>
[INFO] [stdout]   13:     0x5e69a16a9895 - test[aada8e7e76ba119b]::run_test::{closure#0}
[INFO] [stdout]   14:     0x5e69a16a3184 - std[617be2ca0a6fd877]::sys::backtrace::__rust_begin_short_backtrace::<test[aada8e7e76ba119b]::run_test::{closure#1}, ()>
[INFO] [stdout]   15:     0x5e69a16ac922 - <std[617be2ca0a6fd877]::thread::lifecycle::spawn_unchecked<test[aada8e7e76ba119b]::run_test::{closure#1}, ()>::{closure#1} as core[a373ad73a504971]::ops::function::FnOnce<()>>::call_once::{shim:vtable#0}
[INFO] [stdout]   16:     0x5e69a171db8f - <std[617be2ca0a6fd877]::sys::thread::unix::Thread>::new::thread_start
[INFO] [stdout]   17:     0x7f046af3fdfa - <unknown>
[INFO] [stdout]   18:     0x7f046afd33d4 - clone
[INFO] [stdout]   19:                0x0 - <unknown>
[INFO] [stdout] 
[INFO] [stdout] ---- test_all_sample_yamls stdout ----
[INFO] [stdout] 
[INFO] [stdout] thread 'test_all_sample_yamls' (878) panicked at tests/test_sample_yamls.rs:12:5:
[INFO] [stdout] sample_yamls directory not found
[INFO] [stdout] stack backtrace:
[INFO] [stdout]    0:     0x5e69a171e691 - <<std[617be2ca0a6fd877]::sys::backtrace::BacktraceLock>::print::DisplayBacktrace as core[a373ad73a504971]::fmt::Display>::fmt
[INFO] [stdout]    1:     0x5e69a1732fea - core[a373ad73a504971]::fmt::write
[INFO] [stdout]    2:     0x5e69a1722b7c - <alloc[2e1b2a31b91974c5]::vec::Vec<u8> as core[a373ad73a504971]::io::write::Write>::write_fmt
[INFO] [stdout]    3:     0x5e69a16fa176 - std[617be2ca0a6fd877]::panicking::default_hook::{closure#0}
[INFO] [stdout]    4:     0x5e69a17167b9 - std[617be2ca0a6fd877]::panicking::default_hook
[INFO] [stdout]    5:     0x5e69a16a9270 - test[aada8e7e76ba119b]::test_main_inner::{closure#0}
[INFO] [stdout]    6:     0x5e69a1716972 - std[617be2ca0a6fd877]::panicking::panic_with_hook
[INFO] [stdout]    7:     0x5e69a16fa254 - std[617be2ca0a6fd877]::panicking::panic_handler::{closure#0}
[INFO] [stdout]    8:     0x5e69a16f2d09 - std[617be2ca0a6fd877]::sys::backtrace::__rust_end_short_backtrace::<std[617be2ca0a6fd877]::panicking::panic_handler::{closure#0}, !>
[INFO] [stdout]    9:     0x5e69a16fae2d - __rustc[ea4f61d10b84890b]::rust_begin_unwind
[INFO] [stdout]   10:     0x5e69a173371c - core[a373ad73a504971]::panicking::panic_fmt
[INFO] [stdout]   11:     0x5e69a169931e - <test_sample_yamls[245275e755e83af7]::test_all_sample_yamls::{closure#0} as core[a373ad73a504971]::ops::function::FnOnce<()>>::call_once
[INFO] [stdout]   12:     0x5e69a169c6bb - test[aada8e7e76ba119b]::__rust_begin_short_backtrace::<core[a373ad73a504971]::result::Result<(), alloc[2e1b2a31b91974c5]::string::String>, fn() -> core[a373ad73a504971]::result::Result<(), alloc[2e1b2a31b91974c5]::string::String>>
[INFO] [stdout]   13:     0x5e69a16a9895 - test[aada8e7e76ba119b]::run_test::{closure#0}
[INFO] [stdout]   14:     0x5e69a16a3184 - std[617be2ca0a6fd877]::sys::backtrace::__rust_begin_short_backtrace::<test[aada8e7e76ba119b]::run_test::{closure#1}, ()>
[INFO] [stdout]   15:     0x5e69a16ac922 - <std[617be2ca0a6fd877]::thread::lifecycle::spawn_unchecked<test[aada8e7e76ba119b]::run_test::{closure#1}, ()>::{closure#1} as core[a373ad73a504971]::ops::function::FnOnce<()>>::call_once::{shim:vtable#0}
[INFO] [stdout]   16:     0x5e69a171db8f - <std[617be2ca0a6fd877]::sys::thread::unix::Thread>::new::thread_start
[INFO] [stdout]   17:     0x7f046af3fdfa - <unknown>
[INFO] [stdout]   18:     0x7f046afd33d4 - clone
[INFO] [stdout]   19:                0x0 - <unknown>
[INFO] [stdout] 
[INFO] [stdout] ---- test_specific_sample_files stdout ----
[INFO] [stdout] 
[INFO] [stdout] thread 'test_specific_sample_files' (880) panicked at tests/test_sample_yamls.rs:105:5:
[INFO] [stdout] sample_yamls directory not found
[INFO] [stdout] stack backtrace:
[INFO] [stdout]    0:     0x5e69a171e691 - <<std[617be2ca0a6fd877]::sys::backtrace::BacktraceLock>::print::DisplayBacktrace as core[a373ad73a504971]::fmt::Display>::fmt
[INFO] [stdout]    1:     0x5e69a1732fea - core[a373ad73a504971]::fmt::write
[INFO] [stdout]    2:     0x5e69a1722b7c - <alloc[2e1b2a31b91974c5]::vec::Vec<u8> as core[a373ad73a504971]::io::write::Write>::write_fmt
[INFO] [stdout]    3:     0x5e69a16fa176 - std[617be2ca0a6fd877]::panicking::default_hook::{closure#0}
[INFO] [stdout]    4:     0x5e69a17167b9 - std[617be2ca0a6fd877]::panicking::default_hook
[INFO] [stdout]    5:     0x5e69a16a9270 - test[aada8e7e76ba119b]::test_main_inner::{closure#0}
[INFO] [stdout]    6:     0x5e69a1716972 - std[617be2ca0a6fd877]::panicking::panic_with_hook
[INFO] [stdout]    7:     0x5e69a16fa254 - std[617be2ca0a6fd877]::panicking::panic_handler::{closure#0}
[INFO] [stdout]    8:     0x5e69a16f2d09 - std[617be2ca0a6fd877]::sys::backtrace::__rust_end_short_backtrace::<std[617be2ca0a6fd877]::panicking::panic_handler::{closure#0}, !>
[INFO] [stdout]    9:     0x5e69a16fae2d - __rustc[ea4f61d10b84890b]::rust_begin_unwind
[INFO] [stdout]   10:     0x5e69a173371c - core[a373ad73a504971]::panicking::panic_fmt
[INFO] [stdout]   11:     0x5e69a169b51c - <test_sample_yamls[245275e755e83af7]::test_specific_sample_files::{closure#0} as core[a373ad73a504971]::ops::function::FnOnce<()>>::call_once
[INFO] [stdout]   12:     0x5e69a169c6bb - test[aada8e7e76ba119b]::__rust_begin_short_backtrace::<core[a373ad73a504971]::result::Result<(), alloc[2e1b2a31b91974c5]::string::String>, fn() -> core[a373ad73a504971]::result::Result<(), alloc[2e1b2a31b91974c5]::string::String>>
[INFO] [stdout]   13:     0x5e69a16a9895 - test[aada8e7e76ba119b]::run_test::{closure#0}
[INFO] [stdout]   14:     0x5e69a16a3184 - std[617be2ca0a6fd877]::sys::backtrace::__rust_begin_short_backtrace::<test[aada8e7e76ba119b]::run_test::{closure#1}, ()>
[INFO] [stdout]   15:     0x5e69a16ac922 - <std[617be2ca0a6fd877]::thread::lifecycle::spawn_unchecked<test[aada8e7e76ba119b]::run_test::{closure#1}, ()>::{closure#1} as core[a373ad73a504971]::ops::function::FnOnce<()>>::call_once::{shim:vtable#0}
[INFO] [stdout]   16:     0x5e69a171db8f - <std[617be2ca0a6fd877]::sys::thread::unix::Thread>::new::thread_start
[INFO] [stdout]   17:     0x7f046af3fdfa - <unknown>
[INFO] [stdout]   18:     0x7f046afd33d4 - clone
[INFO] [stdout]   19:                0x0 - <unknown>
[INFO] [stdout] 
[INFO] [stdout] 
[INFO] [stdout] failures:
[INFO] [stdout]     test_all_sample_yamls
[INFO] [stdout]     test_real_world_configs
[INFO] [stdout]     test_specific_sample_files
[INFO] [stdout] 
[INFO] [stdout] test result: FAILED. 0 passed; 3 failed; 0 ignored; 0 measured; 0 filtered out; finished in 0.00s
[INFO] [stdout] 
[INFO] [stderr] error: test failed, to rerun pass `--test test_sample_yamls`
[INFO] running `Command { std: "docker" "inspect" "df9a78a4ee79d4e6d6beed7dad68c96c8d0834369982bf20b981864887b537a6", kill_on_drop: false }`
[INFO] running `Command { std: "docker" "rm" "-f" "df9a78a4ee79d4e6d6beed7dad68c96c8d0834369982bf20b981864887b537a6", kill_on_drop: false }`
[INFO] [stdout] df9a78a4ee79d4e6d6beed7dad68c96c8d0834369982bf20b981864887b537a6
