[INFO] fetching crate yamlstar 0.1.24...
[INFO] testing yamlstar-0.1.24 against 1.99.0-beta.8+cargoflags=--release for beta-release-1.100-2
[INFO] extracting crate yamlstar 0.1.24 into /workspace/builds/worker-6-tc1/source
[INFO] started tweaking crates.io crate yamlstar 0.1.24
[INFO] removed 0 missing examples
[INFO] removed 0 missing tests
[INFO] finished tweaking crates.io crate yamlstar 0.1.24
[INFO] tweaked toml for crates.io crate yamlstar 0.1.24 written to /workspace/builds/worker-6-tc1/source/Cargo.toml
[INFO] validating manifest of crates.io crate yamlstar 0.1.24 on toolchain 1.99.0-beta.8
[INFO] running `Command { std: CARGO_HOME="/workspace/cargo-home" RUSTUP_HOME="/workspace/rustup-home" "/workspace/cargo-home/bin/cargo" "+1.99.0-beta.8" "metadata" "--manifest-path" "Cargo.toml" "--no-deps", kill_on_drop: false }`
[INFO] crate crates.io crate yamlstar 0.1.24 already has a lockfile, it will not be regenerated
[INFO] running `Command { std: CARGO_HOME="/workspace/cargo-home" RUSTUP_HOME="/workspace/rustup-home" "/workspace/cargo-home/bin/cargo" "+1.99.0-beta.8" "fetch" "--manifest-path" "Cargo.toml", kill_on_drop: false }`
[INFO] running `Command { std: "docker" "create" "-v" "/var/lib/crater-agent-workspace/builds/worker-6-tc1/source:/opt/rustwide/workdir:ro,Z" "-v" "/var/lib/crater-agent-workspace/builds/worker-6-tc1/target:/opt/rustwide/target:rw,Z" "-v" "/var/lib/crater-agent-workspace/cargo-home:/opt/rustwide/cargo-home:ro,Z" "-v" "/var/lib/crater-agent-workspace/rustup-home:/opt/rustwide/rustup-home:ro,Z" "-m" "1610612736" "--network" "none" "ghcr.io/rust-lang/crates-build-env/linux@sha256:77db811e55d90add9212f6832c23229e3de5f1c1f9905e8cb07319ea15df73ac" "sleep" "infinity", kill_on_drop: false }`
[INFO] [stdout] 17eb1f5fe64160a46ebbf3e668a88f940d02261c30f294c1ba0d7c86472a22b3
[INFO] running `Command { std: "docker" "start" "17eb1f5fe64160a46ebbf3e668a88f940d02261c30f294c1ba0d7c86472a22b3", kill_on_drop: false }`
[INFO] running `Command { std: "docker" "inspect" "17eb1f5fe64160a46ebbf3e668a88f940d02261c30f294c1ba0d7c86472a22b3", kill_on_drop: false }`
[INFO] running `Command { std: "docker" "exec" "-e" "SOURCE_DIR=/opt/rustwide/workdir" "-e" "CARGO_HOME=/opt/rustwide/cargo-home" "-e" "RUSTUP_HOME=/opt/rustwide/rustup-home" "-e" "CARGO_TARGET_DIR=/opt/rustwide/target" "-w" "/opt/rustwide/workdir" "--user" "0:0" "17eb1f5fe64160a46ebbf3e668a88f940d02261c30f294c1ba0d7c86472a22b3" "/opt/rustwide/cargo-home/bin/cargo" "+1.99.0-beta.8" "metadata" "--no-deps" "--format-version=1", kill_on_drop: false }`
[INFO] running `Command { std: "docker" "inspect" "17eb1f5fe64160a46ebbf3e668a88f940d02261c30f294c1ba0d7c86472a22b3", kill_on_drop: false }`
[INFO] running `Command { std: "docker" "exec" "-e" "SOURCE_DIR=/opt/rustwide/workdir" "-e" "CARGO_HOME=/opt/rustwide/cargo-home" "-e" "RUSTUP_HOME=/opt/rustwide/rustup-home" "-e" "CARGO_TARGET_DIR=/opt/rustwide/target" "-e" "CARGO_INCREMENTAL=0" "-e" "RUST_BACKTRACE=full" "-e" "RUSTFLAGS=--cap-lints=warn" "-e" "RUSTDOCFLAGS=--cap-lints=warn" "-w" "/opt/rustwide/workdir" "--user" "0:0" "17eb1f5fe64160a46ebbf3e668a88f940d02261c30f294c1ba0d7c86472a22b3" "/opt/rustwide/cargo-home/bin/cargo" "+1.99.0-beta.8" "build" "--frozen" "--message-format=json" "--release", kill_on_drop: false }`
[INFO] [stderr]    Compiling proc-macro2 v1.0.107
[INFO] [stderr]    Compiling proc-macro2 v0.4.30
[INFO] [stderr]    Compiling quote v1.0.47
[INFO] [stderr]    Compiling unicode-xid v0.1.0
[INFO] [stderr]    Compiling syn v0.15.44
[INFO] [stderr]    Compiling libc v0.2.190
[INFO] [stderr]    Compiling serde_json v1.0.154
[INFO] [stderr]    Compiling quote v0.6.13
[INFO] [stderr]    Compiling syn v3.0.9
[INFO] [stderr]    Compiling dlopen_derive v0.1.4
[INFO] [stderr]    Compiling dlopen v0.1.8
[INFO] [stderr]    Compiling serde_derive v1.0.229
[INFO] [stderr]    Compiling serde v1.0.229
[INFO] [stderr]    Compiling yamlstar v0.1.24 (/opt/rustwide/workdir)
[INFO] [stderr]     Finished `release` profile [optimized] target(s) in 5.87s
[INFO] running `Command { std: "docker" "inspect" "17eb1f5fe64160a46ebbf3e668a88f940d02261c30f294c1ba0d7c86472a22b3", kill_on_drop: false }`
[INFO] running `Command { std: "docker" "exec" "-e" "SOURCE_DIR=/opt/rustwide/workdir" "-e" "CARGO_HOME=/opt/rustwide/cargo-home" "-e" "RUSTUP_HOME=/opt/rustwide/rustup-home" "-e" "CARGO_TARGET_DIR=/opt/rustwide/target" "-e" "CARGO_INCREMENTAL=0" "-e" "RUST_BACKTRACE=full" "-e" "RUSTFLAGS=--cap-lints=warn" "-e" "RUSTDOCFLAGS=--cap-lints=warn" "-w" "/opt/rustwide/workdir" "--user" "0:0" "17eb1f5fe64160a46ebbf3e668a88f940d02261c30f294c1ba0d7c86472a22b3" "/opt/rustwide/cargo-home/bin/cargo" "+1.99.0-beta.8" "test" "--frozen" "--no-run" "--message-format=json" "--release", kill_on_drop: false }`
[INFO] [stderr]    Compiling yamlstar v0.1.24 (/opt/rustwide/workdir)
[INFO] [stderr]     Finished `release` profile [optimized] target(s) in 1.12s
[INFO] running `Command { std: "docker" "inspect" "17eb1f5fe64160a46ebbf3e668a88f940d02261c30f294c1ba0d7c86472a22b3", kill_on_drop: false }`
[INFO] running `Command { std: "docker" "exec" "-e" "SOURCE_DIR=/opt/rustwide/workdir" "-e" "CARGO_HOME=/opt/rustwide/cargo-home" "-e" "RUSTUP_HOME=/opt/rustwide/rustup-home" "-e" "CARGO_TARGET_DIR=/opt/rustwide/target" "-e" "CARGO_INCREMENTAL=0" "-e" "RUST_BACKTRACE=full" "-e" "RUSTFLAGS=--cap-lints=warn" "-e" "RUSTDOCFLAGS=--cap-lints=warn" "-w" "/opt/rustwide/workdir" "--user" "0:0" "17eb1f5fe64160a46ebbf3e668a88f940d02261c30f294c1ba0d7c86472a22b3" "/opt/rustwide/cargo-home/bin/cargo" "+1.99.0-beta.8" "test" "--frozen" "--release", kill_on_drop: false }`
[INFO] [stderr]     Finished `release` profile [optimized] target(s) in 0.03s
[INFO] [stderr]      Running unittests src/lib.rs (/opt/rustwide/target/release/deps/yamlstar-acabaecef084dd77)
[INFO] [stdout] 
[INFO] [stdout] running 0 tests
[INFO] [stdout] 
[INFO] [stdout] test result: ok. 0 passed; 0 failed; 0 ignored; 0 measured; 0 filtered out; finished in 0.00s
[INFO] [stdout] 
[INFO] [stderr]      Running tests/load.rs (/opt/rustwide/target/release/deps/load-a4b114cf3b2637c8)
[INFO] [stdout] 
[INFO] [stdout] running 23 tests
[INFO] [stdout] test dump_all_documents ... FAILED
[INFO] [stdout] test load_multiple_times ... FAILED
[INFO] [stdout] test load_boolean_false ... FAILED
[INFO] [stdout] test load_flow_sequence ... FAILED
[INFO] [stdout] test load_boolean_true ... FAILED
[INFO] [stdout] test error_handling_malformed_yaml ... FAILED
[INFO] [stdout] test load_null ... FAILED
[INFO] [stdout] test load_quoted_strings ... FAILED
[INFO] [stdout] test load_flow_mapping ... FAILED
[INFO] [stdout] test load_mapping_to_struct ... FAILED
[INFO] [stdout] test dump_roundtrip ... FAILED
[INFO] [stdout] test load_integer ... FAILED
[INFO] [stdout] test load_nested_structure ... FAILED
[INFO] [stdout] test load_all_single_document ... FAILED
[INFO] [stdout] test load_float ... FAILED
[INFO] [stdout] test load_all_mixed_types ... FAILED
[INFO] [stdout] test load_sequence ... FAILED
[INFO] [stdout] test load_all_multiple_documents ... FAILED
[INFO] [stdout] test load_simple_mapping ... FAILED
[INFO] [stdout] test load_type_coercion ... FAILED
[INFO] [stdout] test version ... FAILED
[INFO] [stdout] test dump_simple_mapping ... FAILED
[INFO] [stdout] test load_simple_scalar ... FAILED
[INFO] [stdout] 
[INFO] [stdout] failures:
[INFO] [stdout] 
[INFO] [stdout] ---- dump_all_documents stdout ----
[INFO] [stdout] 
[INFO] [stdout] thread 'dump_all_documents' (554) panicked at tests/load.rs:191:40:
[INFO] [stdout] called `Result::unwrap()` on an `Err` value: Shared library file 'libyamlstar.so.0.1.24' not found
[INFO] [stdout] Try: cd libyamlstar && make native
[INFO] [stdout] Or set LD_LIBRARY_PATH to include the library location
[INFO] [stdout] stack backtrace:
[INFO] [stdout]    0:     0x616c6f78b851 - <<std[70759c8f55707aa4]::sys::backtrace::BacktraceLock>::print::DisplayBacktrace as core[df12db4294e9bfd3]::fmt::Display>::fmt
[INFO] [stdout]    1:     0x616c6f7a07aa - core[df12db4294e9bfd3]::fmt::write
[INFO] [stdout]    2:     0x616c6f78fd9c - <alloc[2182bb758b4b3781]::vec::Vec<u8> as core[df12db4294e9bfd3]::io::write::Write>::write_fmt
[INFO] [stdout]    3:     0x616c6f767c26 - std[70759c8f55707aa4]::panicking::default_hook::{closure#0}
[INFO] [stdout]    4:     0x616c6f783fb9 - std[70759c8f55707aa4]::panicking::default_hook
[INFO] [stdout]    5:     0x616c6f7201c0 - test[9d35eded1c95d3be]::test_main_inner::<test[9d35eded1c95d3be]::test_main_static::{closure#0}>::{closure#0}
[INFO] [stdout]    6:     0x616c6f784172 - std[70759c8f55707aa4]::panicking::panic_with_hook
[INFO] [stdout]    7:     0x616c6f767cd2 - std[70759c8f55707aa4]::panicking::panic_handler::{closure#0}
[INFO] [stdout]    8:     0x616c6f760a29 - std[70759c8f55707aa4]::sys::backtrace::__rust_end_short_backtrace::<std[70759c8f55707aa4]::panicking::panic_handler::{closure#0}, !>
[INFO] [stdout]    9:     0x616c6f7688cd - __rustc[8fa7c3cbc660c2b3]::rust_begin_unwind
[INFO] [stdout]   10:     0x616c6f7a0edc - core[df12db4294e9bfd3]::panicking::panic_fmt
[INFO] [stdout]   11:     0x616c6f7a0cb2 - core[df12db4294e9bfd3]::result::unwrap_failed
[INFO] [stdout]   12:     0x616c6f6ffbc9 - <load[3695657a28059ea8]::dump_all_documents::{closure#0} as core[df12db4294e9bfd3]::ops::function::FnOnce<()>>::call_once
[INFO] [stdout]   13:     0x616c6f7134ab - test[9d35eded1c95d3be]::__rust_begin_short_backtrace::<core[df12db4294e9bfd3]::result::Result<(), alloc[2182bb758b4b3781]::string::String>, fn() -> core[df12db4294e9bfd3]::result::Result<(), alloc[2182bb758b4b3781]::string::String>>
[INFO] [stdout]   14:     0x616c6f720b15 - test[9d35eded1c95d3be]::run_test::{closure#0}
[INFO] [stdout]   15:     0x616c6f71a3d4 - std[70759c8f55707aa4]::sys::backtrace::__rust_begin_short_backtrace::<test[9d35eded1c95d3be]::run_test::{closure#1}, ()>
[INFO] [stdout]   16:     0x616c6f723c72 - <std[70759c8f55707aa4]::thread::lifecycle::spawn_unchecked<test[9d35eded1c95d3be]::run_test::{closure#1}, ()>::{closure#1} as core[df12db4294e9bfd3]::ops::function::FnOnce<()>>::call_once::{shim:vtable#0}
[INFO] [stdout]   17:     0x616c6f78b129 - <std[70759c8f55707aa4]::sys::thread::unix::Thread>::new::thread_start
[INFO] [stdout]   18:     0x7634b6accdfa - <unknown>
[INFO] [stdout]   19:     0x7634b6b603d4 - clone
[INFO] [stderr] error: test failed, to rerun pass `--test load`
[INFO] [stdout]   20:                0x0 - <unknown>
[INFO] [stdout] 
[INFO] [stdout] ---- load_multiple_times stdout ----
[INFO] [stdout] 
[INFO] [stdout] thread 'load_multiple_times' (568) panicked at tests/load.rs:214:40:
[INFO] [stdout] called `Result::unwrap()` on an `Err` value: Shared library file 'libyamlstar.so.0.1.24' not found
[INFO] [stdout] Try: cd libyamlstar && make native
[INFO] [stdout] Or set LD_LIBRARY_PATH to include the library location
[INFO] [stdout] stack backtrace:
[INFO] [stdout]    0:     0x616c6f78b851 - <<std[70759c8f55707aa4]::sys::backtrace::BacktraceLock>::print::DisplayBacktrace as core[df12db4294e9bfd3]::fmt::Display>::fmt
[INFO] [stdout]    1:     0x616c6f7a07aa - core[df12db4294e9bfd3]::fmt::write
[INFO] [stdout]    2:     0x616c6f78fd9c - <alloc[2182bb758b4b3781]::vec::Vec<u8> as core[df12db4294e9bfd3]::io::write::Write>::write_fmt
[INFO] [stdout]    3:     0x616c6f767c26 - std[70759c8f55707aa4]::panicking::default_hook::{closure#0}
[INFO] [stdout]    4:     0x616c6f783fb9 - std[70759c8f55707aa4]::panicking::default_hook
[INFO] [stdout]    5:     0x616c6f7201c0 - test[9d35eded1c95d3be]::test_main_inner::<test[9d35eded1c95d3be]::test_main_static::{closure#0}>::{closure#0}
[INFO] [stdout]    6:     0x616c6f784172 - std[70759c8f55707aa4]::panicking::panic_with_hook
[INFO] [stdout]    7:     0x616c6f767cd2 - std[70759c8f55707aa4]::panicking::panic_handler::{closure#0}
[INFO] [stdout]    8:     0x616c6f760a29 - std[70759c8f55707aa4]::sys::backtrace::__rust_end_short_backtrace::<std[70759c8f55707aa4]::panicking::panic_handler::{closure#0}, !>
[INFO] [stdout]    9:     0x616c6f7688cd - __rustc[8fa7c3cbc660c2b3]::rust_begin_unwind
[INFO] [stdout]   10:     0x616c6f7a0edc - core[df12db4294e9bfd3]::panicking::panic_fmt
[INFO] [stdout]   11:     0x616c6f7a0cb2 - core[df12db4294e9bfd3]::result::unwrap_failed
[INFO] [stdout]   12:     0x616c6f700f05 - <load[3695657a28059ea8]::load_multiple_times::{closure#0} as core[df12db4294e9bfd3]::ops::function::FnOnce<()>>::call_once
[INFO] [stdout]   13:     0x616c6f7134ab - test[9d35eded1c95d3be]::__rust_begin_short_backtrace::<core[df12db4294e9bfd3]::result::Result<(), alloc[2182bb758b4b3781]::string::String>, fn() -> core[df12db4294e9bfd3]::result::Result<(), alloc[2182bb758b4b3781]::string::String>>
[INFO] [stdout]   14:     0x616c6f720b15 - test[9d35eded1c95d3be]::run_test::{closure#0}
[INFO] [stdout]   15:     0x616c6f71a3d4 - std[70759c8f55707aa4]::sys::backtrace::__rust_begin_short_backtrace::<test[9d35eded1c95d3be]::run_test::{closure#1}, ()>
[INFO] [stdout]   16:     0x616c6f723c72 - <std[70759c8f55707aa4]::thread::lifecycle::spawn_unchecked<test[9d35eded1c95d3be]::run_test::{closure#1}, ()>::{closure#1} as core[df12db4294e9bfd3]::ops::function::FnOnce<()>>::call_once::{shim:vtable#0}
[INFO] [stdout]   17:     0x616c6f78b129 - <std[70759c8f55707aa4]::sys::thread::unix::Thread>::new::thread_start
[INFO] [stdout]   18:     0x7634b6accdfa - <unknown>
[INFO] [stdout]   19:     0x7634b6b603d4 - clone
[INFO] [stdout]   20:                0x0 - <unknown>
[INFO] [stdout] 
[INFO] [stdout] ---- load_boolean_false stdout ----
[INFO] [stdout] 
[INFO] [stdout] thread 'load_boolean_false' (561) panicked at tests/load.rs:34:40:
[INFO] [stdout] called `Result::unwrap()` on an `Err` value: Shared library file 'libyamlstar.so.0.1.24' not found
[INFO] [stdout] Try: cd libyamlstar && make native
[INFO] [stdout] Or set LD_LIBRARY_PATH to include the library location
[INFO] [stdout] stack backtrace:
[INFO] [stdout]    0:     0x616c6f78b851 - <<std[70759c8f55707aa4]::sys::backtrace::BacktraceLock>::print::DisplayBacktrace as core[df12db4294e9bfd3]::fmt::Display>::fmt
[INFO] [stdout]    1:     0x616c6f7a07aa - core[df12db4294e9bfd3]::fmt::write
[INFO] [stdout]    2:     0x616c6f78fd9c - <alloc[2182bb758b4b3781]::vec::Vec<u8> as core[df12db4294e9bfd3]::io::write::Write>::write_fmt
[INFO] [stdout]    3:     0x616c6f767c26 - std[70759c8f55707aa4]::panicking::default_hook::{closure#0}
[INFO] [stdout]    4:     0x616c6f783fb9 - std[70759c8f55707aa4]::panicking::default_hook
[INFO] [stdout]    5:     0x616c6f7201c0 - test[9d35eded1c95d3be]::test_main_inner::<test[9d35eded1c95d3be]::test_main_static::{closure#0}>::{closure#0}
[INFO] [stdout]    6:     0x616c6f784172 - std[70759c8f55707aa4]::panicking::panic_with_hook
[INFO] [stdout]    7:     0x616c6f767cd2 - std[70759c8f55707aa4]::panicking::panic_handler::{closure#0}
[INFO] [stdout]    8:     0x616c6f760a29 - std[70759c8f55707aa4]::sys::backtrace::__rust_end_short_backtrace::<std[70759c8f55707aa4]::panicking::panic_handler::{closure#0}, !>
[INFO] [stdout]    9:     0x616c6f7688cd - __rustc[8fa7c3cbc660c2b3]::rust_begin_unwind
[INFO] [stdout]   10:     0x616c6f7a0edc - core[df12db4294e9bfd3]::panicking::panic_fmt
[INFO] [stdout]   11:     0x616c6f7a0cb2 - core[df12db4294e9bfd3]::result::unwrap_failed
[INFO] [stdout]   12:     0x616c6f6ffe4c - <load[3695657a28059ea8]::load_boolean_false::{closure#0} as core[df12db4294e9bfd3]::ops::function::FnOnce<()>>::call_once
[INFO] [stdout]   13:     0x616c6f7134ab - test[9d35eded1c95d3be]::__rust_begin_short_backtrace::<core[df12db4294e9bfd3]::result::Result<(), alloc[2182bb758b4b3781]::string::String>, fn() -> core[df12db4294e9bfd3]::result::Result<(), alloc[2182bb758b4b3781]::string::String>>
[INFO] [stdout]   14:     0x616c6f720b15 - test[9d35eded1c95d3be]::run_test::{closure#0}
[INFO] [stdout]   15:     0x616c6f71a3d4 - std[70759c8f55707aa4]::sys::backtrace::__rust_begin_short_backtrace::<test[9d35eded1c95d3be]::run_test::{closure#1}, ()>
[INFO] [stdout]   16:     0x616c6f723c72 - <std[70759c8f55707aa4]::thread::lifecycle::spawn_unchecked<test[9d35eded1c95d3be]::run_test::{closure#1}, ()>::{closure#1} as core[df12db4294e9bfd3]::ops::function::FnOnce<()>>::call_once::{shim:vtable#0}
[INFO] [stdout]   17:     0x616c6f78b129 - <std[70759c8f55707aa4]::sys::thread::unix::Thread>::new::thread_start
[INFO] [stdout]   18:     0x7634b6accdfa - <unknown>
[INFO] [stdout]   19:     0x7634b6b603d4 - clone
[INFO] [stdout]   20:                0x0 - <unknown>
[INFO] [stdout] 
[INFO] [stdout] ---- load_flow_sequence stdout ----
[INFO] [stdout] 
[INFO] [stdout] thread 'load_flow_sequence' (565) panicked at tests/load.rs:77:40:
[INFO] [stdout] called `Result::unwrap()` on an `Err` value: Shared library file 'libyamlstar.so.0.1.24' not found
[INFO] [stdout] Try: cd libyamlstar && make native
[INFO] [stdout] Or set LD_LIBRARY_PATH to include the library location
[INFO] [stdout] stack backtrace:
[INFO] [stdout]    0:     0x616c6f78b851 - <<std[70759c8f55707aa4]::sys::backtrace::BacktraceLock>::print::DisplayBacktrace as core[df12db4294e9bfd3]::fmt::Display>::fmt
[INFO] [stdout]    1:     0x616c6f7a07aa - core[df12db4294e9bfd3]::fmt::write
[INFO] [stdout]    2:     0x616c6f78fd9c - <alloc[2182bb758b4b3781]::vec::Vec<u8> as core[df12db4294e9bfd3]::io::write::Write>::write_fmt
[INFO] [stdout]    3:     0x616c6f767c26 - std[70759c8f55707aa4]::panicking::default_hook::{closure#0}
[INFO] [stdout]    4:     0x616c6f783fb9 - std[70759c8f55707aa4]::panicking::default_hook
[INFO] [stdout]    5:     0x616c6f7201c0 - test[9d35eded1c95d3be]::test_main_inner::<test[9d35eded1c95d3be]::test_main_static::{closure#0}>::{closure#0}
[INFO] [stdout]    6:     0x616c6f784172 - std[70759c8f55707aa4]::panicking::panic_with_hook
[INFO] [stdout]    7:     0x616c6f767cd2 - std[70759c8f55707aa4]::panicking::panic_handler::{closure#0}
[INFO] [stdout]    8:     0x616c6f760a29 - std[70759c8f55707aa4]::sys::backtrace::__rust_end_short_backtrace::<std[70759c8f55707aa4]::panicking::panic_handler::{closure#0}, !>
[INFO] [stdout]    9:     0x616c6f7688cd - __rustc[8fa7c3cbc660c2b3]::rust_begin_unwind
[INFO] [stdout]   10:     0x616c6f7a0edc - core[df12db4294e9bfd3]::panicking::panic_fmt
[INFO] [stdout]   11:     0x616c6f7a0cb2 - core[df12db4294e9bfd3]::result::unwrap_failed
[INFO] [stdout]   12:     0x616c6f7001af - <load[3695657a28059ea8]::load_flow_sequence::{closure#0} as core[df12db4294e9bfd3]::ops::function::FnOnce<()>>::call_once
[INFO] [stdout]   13:     0x616c6f7134ab - test[9d35eded1c95d3be]::__rust_begin_short_backtrace::<core[df12db4294e9bfd3]::result::Result<(), alloc[2182bb758b4b3781]::string::String>, fn() -> core[df12db4294e9bfd3]::result::Result<(), alloc[2182bb758b4b3781]::string::String>>
[INFO] [stdout]   14:     0x616c6f720b15 - test[9d35eded1c95d3be]::run_test::{closure#0}
[INFO] [stdout]   15:     0x616c6f71a3d4 - std[70759c8f55707aa4]::sys::backtrace::__rust_begin_short_backtrace::<test[9d35eded1c95d3be]::run_test::{closure#1}, ()>
[INFO] [stdout]   16:     0x616c6f723c72 - <std[70759c8f55707aa4]::thread::lifecycle::spawn_unchecked<test[9d35eded1c95d3be]::run_test::{closure#1}, ()>::{closure#1} as core[df12db4294e9bfd3]::ops::function::FnOnce<()>>::call_once::{shim:vtable#0}
[INFO] [stdout]   17:     0x616c6f78b129 - <std[70759c8f55707aa4]::sys::thread::unix::Thread>::new::thread_start
[INFO] [stdout]   18:     0x7634b6accdfa - <unknown>
[INFO] [stdout]   19:     0x7634b6b603d4 - clone
[INFO] [stdout]   20:                0x0 - <unknown>
[INFO] [stdout] 
[INFO] [stdout] ---- load_boolean_true stdout ----
[INFO] [stdout] 
[INFO] [stdout] thread 'load_boolean_true' (562) panicked at tests/load.rs:27:40:
[INFO] [stdout] called `Result::unwrap()` on an `Err` value: Shared library file 'libyamlstar.so.0.1.24' not found
[INFO] [stdout] Try: cd libyamlstar && make native
[INFO] [stdout] Or set LD_LIBRARY_PATH to include the library location
[INFO] [stdout] stack backtrace:
[INFO] [stdout]    0:     0x616c6f78b851 - <<std[70759c8f55707aa4]::sys::backtrace::BacktraceLock>::print::DisplayBacktrace as core[df12db4294e9bfd3]::fmt::Display>::fmt
[INFO] [stdout]    1:     0x616c6f7a07aa - core[df12db4294e9bfd3]::fmt::write
[INFO] [stdout]    2:     0x616c6f78fd9c - <alloc[2182bb758b4b3781]::vec::Vec<u8> as core[df12db4294e9bfd3]::io::write::Write>::write_fmt
[INFO] [stdout]    3:     0x616c6f767c26 - std[70759c8f55707aa4]::panicking::default_hook::{closure#0}
[INFO] [stdout]    4:     0x616c6f783fb9 - std[70759c8f55707aa4]::panicking::default_hook
[INFO] [stdout]    5:     0x616c6f7201c0 - test[9d35eded1c95d3be]::test_main_inner::<test[9d35eded1c95d3be]::test_main_static::{closure#0}>::{closure#0}
[INFO] [stdout]    6:     0x616c6f784172 - std[70759c8f55707aa4]::panicking::panic_with_hook
[INFO] [stdout]    7:     0x616c6f767cd2 - std[70759c8f55707aa4]::panicking::panic_handler::{closure#0}
[INFO] [stdout]    8:     0x616c6f760a29 - std[70759c8f55707aa4]::sys::backtrace::__rust_end_short_backtrace::<std[70759c8f55707aa4]::panicking::panic_handler::{closure#0}, !>
[INFO] [stdout]    9:     0x616c6f7688cd - __rustc[8fa7c3cbc660c2b3]::rust_begin_unwind
[INFO] [stdout]   10:     0x616c6f7a0edc - core[df12db4294e9bfd3]::panicking::panic_fmt
[INFO] [stdout]   11:     0x616c6f7a0cb2 - core[df12db4294e9bfd3]::result::unwrap_failed
[INFO] [stdout]   12:     0x616c6f6ff43c - <load[3695657a28059ea8]::load_boolean_true::{closure#0} as core[df12db4294e9bfd3]::ops::function::FnOnce<()>>::call_once
[INFO] [stdout]   13:     0x616c6f7134ab - test[9d35eded1c95d3be]::__rust_begin_short_backtrace::<core[df12db4294e9bfd3]::result::Result<(), alloc[2182bb758b4b3781]::string::String>, fn() -> core[df12db4294e9bfd3]::result::Result<(), alloc[2182bb758b4b3781]::string::String>>
[INFO] [stdout]   14:     0x616c6f720b15 - test[9d35eded1c95d3be]::run_test::{closure#0}
[INFO] [stdout]   15:     0x616c6f71a3d4 - std[70759c8f55707aa4]::sys::backtrace::__rust_begin_short_backtrace::<test[9d35eded1c95d3be]::run_test::{closure#1}, ()>
[INFO] [stdout]   16:     0x616c6f723c72 - <std[70759c8f55707aa4]::thread::lifecycle::spawn_unchecked<test[9d35eded1c95d3be]::run_test::{closure#1}, ()>::{closure#1} as core[df12db4294e9bfd3]::ops::function::FnOnce<()>>::call_once::{shim:vtable#0}
[INFO] [stdout]   17:     0x616c6f78b129 - <std[70759c8f55707aa4]::sys::thread::unix::Thread>::new::thread_start
[INFO] [stdout]   18:     0x7634b6accdfa - <unknown>
[INFO] [stdout]   19:     0x7634b6b603d4 - clone
[INFO] [stdout]   20:                0x0 - <unknown>
[INFO] [stdout] 
[INFO] [stdout] ---- error_handling_malformed_yaml stdout ----
[INFO] [stdout] 
[INFO] [stdout] thread 'error_handling_malformed_yaml' (557) panicked at tests/load.rs:207:40:
[INFO] [stdout] called `Result::unwrap()` on an `Err` value: Shared library file 'libyamlstar.so.0.1.24' not found
[INFO] [stdout] Try: cd libyamlstar && make native
[INFO] [stdout] Or set LD_LIBRARY_PATH to include the library location
[INFO] [stdout] stack backtrace:
[INFO] [stdout]    0:     0x616c6f78b851 - <<std[70759c8f55707aa4]::sys::backtrace::BacktraceLock>::print::DisplayBacktrace as core[df12db4294e9bfd3]::fmt::Display>::fmt
[INFO] [stdout]    1:     0x616c6f7a07aa - core[df12db4294e9bfd3]::fmt::write
[INFO] [stdout]    2:     0x616c6f78fd9c - <alloc[2182bb758b4b3781]::vec::Vec<u8> as core[df12db4294e9bfd3]::io::write::Write>::write_fmt
[INFO] [stdout]    3:     0x616c6f767c26 - std[70759c8f55707aa4]::panicking::default_hook::{closure#0}
[INFO] [stdout]    4:     0x616c6f783fb9 - std[70759c8f55707aa4]::panicking::default_hook
[INFO] [stdout]    5:     0x616c6f7201c0 - test[9d35eded1c95d3be]::test_main_inner::<test[9d35eded1c95d3be]::test_main_static::{closure#0}>::{closure#0}
[INFO] [stdout]    6:     0x616c6f784172 - std[70759c8f55707aa4]::panicking::panic_with_hook
[INFO] [stdout]    7:     0x616c6f767cd2 - std[70759c8f55707aa4]::panicking::panic_handler::{closure#0}
[INFO] [stdout]    8:     0x616c6f760a29 - std[70759c8f55707aa4]::sys::backtrace::__rust_end_short_backtrace::<std[70759c8f55707aa4]::panicking::panic_handler::{closure#0}, !>
[INFO] [stdout]    9:     0x616c6f7688cd - __rustc[8fa7c3cbc660c2b3]::rust_begin_unwind
[INFO] [stdout]   10:     0x616c6f7a0edc - core[df12db4294e9bfd3]::panicking::panic_fmt
[INFO] [stdout]   11:     0x616c6f7a0cb2 - core[df12db4294e9bfd3]::result::unwrap_failed
[INFO] [stdout]   12:     0x616c6f702c6d - <load[3695657a28059ea8]::error_handling_malformed_yaml::{closure#0} as core[df12db4294e9bfd3]::ops::function::FnOnce<()>>::call_once
[INFO] [stdout]   13:     0x616c6f7134ab - test[9d35eded1c95d3be]::__rust_begin_short_backtrace::<core[df12db4294e9bfd3]::result::Result<(), alloc[2182bb758b4b3781]::string::String>, fn() -> core[df12db4294e9bfd3]::result::Result<(), alloc[2182bb758b4b3781]::string::String>>
[INFO] [stdout]   14:     0x616c6f720b15 - test[9d35eded1c95d3be]::run_test::{closure#0}
[INFO] [stdout]   15:     0x616c6f71a3d4 - std[70759c8f55707aa4]::sys::backtrace::__rust_begin_short_backtrace::<test[9d35eded1c95d3be]::run_test::{closure#1}, ()>
[INFO] [stdout]   16:     0x616c6f723c72 - <std[70759c8f55707aa4]::thread::lifecycle::spawn_unchecked<test[9d35eded1c95d3be]::run_test::{closure#1}, ()>::{closure#1} as core[df12db4294e9bfd3]::ops::function::FnOnce<()>>::call_once::{shim:vtable#0}
[INFO] [stdout]   17:     0x616c6f78b129 - <std[70759c8f55707aa4]::sys::thread::unix::Thread>::new::thread_start
[INFO] [stdout]   18:     0x7634b6accdfa - <unknown>
[INFO] [stdout]   19:     0x7634b6b603d4 - clone
[INFO] [stdout]   20:                0x0 - <unknown>
[INFO] [stdout] 
[INFO] [stdout] ---- load_null stdout ----
[INFO] [stdout] 
[INFO] [stdout] thread 'load_null' (570) panicked at tests/load.rs:41:40:
[INFO] [stdout] called `Result::unwrap()` on an `Err` value: Shared library file 'libyamlstar.so.0.1.24' not found
[INFO] [stdout] Try: cd libyamlstar && make native
[INFO] [stdout] Or set LD_LIBRARY_PATH to include the library location
[INFO] [stdout] stack backtrace:
[INFO] [stdout]    0:     0x616c6f78b851 - <<std[70759c8f55707aa4]::sys::backtrace::BacktraceLock>::print::DisplayBacktrace as core[df12db4294e9bfd3]::fmt::Display>::fmt
[INFO] [stdout]    1:     0x616c6f7a07aa - core[df12db4294e9bfd3]::fmt::write
[INFO] [stdout]    2:     0x616c6f78fd9c - <alloc[2182bb758b4b3781]::vec::Vec<u8> as core[df12db4294e9bfd3]::io::write::Write>::write_fmt
[INFO] [stdout]    3:     0x616c6f767c26 - std[70759c8f55707aa4]::panicking::default_hook::{closure#0}
[INFO] [stdout]    4:     0x616c6f783fb9 - std[70759c8f55707aa4]::panicking::default_hook
[INFO] [stdout]    5:     0x616c6f7201c0 - test[9d35eded1c95d3be]::test_main_inner::<test[9d35eded1c95d3be]::test_main_static::{closure#0}>::{closure#0}
[INFO] [stdout]    6:     0x616c6f784172 - std[70759c8f55707aa4]::panicking::panic_with_hook
[INFO] [stdout]    7:     0x616c6f767cd2 - std[70759c8f55707aa4]::panicking::panic_handler::{closure#0}
[INFO] [stdout]    8:     0x616c6f760a29 - std[70759c8f55707aa4]::sys::backtrace::__rust_end_short_backtrace::<std[70759c8f55707aa4]::panicking::panic_handler::{closure#0}, !>
[INFO] [stdout]    9:     0x616c6f7688cd - __rustc[8fa7c3cbc660c2b3]::rust_begin_unwind
[INFO] [stdout]   10:     0x616c6f7a0edc - core[df12db4294e9bfd3]::panicking::panic_fmt
[INFO] [stdout]   11:     0x616c6f7a0cb2 - core[df12db4294e9bfd3]::result::unwrap_failed
[INFO] [stdout]   12:     0x616c6f703068 - <load[3695657a28059ea8]::load_null::{closure#0} as core[df12db4294e9bfd3]::ops::function::FnOnce<()>>::call_once
[INFO] [stdout]   13:     0x616c6f7134ab - test[9d35eded1c95d3be]::__rust_begin_short_backtrace::<core[df12db4294e9bfd3]::result::Result<(), alloc[2182bb758b4b3781]::string::String>, fn() -> core[df12db4294e9bfd3]::result::Result<(), alloc[2182bb758b4b3781]::string::String>>
[INFO] [stdout]   14:     0x616c6f720b15 - test[9d35eded1c95d3be]::run_test::{closure#0}
[INFO] [stdout]   15:     0x616c6f71a3d4 - std[70759c8f55707aa4]::sys::backtrace::__rust_begin_short_backtrace::<test[9d35eded1c95d3be]::run_test::{closure#1}, ()>
[INFO] [stdout]   16:     0x616c6f723c72 - <std[70759c8f55707aa4]::thread::lifecycle::spawn_unchecked<test[9d35eded1c95d3be]::run_test::{closure#1}, ()>::{closure#1} as core[df12db4294e9bfd3]::ops::function::FnOnce<()>>::call_once::{shim:vtable#0}
[INFO] [stdout]   17:     0x616c6f78b129 - <std[70759c8f55707aa4]::sys::thread::unix::Thread>::new::thread_start
[INFO] [stdout]   18:     0x7634b6accdfa - <unknown>
[INFO] [stdout]   19:     0x7634b6b603d4 - clone
[INFO] [stdout]   20:                0x0 - <unknown>
[INFO] [stdout] 
[INFO] [stdout] ---- load_quoted_strings stdout ----
[INFO] [stdout] 
[INFO] [stdout] thread 'load_quoted_strings' (571) panicked at tests/load.rs:229:40:
[INFO] [stdout] called `Result::unwrap()` on an `Err` value: Shared library file 'libyamlstar.so.0.1.24' not found
[INFO] [stdout] Try: cd libyamlstar && make native
[INFO] [stdout] Or set LD_LIBRARY_PATH to include the library location
[INFO] [stdout] stack backtrace:
[INFO] [stdout]    0:     0x616c6f78b851 - <<std[70759c8f55707aa4]::sys::backtrace::BacktraceLock>::print::DisplayBacktrace as core[df12db4294e9bfd3]::fmt::Display>::fmt
[INFO] [stdout]    1:     0x616c6f7a07aa - core[df12db4294e9bfd3]::fmt::write
[INFO] [stdout]    2:     0x616c6f78fd9c - <alloc[2182bb758b4b3781]::vec::Vec<u8> as core[df12db4294e9bfd3]::io::write::Write>::write_fmt
[INFO] [stdout]    3:     0x616c6f767c26 - std[70759c8f55707aa4]::panicking::default_hook::{closure#0}
[INFO] [stdout]    4:     0x616c6f783fb9 - std[70759c8f55707aa4]::panicking::default_hook
[INFO] [stdout]    5:     0x616c6f7201c0 - test[9d35eded1c95d3be]::test_main_inner::<test[9d35eded1c95d3be]::test_main_static::{closure#0}>::{closure#0}
[INFO] [stdout]    6:     0x616c6f784172 - std[70759c8f55707aa4]::panicking::panic_with_hook
[INFO] [stdout]    7:     0x616c6f767cd2 - std[70759c8f55707aa4]::panicking::panic_handler::{closure#0}
[INFO] [stdout]    8:     0x616c6f760a29 - std[70759c8f55707aa4]::sys::backtrace::__rust_end_short_backtrace::<std[70759c8f55707aa4]::panicking::panic_handler::{closure#0}, !>
[INFO] [stdout]    9:     0x616c6f7688cd - __rustc[8fa7c3cbc660c2b3]::rust_begin_unwind
[INFO] [stdout]   10:     0x616c6f7a0edc - core[df12db4294e9bfd3]::panicking::panic_fmt
[INFO] [stdout]   11:     0x616c6f7a0cb2 - core[df12db4294e9bfd3]::result::unwrap_failed
[INFO] [stdout]   12:     0x616c6f70135c - <load[3695657a28059ea8]::load_quoted_strings::{closure#0} as core[df12db4294e9bfd3]::ops::function::FnOnce<()>>::call_once
[INFO] [stdout]   13:     0x616c6f7134ab - test[9d35eded1c95d3be]::__rust_begin_short_backtrace::<core[df12db4294e9bfd3]::result::Result<(), alloc[2182bb758b4b3781]::string::String>, fn() -> core[df12db4294e9bfd3]::result::Result<(), alloc[2182bb758b4b3781]::string::String>>
[INFO] [stdout]   14:     0x616c6f720b15 - test[9d35eded1c95d3be]::run_test::{closure#0}
[INFO] [stdout]   15:     0x616c6f71a3d4 - std[70759c8f55707aa4]::sys::backtrace::__rust_begin_short_backtrace::<test[9d35eded1c95d3be]::run_test::{closure#1}, ()>
[INFO] [stdout]   16:     0x616c6f723c72 - <std[70759c8f55707aa4]::thread::lifecycle::spawn_unchecked<test[9d35eded1c95d3be]::run_test::{closure#1}, ()>::{closure#1} as core[df12db4294e9bfd3]::ops::function::FnOnce<()>>::call_once::{shim:vtable#0}
[INFO] [stdout]   17:     0x616c6f78b129 - <std[70759c8f55707aa4]::sys::thread::unix::Thread>::new::thread_start
[INFO] [stdout]   18:     0x7634b6accdfa - <unknown>
[INFO] [stdout]   19:     0x7634b6b603d4 - clone
[INFO] [stdout]   20:                0x0 - <unknown>
[INFO] [stdout] 
[INFO] [stdout] ---- load_flow_mapping stdout ----
[INFO] [stdout] 
[INFO] [stdout] thread 'load_flow_mapping' (564) panicked at tests/load.rs:84:40:
[INFO] [stdout] called `Result::unwrap()` on an `Err` value: Shared library file 'libyamlstar.so.0.1.24' not found
[INFO] [stdout] Try: cd libyamlstar && make native
[INFO] [stdout] Or set LD_LIBRARY_PATH to include the library location
[INFO] [stdout] stack backtrace:
[INFO] [stdout]    0:     0x616c6f78b851 - <<std[70759c8f55707aa4]::sys::backtrace::BacktraceLock>::print::DisplayBacktrace as core[df12db4294e9bfd3]::fmt::Display>::fmt
[INFO] [stdout]    1:     0x616c6f7a07aa - core[df12db4294e9bfd3]::fmt::write
[INFO] [stdout]    2:     0x616c6f78fd9c - <alloc[2182bb758b4b3781]::vec::Vec<u8> as core[df12db4294e9bfd3]::io::write::Write>::write_fmt
[INFO] [stdout]    3:     0x616c6f767c26 - std[70759c8f55707aa4]::panicking::default_hook::{closure#0}
[INFO] [stdout]    4:     0x616c6f783fb9 - std[70759c8f55707aa4]::panicking::default_hook
[INFO] [stdout]    5:     0x616c6f7201c0 - test[9d35eded1c95d3be]::test_main_inner::<test[9d35eded1c95d3be]::test_main_static::{closure#0}>::{closure#0}
[INFO] [stdout]    6:     0x616c6f784172 - std[70759c8f55707aa4]::panicking::panic_with_hook
[INFO] [stdout]    7:     0x616c6f767cd2 - std[70759c8f55707aa4]::panicking::panic_handler::{closure#0}
[INFO] [stdout]    8:     0x616c6f760a29 - std[70759c8f55707aa4]::sys::backtrace::__rust_end_short_backtrace::<std[70759c8f55707aa4]::panicking::panic_handler::{closure#0}, !>
[INFO] [stdout]    9:     0x616c6f7688cd - __rustc[8fa7c3cbc660c2b3]::rust_begin_unwind
[INFO] [stdout]   10:     0x616c6f7a0edc - core[df12db4294e9bfd3]::panicking::panic_fmt
[INFO] [stdout]   11:     0x616c6f7a0cb2 - core[df12db4294e9bfd3]::result::unwrap_failed
[INFO] [stdout]   12:     0x616c6f6ff7ac - <load[3695657a28059ea8]::load_flow_mapping::{closure#0} as core[df12db4294e9bfd3]::ops::function::FnOnce<()>>::call_once
[INFO] [stdout]   13:     0x616c6f7134ab - test[9d35eded1c95d3be]::__rust_begin_short_backtrace::<core[df12db4294e9bfd3]::result::Result<(), alloc[2182bb758b4b3781]::string::String>, fn() -> core[df12db4294e9bfd3]::result::Result<(), alloc[2182bb758b4b3781]::string::String>>
[INFO] [stdout]   14:     0x616c6f720b15 - test[9d35eded1c95d3be]::run_test::{closure#0}
[INFO] [stdout]   15:     0x616c6f71a3d4 - std[70759c8f55707aa4]::sys::backtrace::__rust_begin_short_backtrace::<test[9d35eded1c95d3be]::run_test::{closure#1}, ()>
[INFO] [stdout]   16:     0x616c6f723c72 - <std[70759c8f55707aa4]::thread::lifecycle::spawn_unchecked<test[9d35eded1c95d3be]::run_test::{closure#1}, ()>::{closure#1} as core[df12db4294e9bfd3]::ops::function::FnOnce<()>>::call_once::{shim:vtable#0}
[INFO] [stdout]   17:     0x616c6f78b129 - <std[70759c8f55707aa4]::sys::thread::unix::Thread>::new::thread_start
[INFO] [stdout]   18:     0x7634b6accdfa - <unknown>
[INFO] [stdout]   19:     0x7634b6b603d4 - clone
[INFO] [stdout]   20:                0x0 - <unknown>
[INFO] [stdout] 
[INFO] [stdout] ---- load_mapping_to_struct stdout ----
[INFO] [stdout] 
[INFO] [stdout] thread 'load_mapping_to_struct' (567) panicked at tests/load.rs:62:40:
[INFO] [stdout] called `Result::unwrap()` on an `Err` value: Shared library file 'libyamlstar.so.0.1.24' not found
[INFO] [stdout] Try: cd libyamlstar && make native
[INFO] [stdout] Or set LD_LIBRARY_PATH to include the library location
[INFO] [stdout] stack backtrace:
[INFO] [stdout]    0:     0x616c6f78b851 - <<std[70759c8f55707aa4]::sys::backtrace::BacktraceLock>::print::DisplayBacktrace as core[df12db4294e9bfd3]::fmt::Display>::fmt
[INFO] [stdout]    1:     0x616c6f7a07aa - core[df12db4294e9bfd3]::fmt::write
[INFO] [stdout]    2:     0x616c6f78fd9c - <alloc[2182bb758b4b3781]::vec::Vec<u8> as core[df12db4294e9bfd3]::io::write::Write>::write_fmt
[INFO] [stdout]    3:     0x616c6f767c26 - std[70759c8f55707aa4]::panicking::default_hook::{closure#0}
[INFO] [stdout]    4:     0x616c6f783fb9 - std[70759c8f55707aa4]::panicking::default_hook
[INFO] [stdout]    5:     0x616c6f7201c0 - test[9d35eded1c95d3be]::test_main_inner::<test[9d35eded1c95d3be]::test_main_static::{closure#0}>::{closure#0}
[INFO] [stdout]    6:     0x616c6f784172 - std[70759c8f55707aa4]::panicking::panic_with_hook
[INFO] [stdout]    7:     0x616c6f767cd2 - std[70759c8f55707aa4]::panicking::panic_handler::{closure#0}
[INFO] [stdout]    8:     0x616c6f760a29 - std[70759c8f55707aa4]::sys::backtrace::__rust_end_short_backtrace::<std[70759c8f55707aa4]::panicking::panic_handler::{closure#0}, !>
[INFO] [stdout]    9:     0x616c6f7688cd - __rustc[8fa7c3cbc660c2b3]::rust_begin_unwind
[INFO] [stdout]   10:     0x616c6f7a0edc - core[df12db4294e9bfd3]::panicking::panic_fmt
[INFO] [stdout]   11:     0x616c6f7a0cb2 - core[df12db4294e9bfd3]::result::unwrap_failed
[INFO] [stdout]   12:     0x616c6f7023fe - <load[3695657a28059ea8]::load_mapping_to_struct::{closure#0} as core[df12db4294e9bfd3]::ops::function::FnOnce<()>>::call_once
[INFO] [stdout]   13:     0x616c6f7134ab - test[9d35eded1c95d3be]::__rust_begin_short_backtrace::<core[df12db4294e9bfd3]::result::Result<(), alloc[2182bb758b4b3781]::string::String>, fn() -> core[df12db4294e9bfd3]::result::Result<(), alloc[2182bb758b4b3781]::string::String>>
[INFO] [stdout]   14:     0x616c6f720b15 - test[9d35eded1c95d3be]::run_test::{closure#0}
[INFO] [stdout]   15:     0x616c6f71a3d4 - std[70759c8f55707aa4]::sys::backtrace::__rust_begin_short_backtrace::<test[9d35eded1c95d3be]::run_test::{closure#1}, ()>
[INFO] [stdout]   16:     0x616c6f723c72 - <std[70759c8f55707aa4]::thread::lifecycle::spawn_unchecked<test[9d35eded1c95d3be]::run_test::{closure#1}, ()>::{closure#1} as core[df12db4294e9bfd3]::ops::function::FnOnce<()>>::call_once::{shim:vtable#0}
[INFO] [stdout]   17:     0x616c6f78b129 - <std[70759c8f55707aa4]::sys::thread::unix::Thread>::new::thread_start
[INFO] [stdout]   18:     0x7634b6accdfa - <unknown>
[INFO] [stdout]   19:     0x7634b6b603d4 - clone
[INFO] [stdout]   20:                0x0 - <unknown>
[INFO] [stdout] 
[INFO] [stdout] ---- dump_roundtrip stdout ----
[INFO] [stdout] 
[INFO] [stdout] thread 'dump_roundtrip' (555) panicked at tests/load.rs:178:40:
[INFO] [stdout] called `Result::unwrap()` on an `Err` value: Shared library file 'libyamlstar.so.0.1.24' not found
[INFO] [stdout] Try: cd libyamlstar && make native
[INFO] [stdout] Or set LD_LIBRARY_PATH to include the library location
[INFO] [stdout] stack backtrace:
[INFO] [stdout]    0:     0x616c6f78b851 - <<std[70759c8f55707aa4]::sys::backtrace::BacktraceLock>::print::DisplayBacktrace as core[df12db4294e9bfd3]::fmt::Display>::fmt
[INFO] [stdout]    1:     0x616c6f7a07aa - core[df12db4294e9bfd3]::fmt::write
[INFO] [stdout]    2:     0x616c6f78fd9c - <alloc[2182bb758b4b3781]::vec::Vec<u8> as core[df12db4294e9bfd3]::io::write::Write>::write_fmt
[INFO] [stdout]    3:     0x616c6f767c26 - std[70759c8f55707aa4]::panicking::default_hook::{closure#0}
[INFO] [stdout]    4:     0x616c6f783fb9 - std[70759c8f55707aa4]::panicking::default_hook
[INFO] [stdout]    5:     0x616c6f7201c0 - test[9d35eded1c95d3be]::test_main_inner::<test[9d35eded1c95d3be]::test_main_static::{closure#0}>::{closure#0}
[INFO] [stdout]    6:     0x616c6f784172 - std[70759c8f55707aa4]::panicking::panic_with_hook
[INFO] [stdout]    7:     0x616c6f767cd2 - std[70759c8f55707aa4]::panicking::panic_handler::{closure#0}
[INFO] [stdout]    8:     0x616c6f760a29 - std[70759c8f55707aa4]::sys::backtrace::__rust_end_short_backtrace::<std[70759c8f55707aa4]::panicking::panic_handler::{closure#0}, !>
[INFO] [stdout]    9:     0x616c6f7688cd - __rustc[8fa7c3cbc660c2b3]::rust_begin_unwind
[INFO] [stdout]   10:     0x616c6f7a0edc - core[df12db4294e9bfd3]::panicking::panic_fmt
[INFO] [stdout]   11:     0x616c6f7a0cb2 - core[df12db4294e9bfd3]::result::unwrap_failed
[INFO] [stdout]   12:     0x616c6f6ff0ed - <load[3695657a28059ea8]::dump_roundtrip::{closure#0} as core[df12db4294e9bfd3]::ops::function::FnOnce<()>>::call_once
[INFO] [stdout]   13:     0x616c6f7134ab - test[9d35eded1c95d3be]::__rust_begin_short_backtrace::<core[df12db4294e9bfd3]::result::Result<(), alloc[2182bb758b4b3781]::string::String>, fn() -> core[df12db4294e9bfd3]::result::Result<(), alloc[2182bb758b4b3781]::string::String>>
[INFO] [stdout]   14:     0x616c6f720b15 - test[9d35eded1c95d3be]::run_test::{closure#0}
[INFO] [stdout]   15:     0x616c6f71a3d4 - std[70759c8f55707aa4]::sys::backtrace::__rust_begin_short_backtrace::<test[9d35eded1c95d3be]::run_test::{closure#1}, ()>
[INFO] [stdout]   16:     0x616c6f723c72 - <std[70759c8f55707aa4]::thread::lifecycle::spawn_unchecked<test[9d35eded1c95d3be]::run_test::{closure#1}, ()>::{closure#1} as core[df12db4294e9bfd3]::ops::function::FnOnce<()>>::call_once::{shim:vtable#0}
[INFO] [stdout]   17:     0x616c6f78b129 - <std[70759c8f55707aa4]::sys::thread::unix::Thread>::new::thread_start
[INFO] [stdout]   18:     0x7634b6accdfa - <unknown>
[INFO] [stdout]   19:     0x7634b6b603d4 - clone
[INFO] [stdout]   20:                0x0 - <unknown>
[INFO] [stdout] 
[INFO] [stdout] ---- load_integer stdout ----
[INFO] [stdout] 
[INFO] [stdout] thread 'load_integer' (566) panicked at tests/load.rs:13:40:
[INFO] [stdout] called `Result::unwrap()` on an `Err` value: Shared library file 'libyamlstar.so.0.1.24' not found
[INFO] [stdout] Try: cd libyamlstar && make native
[INFO] [stdout] Or set LD_LIBRARY_PATH to include the library location
[INFO] [stdout] stack backtrace:
[INFO] [stdout]    0:     0x616c6f78b851 - <<std[70759c8f55707aa4]::sys::backtrace::BacktraceLock>::print::DisplayBacktrace as core[df12db4294e9bfd3]::fmt::Display>::fmt
[INFO] [stdout]    1:     0x616c6f7a07aa - core[df12db4294e9bfd3]::fmt::write
[INFO] [stdout]    2:     0x616c6f78fd9c - <alloc[2182bb758b4b3781]::vec::Vec<u8> as core[df12db4294e9bfd3]::io::write::Write>::write_fmt
[INFO] [stdout]    3:     0x616c6f767c26 - std[70759c8f55707aa4]::panicking::default_hook::{closure#0}
[INFO] [stdout]    4:     0x616c6f783fb9 - std[70759c8f55707aa4]::panicking::default_hook
[INFO] [stdout]    5:     0x616c6f7201c0 - test[9d35eded1c95d3be]::test_main_inner::<test[9d35eded1c95d3be]::test_main_static::{closure#0}>::{closure#0}
[INFO] [stdout]    6:     0x616c6f784172 - std[70759c8f55707aa4]::panicking::panic_with_hook
[INFO] [stdout]    7:     0x616c6f767cd2 - std[70759c8f55707aa4]::panicking::panic_handler::{closure#0}
[INFO] [stdout]    8:     0x616c6f760a29 - std[70759c8f55707aa4]::sys::backtrace::__rust_end_short_backtrace::<std[70759c8f55707aa4]::panicking::panic_handler::{closure#0}, !>
[INFO] [stdout]    9:     0x616c6f7688cd - __rustc[8fa7c3cbc660c2b3]::rust_begin_unwind
[INFO] [stdout]   10:     0x616c6f7a0edc - core[df12db4294e9bfd3]::panicking::panic_fmt
[INFO] [stdout]   11:     0x616c6f7a0cb2 - core[df12db4294e9bfd3]::result::unwrap_failed
[INFO] [stdout]   12:     0x616c6f6fe864 - <load[3695657a28059ea8]::load_integer::{closure#0} as core[df12db4294e9bfd3]::ops::function::FnOnce<()>>::call_once
[INFO] [stdout]   13:     0x616c6f7134ab - test[9d35eded1c95d3be]::__rust_begin_short_backtrace::<core[df12db4294e9bfd3]::result::Result<(), alloc[2182bb758b4b3781]::string::String>, fn() -> core[df12db4294e9bfd3]::result::Result<(), alloc[2182bb758b4b3781]::string::String>>
[INFO] [stdout]   14:     0x616c6f720b15 - test[9d35eded1c95d3be]::run_test::{closure#0}
[INFO] [stdout]   15:     0x616c6f71a3d4 - std[70759c8f55707aa4]::sys::backtrace::__rust_begin_short_backtrace::<test[9d35eded1c95d3be]::run_test::{closure#1}, ()>
[INFO] [stdout]   16:     0x616c6f723c72 - <std[70759c8f55707aa4]::thread::lifecycle::spawn_unchecked<test[9d35eded1c95d3be]::run_test::{closure#1}, ()>::{closure#1} as core[df12db4294e9bfd3]::ops::function::FnOnce<()>>::call_once::{shim:vtable#0}
[INFO] [stdout]   17:     0x616c6f78b129 - <std[70759c8f55707aa4]::sys::thread::unix::Thread>::new::thread_start
[INFO] [stdout]   18:     0x7634b6accdfa - <unknown>
[INFO] [stdout]   19:     0x7634b6b603d4 - clone
[INFO] [stdout]   20:                0x0 - <unknown>
[INFO] [stdout] 
[INFO] [stdout] ---- load_nested_structure stdout ----
[INFO] [stdout] 
[INFO] [stdout] thread 'load_nested_structure' (569) panicked at tests/load.rs:100:40:
[INFO] [stdout] called `Result::unwrap()` on an `Err` value: Shared library file 'libyamlstar.so.0.1.24' not found
[INFO] [stdout] Try: cd libyamlstar && make native
[INFO] [stdout] Or set LD_LIBRARY_PATH to include the library location
[INFO] [stdout] stack backtrace:
[INFO] [stdout]    0:     0x616c6f78b851 - <<std[70759c8f55707aa4]::sys::backtrace::BacktraceLock>::print::DisplayBacktrace as core[df12db4294e9bfd3]::fmt::Display>::fmt
[INFO] [stdout]    1:     0x616c6f7a07aa - core[df12db4294e9bfd3]::fmt::write
[INFO] [stdout]    2:     0x616c6f78fd9c - <alloc[2182bb758b4b3781]::vec::Vec<u8> as core[df12db4294e9bfd3]::io::write::Write>::write_fmt
[INFO] [stdout]    3:     0x616c6f767c26 - std[70759c8f55707aa4]::panicking::default_hook::{closure#0}
[INFO] [stdout]    4:     0x616c6f783fb9 - std[70759c8f55707aa4]::panicking::default_hook
[INFO] [stdout]    5:     0x616c6f7201c0 - test[9d35eded1c95d3be]::test_main_inner::<test[9d35eded1c95d3be]::test_main_static::{closure#0}>::{closure#0}
[INFO] [stdout]    6:     0x616c6f784172 - std[70759c8f55707aa4]::panicking::panic_with_hook
[INFO] [stdout]    7:     0x616c6f767cd2 - std[70759c8f55707aa4]::panicking::panic_handler::{closure#0}
[INFO] [stdout]    8:     0x616c6f760a29 - std[70759c8f55707aa4]::sys::backtrace::__rust_end_short_backtrace::<std[70759c8f55707aa4]::panicking::panic_handler::{closure#0}, !>
[INFO] [stdout]    9:     0x616c6f7688cd - __rustc[8fa7c3cbc660c2b3]::rust_begin_unwind
[INFO] [stdout]   10:     0x616c6f7a0edc - core[df12db4294e9bfd3]::panicking::panic_fmt
[INFO] [stdout]   11:     0x616c6f7a0cb2 - core[df12db4294e9bfd3]::result::unwrap_failed
[INFO] [stdout]   12:     0x616c6f702160 - <load[3695657a28059ea8]::load_nested_structure::{closure#0} as core[df12db4294e9bfd3]::ops::function::FnOnce<()>>::call_once
[INFO] [stdout]   13:     0x616c6f7134ab - test[9d35eded1c95d3be]::__rust_begin_short_backtrace::<core[df12db4294e9bfd3]::result::Result<(), alloc[2182bb758b4b3781]::string::String>, fn() -> core[df12db4294e9bfd3]::result::Result<(), alloc[2182bb758b4b3781]::string::String>>
[INFO] [stdout]   14:     0x616c6f720b15 - test[9d35eded1c95d3be]::run_test::{closure#0}
[INFO] [stdout]   15:     0x616c6f71a3d4 - std[70759c8f55707aa4]::sys::backtrace::__rust_begin_short_backtrace::<test[9d35eded1c95d3be]::run_test::{closure#1}, ()>
[INFO] [stdout]   16:     0x616c6f723c72 - <std[70759c8f55707aa4]::thread::lifecycle::spawn_unchecked<test[9d35eded1c95d3be]::run_test::{closure#1}, ()>::{closure#1} as core[df12db4294e9bfd3]::ops::function::FnOnce<()>>::call_once::{shim:vtable#0}
[INFO] [stdout]   17:     0x616c6f78b129 - <std[70759c8f55707aa4]::sys::thread::unix::Thread>::new::thread_start
[INFO] [stdout]   18:     0x7634b6accdfa - <unknown>
[INFO] [stdout]   19:     0x7634b6b603d4 - clone
[INFO] [stdout]   20:                0x0 - <unknown>
[INFO] [stdout] 
[INFO] [stdout] ---- load_all_single_document stdout ----
[INFO] [stdout] 
[INFO] [stdout] thread 'load_all_single_document' (560) panicked at tests/load.rs:145:40:
[INFO] [stdout] called `Result::unwrap()` on an `Err` value: Shared library file 'libyamlstar.so.0.1.24' not found
[INFO] [stdout] Try: cd libyamlstar && make native
[INFO] [stdout] Or set LD_LIBRARY_PATH to include the library location
[INFO] [stdout] stack backtrace:
[INFO] [stdout]    0:     0x616c6f78b851 - <<std[70759c8f55707aa4]::sys::backtrace::BacktraceLock>::print::DisplayBacktrace as core[df12db4294e9bfd3]::fmt::Display>::fmt
[INFO] [stdout]    1:     0x616c6f7a07aa - core[df12db4294e9bfd3]::fmt::write
[INFO] [stdout]    2:     0x616c6f78fd9c - <alloc[2182bb758b4b3781]::vec::Vec<u8> as core[df12db4294e9bfd3]::io::write::Write>::write_fmt
[INFO] [stdout]    3:     0x616c6f767c26 - std[70759c8f55707aa4]::panicking::default_hook::{closure#0}
[INFO] [stdout]    4:     0x616c6f783fb9 - std[70759c8f55707aa4]::panicking::default_hook
[INFO] [stdout]    5:     0x616c6f7201c0 - test[9d35eded1c95d3be]::test_main_inner::<test[9d35eded1c95d3be]::test_main_static::{closure#0}>::{closure#0}
[INFO] [stdout]    6:     0x616c6f784172 - std[70759c8f55707aa4]::panicking::panic_with_hook
[INFO] [stdout]    7:     0x616c6f767cd2 - std[70759c8f55707aa4]::panicking::panic_handler::{closure#0}
[INFO] [stdout]    8:     0x616c6f760a29 - std[70759c8f55707aa4]::sys::backtrace::__rust_end_short_backtrace::<std[70759c8f55707aa4]::panicking::panic_handler::{closure#0}, !>
[INFO] [stdout]    9:     0x616c6f7688cd - __rustc[8fa7c3cbc660c2b3]::rust_begin_unwind
[INFO] [stdout]   10:     0x616c6f7a0edc - core[df12db4294e9bfd3]::panicking::panic_fmt
[INFO] [stdout]   11:     0x616c6f7a0cb2 - core[df12db4294e9bfd3]::result::unwrap_failed
[INFO] [stdout]   12:     0x616c6f7026fe - <load[3695657a28059ea8]::load_all_single_document::{closure#0} as core[df12db4294e9bfd3]::ops::function::FnOnce<()>>::call_once
[INFO] [stdout]   13:     0x616c6f7134ab - test[9d35eded1c95d3be]::__rust_begin_short_backtrace::<core[df12db4294e9bfd3]::result::Result<(), alloc[2182bb758b4b3781]::string::String>, fn() -> core[df12db4294e9bfd3]::result::Result<(), alloc[2182bb758b4b3781]::string::String>>
[INFO] [stdout]   14:     0x616c6f720b15 - test[9d35eded1c95d3be]::run_test::{closure#0}
[INFO] [stdout]   15:     0x616c6f71a3d4 - std[70759c8f55707aa4]::sys::backtrace::__rust_begin_short_backtrace::<test[9d35eded1c95d3be]::run_test::{closure#1}, ()>
[INFO] [stdout]   16:     0x616c6f723c72 - <std[70759c8f55707aa4]::thread::lifecycle::spawn_unchecked<test[9d35eded1c95d3be]::run_test::{closure#1}, ()>::{closure#1} as core[df12db4294e9bfd3]::ops::function::FnOnce<()>>::call_once::{shim:vtable#0}
[INFO] [stdout]   17:     0x616c6f78b129 - <std[70759c8f55707aa4]::sys::thread::unix::Thread>::new::thread_start
[INFO] [stdout]   18:     0x7634b6accdfa - <unknown>
[INFO] [stdout]   19:     0x7634b6b603d4 - clone
[INFO] [stdout]   20:                0x0 - <unknown>
[INFO] [stdout] 
[INFO] [stdout] ---- load_float stdout ----
[INFO] [stdout] 
[INFO] [stdout] thread 'load_float' (563) panicked at tests/load.rs:20:40:
[INFO] [stdout] called `Result::unwrap()` on an `Err` value: Shared library file 'libyamlstar.so.0.1.24' not found
[INFO] [stdout] Try: cd libyamlstar && make native
[INFO] [stdout] Or set LD_LIBRARY_PATH to include the library location
[INFO] [stdout] stack backtrace:
[INFO] [stdout]    0:     0x616c6f78b851 - <<std[70759c8f55707aa4]::sys::backtrace::BacktraceLock>::print::DisplayBacktrace as core[df12db4294e9bfd3]::fmt::Display>::fmt
[INFO] [stdout]    1:     0x616c6f7a07aa - core[df12db4294e9bfd3]::fmt::write
[INFO] [stdout]    2:     0x616c6f78fd9c - <alloc[2182bb758b4b3781]::vec::Vec<u8> as core[df12db4294e9bfd3]::io::write::Write>::write_fmt
[INFO] [stdout]    3:     0x616c6f767c26 - std[70759c8f55707aa4]::panicking::default_hook::{closure#0}
[INFO] [stdout]    4:     0x616c6f783fb9 - std[70759c8f55707aa4]::panicking::default_hook
[INFO] [stdout]    5:     0x616c6f7201c0 - test[9d35eded1c95d3be]::test_main_inner::<test[9d35eded1c95d3be]::test_main_static::{closure#0}>::{closure#0}
[INFO] [stdout]    6:     0x616c6f784172 - std[70759c8f55707aa4]::panicking::panic_with_hook
[INFO] [stdout]    7:     0x616c6f767cd2 - std[70759c8f55707aa4]::panicking::panic_handler::{closure#0}
[INFO] [stdout]    8:     0x616c6f760a29 - std[70759c8f55707aa4]::sys::backtrace::__rust_end_short_backtrace::<std[70759c8f55707aa4]::panicking::panic_handler::{closure#0}, !>
[INFO] [stdout]    9:     0x616c6f7688cd - __rustc[8fa7c3cbc660c2b3]::rust_begin_unwind
[INFO] [stdout]   10:     0x616c6f7a0edc - core[df12db4294e9bfd3]::panicking::panic_fmt
[INFO] [stdout]   11:     0x616c6f7a0cb2 - core[df12db4294e9bfd3]::result::unwrap_failed
[INFO] [stdout]   12:     0x616c6f6fe681 - <load[3695657a28059ea8]::load_float::{closure#0} as core[df12db4294e9bfd3]::ops::function::FnOnce<()>>::call_once
[INFO] [stdout]   13:     0x616c6f7134ab - test[9d35eded1c95d3be]::__rust_begin_short_backtrace::<core[df12db4294e9bfd3]::result::Result<(), alloc[2182bb758b4b3781]::string::String>, fn() -> core[df12db4294e9bfd3]::result::Result<(), alloc[2182bb758b4b3781]::string::String>>
[INFO] [stdout]   14:     0x616c6f720b15 - test[9d35eded1c95d3be]::run_test::{closure#0}
[INFO] [stdout]   15:     0x616c6f71a3d4 - std[70759c8f55707aa4]::sys::backtrace::__rust_begin_short_backtrace::<test[9d35eded1c95d3be]::run_test::{closure#1}, ()>
[INFO] [stdout]   16:     0x616c6f723c72 - <std[70759c8f55707aa4]::thread::lifecycle::spawn_unchecked<test[9d35eded1c95d3be]::run_test::{closure#1}, ()>::{closure#1} as core[df12db4294e9bfd3]::ops::function::FnOnce<()>>::call_once::{shim:vtable#0}
[INFO] [stdout]   17:     0x616c6f78b129 - <std[70759c8f55707aa4]::sys::thread::unix::Thread>::new::thread_start
[INFO] [stdout]   18:     0x7634b6accdfa - <unknown>
[INFO] [stdout]   19:     0x7634b6b603d4 - clone
[INFO] [stdout]   20:                0x0 - <unknown>
[INFO] [stdout] 
[INFO] [stdout] ---- load_all_mixed_types stdout ----
[INFO] [stdout] 
[INFO] [stdout] thread 'load_all_mixed_types' (558) panicked at tests/load.rs:160:40:
[INFO] [stdout] called `Result::unwrap()` on an `Err` value: Shared library file 'libyamlstar.so.0.1.24' not found
[INFO] [stdout] Try: cd libyamlstar && make native
[INFO] [stdout] Or set LD_LIBRARY_PATH to include the library location
[INFO] [stdout] stack backtrace:
[INFO] [stdout]    0:     0x616c6f78b851 - <<std[70759c8f55707aa4]::sys::backtrace::BacktraceLock>::print::DisplayBacktrace as core[df12db4294e9bfd3]::fmt::Display>::fmt
[INFO] [stdout]    1:     0x616c6f7a07aa - core[df12db4294e9bfd3]::fmt::write
[INFO] [stdout]    2:     0x616c6f78fd9c - <alloc[2182bb758b4b3781]::vec::Vec<u8> as core[df12db4294e9bfd3]::io::write::Write>::write_fmt
[INFO] [stdout]    3:     0x616c6f767c26 - std[70759c8f55707aa4]::panicking::default_hook::{closure#0}
[INFO] [stdout]    4:     0x616c6f783fb9 - std[70759c8f55707aa4]::panicking::default_hook
[INFO] [stdout]    5:     0x616c6f7201c0 - test[9d35eded1c95d3be]::test_main_inner::<test[9d35eded1c95d3be]::test_main_static::{closure#0}>::{closure#0}
[INFO] [stdout]    6:     0x616c6f784172 - std[70759c8f55707aa4]::panicking::panic_with_hook
[INFO] [stdout]    7:     0x616c6f767cd2 - std[70759c8f55707aa4]::panicking::panic_handler::{closure#0}
[INFO] [stdout]    8:     0x616c6f760a29 - std[70759c8f55707aa4]::sys::backtrace::__rust_end_short_backtrace::<std[70759c8f55707aa4]::panicking::panic_handler::{closure#0}, !>
[INFO] [stdout]    9:     0x616c6f7688cd - __rustc[8fa7c3cbc660c2b3]::rust_begin_unwind
[INFO] [stdout]   10:     0x616c6f7a0edc - core[df12db4294e9bfd3]::panicking::panic_fmt
[INFO] [stdout]   11:     0x616c6f7a0cb2 - core[df12db4294e9bfd3]::result::unwrap_failed
[INFO] [stdout]   12:     0x616c6f701a95 - <load[3695657a28059ea8]::load_all_mixed_types::{closure#0} as core[df12db4294e9bfd3]::ops::function::FnOnce<()>>::call_once
[INFO] [stdout]   13:     0x616c6f7134ab - test[9d35eded1c95d3be]::__rust_begin_short_backtrace::<core[df12db4294e9bfd3]::result::Result<(), alloc[2182bb758b4b3781]::string::String>, fn() -> core[df12db4294e9bfd3]::result::Result<(), alloc[2182bb758b4b3781]::string::String>>
[INFO] [stdout]   14:     0x616c6f720b15 - test[9d35eded1c95d3be]::run_test::{closure#0}
[INFO] [stdout]   15:     0x616c6f71a3d4 - std[70759c8f55707aa4]::sys::backtrace::__rust_begin_short_backtrace::<test[9d35eded1c95d3be]::run_test::{closure#1}, ()>
[INFO] [stdout]   16:     0x616c6f723c72 - <std[70759c8f55707aa4]::thread::lifecycle::spawn_unchecked<test[9d35eded1c95d3be]::run_test::{closure#1}, ()>::{closure#1} as core[df12db4294e9bfd3]::ops::function::FnOnce<()>>::call_once::{shim:vtable#0}
[INFO] [stdout]   17:     0x616c6f78b129 - <std[70759c8f55707aa4]::sys::thread::unix::Thread>::new::thread_start
[INFO] [stdout]   18:     0x7634b6accdfa - <unknown>
[INFO] [stdout]   19:     0x7634b6b603d4 - clone
[INFO] [stdout]   20:                0x0 - <unknown>
[INFO] [stdout] 
[INFO] [stdout] ---- load_sequence stdout ----
[INFO] [stdout] 
[INFO] [stdout] thread 'load_sequence' (572) panicked at tests/load.rs:70:40:
[INFO] [stdout] called `Result::unwrap()` on an `Err` value: Shared library file 'libyamlstar.so.0.1.24' not found
[INFO] [stdout] Try: cd libyamlstar && make native
[INFO] [stdout] Or set LD_LIBRARY_PATH to include the library location
[INFO] [stdout] stack backtrace:
[INFO] [stdout]    0:     0x616c6f78b851 - <<std[70759c8f55707aa4]::sys::backtrace::BacktraceLock>::print::DisplayBacktrace as core[df12db4294e9bfd3]::fmt::Display>::fmt
[INFO] [stdout]    1:     0x616c6f7a07aa - core[df12db4294e9bfd3]::fmt::write
[INFO] [stdout]    2:     0x616c6f78fd9c - <alloc[2182bb758b4b3781]::vec::Vec<u8> as core[df12db4294e9bfd3]::io::write::Write>::write_fmt
[INFO] [stdout]    3:     0x616c6f767c26 - std[70759c8f55707aa4]::panicking::default_hook::{closure#0}
[INFO] [stdout]    4:     0x616c6f783fb9 - std[70759c8f55707aa4]::panicking::default_hook
[INFO] [stdout]    5:     0x616c6f7201c0 - test[9d35eded1c95d3be]::test_main_inner::<test[9d35eded1c95d3be]::test_main_static::{closure#0}>::{closure#0}
[INFO] [stdout]    6:     0x616c6f784172 - std[70759c8f55707aa4]::panicking::panic_with_hook
[INFO] [stdout]    7:     0x616c6f767cd2 - std[70759c8f55707aa4]::panicking::panic_handler::{closure#0}
[INFO] [stdout]    8:     0x616c6f760a29 - std[70759c8f55707aa4]::sys::backtrace::__rust_end_short_backtrace::<std[70759c8f55707aa4]::panicking::panic_handler::{closure#0}, !>
[INFO] [stdout]    9:     0x616c6f7688cd - __rustc[8fa7c3cbc660c2b3]::rust_begin_unwind
[INFO] [stdout]   10:     0x616c6f7a0edc - core[df12db4294e9bfd3]::panicking::panic_fmt
[INFO] [stdout]   11:     0x616c6f7a0cb2 - core[df12db4294e9bfd3]::result::unwrap_failed
[INFO] [stdout]   12:     0x616c6f6febbf - <load[3695657a28059ea8]::load_sequence::{closure#0} as core[df12db4294e9bfd3]::ops::function::FnOnce<()>>::call_once
[INFO] [stdout]   13:     0x616c6f7134ab - test[9d35eded1c95d3be]::__rust_begin_short_backtrace::<core[df12db4294e9bfd3]::result::Result<(), alloc[2182bb758b4b3781]::string::String>, fn() -> core[df12db4294e9bfd3]::result::Result<(), alloc[2182bb758b4b3781]::string::String>>
[INFO] [stdout]   14:     0x616c6f720b15 - test[9d35eded1c95d3be]::run_test::{closure#0}
[INFO] [stdout]   15:     0x616c6f71a3d4 - std[70759c8f55707aa4]::sys::backtrace::__rust_begin_short_backtrace::<test[9d35eded1c95d3be]::run_test::{closure#1}, ()>
[INFO] [stdout]   16:     0x616c6f723c72 - <std[70759c8f55707aa4]::thread::lifecycle::spawn_unchecked<test[9d35eded1c95d3be]::run_test::{closure#1}, ()>::{closure#1} as core[df12db4294e9bfd3]::ops::function::FnOnce<()>>::call_once::{shim:vtable#0}
[INFO] [stdout]   17:     0x616c6f78b129 - <std[70759c8f55707aa4]::sys::thread::unix::Thread>::new::thread_start
[INFO] [stdout]   18:     0x7634b6accdfa - <unknown>
[INFO] [stdout]   19:     0x7634b6b603d4 - clone
[INFO] [stdout]   20:                0x0 - <unknown>
[INFO] [stdout] 
[INFO] [stdout] ---- load_all_multiple_documents stdout ----
[INFO] [stdout] 
[INFO] [stdout] thread 'load_all_multiple_documents' (559) panicked at tests/load.rs:152:40:
[INFO] [stdout] called `Result::unwrap()` on an `Err` value: Shared library file 'libyamlstar.so.0.1.24' not found
[INFO] [stdout] Try: cd libyamlstar && make native
[INFO] [stdout] Or set LD_LIBRARY_PATH to include the library location
[INFO] [stdout] stack backtrace:
[INFO] [stdout]    0:     0x616c6f78b851 - <<std[70759c8f55707aa4]::sys::backtrace::BacktraceLock>::print::DisplayBacktrace as core[df12db4294e9bfd3]::fmt::Display>::fmt
[INFO] [stdout]    1:     0x616c6f7a07aa - core[df12db4294e9bfd3]::fmt::write
[INFO] [stdout]    2:     0x616c6f78fd9c - <alloc[2182bb758b4b3781]::vec::Vec<u8> as core[df12db4294e9bfd3]::io::write::Write>::write_fmt
[INFO] [stdout]    3:     0x616c6f767c26 - std[70759c8f55707aa4]::panicking::default_hook::{closure#0}
[INFO] [stdout]    4:     0x616c6f783fb9 - std[70759c8f55707aa4]::panicking::default_hook
[INFO] [stdout]    5:     0x616c6f7201c0 - test[9d35eded1c95d3be]::test_main_inner::<test[9d35eded1c95d3be]::test_main_static::{closure#0}>::{closure#0}
[INFO] [stdout]    6:     0x616c6f784172 - std[70759c8f55707aa4]::panicking::panic_with_hook
[INFO] [stdout]    7:     0x616c6f767cd2 - std[70759c8f55707aa4]::panicking::panic_handler::{closure#0}
[INFO] [stdout]    8:     0x616c6f760a29 - std[70759c8f55707aa4]::sys::backtrace::__rust_end_short_backtrace::<std[70759c8f55707aa4]::panicking::panic_handler::{closure#0}, !>
[INFO] [stdout]    9:     0x616c6f7688cd - __rustc[8fa7c3cbc660c2b3]::rust_begin_unwind
[INFO] [stdout]   10:     0x616c6f7a0edc - core[df12db4294e9bfd3]::panicking::panic_fmt
[INFO] [stdout]   11:     0x616c6f7a0cb2 - core[df12db4294e9bfd3]::result::unwrap_failed
[INFO] [stdout]   12:     0x616c6f702a88 - <load[3695657a28059ea8]::load_all_multiple_documents::{closure#0} as core[df12db4294e9bfd3]::ops::function::FnOnce<()>>::call_once
[INFO] [stdout]   13:     0x616c6f7134ab - test[9d35eded1c95d3be]::__rust_begin_short_backtrace::<core[df12db4294e9bfd3]::result::Result<(), alloc[2182bb758b4b3781]::string::String>, fn() -> core[df12db4294e9bfd3]::result::Result<(), alloc[2182bb758b4b3781]::string::String>>
[INFO] [stdout]   14:     0x616c6f720b15 - test[9d35eded1c95d3be]::run_test::{closure#0}
[INFO] [stdout]   15:     0x616c6f71a3d4 - std[70759c8f55707aa4]::sys::backtrace::__rust_begin_short_backtrace::<test[9d35eded1c95d3be]::run_test::{closure#1}, ()>
[INFO] [stdout]   16:     0x616c6f723c72 - <std[70759c8f55707aa4]::thread::lifecycle::spawn_unchecked<test[9d35eded1c95d3be]::run_test::{closure#1}, ()>::{closure#1} as core[df12db4294e9bfd3]::ops::function::FnOnce<()>>::call_once::{shim:vtable#0}
[INFO] [stdout]   17:     0x616c6f78b129 - <std[70759c8f55707aa4]::sys::thread::unix::Thread>::new::thread_start
[INFO] [stdout]   18:     0x7634b6accdfa - <unknown>
[INFO] [stdout]   19:     0x7634b6b603d4 - clone
[INFO] [stdout]   20:                0x0 - <unknown>
[INFO] [stdout] 
[INFO] [stdout] ---- load_simple_mapping stdout ----
[INFO] [stdout] 
[INFO] [stdout] thread 'load_simple_mapping' (573) panicked at tests/load.rs:48:40:
[INFO] [stdout] called `Result::unwrap()` on an `Err` value: Shared library file 'libyamlstar.so.0.1.24' not found
[INFO] [stdout] Try: cd libyamlstar && make native
[INFO] [stdout] Or set LD_LIBRARY_PATH to include the library location
[INFO] [stdout] stack backtrace:
[INFO] [stdout]    0:     0x616c6f78b851 - <<std[70759c8f55707aa4]::sys::backtrace::BacktraceLock>::print::DisplayBacktrace as core[df12db4294e9bfd3]::fmt::Display>::fmt
[INFO] [stdout]    1:     0x616c6f7a07aa - core[df12db4294e9bfd3]::fmt::write
[INFO] [stdout]    2:     0x616c6f78fd9c - <alloc[2182bb758b4b3781]::vec::Vec<u8> as core[df12db4294e9bfd3]::io::write::Write>::write_fmt
[INFO] [stdout]    3:     0x616c6f767c26 - std[70759c8f55707aa4]::panicking::default_hook::{closure#0}
[INFO] [stdout]    4:     0x616c6f783fb9 - std[70759c8f55707aa4]::panicking::default_hook
[INFO] [stdout]    5:     0x616c6f7201c0 - test[9d35eded1c95d3be]::test_main_inner::<test[9d35eded1c95d3be]::test_main_static::{closure#0}>::{closure#0}
[INFO] [stdout]    6:     0x616c6f784172 - std[70759c8f55707aa4]::panicking::panic_with_hook
[INFO] [stdout]    7:     0x616c6f767cd2 - std[70759c8f55707aa4]::panicking::panic_handler::{closure#0}
[INFO] [stdout]    8:     0x616c6f760a29 - std[70759c8f55707aa4]::sys::backtrace::__rust_end_short_backtrace::<std[70759c8f55707aa4]::panicking::panic_handler::{closure#0}, !>
[INFO] [stdout]    9:     0x616c6f7688cd - __rustc[8fa7c3cbc660c2b3]::rust_begin_unwind
[INFO] [stdout]   10:     0x616c6f7a0edc - core[df12db4294e9bfd3]::panicking::panic_fmt
[INFO] [stdout]   11:     0x616c6f7a0cb2 - core[df12db4294e9bfd3]::result::unwrap_failed
[INFO] [stdout]   12:     0x616c6f70175c - <load[3695657a28059ea8]::load_simple_mapping::{closure#0} as core[df12db4294e9bfd3]::ops::function::FnOnce<()>>::call_once
[INFO] [stdout]   13:     0x616c6f7134ab - test[9d35eded1c95d3be]::__rust_begin_short_backtrace::<core[df12db4294e9bfd3]::result::Result<(), alloc[2182bb758b4b3781]::string::String>, fn() -> core[df12db4294e9bfd3]::result::Result<(), alloc[2182bb758b4b3781]::string::String>>
[INFO] [stdout]   14:     0x616c6f720b15 - test[9d35eded1c95d3be]::run_test::{closure#0}
[INFO] [stdout]   15:     0x616c6f71a3d4 - std[70759c8f55707aa4]::sys::backtrace::__rust_begin_short_backtrace::<test[9d35eded1c95d3be]::run_test::{closure#1}, ()>
[INFO] [stdout]   16:     0x616c6f723c72 - <std[70759c8f55707aa4]::thread::lifecycle::spawn_unchecked<test[9d35eded1c95d3be]::run_test::{closure#1}, ()>::{closure#1} as core[df12db4294e9bfd3]::ops::function::FnOnce<()>>::call_once::{shim:vtable#0}
[INFO] [stdout]   17:     0x616c6f78b129 - <std[70759c8f55707aa4]::sys::thread::unix::Thread>::new::thread_start
[INFO] [stdout]   18:     0x7634b6accdfa - <unknown>
[INFO] [stdout]   19:     0x7634b6b603d4 - clone
[INFO] [stdout]   20:                0x0 - <unknown>
[INFO] [stdout] 
[INFO] [stdout] ---- load_type_coercion stdout ----
[INFO] [stdout] 
[INFO] [stdout] thread 'load_type_coercion' (575) panicked at tests/load.rs:133:40:
[INFO] [stdout] called `Result::unwrap()` on an `Err` value: Shared library file 'libyamlstar.so.0.1.24' not found
[INFO] [stdout] Try: cd libyamlstar && make native
[INFO] [stdout] Or set LD_LIBRARY_PATH to include the library location
[INFO] [stdout] stack backtrace:
[INFO] [stdout]    0:     0x616c6f78b851 - <<std[70759c8f55707aa4]::sys::backtrace::BacktraceLock>::print::DisplayBacktrace as core[df12db4294e9bfd3]::fmt::Display>::fmt
[INFO] [stdout]    1:     0x616c6f7a07aa - core[df12db4294e9bfd3]::fmt::write
[INFO] [stdout]    2:     0x616c6f78fd9c - <alloc[2182bb758b4b3781]::vec::Vec<u8> as core[df12db4294e9bfd3]::io::write::Write>::write_fmt
[INFO] [stdout]    3:     0x616c6f767c26 - std[70759c8f55707aa4]::panicking::default_hook::{closure#0}
[INFO] [stdout]    4:     0x616c6f783fb9 - std[70759c8f55707aa4]::panicking::default_hook
[INFO] [stdout]    5:     0x616c6f7201c0 - test[9d35eded1c95d3be]::test_main_inner::<test[9d35eded1c95d3be]::test_main_static::{closure#0}>::{closure#0}
[INFO] [stdout]    6:     0x616c6f784172 - std[70759c8f55707aa4]::panicking::panic_with_hook
[INFO] [stdout]    7:     0x616c6f767cd2 - std[70759c8f55707aa4]::panicking::panic_handler::{closure#0}
[INFO] [stdout]    8:     0x616c6f760a29 - std[70759c8f55707aa4]::sys::backtrace::__rust_end_short_backtrace::<std[70759c8f55707aa4]::panicking::panic_handler::{closure#0}, !>
[INFO] [stdout]    9:     0x616c6f7688cd - __rustc[8fa7c3cbc660c2b3]::rust_begin_unwind
[INFO] [stdout]   10:     0x616c6f7a0edc - core[df12db4294e9bfd3]::panicking::panic_fmt
[INFO] [stdout]   11:     0x616c6f7a0cb2 - core[df12db4294e9bfd3]::result::unwrap_failed
[INFO] [stdout]   12:     0x616c6f700776 - <load[3695657a28059ea8]::load_type_coercion::{closure#0} as core[df12db4294e9bfd3]::ops::function::FnOnce<()>>::call_once
[INFO] [stdout]   13:     0x616c6f7134ab - test[9d35eded1c95d3be]::__rust_begin_short_backtrace::<core[df12db4294e9bfd3]::result::Result<(), alloc[2182bb758b4b3781]::string::String>, fn() -> core[df12db4294e9bfd3]::result::Result<(), alloc[2182bb758b4b3781]::string::String>>
[INFO] [stdout]   14:     0x616c6f720b15 - test[9d35eded1c95d3be]::run_test::{closure#0}
[INFO] [stdout]   15:     0x616c6f71a3d4 - std[70759c8f55707aa4]::sys::backtrace::__rust_begin_short_backtrace::<test[9d35eded1c95d3be]::run_test::{closure#1}, ()>
[INFO] [stdout]   16:     0x616c6f723c72 - <std[70759c8f55707aa4]::thread::lifecycle::spawn_unchecked<test[9d35eded1c95d3be]::run_test::{closure#1}, ()>::{closure#1} as core[df12db4294e9bfd3]::ops::function::FnOnce<()>>::call_once::{shim:vtable#0}
[INFO] [stdout]   17:     0x616c6f78b129 - <std[70759c8f55707aa4]::sys::thread::unix::Thread>::new::thread_start
[INFO] [stdout]   18:     0x7634b6accdfa - <unknown>
[INFO] [stdout]   19:     0x7634b6b603d4 - clone
[INFO] [stdout]   20:                0x0 - <unknown>
[INFO] [stdout] 
[INFO] [stdout] ---- version stdout ----
[INFO] [stdout] 
[INFO] [stdout] thread 'version' (576) panicked at tests/load.rs:199:40:
[INFO] [stdout] called `Result::unwrap()` on an `Err` value: Shared library file 'libyamlstar.so.0.1.24' not found
[INFO] [stdout] Try: cd libyamlstar && make native
[INFO] [stdout] Or set LD_LIBRARY_PATH to include the library location
[INFO] [stdout] stack backtrace:
[INFO] [stdout]    0:     0x616c6f78b851 - <<std[70759c8f55707aa4]::sys::backtrace::BacktraceLock>::print::DisplayBacktrace as core[df12db4294e9bfd3]::fmt::Display>::fmt
[INFO] [stdout]    1:     0x616c6f7a07aa - core[df12db4294e9bfd3]::fmt::write
[INFO] [stdout]    2:     0x616c6f78fd9c - <alloc[2182bb758b4b3781]::vec::Vec<u8> as core[df12db4294e9bfd3]::io::write::Write>::write_fmt
[INFO] [stdout]    3:     0x616c6f767c26 - std[70759c8f55707aa4]::panicking::default_hook::{closure#0}
[INFO] [stdout]    4:     0x616c6f783fb9 - std[70759c8f55707aa4]::panicking::default_hook
[INFO] [stdout]    5:     0x616c6f7201c0 - test[9d35eded1c95d3be]::test_main_inner::<test[9d35eded1c95d3be]::test_main_static::{closure#0}>::{closure#0}
[INFO] [stdout]    6:     0x616c6f784172 - std[70759c8f55707aa4]::panicking::panic_with_hook
[INFO] [stdout]    7:     0x616c6f767cd2 - std[70759c8f55707aa4]::panicking::panic_handler::{closure#0}
[INFO] [stdout]    8:     0x616c6f760a29 - std[70759c8f55707aa4]::sys::backtrace::__rust_end_short_backtrace::<std[70759c8f55707aa4]::panicking::panic_handler::{closure#0}, !>
[INFO] [stdout]    9:     0x616c6f7688cd - __rustc[8fa7c3cbc660c2b3]::rust_begin_unwind
[INFO] [stdout]   10:     0x616c6f7a0edc - core[df12db4294e9bfd3]::panicking::panic_fmt
[INFO] [stdout]   11:     0x616c6f7a0cb2 - core[df12db4294e9bfd3]::result::unwrap_failed
[INFO] [stdout]   12:     0x616c6f702e57 - <load[3695657a28059ea8]::version::{closure#0} as core[df12db4294e9bfd3]::ops::function::FnOnce<()>>::call_once
[INFO] [stdout]   13:     0x616c6f7134ab - test[9d35eded1c95d3be]::__rust_begin_short_backtrace::<core[df12db4294e9bfd3]::result::Result<(), alloc[2182bb758b4b3781]::string::String>, fn() -> core[df12db4294e9bfd3]::result::Result<(), alloc[2182bb758b4b3781]::string::String>>
[INFO] [stdout]   14:     0x616c6f720b15 - test[9d35eded1c95d3be]::run_test::{closure#0}
[INFO] [stdout]   15:     0x616c6f71a3d4 - std[70759c8f55707aa4]::sys::backtrace::__rust_begin_short_backtrace::<test[9d35eded1c95d3be]::run_test::{closure#1}, ()>
[INFO] [stdout]   16:     0x616c6f723c72 - <std[70759c8f55707aa4]::thread::lifecycle::spawn_unchecked<test[9d35eded1c95d3be]::run_test::{closure#1}, ()>::{closure#1} as core[df12db4294e9bfd3]::ops::function::FnOnce<()>>::call_once::{shim:vtable#0}
[INFO] [stdout]   17:     0x616c6f78b129 - <std[70759c8f55707aa4]::sys::thread::unix::Thread>::new::thread_start
[INFO] [stdout]   18:     0x7634b6accdfa - <unknown>
[INFO] [stdout]   19:     0x7634b6b603d4 - clone
[INFO] [stdout]   20:                0x0 - <unknown>
[INFO] [stdout] 
[INFO] [stdout] ---- dump_simple_mapping stdout ----
[INFO] [stdout] 
[INFO] [stdout] thread 'dump_simple_mapping' (556) panicked at tests/load.rs:170:40:
[INFO] [stdout] called `Result::unwrap()` on an `Err` value: Shared library file 'libyamlstar.so.0.1.24' not found
[INFO] [stdout] Try: cd libyamlstar && make native
[INFO] [stdout] Or set LD_LIBRARY_PATH to include the library location
[INFO] [stdout] stack backtrace:
[INFO] [stdout]    0:     0x616c6f78b851 - <<std[70759c8f55707aa4]::sys::backtrace::BacktraceLock>::print::DisplayBacktrace as core[df12db4294e9bfd3]::fmt::Display>::fmt
[INFO] [stdout]    1:     0x616c6f7a07aa - core[df12db4294e9bfd3]::fmt::write
[INFO] [stdout]    2:     0x616c6f78fd9c - <alloc[2182bb758b4b3781]::vec::Vec<u8> as core[df12db4294e9bfd3]::io::write::Write>::write_fmt
[INFO] [stdout]    3:     0x616c6f767c26 - std[70759c8f55707aa4]::panicking::default_hook::{closure#0}
[INFO] [stdout]    4:     0x616c6f783fb9 - std[70759c8f55707aa4]::panicking::default_hook
[INFO] [stdout]    5:     0x616c6f7201c0 - test[9d35eded1c95d3be]::test_main_inner::<test[9d35eded1c95d3be]::test_main_static::{closure#0}>::{closure#0}
[INFO] [stdout]    6:     0x616c6f784172 - std[70759c8f55707aa4]::panicking::panic_with_hook
[INFO] [stdout]    7:     0x616c6f767cd2 - std[70759c8f55707aa4]::panicking::panic_handler::{closure#0}
[INFO] [stdout]    8:     0x616c6f760a29 - std[70759c8f55707aa4]::sys::backtrace::__rust_end_short_backtrace::<std[70759c8f55707aa4]::panicking::panic_handler::{closure#0}, !>
[INFO] [stdout]    9:     0x616c6f7688cd - __rustc[8fa7c3cbc660c2b3]::rust_begin_unwind
[INFO] [stdout]   10:     0x616c6f7a0edc - core[df12db4294e9bfd3]::panicking::panic_fmt
[INFO] [stdout]   11:     0x616c6f7a0cb2 - core[df12db4294e9bfd3]::result::unwrap_failed
[INFO] [stdout]   12:     0x616c6f700b5f - <load[3695657a28059ea8]::dump_simple_mapping::{closure#0} as core[df12db4294e9bfd3]::ops::function::FnOnce<()>>::call_once
[INFO] [stdout]   13:     0x616c6f7134ab - test[9d35eded1c95d3be]::__rust_begin_short_backtrace::<core[df12db4294e9bfd3]::result::Result<(), alloc[2182bb758b4b3781]::string::String>, fn() -> core[df12db4294e9bfd3]::result::Result<(), alloc[2182bb758b4b3781]::string::String>>
[INFO] [stdout]   14:     0x616c6f720b15 - test[9d35eded1c95d3be]::run_test::{closure#0}
[INFO] [stdout]   15:     0x616c6f71a3d4 - std[70759c8f55707aa4]::sys::backtrace::__rust_begin_short_backtrace::<test[9d35eded1c95d3be]::run_test::{closure#1}, ()>
[INFO] [stdout]   16:     0x616c6f723c72 - <std[70759c8f55707aa4]::thread::lifecycle::spawn_unchecked<test[9d35eded1c95d3be]::run_test::{closure#1}, ()>::{closure#1} as core[df12db4294e9bfd3]::ops::function::FnOnce<()>>::call_once::{shim:vtable#0}
[INFO] [stdout]   17:     0x616c6f78b129 - <std[70759c8f55707aa4]::sys::thread::unix::Thread>::new::thread_start
[INFO] [stdout]   18:     0x7634b6accdfa - <unknown>
[INFO] [stdout]   19:     0x7634b6b603d4 - clone
[INFO] [stdout]   20:                0x0 - <unknown>
[INFO] [stdout] 
[INFO] [stdout] ---- load_simple_scalar stdout ----
[INFO] [stdout] 
[INFO] [stdout] thread 'load_simple_scalar' (574) panicked at tests/load.rs:6:40:
[INFO] [stdout] called `Result::unwrap()` on an `Err` value: Shared library file 'libyamlstar.so.0.1.24' not found
[INFO] [stdout] Try: cd libyamlstar && make native
[INFO] [stdout] Or set LD_LIBRARY_PATH to include the library location
[INFO] [stdout] stack backtrace:
[INFO] [stdout]    0:     0x616c6f78b851 - <<std[70759c8f55707aa4]::sys::backtrace::BacktraceLock>::print::DisplayBacktrace as core[df12db4294e9bfd3]::fmt::Display>::fmt
[INFO] [stdout]    1:     0x616c6f7a07aa - core[df12db4294e9bfd3]::fmt::write
[INFO] [stdout]    2:     0x616c6f78fd9c - <alloc[2182bb758b4b3781]::vec::Vec<u8> as core[df12db4294e9bfd3]::io::write::Write>::write_fmt
[INFO] [stdout]    3:     0x616c6f767c26 - std[70759c8f55707aa4]::panicking::default_hook::{closure#0}
[INFO] [stdout]    4:     0x616c6f783fb9 - std[70759c8f55707aa4]::panicking::default_hook
[INFO] [stdout]    5:     0x616c6f7201c0 - test[9d35eded1c95d3be]::test_main_inner::<test[9d35eded1c95d3be]::test_main_static::{closure#0}>::{closure#0}
[INFO] [stdout]    6:     0x616c6f784172 - std[70759c8f55707aa4]::panicking::panic_with_hook
[INFO] [stdout]    7:     0x616c6f767cd2 - std[70759c8f55707aa4]::panicking::panic_handler::{closure#0}
[INFO] [stdout]    8:     0x616c6f760a29 - std[70759c8f55707aa4]::sys::backtrace::__rust_end_short_backtrace::<std[70759c8f55707aa4]::panicking::panic_handler::{closure#0}, !>
[INFO] [stdout]    9:     0x616c6f7688cd - __rustc[8fa7c3cbc660c2b3]::rust_begin_unwind
[INFO] [stdout]   10:     0x616c6f7a0edc - core[df12db4294e9bfd3]::panicking::panic_fmt
[INFO] [stdout]   11:     0x616c6f7a0cb2 - core[df12db4294e9bfd3]::result::unwrap_failed
[INFO] [stdout]   12:     0x616c6f700407 - <load[3695657a28059ea8]::load_simple_scalar::{closure#0} as core[df12db4294e9bfd3]::ops::function::FnOnce<()>>::call_once
[INFO] [stdout]   13:     0x616c6f7134ab - test[9d35eded1c95d3be]::__rust_begin_short_backtrace::<core[df12db4294e9bfd3]::result::Result<(), alloc[2182bb758b4b3781]::string::String>, fn() -> core[df12db4294e9bfd3]::result::Result<(), alloc[2182bb758b4b3781]::string::String>>
[INFO] [stdout]   14:     0x616c6f720b15 - test[9d35eded1c95d3be]::run_test::{closure#0}
[INFO] [stdout]   15:     0x616c6f71a3d4 - std[70759c8f55707aa4]::sys::backtrace::__rust_begin_short_backtrace::<test[9d35eded1c95d3be]::run_test::{closure#1}, ()>
[INFO] [stdout]   16:     0x616c6f723c72 - <std[70759c8f55707aa4]::thread::lifecycle::spawn_unchecked<test[9d35eded1c95d3be]::run_test::{closure#1}, ()>::{closure#1} as core[df12db4294e9bfd3]::ops::function::FnOnce<()>>::call_once::{shim:vtable#0}
[INFO] [stdout]   17:     0x616c6f78b129 - <std[70759c8f55707aa4]::sys::thread::unix::Thread>::new::thread_start
[INFO] [stdout]   18:     0x7634b6accdfa - <unknown>
[INFO] [stdout]   19:     0x7634b6b603d4 - clone
[INFO] [stdout]   20:                0x0 - <unknown>
[INFO] [stdout] 
[INFO] [stdout] 
[INFO] [stdout] failures:
[INFO] [stdout]     dump_all_documents
[INFO] [stdout]     dump_roundtrip
[INFO] [stdout]     dump_simple_mapping
[INFO] [stdout]     error_handling_malformed_yaml
[INFO] [stdout]     load_all_mixed_types
[INFO] [stdout]     load_all_multiple_documents
[INFO] [stdout]     load_all_single_document
[INFO] [stdout]     load_boolean_false
[INFO] [stdout]     load_boolean_true
[INFO] [stdout]     load_float
[INFO] [stdout]     load_flow_mapping
[INFO] [stdout]     load_flow_sequence
[INFO] [stdout]     load_integer
[INFO] [stdout]     load_mapping_to_struct
[INFO] [stdout]     load_multiple_times
[INFO] [stdout]     load_nested_structure
[INFO] [stdout]     load_null
[INFO] [stdout]     load_quoted_strings
[INFO] [stdout]     load_sequence
[INFO] [stdout]     load_simple_mapping
[INFO] [stdout]     load_simple_scalar
[INFO] [stdout]     load_type_coercion
[INFO] [stdout]     version
[INFO] [stdout] 
[INFO] [stdout] test result: FAILED. 0 passed; 23 failed; 0 ignored; 0 measured; 0 filtered out; finished in 0.01s
[INFO] [stdout] 
[INFO] running `Command { std: "docker" "inspect" "17eb1f5fe64160a46ebbf3e668a88f940d02261c30f294c1ba0d7c86472a22b3", kill_on_drop: false }`
[INFO] running `Command { std: "docker" "rm" "-f" "17eb1f5fe64160a46ebbf3e668a88f940d02261c30f294c1ba0d7c86472a22b3", kill_on_drop: false }`
[INFO] [stdout] 17eb1f5fe64160a46ebbf3e668a88f940d02261c30f294c1ba0d7c86472a22b3
