[INFO] fetching crate yaml-validator-cli 0.1.1...
[INFO] testing yaml-validator-cli-0.1.1 against 1.99.0-beta.8+cargoflags=--release for beta-release-1.100-2
[INFO] extracting crate yaml-validator-cli 0.1.1 into /workspace/builds/worker-6-tc1/source
[INFO] started tweaking crates.io crate yaml-validator-cli 0.1.1
[INFO] finished tweaking crates.io crate yaml-validator-cli 0.1.1
[INFO] tweaked toml for crates.io crate yaml-validator-cli 0.1.1 written to /workspace/builds/worker-6-tc1/source/Cargo.toml
[INFO] validating manifest of crates.io crate yaml-validator-cli 0.1.1 on toolchain 1.99.0-beta.8
[INFO] running `Command { std: CARGO_HOME="/workspace/cargo-home" RUSTUP_HOME="/workspace/rustup-home" "/workspace/cargo-home/bin/cargo" "+1.99.0-beta.8" "metadata" "--manifest-path" "Cargo.toml" "--no-deps", kill_on_drop: false }`
[INFO] crate crates.io crate yaml-validator-cli 0.1.1 already has a lockfile, it will not be regenerated
[INFO] running `Command { std: CARGO_HOME="/workspace/cargo-home" RUSTUP_HOME="/workspace/rustup-home" "/workspace/cargo-home/bin/cargo" "+1.99.0-beta.8" "fetch" "--manifest-path" "Cargo.toml", kill_on_drop: false }`
[INFO] [stderr]     Blocking waiting for file lock on package cache
[INFO] [stderr]     Updating crates.io index
[INFO] [stderr]     Blocking waiting for file lock on package cache
[INFO] [stderr]  Downloading crates ...
[INFO] [stderr]   Downloaded yaml-validator v0.2.0
[INFO] [stderr]   Downloaded syn v2.0.39
[INFO] running `Command { std: "docker" "create" "-v" "/var/lib/crater-agent-workspace/builds/worker-6-tc1/source:/opt/rustwide/workdir:ro,Z" "-v" "/var/lib/crater-agent-workspace/builds/worker-6-tc1/target:/opt/rustwide/target:rw,Z" "-v" "/var/lib/crater-agent-workspace/cargo-home:/opt/rustwide/cargo-home:ro,Z" "-v" "/var/lib/crater-agent-workspace/rustup-home:/opt/rustwide/rustup-home:ro,Z" "-m" "1610612736" "--network" "none" "ghcr.io/rust-lang/crates-build-env/linux@sha256:77db811e55d90add9212f6832c23229e3de5f1c1f9905e8cb07319ea15df73ac" "sleep" "infinity", kill_on_drop: false }`
[INFO] [stdout] bbf8bb49a2c672314f735e5ded0360c65964ce4a7c0e47c1cf0e2f1ef9ca61e2
[INFO] running `Command { std: "docker" "start" "bbf8bb49a2c672314f735e5ded0360c65964ce4a7c0e47c1cf0e2f1ef9ca61e2", kill_on_drop: false }`
[INFO] running `Command { std: "docker" "inspect" "bbf8bb49a2c672314f735e5ded0360c65964ce4a7c0e47c1cf0e2f1ef9ca61e2", kill_on_drop: false }`
[INFO] running `Command { std: "docker" "exec" "-e" "SOURCE_DIR=/opt/rustwide/workdir" "-e" "CARGO_HOME=/opt/rustwide/cargo-home" "-e" "RUSTUP_HOME=/opt/rustwide/rustup-home" "-e" "CARGO_TARGET_DIR=/opt/rustwide/target" "-w" "/opt/rustwide/workdir" "--user" "0:0" "bbf8bb49a2c672314f735e5ded0360c65964ce4a7c0e47c1cf0e2f1ef9ca61e2" "/opt/rustwide/cargo-home/bin/cargo" "+1.99.0-beta.8" "metadata" "--no-deps" "--format-version=1", kill_on_drop: false }`
[INFO] running `Command { std: "docker" "inspect" "bbf8bb49a2c672314f735e5ded0360c65964ce4a7c0e47c1cf0e2f1ef9ca61e2", kill_on_drop: false }`
[INFO] running `Command { std: "docker" "exec" "-e" "SOURCE_DIR=/opt/rustwide/workdir" "-e" "CARGO_HOME=/opt/rustwide/cargo-home" "-e" "RUSTUP_HOME=/opt/rustwide/rustup-home" "-e" "CARGO_TARGET_DIR=/opt/rustwide/target" "-e" "CARGO_INCREMENTAL=0" "-e" "RUST_BACKTRACE=full" "-e" "RUSTFLAGS=--cap-lints=warn" "-e" "RUSTDOCFLAGS=--cap-lints=warn" "-w" "/opt/rustwide/workdir" "--user" "0:0" "bbf8bb49a2c672314f735e5ded0360c65964ce4a7c0e47c1cf0e2f1ef9ca61e2" "/opt/rustwide/cargo-home/bin/cargo" "+1.99.0-beta.8" "build" "--frozen" "--message-format=json" "--release", kill_on_drop: false }`
[INFO] [stderr]    Compiling proc-macro2 v1.0.69
[INFO] [stderr]    Compiling version_check v0.9.4
[INFO] [stderr]    Compiling libc v0.2.150
[INFO] [stderr]    Compiling memchr v2.6.4
[INFO] [stderr]    Compiling unicode-width v0.1.11
[INFO] [stderr]    Compiling thiserror v1.0.50
[INFO] [stderr]    Compiling regex-syntax v0.8.2
[INFO] [stderr]    Compiling unicode-segmentation v1.10.1
[INFO] [stderr]    Compiling ansi_term v0.12.1
[INFO] [stderr]    Compiling linked-hash-map v0.5.6
[INFO] [stderr]    Compiling smallvec v1.11.2
[INFO] [stderr]    Compiling textwrap v0.11.0
[INFO] [stderr]    Compiling yaml-rust v0.4.5
[INFO] [stderr]    Compiling proc-macro-error-attr v1.0.4
[INFO] [stderr]    Compiling proc-macro-error v1.0.4
[INFO] [stderr]    Compiling heck v0.3.3
[INFO] [stderr]    Compiling aho-corasick v1.1.2
[INFO] [stderr]    Compiling atty v0.2.14
[INFO] [stderr]    Compiling clap v2.34.0
[INFO] [stderr]    Compiling quote v1.0.33
[INFO] [stderr]    Compiling syn v1.0.109
[INFO] [stderr]    Compiling syn v2.0.39
[INFO] [stderr]    Compiling regex-automata v0.4.3
[INFO] [stderr]    Compiling thiserror-impl v1.0.50
[INFO] [stderr]    Compiling structopt-derive v0.4.18
[INFO] [stderr]    Compiling structopt v0.3.26
[INFO] [stderr]    Compiling regex v1.10.2
[INFO] [stderr]    Compiling yaml-validator v0.2.0
[INFO] [stderr]    Compiling yaml-validator-cli v0.1.1 (/opt/rustwide/workdir)
[INFO] [stderr]     Finished `release` profile [optimized] target(s) in 24.41s
[INFO] running `Command { std: "docker" "inspect" "bbf8bb49a2c672314f735e5ded0360c65964ce4a7c0e47c1cf0e2f1ef9ca61e2", kill_on_drop: false }`
[INFO] running `Command { std: "docker" "exec" "-e" "SOURCE_DIR=/opt/rustwide/workdir" "-e" "CARGO_HOME=/opt/rustwide/cargo-home" "-e" "RUSTUP_HOME=/opt/rustwide/rustup-home" "-e" "CARGO_TARGET_DIR=/opt/rustwide/target" "-e" "CARGO_INCREMENTAL=0" "-e" "RUST_BACKTRACE=full" "-e" "RUSTFLAGS=--cap-lints=warn" "-e" "RUSTDOCFLAGS=--cap-lints=warn" "-w" "/opt/rustwide/workdir" "--user" "0:0" "bbf8bb49a2c672314f735e5ded0360c65964ce4a7c0e47c1cf0e2f1ef9ca61e2" "/opt/rustwide/cargo-home/bin/cargo" "+1.99.0-beta.8" "test" "--frozen" "--no-run" "--message-format=json" "--release", kill_on_drop: false }`
[INFO] [stderr]    Compiling yaml-validator-cli v0.1.1 (/opt/rustwide/workdir)
[INFO] [stderr]     Finished `release` profile [optimized] target(s) in 0.94s
[INFO] running `Command { std: "docker" "inspect" "bbf8bb49a2c672314f735e5ded0360c65964ce4a7c0e47c1cf0e2f1ef9ca61e2", kill_on_drop: false }`
[INFO] running `Command { std: "docker" "exec" "-e" "SOURCE_DIR=/opt/rustwide/workdir" "-e" "CARGO_HOME=/opt/rustwide/cargo-home" "-e" "RUSTUP_HOME=/opt/rustwide/rustup-home" "-e" "CARGO_TARGET_DIR=/opt/rustwide/target" "-e" "CARGO_INCREMENTAL=0" "-e" "RUST_BACKTRACE=full" "-e" "RUSTFLAGS=--cap-lints=warn" "-e" "RUSTDOCFLAGS=--cap-lints=warn" "-w" "/opt/rustwide/workdir" "--user" "0:0" "bbf8bb49a2c672314f735e5ded0360c65964ce4a7c0e47c1cf0e2f1ef9ca61e2" "/opt/rustwide/cargo-home/bin/cargo" "+1.99.0-beta.8" "test" "--frozen" "--release", kill_on_drop: false }`
[INFO] [stderr]     Finished `release` profile [optimized] target(s) in 0.04s
[INFO] [stderr]      Running unittests src/main.rs (/opt/rustwide/target/release/deps/yaml_validator_cli-b1c0cec7356b2230)
[INFO] [stdout] 
[INFO] [stdout] running 8 tests
[INFO] [stdout] test tests::test_non_existent_schema_file ... ok
[INFO] [stdout] test tests::test_locating_errors_example ... FAILED
[INFO] [stdout] test tests::test_branching_examples ... FAILED
[INFO] [stdout] test tests::test_multiple_schemas_example ... FAILED
[INFO] [stdout] test tests::test_non_existent_file ... FAILED
[INFO] [stdout] test tests::test_all_types_example ... FAILED
[INFO] [stdout] test tests::test_unknown_schema_uri ... FAILED
[INFO] [stdout] test tests::test_nesting_example ... FAILED
[INFO] [stdout] 
[INFO] [stdout] failures:
[INFO] [stdout] 
[INFO] [stdout] ---- tests::test_locating_errors_example stdout ----
[INFO] [stdout] 
[INFO] [stdout] thread 'tests::test_locating_errors_example' (844) panicked at src/main.rs:174:9:
[INFO] [stdout] assertion `left == right` failed
[INFO] [stdout]   left: Multiple([File("could not read file ../examples/locating-errors/schema.yaml: No such file or directory (os error 2)\n")])
[INFO] [stdout]  right: Validation("../examples/locating-errors/phonebook.yaml:\n#[1].age: wrong type, expected integer got real\n#[2].age: wrong type, expected integer got string\n#[2].name: wrong type, expected string got integer\n")
[INFO] [stdout] stack backtrace:
[INFO] [stdout]    0:     0x63ee8c0945e1 - <<std[70759c8f55707aa4]::sys::backtrace::BacktraceLock>::print::DisplayBacktrace as core[df12db4294e9bfd3]::fmt::Display>::fmt
[INFO] [stdout]    1:     0x63ee8c0aacba - core[df12db4294e9bfd3]::fmt::write
[INFO] [stdout]    2:     0x63ee8c098a7c - <alloc[2182bb758b4b3781]::vec::Vec<u8> as core[df12db4294e9bfd3]::io::write::Write>::write_fmt
[INFO] [stdout]    3:     0x63ee8c0708b6 - std[70759c8f55707aa4]::panicking::default_hook::{closure#0}
[INFO] [stdout]    4:     0x63ee8c08ca29 - std[70759c8f55707aa4]::panicking::default_hook
[INFO] [stdout]    5:     0x63ee8bf1d850 - test[9d35eded1c95d3be]::test_main_inner::<test[9d35eded1c95d3be]::test_main_static::{closure#0}>::{closure#0}
[INFO] [stdout]    6:     0x63ee8c08cbe2 - std[70759c8f55707aa4]::panicking::panic_with_hook
[INFO] [stdout]    7:     0x63ee8c070962 - std[70759c8f55707aa4]::panicking::panic_handler::{closure#0}
[INFO] [stdout]    8:     0x63ee8c069559 - std[70759c8f55707aa4]::sys::backtrace::__rust_end_short_backtrace::<std[70759c8f55707aa4]::panicking::panic_handler::{closure#0}, !>
[INFO] [stdout]    9:     0x63ee8c07155d - __rustc[8fa7c3cbc660c2b3]::rust_begin_unwind
[INFO] [stdout]   10:     0x63ee8c0ab49c - core[df12db4294e9bfd3]::panicking::panic_fmt
[INFO] [stdout]   11:     0x63ee8c0ab3b3 - core[df12db4294e9bfd3]::panicking::assert_failed_inner
[INFO] [stdout]   12:     0x63ee8bf0f79b - core[df12db4294e9bfd3]::panicking::assert_failed::<yaml_validator_cli[cf677953fb5147ec]::error::Error, yaml_validator_cli[cf677953fb5147ec]::error::Error>
[INFO] [stdout]   13:     0x63ee8bf0becb - yaml_validator_cli[cf677953fb5147ec]::tests::test_locating_errors_example
[INFO] [stdout]   14:     0x63ee8bf10a89 - <yaml_validator_cli[cf677953fb5147ec]::tests::test_locating_errors_example::{closure#0} as core[df12db4294e9bfd3]::ops::function::FnOnce<()>>::call_once
[INFO] [stdout]   15:     0x63ee8bf10b3b - test[9d35eded1c95d3be]::__rust_begin_short_backtrace::<core[df12db4294e9bfd3]::result::Result<(), alloc[2182bb758b4b3781]::string::String>, fn() -> core[df12db4294e9bfd3]::result::Result<(), alloc[2182bb758b4b3781]::string::String>>
[INFO] [stdout]   16:     0x63ee8bf1e1a5 - test[9d35eded1c95d3be]::run_test::{closure#0}
[INFO] [stdout]   17:     0x63ee8bf17a64 - std[70759c8f55707aa4]::sys::backtrace::__rust_begin_short_backtrace::<test[9d35eded1c95d3be]::run_test::{closure#1}, ()>
[INFO] [stdout]   18:     0x63ee8bf21302 - <std[70759c8f55707aa4]::thread::lifecycle::spawn_unchecked<test[9d35eded1c95d3be]::run_test::{closure#1}, ()>::{closure#1} as core[df12db4294e9bfd3]::ops::function::FnOnce<()>>::call_once::{shim:vtable#0}
[INFO] [stdout]   19:     0x63ee8c093b99 - <std[70759c8f55707aa4]::sys::thread::unix::Thread>::new::thread_start
[INFO] [stdout]   20:     0x78502e9d8dfa - <unknown>
[INFO] [stdout]   21:     0x78502ea6c3d4 - clone
[INFO] [stdout]   22:                0x0 - <unknown>
[INFO] [stdout] 
[INFO] [stdout] ---- tests::test_branching_examples stdout ----
[INFO] [stdout] 
[INFO] [stdout] thread 'tests::test_branching_examples' (843) panicked at src/main.rs:194:9:
[INFO] [stdout] assertion `left == right` failed
[INFO] [stdout]   left: Multiple([File("could not read file ../examples/branching/schema.yaml: No such file or directory (os error 2)\n")])
[INFO] [stdout]  right: Validation("../examples/branching/usernames.yaml:\n#[2].password: special requirements for field not met: supplied value does not match regex pattern for field\n")
[INFO] [stdout] stack backtrace:
[INFO] [stdout]    0:     0x63ee8c0945e1 - <<std[70759c8f55707aa4]::sys::backtrace::BacktraceLock>::print::DisplayBacktrace as core[df12db4294e9bfd3]::fmt::Display>::fmt
[INFO] [stdout]    1:     0x63ee8c0aacba - core[df12db4294e9bfd3]::fmt::write
[INFO] [stdout]    2:     0x63ee8c098a7c - <alloc[2182bb758b4b3781]::vec::Vec<u8> as core[df12db4294e9bfd3]::io::write::Write>::write_fmt
[INFO] [stdout]    3:     0x63ee8c0708b6 - std[70759c8f55707aa4]::panicking::default_hook::{closure#0}
[INFO] [stdout]    4:     0x63ee8c08ca29 - std[70759c8f55707aa4]::panicking::default_hook
[INFO] [stdout]    5:     0x63ee8bf1d850 - test[9d35eded1c95d3be]::test_main_inner::<test[9d35eded1c95d3be]::test_main_static::{closure#0}>::{closure#0}
[INFO] [stdout]    6:     0x63ee8c08cbe2 - std[70759c8f55707aa4]::panicking::panic_with_hook
[INFO] [stdout]    7:     0x63ee8c070962 - std[70759c8f55707aa4]::panicking::panic_handler::{closure#0}
[INFO] [stdout]    8:     0x63ee8c069559 - std[70759c8f55707aa4]::sys::backtrace::__rust_end_short_backtrace::<std[70759c8f55707aa4]::panicking::panic_handler::{closure#0}, !>
[INFO] [stdout]    9:     0x63ee8c07155d - __rustc[8fa7c3cbc660c2b3]::rust_begin_unwind
[INFO] [stdout]   10:     0x63ee8c0ab49c - core[df12db4294e9bfd3]::panicking::panic_fmt
[INFO] [stdout]   11:     0x63ee8c0ab3b3 - core[df12db4294e9bfd3]::panicking::assert_failed_inner
[INFO] [stdout]   12:     0x63ee8bf0f79b - core[df12db4294e9bfd3]::panicking::assert_failed::<yaml_validator_cli[cf677953fb5147ec]::error::Error, yaml_validator_cli[cf677953fb5147ec]::error::Error>
[INFO] [stdout]   13:     0x63ee8bf0b73d - yaml_validator_cli[cf677953fb5147ec]::tests::test_branching_examples
[INFO] [stdout]   14:     0x63ee8bf10a49 - <yaml_validator_cli[cf677953fb5147ec]::tests::test_branching_examples::{closure#0} as core[df12db4294e9bfd3]::ops::function::FnOnce<()>>::call_once
[INFO] [stdout]   15:     0x63ee8bf10b3b - test[9d35eded1c95d3be]::__rust_begin_short_backtrace::<core[df12db4294e9bfd3]::result::Result<(), alloc[2182bb758b4b3781]::string::String>, fn() -> core[df12db4294e9bfd3]::result::Result<(), alloc[2182bb758b4b3781]::string::String>>
[INFO] [stdout]   16:     0x63ee8bf1e1a5 - test[9d35eded1c95d3be]::run_test::{closure#0}
[INFO] [stdout]   17:     0x63ee8bf17a64 - std[70759c8f55707aa4]::sys::backtrace::__rust_begin_short_backtrace::<test[9d35eded1c95d3be]::run_test::{closure#1}, ()>
[INFO] [stdout]   18:     0x63ee8bf21302 - <std[70759c8f55707aa4]::thread::lifecycle::spawn_unchecked<test[9d35eded1c95d3be]::run_test::{closure#1}, ()>::{closure#1} as core[df12db4294e9bfd3]::ops::function::FnOnce<()>>::call_once::{shim:vtable#0}
[INFO] [stdout]   19:     0x63ee8c093b99 - <std[70759c8f55707aa4]::sys::thread::unix::Thread>::new::thread_start
[INFO] [stdout]   20:     0x78502e9d8dfa - <unknown>
[INFO] [stdout]   21:     0x78502ea6c3d4 - clone
[INFO] [stdout]   22:                0x0 - <unknown>
[INFO] [stdout] 
[INFO] [stdout] ---- tests::test_multiple_schemas_example stdout ----
[INFO] [stdout] 
[INFO] [stdout] thread 'tests::test_multiple_schemas_example' (845) panicked at src/main.rs:159:10:
[INFO] [stdout] called `Result::unwrap()` on an `Err` value: Multiple([File("could not read file ../examples/multiple-schemas/person-schema.yaml: No such file or directory (os error 2)\n"), File("could not read file ../examples/multiple-schemas/phonebook-schema.yaml: No such file or directory (os error 2)\n")])
[INFO] [stdout] stack backtrace:
[INFO] [stdout]    0:     0x63ee8c0945e1 - <<std[70759c8f55707aa4]::sys::backtrace::BacktraceLock>::print::DisplayBacktrace as core[df12db4294e9bfd3]::fmt::Display>::fmt
[INFO] [stdout]    1:     0x63ee8c0aacba - core[df12db4294e9bfd3]::fmt::write
[INFO] [stdout]    2:     0x63ee8c098a7c - <alloc[2182bb758b4b3781]::vec::Vec<u8> as core[df12db4294e9bfd3]::io::write::Write>::write_fmt
[INFO] [stdout]    3:     0x63ee8c0708b6 - std[70759c8f55707aa4]::panicking::default_hook::{closure#0}
[INFO] [stdout]    4:     0x63ee8c08ca29 - std[70759c8f55707aa4]::panicking::default_hook
[INFO] [stdout]    5:     0x63ee8bf1d850 - test[9d35eded1c95d3be]::test_main_inner::<test[9d35eded1c95d3be]::test_main_static::{closure#0}>::{closure#0}
[INFO] [stdout]    6:     0x63ee8c08cbe2 - std[70759c8f55707aa4]::panicking::panic_with_hook
[INFO] [stdout]    7:     0x63ee8c070962 - std[70759c8f55707aa4]::panicking::panic_handler::{closure#0}
[INFO] [stdout]    8:     0x63ee8c069559 - std[70759c8f55707aa4]::sys::backtrace::__rust_end_short_backtrace::<std[70759c8f55707aa4]::panicking::panic_handler::{closure#0}, !>
[INFO] [stdout]    9:     0x63ee8c07155d - __rustc[8fa7c3cbc660c2b3]::rust_begin_unwind
[INFO] [stdout]   10:     0x63ee8c0ab49c - core[df12db4294e9bfd3]::panicking::panic_fmt
[INFO] [stdout]   11:     0x63ee8c0ab272 - core[df12db4294e9bfd3]::result::unwrap_failed
[INFO] [stdout]   12:     0x63ee8bf0c284 - yaml_validator_cli[cf677953fb5147ec]::tests::test_multiple_schemas_example
[INFO] [stdout]   13:     0x63ee8bf10aa9 - <yaml_validator_cli[cf677953fb5147ec]::tests::test_multiple_schemas_example::{closure#0} as core[df12db4294e9bfd3]::ops::function::FnOnce<()>>::call_once
[INFO] [stdout]   14:     0x63ee8bf10b3b - test[9d35eded1c95d3be]::__rust_begin_short_backtrace::<core[df12db4294e9bfd3]::result::Result<(), alloc[2182bb758b4b3781]::string::String>, fn() -> core[df12db4294e9bfd3]::result::Result<(), alloc[2182bb758b4b3781]::string::String>>
[INFO] [stdout]   15:     0x63ee8bf1e1a5 - test[9d35eded1c95d3be]::run_test::{closure#0}
[INFO] [stdout]   16:     0x63ee8bf17a64 - std[70759c8f55707aa4]::sys::backtrace::__rust_begin_short_backtrace::<test[9d35eded1c95d3be]::run_test::{closure#1}, ()>
[INFO] [stdout]   17:     0x63ee8bf21302 - <std[70759c8f55707aa4]::thread::lifecycle::spawn_unchecked<test[9d35eded1c95d3be]::run_test::{closure#1}, ()>::{closure#1} as core[df12db4294e9bfd3]::ops::function::FnOnce<()>>::call_once::{shim:vtable#0}
[INFO] [stdout]   18:     0x63ee8c093b99 - <std[70759c8f55707aa4]::sys::thread::unix::Thread>::new::thread_start
[INFO] [stdout]   19:     0x78502e9d8dfa - <unknown>
[INFO] [stdout]   20:     0x78502ea6c3d4 - clone
[INFO] [stdout]   21:                0x0 - <unknown>
[INFO] [stdout] 
[INFO] [stdout] ---- tests::test_non_existent_file stdout ----
[INFO] [stdout] 
[INFO] [stdout] thread 'tests::test_non_existent_file' (847) panicked at src/main.rs:228:9:
[INFO] [stdout] assertion `left == right` failed
[INFO] [stdout]   left: Multiple([File("could not read file ../examples/nesting/schema.yaml: No such file or directory (os error 2)\n")])
[INFO] [stdout]  right: Multiple([File("could not read file not_found.yaml: No such file or directory (os error 2)\n")])
[INFO] [stdout] stack backtrace:
[INFO] [stdout]    0:     0x63ee8c0945e1 - <<std[70759c8f55707aa4]::sys::backtrace::BacktraceLock>::print::DisplayBacktrace as core[df12db4294e9bfd3]::fmt::Display>::fmt
[INFO] [stdout]    1:     0x63ee8c0aacba - core[df12db4294e9bfd3]::fmt::write
[INFO] [stdout]    2:     0x63ee8c098a7c - <alloc[2182bb758b4b3781]::vec::Vec<u8> as core[df12db4294e9bfd3]::io::write::Write>::write_fmt
[INFO] [stdout]    3:     0x63ee8c0708b6 - std[70759c8f55707aa4]::panicking::default_hook::{closure#0}
[INFO] [stdout]    4:     0x63ee8c08ca29 - std[70759c8f55707aa4]::panicking::default_hook
[INFO] [stdout]    5:     0x63ee8bf1d850 - test[9d35eded1c95d3be]::test_main_inner::<test[9d35eded1c95d3be]::test_main_static::{closure#0}>::{closure#0}
[INFO] [stdout]    6:     0x63ee8c08cbe2 - std[70759c8f55707aa4]::panicking::panic_with_hook
[INFO] [stdout]    7:     0x63ee8c070962 - std[70759c8f55707aa4]::panicking::panic_handler::{closure#0}
[INFO] [stdout]    8:     0x63ee8c069559 - std[70759c8f55707aa4]::sys::backtrace::__rust_end_short_backtrace::<std[70759c8f55707aa4]::panicking::panic_handler::{closure#0}, !>
[INFO] [stdout]    9:     0x63ee8c07155d - __rustc[8fa7c3cbc660c2b3]::rust_begin_unwind
[INFO] [stdout]   10:     0x63ee8c0ab49c - core[df12db4294e9bfd3]::panicking::panic_fmt
[INFO] [stdout]   11:     0x63ee8c0ab3b3 - core[df12db4294e9bfd3]::panicking::assert_failed_inner
[INFO] [stdout]   12:     0x63ee8bf0f79b - core[df12db4294e9bfd3]::panicking::assert_failed::<yaml_validator_cli[cf677953fb5147ec]::error::Error, yaml_validator_cli[cf677953fb5147ec]::error::Error>
[INFO] [stdout]   13:     0x63ee8bf0b355 - yaml_validator_cli[cf677953fb5147ec]::tests::test_non_existent_file
[INFO] [stdout]   14:     0x63ee8bf10a29 - <yaml_validator_cli[cf677953fb5147ec]::tests::test_non_existent_file::{closure#0} as core[df12db4294e9bfd3]::ops::function::FnOnce<()>>::call_once
[INFO] [stdout]   15:     0x63ee8bf10b3b - test[9d35eded1c95d3be]::__rust_begin_short_backtrace::<core[df12db4294e9bfd3]::result::Result<(), alloc[2182bb758b4b3781]::string::String>, fn() -> core[df12db4294e9bfd3]::result::Result<(), alloc[2182bb758b4b3781]::string::String>>
[INFO] [stdout]   16:     0x63ee8bf1e1a5 - test[9d35eded1c95d3be]::run_test::{closure#0}
[INFO] [stdout]   17:     0x63ee8bf17a64 - std[70759c8f55707aa4]::sys::backtrace::__rust_begin_short_backtrace::<test[9d35eded1c95d3be]::run_test::{closure#1}, ()>
[INFO] [stdout]   18:     0x63ee8bf21302 - <std[70759c8f55707aa4]::thread::lifecycle::spawn_unchecked<test[9d35eded1c95d3be]::run_test::{closure#1}, ()>::{closure#1} as core[df12db4294e9bfd3]::ops::function::FnOnce<()>>::call_once::{shim:vtable#0}
[INFO] [stdout]   19:     0x63ee8c093b99 - <std[70759c8f55707aa4]::sys::thread::unix::Thread>::new::thread_start
[INFO] [stdout]   20:     0x78502e9d8dfa - <unknown>
[INFO] [stdout]   21:     0x78502ea6c3d4 - clone
[INFO] [stdout]   22:                0x0 - <unknown>
[INFO] [stdout] 
[INFO] [stdout] ---- tests::test_all_types_example stdout ----
[INFO] [stderr] error: test failed, to rerun pass `--bin yaml-validator-cli`
[INFO] [stdout] 
[INFO] [stdout] thread 'tests::test_all_types_example' (842) panicked at src/main.rs:146:10:
[INFO] [stdout] called `Result::unwrap()` on an `Err` value: Multiple([File("could not read file ../examples/all-types/schema.yaml: No such file or directory (os error 2)\n")])
[INFO] [stdout] stack backtrace:
[INFO] [stdout]    0:     0x63ee8c0945e1 - <<std[70759c8f55707aa4]::sys::backtrace::BacktraceLock>::print::DisplayBacktrace as core[df12db4294e9bfd3]::fmt::Display>::fmt
[INFO] [stdout]    1:     0x63ee8c0aacba - core[df12db4294e9bfd3]::fmt::write
[INFO] [stdout]    2:     0x63ee8c098a7c - <alloc[2182bb758b4b3781]::vec::Vec<u8> as core[df12db4294e9bfd3]::io::write::Write>::write_fmt
[INFO] [stdout]    3:     0x63ee8c0708b6 - std[70759c8f55707aa4]::panicking::default_hook::{closure#0}
[INFO] [stdout]    4:     0x63ee8c08ca29 - std[70759c8f55707aa4]::panicking::default_hook
[INFO] [stdout]    5:     0x63ee8bf1d850 - test[9d35eded1c95d3be]::test_main_inner::<test[9d35eded1c95d3be]::test_main_static::{closure#0}>::{closure#0}
[INFO] [stdout]    6:     0x63ee8c08cbe2 - std[70759c8f55707aa4]::panicking::panic_with_hook
[INFO] [stdout]    7:     0x63ee8c070962 - std[70759c8f55707aa4]::panicking::panic_handler::{closure#0}
[INFO] [stdout]    8:     0x63ee8c069559 - std[70759c8f55707aa4]::sys::backtrace::__rust_end_short_backtrace::<std[70759c8f55707aa4]::panicking::panic_handler::{closure#0}, !>
[INFO] [stdout]    9:     0x63ee8c07155d - __rustc[8fa7c3cbc660c2b3]::rust_begin_unwind
[INFO] [stdout]   10:     0x63ee8c0ab49c - core[df12db4294e9bfd3]::panicking::panic_fmt
[INFO] [stdout]   11:     0x63ee8c0ab272 - core[df12db4294e9bfd3]::result::unwrap_failed
[INFO] [stdout]   12:     0x63ee8bf0afbd - yaml_validator_cli[cf677953fb5147ec]::tests::test_all_types_example
[INFO] [stdout]   13:     0x63ee8bf10a09 - <yaml_validator_cli[cf677953fb5147ec]::tests::test_all_types_example::{closure#0} as core[df12db4294e9bfd3]::ops::function::FnOnce<()>>::call_once
[INFO] [stdout]   14:     0x63ee8bf10b3b - test[9d35eded1c95d3be]::__rust_begin_short_backtrace::<core[df12db4294e9bfd3]::result::Result<(), alloc[2182bb758b4b3781]::string::String>, fn() -> core[df12db4294e9bfd3]::result::Result<(), alloc[2182bb758b4b3781]::string::String>>
[INFO] [stdout]   15:     0x63ee8bf1e1a5 - test[9d35eded1c95d3be]::run_test::{closure#0}
[INFO] [stdout]   16:     0x63ee8bf17a64 - std[70759c8f55707aa4]::sys::backtrace::__rust_begin_short_backtrace::<test[9d35eded1c95d3be]::run_test::{closure#1}, ()>
[INFO] [stdout]   17:     0x63ee8bf21302 - <std[70759c8f55707aa4]::thread::lifecycle::spawn_unchecked<test[9d35eded1c95d3be]::run_test::{closure#1}, ()>::{closure#1} as core[df12db4294e9bfd3]::ops::function::FnOnce<()>>::call_once::{shim:vtable#0}
[INFO] [stdout]   18:     0x63ee8c093b99 - <std[70759c8f55707aa4]::sys::thread::unix::Thread>::new::thread_start
[INFO] [stdout]   19:     0x78502e9d8dfa - <unknown>
[INFO] [stdout]   20:     0x78502ea6c3d4 - clone
[INFO] [stdout]   21:                0x0 - <unknown>
[INFO] [stdout] 
[INFO] [stdout] ---- tests::test_unknown_schema_uri stdout ----
[INFO] [stdout] 
[INFO] [stdout] thread 'tests::test_unknown_schema_uri' (849) panicked at src/main.rs:244:9:
[INFO] [stdout] assertion `left == right` failed
[INFO] [stdout]   left: Multiple([File("could not read file ../examples/nesting/schema.yaml: No such file or directory (os error 2)\n")])
[INFO] [stdout]  right: Validation("schema referenced by uri `not-found` not found in context\n")
[INFO] [stdout] stack backtrace:
[INFO] [stdout]    0:     0x63ee8c0945e1 - <<std[70759c8f55707aa4]::sys::backtrace::BacktraceLock>::print::DisplayBacktrace as core[df12db4294e9bfd3]::fmt::Display>::fmt
[INFO] [stdout]    1:     0x63ee8c0aacba - core[df12db4294e9bfd3]::fmt::write
[INFO] [stdout]    2:     0x63ee8c098a7c - <alloc[2182bb758b4b3781]::vec::Vec<u8> as core[df12db4294e9bfd3]::io::write::Write>::write_fmt
[INFO] [stdout]    3:     0x63ee8c0708b6 - std[70759c8f55707aa4]::panicking::default_hook::{closure#0}
[INFO] [stdout]    4:     0x63ee8c08ca29 - std[70759c8f55707aa4]::panicking::default_hook
[INFO] [stdout]    5:     0x63ee8bf1d850 - test[9d35eded1c95d3be]::test_main_inner::<test[9d35eded1c95d3be]::test_main_static::{closure#0}>::{closure#0}
[INFO] [stdout]    6:     0x63ee8c08cbe2 - std[70759c8f55707aa4]::panicking::panic_with_hook
[INFO] [stdout]    7:     0x63ee8c070962 - std[70759c8f55707aa4]::panicking::panic_handler::{closure#0}
[INFO] [stdout]    8:     0x63ee8c069559 - std[70759c8f55707aa4]::sys::backtrace::__rust_end_short_backtrace::<std[70759c8f55707aa4]::panicking::panic_handler::{closure#0}, !>
[INFO] [stdout]    9:     0x63ee8c07155d - __rustc[8fa7c3cbc660c2b3]::rust_begin_unwind
[INFO] [stdout]   10:     0x63ee8c0ab49c - core[df12db4294e9bfd3]::panicking::panic_fmt
[INFO] [stdout]   11:     0x63ee8c0ab3b3 - core[df12db4294e9bfd3]::panicking::assert_failed_inner
[INFO] [stdout]   12:     0x63ee8bf0f79b - core[df12db4294e9bfd3]::panicking::assert_failed::<yaml_validator_cli[cf677953fb5147ec]::error::Error, yaml_validator_cli[cf677953fb5147ec]::error::Error>
[INFO] [stdout]   13:     0x63ee8bf0bb02 - yaml_validator_cli[cf677953fb5147ec]::tests::test_unknown_schema_uri
[INFO] [stdout]   14:     0x63ee8bf10a69 - <yaml_validator_cli[cf677953fb5147ec]::tests::test_unknown_schema_uri::{closure#0} as core[df12db4294e9bfd3]::ops::function::FnOnce<()>>::call_once
[INFO] [stdout]   15:     0x63ee8bf10b3b - test[9d35eded1c95d3be]::__rust_begin_short_backtrace::<core[df12db4294e9bfd3]::result::Result<(), alloc[2182bb758b4b3781]::string::String>, fn() -> core[df12db4294e9bfd3]::result::Result<(), alloc[2182bb758b4b3781]::string::String>>
[INFO] [stdout]   16:     0x63ee8bf1e1a5 - test[9d35eded1c95d3be]::run_test::{closure#0}
[INFO] [stdout]   17:     0x63ee8bf17a64 - std[70759c8f55707aa4]::sys::backtrace::__rust_begin_short_backtrace::<test[9d35eded1c95d3be]::run_test::{closure#1}, ()>
[INFO] [stdout]   18:     0x63ee8bf21302 - <std[70759c8f55707aa4]::thread::lifecycle::spawn_unchecked<test[9d35eded1c95d3be]::run_test::{closure#1}, ()>::{closure#1} as core[df12db4294e9bfd3]::ops::function::FnOnce<()>>::call_once::{shim:vtable#0}
[INFO] [stdout]   19:     0x63ee8c093b99 - <std[70759c8f55707aa4]::sys::thread::unix::Thread>::new::thread_start
[INFO] [stdout]   20:     0x78502e9d8dfa - <unknown>
[INFO] [stdout]   21:     0x78502ea6c3d4 - clone
[INFO] [stdout]   22:                0x0 - <unknown>
[INFO] [stdout] 
[INFO] [stdout] ---- tests::test_nesting_example stdout ----
[INFO] [stdout] 
[INFO] [stdout] thread 'tests::test_nesting_example' (846) panicked at src/main.rs:169:10:
[INFO] [stdout] called `Result::unwrap()` on an `Err` value: Multiple([File("could not read file ../examples/nesting/schema.yaml: No such file or directory (os error 2)\n")])
[INFO] [stdout] stack backtrace:
[INFO] [stdout]    0:     0x63ee8c0945e1 - <<std[70759c8f55707aa4]::sys::backtrace::BacktraceLock>::print::DisplayBacktrace as core[df12db4294e9bfd3]::fmt::Display>::fmt
[INFO] [stdout]    1:     0x63ee8c0aacba - core[df12db4294e9bfd3]::fmt::write
[INFO] [stdout]    2:     0x63ee8c098a7c - <alloc[2182bb758b4b3781]::vec::Vec<u8> as core[df12db4294e9bfd3]::io::write::Write>::write_fmt
[INFO] [stdout]    3:     0x63ee8c0708b6 - std[70759c8f55707aa4]::panicking::default_hook::{closure#0}
[INFO] [stdout]    4:     0x63ee8c08ca29 - std[70759c8f55707aa4]::panicking::default_hook
[INFO] [stdout]    5:     0x63ee8bf1d850 - test[9d35eded1c95d3be]::test_main_inner::<test[9d35eded1c95d3be]::test_main_static::{closure#0}>::{closure#0}
[INFO] [stdout]    6:     0x63ee8c08cbe2 - std[70759c8f55707aa4]::panicking::panic_with_hook
[INFO] [stdout]    7:     0x63ee8c070962 - std[70759c8f55707aa4]::panicking::panic_handler::{closure#0}
[INFO] [stdout]    8:     0x63ee8c069559 - std[70759c8f55707aa4]::sys::backtrace::__rust_end_short_backtrace::<std[70759c8f55707aa4]::panicking::panic_handler::{closure#0}, !>
[INFO] [stdout]    9:     0x63ee8c07155d - __rustc[8fa7c3cbc660c2b3]::rust_begin_unwind
[INFO] [stdout]   10:     0x63ee8c0ab49c - core[df12db4294e9bfd3]::panicking::panic_fmt
[INFO] [stdout]   11:     0x63ee8c0ab272 - core[df12db4294e9bfd3]::result::unwrap_failed
[INFO] [stdout]   12:     0x63ee8bf0acd8 - yaml_validator_cli[cf677953fb5147ec]::tests::test_nesting_example
[INFO] [stdout]   13:     0x63ee8bf109e9 - <yaml_validator_cli[cf677953fb5147ec]::tests::test_nesting_example::{closure#0} as core[df12db4294e9bfd3]::ops::function::FnOnce<()>>::call_once
[INFO] [stdout]   14:     0x63ee8bf10b3b - test[9d35eded1c95d3be]::__rust_begin_short_backtrace::<core[df12db4294e9bfd3]::result::Result<(), alloc[2182bb758b4b3781]::string::String>, fn() -> core[df12db4294e9bfd3]::result::Result<(), alloc[2182bb758b4b3781]::string::String>>
[INFO] [stdout]   15:     0x63ee8bf1e1a5 - test[9d35eded1c95d3be]::run_test::{closure#0}
[INFO] [stdout]   16:     0x63ee8bf17a64 - std[70759c8f55707aa4]::sys::backtrace::__rust_begin_short_backtrace::<test[9d35eded1c95d3be]::run_test::{closure#1}, ()>
[INFO] [stdout]   17:     0x63ee8bf21302 - <std[70759c8f55707aa4]::thread::lifecycle::spawn_unchecked<test[9d35eded1c95d3be]::run_test::{closure#1}, ()>::{closure#1} as core[df12db4294e9bfd3]::ops::function::FnOnce<()>>::call_once::{shim:vtable#0}
[INFO] [stdout]   18:     0x63ee8c093b99 - <std[70759c8f55707aa4]::sys::thread::unix::Thread>::new::thread_start
[INFO] [stdout]   19:     0x78502e9d8dfa - <unknown>
[INFO] [stdout]   20:     0x78502ea6c3d4 - clone
[INFO] [stdout]   21:                0x0 - <unknown>
[INFO] [stdout] 
[INFO] [stdout] 
[INFO] [stdout] failures:
[INFO] [stdout]     tests::test_all_types_example
[INFO] [stdout]     tests::test_branching_examples
[INFO] [stdout]     tests::test_locating_errors_example
[INFO] [stdout]     tests::test_multiple_schemas_example
[INFO] [stdout]     tests::test_nesting_example
[INFO] [stdout]     tests::test_non_existent_file
[INFO] [stdout]     tests::test_unknown_schema_uri
[INFO] [stdout] 
[INFO] [stdout] test result: FAILED. 1 passed; 7 failed; 0 ignored; 0 measured; 0 filtered out; finished in 0.00s
[INFO] [stdout] 
[INFO] running `Command { std: "docker" "inspect" "bbf8bb49a2c672314f735e5ded0360c65964ce4a7c0e47c1cf0e2f1ef9ca61e2", kill_on_drop: false }`
[INFO] running `Command { std: "docker" "rm" "-f" "bbf8bb49a2c672314f735e5ded0360c65964ce4a7c0e47c1cf0e2f1ef9ca61e2", kill_on_drop: false }`
[INFO] [stdout] bbf8bb49a2c672314f735e5ded0360c65964ce4a7c0e47c1cf0e2f1ef9ca61e2
