[INFO] fetching crate yaml-serde-merge 0.2.0...
[INFO] testing yaml-serde-merge-0.2.0 against 1.99.0-beta.8+cargoflags=--release for beta-release-1.100-2
[INFO] extracting crate yaml-serde-merge 0.2.0 into /workspace/builds/worker-4-tc1/source
[INFO] started tweaking crates.io crate yaml-serde-merge 0.2.0
[INFO] removed 0 missing tests
[INFO] finished tweaking crates.io crate yaml-serde-merge 0.2.0
[INFO] tweaked toml for crates.io crate yaml-serde-merge 0.2.0 written to /workspace/builds/worker-4-tc1/source/Cargo.toml
[INFO] validating manifest of crates.io crate yaml-serde-merge 0.2.0 on toolchain 1.99.0-beta.8
[INFO] running `Command { std: CARGO_HOME="/workspace/cargo-home" RUSTUP_HOME="/workspace/rustup-home" "/workspace/cargo-home/bin/cargo" "+1.99.0-beta.8" "metadata" "--manifest-path" "Cargo.toml" "--no-deps", kill_on_drop: false }`
[INFO] crate crates.io crate yaml-serde-merge 0.2.0 already has a lockfile, it will not be regenerated
[INFO] running `Command { std: CARGO_HOME="/workspace/cargo-home" RUSTUP_HOME="/workspace/rustup-home" "/workspace/cargo-home/bin/cargo" "+1.99.0-beta.8" "fetch" "--manifest-path" "Cargo.toml", kill_on_drop: false }`
[INFO] [stderr]     Blocking waiting for file lock on package cache
[INFO] [stderr]     Updating crates.io index
[INFO] [stderr]     Blocking waiting for file lock on package cache
[INFO] [stderr]  Downloading crates ...
[INFO] [stderr]   Downloaded yaml-merge v0.2.0
[INFO] [stderr]   Downloaded libyaml-rs v0.3.0
[INFO] [stderr]   Downloaded tree-haver v0.2.0
[INFO] [stderr]   Downloaded yaml_serde v0.10.4
[INFO] [stderr]   Downloaded tree-sitter-language-pack v1.6.2
[INFO] [stderr]   Downloaded tar v0.4.45
[INFO] [stderr]   Downloaded libloading v0.9.0
[INFO] [stderr]   Downloaded tree-sitter v0.26.8
[INFO] [stderr]   Downloaded crypto-common v0.2.1
[INFO] [stderr]   Downloaded rustls v0.23.38
[INFO] [stderr]   Downloaded digest v0.11.2
[INFO] [stderr]   Downloaded hybrid-array v0.4.10
[INFO] [stderr]   Downloaded ast-merge v0.2.0
[INFO] [stderr]   Downloaded redox_syscall v0.7.4
[INFO] [stderr]   Downloaded rustls-webpki v0.103.12
[INFO] running `Command { std: "docker" "create" "-v" "/var/lib/crater-agent-workspace/builds/worker-4-tc1/source:/opt/rustwide/workdir:ro,Z" "-v" "/var/lib/crater-agent-workspace/builds/worker-4-tc1/target:/opt/rustwide/target:rw,Z" "-v" "/var/lib/crater-agent-workspace/cargo-home:/opt/rustwide/cargo-home:ro,Z" "-v" "/var/lib/crater-agent-workspace/rustup-home:/opt/rustwide/rustup-home:ro,Z" "-m" "1610612736" "--network" "none" "ghcr.io/rust-lang/crates-build-env/linux@sha256:77db811e55d90add9212f6832c23229e3de5f1c1f9905e8cb07319ea15df73ac" "sleep" "infinity", kill_on_drop: false }`
[INFO] [stdout] 9fcfa97eccf6647921ea8ad58ce9497cc7fb83744af80129133cf81bb2ddc558
[INFO] running `Command { std: "docker" "start" "9fcfa97eccf6647921ea8ad58ce9497cc7fb83744af80129133cf81bb2ddc558", kill_on_drop: false }`
[INFO] running `Command { std: "docker" "inspect" "9fcfa97eccf6647921ea8ad58ce9497cc7fb83744af80129133cf81bb2ddc558", kill_on_drop: false }`
[INFO] running `Command { std: "docker" "exec" "-e" "SOURCE_DIR=/opt/rustwide/workdir" "-e" "CARGO_HOME=/opt/rustwide/cargo-home" "-e" "RUSTUP_HOME=/opt/rustwide/rustup-home" "-e" "CARGO_TARGET_DIR=/opt/rustwide/target" "-w" "/opt/rustwide/workdir" "--user" "0:0" "9fcfa97eccf6647921ea8ad58ce9497cc7fb83744af80129133cf81bb2ddc558" "/opt/rustwide/cargo-home/bin/cargo" "+1.99.0-beta.8" "metadata" "--no-deps" "--format-version=1", kill_on_drop: false }`
[INFO] running `Command { std: "docker" "inspect" "9fcfa97eccf6647921ea8ad58ce9497cc7fb83744af80129133cf81bb2ddc558", kill_on_drop: false }`
[INFO] running `Command { std: "docker" "exec" "-e" "SOURCE_DIR=/opt/rustwide/workdir" "-e" "CARGO_HOME=/opt/rustwide/cargo-home" "-e" "RUSTUP_HOME=/opt/rustwide/rustup-home" "-e" "CARGO_TARGET_DIR=/opt/rustwide/target" "-e" "CARGO_INCREMENTAL=0" "-e" "RUST_BACKTRACE=full" "-e" "RUSTFLAGS=--cap-lints=warn" "-e" "RUSTDOCFLAGS=--cap-lints=warn" "-w" "/opt/rustwide/workdir" "--user" "0:0" "9fcfa97eccf6647921ea8ad58ce9497cc7fb83744af80129133cf81bb2ddc558" "/opt/rustwide/cargo-home/bin/cargo" "+1.99.0-beta.8" "build" "--frozen" "--message-format=json" "--release", kill_on_drop: false }`
[INFO] [stderr]    Compiling libc v0.2.185
[INFO] [stderr]    Compiling serde_core v1.0.228
[INFO] [stderr]    Compiling hashbrown v0.17.0
[INFO] [stderr]    Compiling crunchy v0.2.4
[INFO] [stderr]    Compiling zeroize v1.8.2
[INFO] [stderr]    Compiling typenum v1.20.0
[INFO] [stderr]    Compiling tiny-keccak v2.0.2
[INFO] [stderr]    Compiling rustix v1.1.4
[INFO] [stderr]    Compiling rustls-pki-types v1.14.0
[INFO] [stderr]    Compiling httparse v1.10.1
[INFO] [stderr]    Compiling serde v1.0.228
[INFO] [stderr]    Compiling aho-corasick v1.1.4
[INFO] [stderr]    Compiling once_cell v1.21.4
[INFO] [stderr]    Compiling simd-adler32 v0.3.9
[INFO] [stderr]    Compiling indexmap v2.14.0
[INFO] [stderr]    Compiling zstd-safe v7.2.4
[INFO] [stderr]    Compiling hybrid-array v0.4.10
[INFO] [stderr]    Compiling rustls v0.23.38
[INFO] [stderr]    Compiling jobserver v0.1.34
[INFO] [stderr]    Compiling getrandom v0.2.17
[INFO] [stderr]    Compiling cc v1.2.60
[INFO] [stderr]    Compiling crypto-common v0.2.1
[INFO] [stderr]    Compiling block-buffer v0.12.0
[INFO] [stderr]    Compiling const-random-macro v0.1.16
[INFO] [stderr]    Compiling regex-automata v0.4.14
[INFO] [stderr]    Compiling ahash v0.8.12
[INFO] [stderr]    Compiling miniz_oxide v0.8.9
[INFO] [stderr]    Compiling http v1.4.0
[INFO] [stderr]    Compiling serde_json v1.0.149
[INFO] [stderr]    Compiling ring v0.17.14
[INFO] [stderr]    Compiling zstd-sys v2.0.16+zstd.1.5.7
[INFO] [stderr]    Compiling tree-sitter v0.26.8
[INFO] [stderr]    Compiling const-oid v0.10.2
[INFO] [stderr]    Compiling digest v0.11.2
[INFO] [stderr]    Compiling ureq-proto v0.6.0
[INFO] [stderr]    Compiling dirs-sys v0.5.0
[INFO] [stderr]    Compiling tree-sitter-language-pack v1.6.2
[INFO] [stderr]    Compiling regex v1.12.3
[INFO] [stderr]    Compiling flate2 v1.1.9
[INFO] [stderr]    Compiling xattr v1.6.1
[INFO] [stderr]    Compiling const-random v0.1.18
[INFO] [stderr]    Compiling filetime v0.2.27
[INFO] [stderr]    Compiling webpki-roots v1.0.7
[INFO] [stderr]    Compiling thiserror-impl v2.0.18
[INFO] [stderr]    Compiling utf8-zero v0.8.1
[INFO] [stderr]    Compiling sha2 v0.11.0
[INFO] [stderr]    Compiling tar v0.4.45
[INFO] [stderr]    Compiling dirs v6.0.0
[INFO] [stderr]    Compiling libloading v0.9.0
[INFO] [stderr]    Compiling thiserror v2.0.18
[INFO] [stderr]    Compiling libyaml-rs v0.3.0
[INFO] [stderr]    Compiling serde_yaml v0.9.34+deprecated
[INFO] [stderr]    Compiling yaml_serde v0.10.4
[INFO] [stderr]    Compiling rustls-webpki v0.103.12
[INFO] [stderr]    Compiling ureq v3.3.0
[INFO] [stderr]    Compiling zstd v0.13.3
[INFO] [stderr]    Compiling tree-haver v0.2.0
[INFO] [stderr]    Compiling ast-merge v0.2.0
[INFO] [stderr]    Compiling yaml-merge v0.2.0
[INFO] [stderr]    Compiling yaml-serde-merge v0.2.0 (/opt/rustwide/workdir)
[INFO] [stderr]     Finished `release` profile [optimized] target(s) in 2m 55s
[INFO] running `Command { std: "docker" "inspect" "9fcfa97eccf6647921ea8ad58ce9497cc7fb83744af80129133cf81bb2ddc558", kill_on_drop: false }`
[INFO] running `Command { std: "docker" "exec" "-e" "SOURCE_DIR=/opt/rustwide/workdir" "-e" "CARGO_HOME=/opt/rustwide/cargo-home" "-e" "RUSTUP_HOME=/opt/rustwide/rustup-home" "-e" "CARGO_TARGET_DIR=/opt/rustwide/target" "-e" "CARGO_INCREMENTAL=0" "-e" "RUST_BACKTRACE=full" "-e" "RUSTFLAGS=--cap-lints=warn" "-e" "RUSTDOCFLAGS=--cap-lints=warn" "-w" "/opt/rustwide/workdir" "--user" "0:0" "9fcfa97eccf6647921ea8ad58ce9497cc7fb83744af80129133cf81bb2ddc558" "/opt/rustwide/cargo-home/bin/cargo" "+1.99.0-beta.8" "test" "--frozen" "--no-run" "--message-format=json" "--release", kill_on_drop: false }`
[INFO] [stderr]    Compiling yaml-serde-merge v0.2.0 (/opt/rustwide/workdir)
[INFO] [stderr]     Finished `release` profile [optimized] target(s) in 3.54s
[INFO] running `Command { std: "docker" "inspect" "9fcfa97eccf6647921ea8ad58ce9497cc7fb83744af80129133cf81bb2ddc558", kill_on_drop: false }`
[INFO] running `Command { std: "docker" "exec" "-e" "SOURCE_DIR=/opt/rustwide/workdir" "-e" "CARGO_HOME=/opt/rustwide/cargo-home" "-e" "RUSTUP_HOME=/opt/rustwide/rustup-home" "-e" "CARGO_TARGET_DIR=/opt/rustwide/target" "-e" "CARGO_INCREMENTAL=0" "-e" "RUST_BACKTRACE=full" "-e" "RUSTFLAGS=--cap-lints=warn" "-e" "RUSTDOCFLAGS=--cap-lints=warn" "-w" "/opt/rustwide/workdir" "--user" "0:0" "9fcfa97eccf6647921ea8ad58ce9497cc7fb83744af80129133cf81bb2ddc558" "/opt/rustwide/cargo-home/bin/cargo" "+1.99.0-beta.8" "test" "--frozen" "--release", kill_on_drop: false }`
[INFO] [stderr]     Finished `release` profile [optimized] target(s) in 0.10s
[INFO] [stderr]      Running unittests src/lib.rs (/opt/rustwide/target/release/deps/yaml_serde_merge-a35818c21a736b0d)
[INFO] [stdout] 
[INFO] [stdout] running 0 tests
[INFO] [stdout] 
[INFO] [stdout] test result: ok. 0 passed; 0 failed; 0 ignored; 0 measured; 0 filtered out; finished in 0.00s
[INFO] [stdout] 
[INFO] [stderr]      Running tests/fixtures.rs (/opt/rustwide/target/release/deps/fixtures-daa415909e0a3748)
[INFO] [stdout] 
[INFO] [stdout] running 6 tests
[INFO] [stdout] test conforms_to_provider_named_suite_plan_fixture ... FAILED
[INFO] [stdout] test conforms_to_provider_manifest_report_fixture ... FAILED
[INFO] [stdout] test rejects_unsupported_provider_backend_overrides ... ok
[INFO] [stdout] test conforms_to_provider_feature_profile_fixture ... FAILED
[INFO] [stdout] test conforms_to_shared_yaml_parse_matching_and_merge_fixtures ... FAILED
[INFO] [stdout] test conforms_to_provider_plan_context_fixture ... FAILED
[INFO] [stdout] 
[INFO] [stdout] failures:
[INFO] [stdout] 
[INFO] [stdout] ---- conforms_to_provider_named_suite_plan_fixture stdout ----
[INFO] [stdout] 
[INFO] [stdout] thread 'conforms_to_provider_named_suite_plan_fixture' (1676) panicked at tests/fixtures.rs:29:58:
[INFO] [stdout] fixture should be readable: Os { code: 2, kind: NotFound, message: "No such file or directory" }
[INFO] [stdout] stack backtrace:
[INFO] [stdout]    0:     0x5721bbd32911 - <<std[70759c8f55707aa4]::sys::backtrace::BacktraceLock>::print::DisplayBacktrace as core[df12db4294e9bfd3]::fmt::Display>::fmt
[INFO] [stdout]    1:     0x5721bbd4805a - core[df12db4294e9bfd3]::fmt::write
[INFO] [stdout]    2:     0x5721bbd36dac - <alloc[2182bb758b4b3781]::vec::Vec<u8> as core[df12db4294e9bfd3]::io::write::Write>::write_fmt
[INFO] [stdout]    3:     0x5721bbd0eb96 - std[70759c8f55707aa4]::panicking::default_hook::{closure#0}
[INFO] [stdout]    4:     0x5721bbd2ad09 - std[70759c8f55707aa4]::panicking::default_hook
[INFO] [stdout]    5:     0x5721bbc70a40 - test[9d35eded1c95d3be]::test_main_inner::<test[9d35eded1c95d3be]::test_main_static::{closure#0}>::{closure#0}
[INFO] [stdout]    6:     0x5721bbd2aec2 - std[70759c8f55707aa4]::panicking::panic_with_hook
[INFO] [stdout]    7:     0x5721bbd0ec42 - std[70759c8f55707aa4]::panicking::panic_handler::{closure#0}
[INFO] [stdout]    8:     0x5721bbd07839 - std[70759c8f55707aa4]::sys::backtrace::__rust_end_short_backtrace::<std[70759c8f55707aa4]::panicking::panic_handler::{closure#0}, !>
[INFO] [stdout]    9:     0x5721bbd0f83d - __rustc[8fa7c3cbc660c2b3]::rust_begin_unwind
[INFO] [stdout]   10:     0x5721bbd4878c - core[df12db4294e9bfd3]::panicking::panic_fmt
[INFO] [stdout]   11:     0x5721bbd48562 - core[df12db4294e9bfd3]::result::unwrap_failed
[INFO] [stdout]   12:     0x5721bbc5ae82 - fixtures[66b3f5abb9e0b6c9]::read_fixture
[INFO] [stdout]   13:     0x5721bbc5cff5 - <fixtures[66b3f5abb9e0b6c9]::conforms_to_provider_named_suite_plan_fixture::{closure#0} as core[df12db4294e9bfd3]::ops::function::FnOnce<()>>::call_once
[INFO] [stdout]   14:     0x5721bbc63d2b - test[9d35eded1c95d3be]::__rust_begin_short_backtrace::<core[df12db4294e9bfd3]::result::Result<(), alloc[2182bb758b4b3781]::string::String>, fn() -> core[df12db4294e9bfd3]::result::Result<(), alloc[2182bb758b4b3781]::string::String>>
[INFO] [stdout]   15:     0x5721bbc71395 - test[9d35eded1c95d3be]::run_test::{closure#0}
[INFO] [stdout]   16:     0x5721bbc6ac54 - std[70759c8f55707aa4]::sys::backtrace::__rust_begin_short_backtrace::<test[9d35eded1c95d3be]::run_test::{closure#1}, ()>
[INFO] [stdout]   17:     0x5721bbc744f2 - <std[70759c8f55707aa4]::thread::lifecycle::spawn_unchecked<test[9d35eded1c95d3be]::run_test::{closure#1}, ()>::{closure#1} as core[df12db4294e9bfd3]::ops::function::FnOnce<()>>::call_once::{shim:vtable#0}
[INFO] [stdout]   18:     0x5721bbd31e79 - <std[70759c8f55707aa4]::sys::thread::unix::Thread>::new::thread_start
[INFO] [stdout]   19:     0x7a27d4228dfa - <unknown>
[INFO] [stdout]   20:     0x7a27d42bc3d4 - clone
[INFO] [stdout]   21:                0x0 - <unknown>
[INFO] [stdout] 
[INFO] [stdout] ---- conforms_to_provider_manifest_report_fixture stdout ----
[INFO] [stdout] 
[INFO] [stdout] thread 'conforms_to_provider_manifest_report_fixture' (1675) panicked at tests/fixtures.rs:29:58:
[INFO] [stdout] fixture should be readable: Os { code: 2, kind: NotFound, message: "No such file or directory" }
[INFO] [stdout] stack backtrace:
[INFO] [stdout]    0:     0x5721bbd32911 - <<std[70759c8f55707aa4]::sys::backtrace::BacktraceLock>::print::DisplayBacktrace as core[df12db4294e9bfd3]::fmt::Display>::fmt
[INFO] [stdout]    1:     0x5721bbd4805a - core[df12db4294e9bfd3]::fmt::write
[INFO] [stdout]    2:     0x5721bbd36dac - <alloc[2182bb758b4b3781]::vec::Vec<u8> as core[df12db4294e9bfd3]::io::write::Write>::write_fmt
[INFO] [stdout]    3:     0x5721bbd0eb96 - std[70759c8f55707aa4]::panicking::default_hook::{closure#0}
[INFO] [stdout]    4:     0x5721bbd2ad09 - std[70759c8f55707aa4]::panicking::default_hook
[INFO] [stdout]    5:     0x5721bbc70a40 - test[9d35eded1c95d3be]::test_main_inner::<test[9d35eded1c95d3be]::test_main_static::{closure#0}>::{closure#0}
[INFO] [stdout]    6:     0x5721bbd2aec2 - std[70759c8f55707aa4]::panicking::panic_with_hook
[INFO] [stdout]    7:     0x5721bbd0ec42 - std[70759c8f55707aa4]::panicking::panic_handler::{closure#0}
[INFO] [stdout]    8:     0x5721bbd07839 - std[70759c8f55707aa4]::sys::backtrace::__rust_end_short_backtrace::<std[70759c8f55707aa4]::panicking::panic_handler::{closure#0}, !>
[INFO] [stdout]    9:     0x5721bbd0f83d - __rustc[8fa7c3cbc660c2b3]::rust_begin_unwind
[INFO] [stdout]   10:     0x5721bbd4878c - core[df12db4294e9bfd3]::panicking::panic_fmt
[INFO] [stdout]   11:     0x5721bbd48562 - core[df12db4294e9bfd3]::result::unwrap_failed
[INFO] [stdout]   12:     0x5721bbc5ae82 - fixtures[66b3f5abb9e0b6c9]::read_fixture
[INFO] [stdout]   13:     0x5721bbc5c6cb - <fixtures[66b3f5abb9e0b6c9]::conforms_to_provider_manifest_report_fixture::{closure#0} as core[df12db4294e9bfd3]::ops::function::FnOnce<()>>::call_once
[INFO] [stdout]   14:     0x5721bbc63d2b - test[9d35eded1c95d3be]::__rust_begin_short_backtrace::<core[df12db4294e9bfd3]::result::Result<(), alloc[2182bb758b4b3781]::string::String>, fn() -> core[df12db4294e9bfd3]::result::Result<(), alloc[2182bb758b4b3781]::string::String>>
[INFO] [stdout]   15:     0x5721bbc71395 - test[9d35eded1c95d3be]::run_test::{closure#0}
[INFO] [stdout]   16:     0x5721bbc6ac54 - std[70759c8f55707aa4]::sys::backtrace::__rust_begin_short_backtrace::<test[9d35eded1c95d3be]::run_test::{closure#1}, ()>
[INFO] [stdout]   17:     0x5721bbc744f2 - <std[70759c8f55707aa4]::thread::lifecycle::spawn_unchecked<test[9d35eded1c95d3be]::run_test::{closure#1}, ()>::{closure#1} as core[df12db4294e9bfd3]::ops::function::FnOnce<()>>::call_once::{shim:vtable#0}
[INFO] [stdout]   18:     0x5721bbd31e79 - <std[70759c8f55707aa4]::sys::thread::unix::Thread>::new::thread_start
[INFO] [stdout]   19:     0x7a27d4228dfa - <unknown>
[INFO] [stdout]   20:     0x7a27d42bc3d4 - clone
[INFO] [stdout]   21:                0x0 - <unknown>
[INFO] [stdout] 
[INFO] [stdout] ---- conforms_to_provider_feature_profile_fixture stdout ----
[INFO] [stdout] 
[INFO] [stdout] thread 'conforms_to_provider_feature_profile_fixture' (1674) panicked at tests/fixtures.rs:29:58:
[INFO] [stdout] fixture should be readable: Os { code: 2, kind: NotFound, message: "No such file or directory" }
[INFO] [stdout] stack backtrace:
[INFO] [stdout]    0:     0x5721bbd32911 - <<std[70759c8f55707aa4]::sys::backtrace::BacktraceLock>::print::DisplayBacktrace as core[df12db4294e9bfd3]::fmt::Display>::fmt
[INFO] [stdout]    1:     0x5721bbd4805a - core[df12db4294e9bfd3]::fmt::write
[INFO] [stdout]    2:     0x5721bbd36dac - <alloc[2182bb758b4b3781]::vec::Vec<u8> as core[df12db4294e9bfd3]::io::write::Write>::write_fmt
[INFO] [stdout]    3:     0x5721bbd0eb96 - std[70759c8f55707aa4]::panicking::default_hook::{closure#0}
[INFO] [stdout]    4:     0x5721bbd2ad09 - std[70759c8f55707aa4]::panicking::default_hook
[INFO] [stdout]    5:     0x5721bbc70a40 - test[9d35eded1c95d3be]::test_main_inner::<test[9d35eded1c95d3be]::test_main_static::{closure#0}>::{closure#0}
[INFO] [stdout]    6:     0x5721bbd2aec2 - std[70759c8f55707aa4]::panicking::panic_with_hook
[INFO] [stdout]    7:     0x5721bbd0ec42 - std[70759c8f55707aa4]::panicking::panic_handler::{closure#0}
[INFO] [stdout]    8:     0x5721bbd07839 - std[70759c8f55707aa4]::sys::backtrace::__rust_end_short_backtrace::<std[70759c8f55707aa4]::panicking::panic_handler::{closure#0}, !>
[INFO] [stdout]    9:     0x5721bbd0f83d - __rustc[8fa7c3cbc660c2b3]::rust_begin_unwind
[INFO] [stdout]   10:     0x5721bbd4878c - core[df12db4294e9bfd3]::panicking::panic_fmt
[INFO] [stdout]   11:     0x5721bbd48562 - core[df12db4294e9bfd3]::result::unwrap_failed
[INFO] [stdout]   12:     0x5721bbc5ae82 - fixtures[66b3f5abb9e0b6c9]::read_fixture
[INFO] [stdout]   13:     0x5721bbc5b1dd - <fixtures[66b3f5abb9e0b6c9]::conforms_to_provider_feature_profile_fixture::{closure#0} as core[df12db4294e9bfd3]::ops::function::FnOnce<()>>::call_once
[INFO] [stdout]   14:     0x5721bbc63d2b - test[9d35eded1c95d3be]::__rust_begin_short_backtrace::<core[df12db4294e9bfd3]::result::Result<(), alloc[2182bb758b4b3781]::string::String>, fn() -> core[df12db4294e9bfd3]::result::Result<(), alloc[2182bb758b4b3781]::string::String>>
[INFO] [stdout]   15:     0x5721bbc71395 - test[9d35eded1c95d3be]::run_test::{closure#0}
[INFO] [stdout]   16:     0x5721bbc6ac54 - std[70759c8f55707aa4]::sys::backtrace::__rust_begin_short_backtrace::<test[9d35eded1c95d3be]::run_test::{closure#1}, ()>
[INFO] [stdout]   17:     0x5721bbc744f2 - <std[70759c8f55707aa4]::thread::lifecycle::spawn_unchecked<test[9d35eded1c95d3be]::run_test::{closure#1}, ()>::{closure#1} as core[df12db4294e9bfd3]::ops::function::FnOnce<()>>::call_once::{shim:vtable#0}
[INFO] [stdout]   18:     0x5721bbd31e79 - <std[70759c8f55707aa4]::sys::thread::unix::Thread>::new::thread_start
[INFO] [stdout]   19:     0x7a27d4228dfa - <unknown>
[INFO] [stdout]   20:     0x7a27d42bc3d4 - clone
[INFO] [stdout]   21:                0x0 - <unknown>
[INFO] [stdout] 
[INFO] [stdout] ---- conforms_to_shared_yaml_parse_matching_and_merge_fixtures stdout ----
[INFO] [stdout] 
[INFO] [stdout] thread 'conforms_to_shared_yaml_parse_matching_and_merge_fixtures' (1678) panicked at tests/fixtures.rs:29:58:
[INFO] [stdout] fixture should be readable: Os { code: 2, kind: NotFound, message: "No such file or directory" }
[INFO] [stdout] stack backtrace:
[INFO] [stdout]    0:     0x5721bbd32911 - <<std[70759c8f55707aa4]::sys::backtrace::BacktraceLock>::print::DisplayBacktrace as core[df12db4294e9bfd3]::fmt::Display>::fmt
[INFO] [stdout]    1:     0x5721bbd4805a - core[df12db4294e9bfd3]::fmt::write
[INFO] [stdout]    2:     0x5721bbd36dac - <alloc[2182bb758b4b3781]::vec::Vec<u8> as core[df12db4294e9bfd3]::io::write::Write>::write_fmt
[INFO] [stdout]    3:     0x5721bbd0eb96 - std[70759c8f55707aa4]::panicking::default_hook::{closure#0}
[INFO] [stdout]    4:     0x5721bbd2ad09 - std[70759c8f55707aa4]::panicking::default_hook
[INFO] [stdout]    5:     0x5721bbc70a40 - test[9d35eded1c95d3be]::test_main_inner::<test[9d35eded1c95d3be]::test_main_static::{closure#0}>::{closure#0}
[INFO] [stdout]    6:     0x5721bbd2aec2 - std[70759c8f55707aa4]::panicking::panic_with_hook
[INFO] [stdout]    7:     0x5721bbd0ec42 - std[70759c8f55707aa4]::panicking::panic_handler::{closure#0}
[INFO] [stdout]    8:     0x5721bbd07839 - std[70759c8f55707aa4]::sys::backtrace::__rust_end_short_backtrace::<std[70759c8f55707aa4]::panicking::panic_handler::{closure#0}, !>
[INFO] [stdout]    9:     0x5721bbd0f83d - __rustc[8fa7c3cbc660c2b3]::rust_begin_unwind
[INFO] [stdout]   10:     0x5721bbd4878c - core[df12db4294e9bfd3]::panicking::panic_fmt
[INFO] [stdout]   11:     0x5721bbd48562 - core[df12db4294e9bfd3]::result::unwrap_failed
[INFO] [stdout]   12:     0x5721bbc5ae82 - fixtures[66b3f5abb9e0b6c9]::read_fixture
[INFO] [stdout]   13:     0x5721bbc5ddb0 - <fixtures[66b3f5abb9e0b6c9]::conforms_to_shared_yaml_parse_matching_and_merge_fixtures::{closure#0} as core[df12db4294e9bfd3]::ops::function::FnOnce<()>>::call_once
[INFO] [stdout]   14:     0x5721bbc63d2b - test[9d35eded1c95d3be]::__rust_begin_short_backtrace::<core[df12db4294e9bfd3]::result::Result<(), alloc[2182bb758b4b3781]::string::String>, fn() -> core[df12db4294e9bfd3]::result::Result<(), alloc[2182bb758b4b3781]::string::String>>
[INFO] [stdout]   15:     0x5721bbc71395 - test[9d35eded1c95d3be]::run_test::{closure#0}
[INFO] [stdout]   16:     0x5721bbc6ac54 - std[70759c8f55707aa4]::sys::backtrace::__rust_begin_short_backtrace::<test[9d35eded1c95d3be]::run_test::{closure#1}, ()>
[INFO] [stdout]   17:     0x5721bbc744f2 - <std[70759c8f55707aa4]::thread::lifecycle::spawn_unchecked<test[9d35eded1c95d3be]::run_test::{closure#1}, ()>::{closure#1} as core[df12db4294e9bfd3]::ops::function::FnOnce<()>>::call_once::{shim:vtable#0}
[INFO] [stdout]   18:     0x5721bbd31e79 - <std[70759c8f55707aa4]::sys::thread::unix::Thread>::new::thread_start
[INFO] [stdout]   19:     0x7a27d4228dfa - <unknown>
[INFO] [stdout]   20:     0x7a27d42bc3d4 - clone
[INFO] [stdout]   21:                0x0 - <unknown>
[INFO] [stdout] 
[INFO] [stdout] ---- conforms_to_provider_plan_context_fixture stdout ----
[INFO] [stdout] 
[INFO] [stdout] thread 'conforms_to_provider_plan_context_fixture' (1677) panicked at tests/fixtures.rs:29:58:
[INFO] [stdout] fixture should be readable: Os { code: 2, kind: NotFound, message: "No such file or directory" }
[INFO] [stdout] stack backtrace:
[INFO] [stdout]    0:     0x5721bbd32911 - <<std[70759c8f55707aa4]::sys::backtrace::BacktraceLock>::print::DisplayBacktrace as core[df12db4294e9bfd3]::fmt::Display>::fmt
[INFO] [stdout]    1:     0x5721bbd4805a - core[df12db4294e9bfd3]::fmt::write
[INFO] [stdout]    2:     0x5721bbd36dac - <alloc[2182bb758b4b3781]::vec::Vec<u8> as core[df12db4294e9bfd3]::io::write::Write>::write_fmt
[INFO] [stdout]    3:     0x5721bbd0eb96 - std[70759c8f55707aa4]::panicking::default_hook::{closure#0}
[INFO] [stdout]    4:     0x5721bbd2ad09 - std[70759c8f55707aa4]::panicking::default_hook
[INFO] [stdout]    5:     0x5721bbc70a40 - test[9d35eded1c95d3be]::test_main_inner::<test[9d35eded1c95d3be]::test_main_static::{closure#0}>::{closure#0}
[INFO] [stdout]    6:     0x5721bbd2aec2 - std[70759c8f55707aa4]::panicking::panic_with_hook
[INFO] [stdout]    7:     0x5721bbd0ec42 - std[70759c8f55707aa4]::panicking::panic_handler::{closure#0}
[INFO] [stdout]    8:     0x5721bbd07839 - std[70759c8f55707aa4]::sys::backtrace::__rust_end_short_backtrace::<std[70759c8f55707aa4]::panicking::panic_handler::{closure#0}, !>
[INFO] [stdout]    9:     0x5721bbd0f83d - __rustc[8fa7c3cbc660c2b3]::rust_begin_unwind
[INFO] [stdout]   10:     0x5721bbd4878c - core[df12db4294e9bfd3]::panicking::panic_fmt
[INFO] [stdout]   11:     0x5721bbd48562 - core[df12db4294e9bfd3]::result::unwrap_failed
[INFO] [stdout]   12:     0x5721bbc5ae82 - fixtures[66b3f5abb9e0b6c9]::read_fixture
[INFO] [stdout]   13:     0x5721bbc5b06e - <fixtures[66b3f5abb9e0b6c9]::conforms_to_provider_plan_context_fixture::{closure#0} as core[df12db4294e9bfd3]::ops::function::FnOnce<()>>::call_once
[INFO] [stdout]   14:     0x5721bbc63d2b - test[9d35eded1c95d3be]::__rust_begin_short_backtrace::<core[df12db4294e9bfd3]::result::Result<(), alloc[2182bb758b4b3781]::string::String>, fn() -> core[df12db4294e9bfd3]::result::Result<(), alloc[2182bb758b4b3781]::string::String>>
[INFO] [stdout]   15:     0x5721bbc71395 - test[9d35eded1c95d3be]::run_test::{closure#0}
[INFO] [stdout]   16:     0x5721bbc6ac54 - std[70759c8f55707aa4]::sys::backtrace::__rust_begin_short_backtrace::<test[9d35eded1c95d3be]::run_test::{closure#1}, ()>
[INFO] [stdout]   17:     0x5721bbc744f2 - <std[70759c8f55707aa4]::thread::lifecycle::spawn_unchecked<test[9d35eded1c95d3be]::run_test::{closure#1}, ()>::{closure#1} as core[df12db4294e9bfd3]::ops::function::FnOnce<()>>::call_once::{shim:vtable#0}
[INFO] [stdout]   18:     0x5721bbd31e79 - <std[70759c8f55707aa4]::sys::thread::unix::Thread>::new::thread_start
[INFO] [stdout]   19:     0x7a27d4228dfa - <unknown>
[INFO] [stdout]   20:     0x7a27d42bc3d4 - clone
[INFO] [stdout]   21:                0x0 - <unknown>
[INFO] [stdout] 
[INFO] [stdout] 
[INFO] [stdout] failures:
[INFO] [stdout]     conforms_to_provider_feature_profile_fixture
[INFO] [stdout]     conforms_to_provider_manifest_report_fixture
[INFO] [stdout]     conforms_to_provider_named_suite_plan_fixture
[INFO] [stdout]     conforms_to_provider_plan_context_fixture
[INFO] [stdout]     conforms_to_shared_yaml_parse_matching_and_merge_fixtures
[INFO] [stdout] 
[INFO] [stdout] test result: FAILED. 1 passed; 5 failed; 0 ignored; 0 measured; 0 filtered out; finished in 0.01s
[INFO] [stdout] 
[INFO] [stderr] error: test failed, to rerun pass `--test fixtures`
[INFO] running `Command { std: "docker" "inspect" "9fcfa97eccf6647921ea8ad58ce9497cc7fb83744af80129133cf81bb2ddc558", kill_on_drop: false }`
[INFO] running `Command { std: "docker" "rm" "-f" "9fcfa97eccf6647921ea8ad58ce9497cc7fb83744af80129133cf81bb2ddc558", kill_on_drop: false }`
[INFO] [stdout] 9fcfa97eccf6647921ea8ad58ce9497cc7fb83744af80129133cf81bb2ddc558
