[INFO] fetching crate yaml-merge 0.2.0...
[INFO] testing yaml-merge-0.2.0 against 1.99.0-beta.8+cargoflags=--release for beta-release-1.100-2
[INFO] extracting crate yaml-merge 0.2.0 into /workspace/builds/worker-7-tc1/source
[INFO] started tweaking crates.io crate yaml-merge 0.2.0
[INFO] removed 0 missing tests
[INFO] finished tweaking crates.io crate yaml-merge 0.2.0
[INFO] tweaked toml for crates.io crate yaml-merge 0.2.0 written to /workspace/builds/worker-7-tc1/source/Cargo.toml
[INFO] validating manifest of crates.io crate yaml-merge 0.2.0 on toolchain 1.99.0-beta.8
[INFO] running `Command { std: CARGO_HOME="/workspace/cargo-home" RUSTUP_HOME="/workspace/rustup-home" "/workspace/cargo-home/bin/cargo" "+1.99.0-beta.8" "metadata" "--manifest-path" "Cargo.toml" "--no-deps", kill_on_drop: false }`
[INFO] crate crates.io crate yaml-merge 0.2.0 already has a lockfile, it will not be regenerated
[INFO] running `Command { std: CARGO_HOME="/workspace/cargo-home" RUSTUP_HOME="/workspace/rustup-home" "/workspace/cargo-home/bin/cargo" "+1.99.0-beta.8" "fetch" "--manifest-path" "Cargo.toml", kill_on_drop: false }`
[INFO] [stderr]     Blocking waiting for file lock on package cache
[INFO] [stderr]     Updating crates.io index
[INFO] [stderr]     Blocking waiting for file lock on package cache
[INFO] [stderr]  Downloading crates ...
[INFO] [stderr]   Downloaded tree-sitter-language-pack v1.6.2
[INFO] [stderr]   Downloaded tree-haver v0.2.0
[INFO] [stderr]   Downloaded tree-sitter-language v0.1.7
[INFO] [stderr]   Downloaded ureq-proto v0.6.0
[INFO] [stderr]   Downloaded redox_syscall v0.7.4
[INFO] [stderr]   Downloaded tar v0.4.45
[INFO] [stderr]   Downloaded hybrid-array v0.4.10
[INFO] [stderr]   Downloaded filetime v0.2.27
[INFO] [stderr]   Downloaded cc v1.2.60
[INFO] [stderr]   Downloaded ureq v3.3.0
[INFO] [stderr]   Downloaded ast-merge v0.2.0
[INFO] [stderr]   Downloaded rustls-webpki v0.103.12
[INFO] [stderr]   Downloaded tree-sitter v0.26.8
[INFO] [stderr]   Downloaded webpki-roots v1.0.7
[INFO] [stderr]   Downloaded rustls v0.23.38
[INFO] [stderr]   Downloaded libc v0.2.185
[INFO] running `Command { std: "docker" "create" "-v" "/var/lib/crater-agent-workspace/builds/worker-7-tc1/source:/opt/rustwide/workdir:ro,Z" "-v" "/var/lib/crater-agent-workspace/builds/worker-7-tc1/target:/opt/rustwide/target:rw,Z" "-v" "/var/lib/crater-agent-workspace/cargo-home:/opt/rustwide/cargo-home:ro,Z" "-v" "/var/lib/crater-agent-workspace/rustup-home:/opt/rustwide/rustup-home:ro,Z" "-m" "1610612736" "--network" "none" "ghcr.io/rust-lang/crates-build-env/linux@sha256:77db811e55d90add9212f6832c23229e3de5f1c1f9905e8cb07319ea15df73ac" "sleep" "infinity", kill_on_drop: false }`
[INFO] [stdout] 73f0fcbbd106efd04652b1c6b95e057e51c332d28ddc54efb619f4d97a29d998
[INFO] running `Command { std: "docker" "start" "73f0fcbbd106efd04652b1c6b95e057e51c332d28ddc54efb619f4d97a29d998", kill_on_drop: false }`
[INFO] running `Command { std: "docker" "inspect" "73f0fcbbd106efd04652b1c6b95e057e51c332d28ddc54efb619f4d97a29d998", kill_on_drop: false }`
[INFO] running `Command { std: "docker" "exec" "-e" "SOURCE_DIR=/opt/rustwide/workdir" "-e" "CARGO_HOME=/opt/rustwide/cargo-home" "-e" "RUSTUP_HOME=/opt/rustwide/rustup-home" "-e" "CARGO_TARGET_DIR=/opt/rustwide/target" "-w" "/opt/rustwide/workdir" "--user" "0:0" "73f0fcbbd106efd04652b1c6b95e057e51c332d28ddc54efb619f4d97a29d998" "/opt/rustwide/cargo-home/bin/cargo" "+1.99.0-beta.8" "metadata" "--no-deps" "--format-version=1", kill_on_drop: false }`
[INFO] running `Command { std: "docker" "inspect" "73f0fcbbd106efd04652b1c6b95e057e51c332d28ddc54efb619f4d97a29d998", kill_on_drop: false }`
[INFO] running `Command { std: "docker" "exec" "-e" "SOURCE_DIR=/opt/rustwide/workdir" "-e" "CARGO_HOME=/opt/rustwide/cargo-home" "-e" "RUSTUP_HOME=/opt/rustwide/rustup-home" "-e" "CARGO_TARGET_DIR=/opt/rustwide/target" "-e" "CARGO_INCREMENTAL=0" "-e" "RUST_BACKTRACE=full" "-e" "RUSTFLAGS=--cap-lints=warn" "-e" "RUSTDOCFLAGS=--cap-lints=warn" "-w" "/opt/rustwide/workdir" "--user" "0:0" "73f0fcbbd106efd04652b1c6b95e057e51c332d28ddc54efb619f4d97a29d998" "/opt/rustwide/cargo-home/bin/cargo" "+1.99.0-beta.8" "build" "--frozen" "--message-format=json" "--release", kill_on_drop: false }`
[INFO] [stderr]    Compiling libc v0.2.185
[INFO] [stderr]    Compiling find-msvc-tools v0.1.9
[INFO] [stderr]    Compiling serde_core v1.0.228
[INFO] [stderr]    Compiling serde v1.0.228
[INFO] [stderr]    Compiling equivalent v1.0.2
[INFO] [stderr]    Compiling zmij v1.0.21
[INFO] [stderr]    Compiling serde_json v1.0.149
[INFO] [stderr]    Compiling hashbrown v0.17.0
[INFO] [stderr]    Compiling itoa v1.0.18
[INFO] [stderr]    Compiling pkg-config v0.3.33
[INFO] [stderr]    Compiling crunchy v0.2.4
[INFO] [stderr]    Compiling memchr v2.8.0
[INFO] [stderr]    Compiling tiny-keccak v2.0.2
[INFO] [stderr]    Compiling proc-macro2 v1.0.106
[INFO] [stderr]    Compiling tree-sitter-language v0.1.7
[INFO] [stderr]    Compiling zeroize v1.8.2
[INFO] [stderr]    Compiling typenum v1.20.0
[INFO] [stderr]    Compiling rustls-pki-types v1.14.0
[INFO] [stderr]    Compiling rustix v1.1.4
[INFO] [stderr]    Compiling httparse v1.10.1
[INFO] [stderr]    Compiling cfg-if v1.0.4
[INFO] [stderr]    Compiling rustls v0.23.38
[INFO] [stderr]    Compiling regex-syntax v0.8.10
[INFO] [stderr]    Compiling log v0.4.29
[INFO] [stderr]    Compiling bitflags v2.11.1
[INFO] [stderr]    Compiling zerocopy v0.8.48
[INFO] [stderr]    Compiling once_cell v1.21.4
[INFO] [stderr]    Compiling quote v1.0.45
[INFO] [stderr]    Compiling zstd-safe v7.2.4
[INFO] [stderr]    Compiling simd-adler32 v0.3.9
[INFO] [stderr]    Compiling syn v2.0.117
[INFO] [stderr]    Compiling ahash v0.8.12
[INFO] [stderr]    Compiling http v1.4.0
[INFO] [stderr]    Compiling miniz_oxide v0.8.9
[INFO] [stderr]    Compiling aho-corasick v1.1.4
[INFO] [stderr]    Compiling crc32fast v1.5.0
[INFO] [stderr]    Compiling indexmap v2.14.0
[INFO] [stderr]    Compiling hybrid-array v0.4.10
[INFO] [stderr]    Compiling const-oid v0.10.2
[INFO] [stderr]    Compiling option-ext v0.2.0
[INFO] [stderr]    Compiling jobserver v0.1.34
[INFO] [stderr]    Compiling getrandom v0.2.17
[INFO] [stderr]    Compiling webpki-roots v1.0.7
[INFO] [stderr]    Compiling const-random-macro v0.1.16
[INFO] [stderr]    Compiling dirs-sys v0.5.0
[INFO] [stderr]    Compiling filetime v0.2.27
[INFO] [stderr]    Compiling flate2 v1.1.9
[INFO] [stderr]    Compiling ureq-proto v0.6.0
[INFO] [stderr]    Compiling const-random v0.1.18
[INFO] [stderr]    Compiling cc v1.2.60
[INFO] [stderr]    Compiling cpufeatures v0.3.0
[INFO] [stderr]    Compiling utf8-zero v0.8.1
[INFO] [stderr]    Compiling dirs v6.0.0
[INFO] [stderr]    Compiling block-buffer v0.12.0
[INFO] [stderr]    Compiling crypto-common v0.2.1
[INFO] [stderr]    Compiling libloading v0.9.0
[INFO] [stderr]    Compiling unsafe-libyaml v0.2.11
[INFO] [stderr]    Compiling regex-automata v0.4.14
[INFO] [stderr]    Compiling digest v0.11.2
[INFO] [stderr]    Compiling sha2 v0.11.0
[INFO] [stderr]    Compiling serde_derive v1.0.228
[INFO] [stderr]    Compiling xattr v1.6.1
[INFO] [stderr]    Compiling ring v0.17.14
[INFO] [stderr]    Compiling zstd-sys v2.0.16+zstd.1.5.7
[INFO] [stderr]    Compiling thiserror-impl v2.0.18
[INFO] [stderr]    Compiling tar v0.4.45
[INFO] [stderr]    Compiling tree-sitter v0.26.8
[INFO] [stderr]    Compiling thiserror v2.0.18
[INFO] [stderr]    Compiling tree-sitter-language-pack v1.6.2
[INFO] [stderr]    Compiling serde_yaml v0.9.34+deprecated
[INFO] [stderr]    Compiling regex v1.12.3
[INFO] [stderr]    Compiling rustls-webpki v0.103.12
[INFO] [stderr]    Compiling ureq v3.3.0
[INFO] [stderr]    Compiling zstd v0.13.3
[INFO] [stderr]    Compiling tree-haver v0.2.0
[INFO] [stderr]    Compiling ast-merge v0.2.0
[INFO] [stderr]    Compiling yaml-merge v0.2.0 (/opt/rustwide/workdir)
[INFO] [stderr]     Finished `release` profile [optimized] target(s) in 1m 57s
[INFO] running `Command { std: "docker" "inspect" "73f0fcbbd106efd04652b1c6b95e057e51c332d28ddc54efb619f4d97a29d998", kill_on_drop: false }`
[INFO] running `Command { std: "docker" "exec" "-e" "SOURCE_DIR=/opt/rustwide/workdir" "-e" "CARGO_HOME=/opt/rustwide/cargo-home" "-e" "RUSTUP_HOME=/opt/rustwide/rustup-home" "-e" "CARGO_TARGET_DIR=/opt/rustwide/target" "-e" "CARGO_INCREMENTAL=0" "-e" "RUST_BACKTRACE=full" "-e" "RUSTFLAGS=--cap-lints=warn" "-e" "RUSTDOCFLAGS=--cap-lints=warn" "-w" "/opt/rustwide/workdir" "--user" "0:0" "73f0fcbbd106efd04652b1c6b95e057e51c332d28ddc54efb619f4d97a29d998" "/opt/rustwide/cargo-home/bin/cargo" "+1.99.0-beta.8" "test" "--frozen" "--no-run" "--message-format=json" "--release", kill_on_drop: false }`
[INFO] [stderr]    Compiling yaml-merge v0.2.0 (/opt/rustwide/workdir)
[INFO] [stderr]     Finished `release` profile [optimized] target(s) in 4.55s
[INFO] running `Command { std: "docker" "inspect" "73f0fcbbd106efd04652b1c6b95e057e51c332d28ddc54efb619f4d97a29d998", kill_on_drop: false }`
[INFO] running `Command { std: "docker" "exec" "-e" "SOURCE_DIR=/opt/rustwide/workdir" "-e" "CARGO_HOME=/opt/rustwide/cargo-home" "-e" "RUSTUP_HOME=/opt/rustwide/rustup-home" "-e" "CARGO_TARGET_DIR=/opt/rustwide/target" "-e" "CARGO_INCREMENTAL=0" "-e" "RUST_BACKTRACE=full" "-e" "RUSTFLAGS=--cap-lints=warn" "-e" "RUSTDOCFLAGS=--cap-lints=warn" "-w" "/opt/rustwide/workdir" "--user" "0:0" "73f0fcbbd106efd04652b1c6b95e057e51c332d28ddc54efb619f4d97a29d998" "/opt/rustwide/cargo-home/bin/cargo" "+1.99.0-beta.8" "test" "--frozen" "--release", kill_on_drop: false }`
[INFO] [stderr]     Finished `release` profile [optimized] target(s) in 0.18s
[INFO] [stderr]      Running unittests src/lib.rs (/opt/rustwide/target/release/deps/yaml_merge-ef6c816d8ee3e6fd)
[INFO] [stdout] 
[INFO] [stdout] running 0 tests
[INFO] [stdout] 
[INFO] [stdout] test result: ok. 0 passed; 0 failed; 0 ignored; 0 measured; 0 filtered out; finished in 0.00s
[INFO] [stdout] 
[INFO] [stderr]      Running tests/fixtures.rs (/opt/rustwide/target/release/deps/fixtures-43190d7969fc3091)
[INFO] [stdout] 
[INFO] [stdout] running 14 tests
[INFO] [stdout] test conforms_to_slice_171_yaml_backend_feature_profiles ... FAILED
[INFO] [stderr] error: test failed, to rerun pass `--test fixtures`
[INFO] [stdout] test conforms_to_slice_172_yaml_backend_plan_context_fixture ... FAILED
[INFO] [stdout] test conforms_to_slice_96_yaml_parse_fixtures ... FAILED
[INFO] [stdout] test conforms_to_slice_97_yaml_structure_fixture ... FAILED
[INFO] [stdout] test conforms_to_slice_174_yaml_backend_manifest_report_fixture ... FAILED
[INFO] [stdout] test resolves_yaml_paths_through_the_canonical_manifest ... FAILED
[INFO] [stdout] test conforms_to_slice_95_yaml_feature_profile_fixture ... FAILED
[INFO] [stdout] test conforms_to_slice_98_yaml_matching_fixture ... FAILED
[INFO] [stdout] test uses_kreuzberg_backend_by_default ... FAILED
[INFO] [stdout] test conforms_to_slice_99_yaml_merge_fixtures ... FAILED
[INFO] [stdout] test conforms_to_slice_184_yaml_polyglot_backend_plan_context_fixture ... FAILED
[INFO] [stdout] test conforms_to_slice_183_yaml_polyglot_backend_feature_profiles ... FAILED
[INFO] [stdout] test conforms_to_slice_173_yaml_backend_named_suite_plans_fixture ... FAILED
[INFO] [stdout] test conforms_to_slice_143_yaml_family_manifest_fixture ... FAILED
[INFO] [stdout] 
[INFO] [stdout] failures:
[INFO] [stdout] 
[INFO] [stdout] ---- conforms_to_slice_171_yaml_backend_feature_profiles stdout ----
[INFO] [stdout] 
[INFO] [stdout] thread 'conforms_to_slice_171_yaml_backend_feature_profiles' (2242) panicked at tests/fixtures.rs:31:58:
[INFO] [stdout] fixture should be readable: Os { code: 2, kind: NotFound, message: "No such file or directory" }
[INFO] [stdout] stack backtrace:
[INFO] [stdout]    0:     0x5d3e4530e121 - <<std[70759c8f55707aa4]::sys::backtrace::BacktraceLock>::print::DisplayBacktrace as core[df12db4294e9bfd3]::fmt::Display>::fmt
[INFO] [stdout]    1:     0x5d3e453252ca - core[df12db4294e9bfd3]::fmt::write
[INFO] [stdout]    2:     0x5d3e45312cdc - <alloc[2182bb758b4b3781]::vec::Vec<u8> as core[df12db4294e9bfd3]::io::write::Write>::write_fmt
[INFO] [stdout]    3:     0x5d3e452e7276 - std[70759c8f55707aa4]::panicking::default_hook::{closure#0}
[INFO] [stdout]    4:     0x5d3e45305419 - std[70759c8f55707aa4]::panicking::default_hook
[INFO] [stdout]    5:     0x5d3e45086580 - test[9d35eded1c95d3be]::test_main_inner::<test[9d35eded1c95d3be]::test_main_static::{closure#0}>::{closure#0}
[INFO] [stdout]    6:     0x5d3e453055d2 - std[70759c8f55707aa4]::panicking::panic_with_hook
[INFO] [stdout]    7:     0x5d3e452e7322 - std[70759c8f55707aa4]::panicking::panic_handler::{closure#0}
[INFO] [stdout]    8:     0x5d3e452dfbd9 - std[70759c8f55707aa4]::sys::backtrace::__rust_end_short_backtrace::<std[70759c8f55707aa4]::panicking::panic_handler::{closure#0}, !>
[INFO] [stdout]    9:     0x5d3e452e83ad - __rustc[8fa7c3cbc660c2b3]::rust_begin_unwind
[INFO] [stdout]   10:     0x5d3e453259fc - core[df12db4294e9bfd3]::panicking::panic_fmt
[INFO] [stdout]   11:     0x5d3e453257d2 - core[df12db4294e9bfd3]::result::unwrap_failed
[INFO] [stdout]   12:     0x5d3e450683c2 - fixtures[57912ea6351d7971]::read_fixture
[INFO] [stdout]   13:     0x5d3e4506aa88 - <fixtures[57912ea6351d7971]::conforms_to_slice_171_yaml_backend_feature_profiles::{closure#0} as core[df12db4294e9bfd3]::ops::function::FnOnce<()>>::call_once
[INFO] [stdout]   14:     0x5d3e4507986b - test[9d35eded1c95d3be]::__rust_begin_short_backtrace::<core[df12db4294e9bfd3]::result::Result<(), alloc[2182bb758b4b3781]::string::String>, fn() -> core[df12db4294e9bfd3]::result::Result<(), alloc[2182bb758b4b3781]::string::String>>
[INFO] [stdout]   15:     0x5d3e45086ed5 - test[9d35eded1c95d3be]::run_test::{closure#0}
[INFO] [stdout]   16:     0x5d3e45080794 - std[70759c8f55707aa4]::sys::backtrace::__rust_begin_short_backtrace::<test[9d35eded1c95d3be]::run_test::{closure#1}, ()>
[INFO] [stdout]   17:     0x5d3e4508a032 - <std[70759c8f55707aa4]::thread::lifecycle::spawn_unchecked<test[9d35eded1c95d3be]::run_test::{closure#1}, ()>::{closure#1} as core[df12db4294e9bfd3]::ops::function::FnOnce<()>>::call_once::{shim:vtable#0}
[INFO] [stdout]   18:     0x5d3e4530cf79 - <std[70759c8f55707aa4]::sys::thread::unix::Thread>::new::thread_start
[INFO] [stdout]   19:     0x744007757dfa - <unknown>
[INFO] [stdout]   20:     0x7440077eb3d4 - clone
[INFO] [stdout]   21:                0x0 - <unknown>
[INFO] [stdout] 
[INFO] [stdout] ---- conforms_to_slice_172_yaml_backend_plan_context_fixture stdout ----
[INFO] [stdout] 
[INFO] [stdout] thread 'conforms_to_slice_172_yaml_backend_plan_context_fixture' (2243) panicked at tests/fixtures.rs:31:58:
[INFO] [stdout] fixture should be readable: Os { code: 2, kind: NotFound, message: "No such file or directory" }
[INFO] [stdout] stack backtrace:
[INFO] [stdout]    0:     0x5d3e4530e121 - <<std[70759c8f55707aa4]::sys::backtrace::BacktraceLock>::print::DisplayBacktrace as core[df12db4294e9bfd3]::fmt::Display>::fmt
[INFO] [stdout]    1:     0x5d3e453252ca - core[df12db4294e9bfd3]::fmt::write
[INFO] [stdout]    2:     0x5d3e45312cdc - <alloc[2182bb758b4b3781]::vec::Vec<u8> as core[df12db4294e9bfd3]::io::write::Write>::write_fmt
[INFO] [stdout]    3:     0x5d3e452e7276 - std[70759c8f55707aa4]::panicking::default_hook::{closure#0}
[INFO] [stdout]    4:     0x5d3e45305419 - std[70759c8f55707aa4]::panicking::default_hook
[INFO] [stdout]    5:     0x5d3e45086580 - test[9d35eded1c95d3be]::test_main_inner::<test[9d35eded1c95d3be]::test_main_static::{closure#0}>::{closure#0}
[INFO] [stdout]    6:     0x5d3e453055d2 - std[70759c8f55707aa4]::panicking::panic_with_hook
[INFO] [stdout]    7:     0x5d3e452e7322 - std[70759c8f55707aa4]::panicking::panic_handler::{closure#0}
[INFO] [stdout]    8:     0x5d3e452dfbd9 - std[70759c8f55707aa4]::sys::backtrace::__rust_end_short_backtrace::<std[70759c8f55707aa4]::panicking::panic_handler::{closure#0}, !>
[INFO] [stdout]    9:     0x5d3e452e83ad - __rustc[8fa7c3cbc660c2b3]::rust_begin_unwind
[INFO] [stdout]   10:     0x5d3e453259fc - core[df12db4294e9bfd3]::panicking::panic_fmt
[INFO] [stdout]   11:     0x5d3e453257d2 - core[df12db4294e9bfd3]::result::unwrap_failed
[INFO] [stdout]   12:     0x5d3e450683c2 - fixtures[57912ea6351d7971]::read_fixture
[INFO] [stdout]   13:     0x5d3e4506b274 - <fixtures[57912ea6351d7971]::conforms_to_slice_172_yaml_backend_plan_context_fixture::{closure#0} as core[df12db4294e9bfd3]::ops::function::FnOnce<()>>::call_once
[INFO] [stdout]   14:     0x5d3e4507986b - test[9d35eded1c95d3be]::__rust_begin_short_backtrace::<core[df12db4294e9bfd3]::result::Result<(), alloc[2182bb758b4b3781]::string::String>, fn() -> core[df12db4294e9bfd3]::result::Result<(), alloc[2182bb758b4b3781]::string::String>>
[INFO] [stdout]   15:     0x5d3e45086ed5 - test[9d35eded1c95d3be]::run_test::{closure#0}
[INFO] [stdout]   16:     0x5d3e45080794 - std[70759c8f55707aa4]::sys::backtrace::__rust_begin_short_backtrace::<test[9d35eded1c95d3be]::run_test::{closure#1}, ()>
[INFO] [stdout]   17:     0x5d3e4508a032 - <std[70759c8f55707aa4]::thread::lifecycle::spawn_unchecked<test[9d35eded1c95d3be]::run_test::{closure#1}, ()>::{closure#1} as core[df12db4294e9bfd3]::ops::function::FnOnce<()>>::call_once::{shim:vtable#0}
[INFO] [stdout]   18:     0x5d3e4530cf79 - <std[70759c8f55707aa4]::sys::thread::unix::Thread>::new::thread_start
[INFO] [stdout]   19:     0x744007757dfa - <unknown>
[INFO] [stdout]   20:     0x7440077eb3d4 - clone
[INFO] [stdout]   21:                0x0 - <unknown>
[INFO] [stdout] 
[INFO] [stdout] ---- conforms_to_slice_96_yaml_parse_fixtures stdout ----
[INFO] [stdout] 
[INFO] [stdout] thread 'conforms_to_slice_96_yaml_parse_fixtures' (2249) panicked at tests/fixtures.rs:31:58:
[INFO] [stdout] fixture should be readable: Os { code: 2, kind: NotFound, message: "No such file or directory" }
[INFO] [stdout] stack backtrace:
[INFO] [stdout]    0:     0x5d3e4530e121 - <<std[70759c8f55707aa4]::sys::backtrace::BacktraceLock>::print::DisplayBacktrace as core[df12db4294e9bfd3]::fmt::Display>::fmt
[INFO] [stdout]    1:     0x5d3e453252ca - core[df12db4294e9bfd3]::fmt::write
[INFO] [stdout]    2:     0x5d3e45312cdc - <alloc[2182bb758b4b3781]::vec::Vec<u8> as core[df12db4294e9bfd3]::io::write::Write>::write_fmt
[INFO] [stdout]    3:     0x5d3e452e7276 - std[70759c8f55707aa4]::panicking::default_hook::{closure#0}
[INFO] [stdout]    4:     0x5d3e45305419 - std[70759c8f55707aa4]::panicking::default_hook
[INFO] [stdout]    5:     0x5d3e45086580 - test[9d35eded1c95d3be]::test_main_inner::<test[9d35eded1c95d3be]::test_main_static::{closure#0}>::{closure#0}
[INFO] [stdout]    6:     0x5d3e453055d2 - std[70759c8f55707aa4]::panicking::panic_with_hook
[INFO] [stdout]    7:     0x5d3e452e7322 - std[70759c8f55707aa4]::panicking::panic_handler::{closure#0}
[INFO] [stdout]    8:     0x5d3e452dfbd9 - std[70759c8f55707aa4]::sys::backtrace::__rust_end_short_backtrace::<std[70759c8f55707aa4]::panicking::panic_handler::{closure#0}, !>
[INFO] [stdout]    9:     0x5d3e452e83ad - __rustc[8fa7c3cbc660c2b3]::rust_begin_unwind
[INFO] [stdout]   10:     0x5d3e453259fc - core[df12db4294e9bfd3]::panicking::panic_fmt
[INFO] [stdout]   11:     0x5d3e453257d2 - core[df12db4294e9bfd3]::result::unwrap_failed
[INFO] [stdout]   12:     0x5d3e450683c2 - fixtures[57912ea6351d7971]::read_fixture
[INFO] [stdout]   13:     0x5d3e450686be - <fixtures[57912ea6351d7971]::conforms_to_slice_96_yaml_parse_fixtures::{closure#0} as core[df12db4294e9bfd3]::ops::function::FnOnce<()>>::call_once
[INFO] [stdout]   14:     0x5d3e4507986b - test[9d35eded1c95d3be]::__rust_begin_short_backtrace::<core[df12db4294e9bfd3]::result::Result<(), alloc[2182bb758b4b3781]::string::String>, fn() -> core[df12db4294e9bfd3]::result::Result<(), alloc[2182bb758b4b3781]::string::String>>
[INFO] [stdout]   15:     0x5d3e45086ed5 - test[9d35eded1c95d3be]::run_test::{closure#0}
[INFO] [stdout]   16:     0x5d3e45080794 - std[70759c8f55707aa4]::sys::backtrace::__rust_begin_short_backtrace::<test[9d35eded1c95d3be]::run_test::{closure#1}, ()>
[INFO] [stdout]   17:     0x5d3e4508a032 - <std[70759c8f55707aa4]::thread::lifecycle::spawn_unchecked<test[9d35eded1c95d3be]::run_test::{closure#1}, ()>::{closure#1} as core[df12db4294e9bfd3]::ops::function::FnOnce<()>>::call_once::{shim:vtable#0}
[INFO] [stdout]   18:     0x5d3e4530cf79 - <std[70759c8f55707aa4]::sys::thread::unix::Thread>::new::thread_start
[INFO] [stdout]   19:     0x744007757dfa - <unknown>
[INFO] [stdout]   20:     0x7440077eb3d4 - clone
[INFO] [stdout]   21:                0x0 - <unknown>
[INFO] [stdout] 
[INFO] [stdout] ---- conforms_to_slice_97_yaml_structure_fixture stdout ----
[INFO] [stdout] 
[INFO] [stdout] thread 'conforms_to_slice_97_yaml_structure_fixture' (2250) panicked at tests/fixtures.rs:31:58:
[INFO] [stdout] fixture should be readable: Os { code: 2, kind: NotFound, message: "No such file or directory" }
[INFO] [stdout] stack backtrace:
[INFO] [stdout]    0:     0x5d3e4530e121 - <<std[70759c8f55707aa4]::sys::backtrace::BacktraceLock>::print::DisplayBacktrace as core[df12db4294e9bfd3]::fmt::Display>::fmt
[INFO] [stdout]    1:     0x5d3e453252ca - core[df12db4294e9bfd3]::fmt::write
[INFO] [stdout]    2:     0x5d3e45312cdc - <alloc[2182bb758b4b3781]::vec::Vec<u8> as core[df12db4294e9bfd3]::io::write::Write>::write_fmt
[INFO] [stdout]    3:     0x5d3e452e7276 - std[70759c8f55707aa4]::panicking::default_hook::{closure#0}
[INFO] [stdout]    4:     0x5d3e45305419 - std[70759c8f55707aa4]::panicking::default_hook
[INFO] [stdout]    5:     0x5d3e45086580 - test[9d35eded1c95d3be]::test_main_inner::<test[9d35eded1c95d3be]::test_main_static::{closure#0}>::{closure#0}
[INFO] [stdout]    6:     0x5d3e453055d2 - std[70759c8f55707aa4]::panicking::panic_with_hook
[INFO] [stdout]    7:     0x5d3e452e7322 - std[70759c8f55707aa4]::panicking::panic_handler::{closure#0}
[INFO] [stdout]    8:     0x5d3e452dfbd9 - std[70759c8f55707aa4]::sys::backtrace::__rust_end_short_backtrace::<std[70759c8f55707aa4]::panicking::panic_handler::{closure#0}, !>
[INFO] [stdout]    9:     0x5d3e452e83ad - __rustc[8fa7c3cbc660c2b3]::rust_begin_unwind
[INFO] [stdout]   10:     0x5d3e453259fc - core[df12db4294e9bfd3]::panicking::panic_fmt
[INFO] [stdout]   11:     0x5d3e453257d2 - core[df12db4294e9bfd3]::result::unwrap_failed
[INFO] [stdout]   12:     0x5d3e450683c2 - fixtures[57912ea6351d7971]::read_fixture
[INFO] [stdout]   13:     0x5d3e450695c1 - <fixtures[57912ea6351d7971]::conforms_to_slice_97_yaml_structure_fixture::{closure#0} as core[df12db4294e9bfd3]::ops::function::FnOnce<()>>::call_once
[INFO] [stdout]   14:     0x5d3e4507986b - test[9d35eded1c95d3be]::__rust_begin_short_backtrace::<core[df12db4294e9bfd3]::result::Result<(), alloc[2182bb758b4b3781]::string::String>, fn() -> core[df12db4294e9bfd3]::result::Result<(), alloc[2182bb758b4b3781]::string::String>>
[INFO] [stdout]   15:     0x5d3e45086ed5 - test[9d35eded1c95d3be]::run_test::{closure#0}
[INFO] [stdout]   16:     0x5d3e45080794 - std[70759c8f55707aa4]::sys::backtrace::__rust_begin_short_backtrace::<test[9d35eded1c95d3be]::run_test::{closure#1}, ()>
[INFO] [stdout]   17:     0x5d3e4508a032 - <std[70759c8f55707aa4]::thread::lifecycle::spawn_unchecked<test[9d35eded1c95d3be]::run_test::{closure#1}, ()>::{closure#1} as core[df12db4294e9bfd3]::ops::function::FnOnce<()>>::call_once::{shim:vtable#0}
[INFO] [stdout]   18:     0x5d3e4530cf79 - <std[70759c8f55707aa4]::sys::thread::unix::Thread>::new::thread_start
[INFO] [stdout]   19:     0x744007757dfa - <unknown>
[INFO] [stdout]   20:     0x7440077eb3d4 - clone
[INFO] [stdout]   21:                0x0 - <unknown>
[INFO] [stdout] 
[INFO] [stdout] ---- conforms_to_slice_174_yaml_backend_manifest_report_fixture stdout ----
[INFO] [stdout] 
[INFO] [stdout] thread 'conforms_to_slice_174_yaml_backend_manifest_report_fixture' (2245) panicked at tests/fixtures.rs:31:58:
[INFO] [stdout] fixture should be readable: Os { code: 2, kind: NotFound, message: "No such file or directory" }
[INFO] [stdout] stack backtrace:
[INFO] [stdout]    0:     0x5d3e4530e121 - <<std[70759c8f55707aa4]::sys::backtrace::BacktraceLock>::print::DisplayBacktrace as core[df12db4294e9bfd3]::fmt::Display>::fmt
[INFO] [stdout]    1:     0x5d3e453252ca - core[df12db4294e9bfd3]::fmt::write
[INFO] [stdout]    2:     0x5d3e45312cdc - <alloc[2182bb758b4b3781]::vec::Vec<u8> as core[df12db4294e9bfd3]::io::write::Write>::write_fmt
[INFO] [stdout]    3:     0x5d3e452e7276 - std[70759c8f55707aa4]::panicking::default_hook::{closure#0}
[INFO] [stdout]    4:     0x5d3e45305419 - std[70759c8f55707aa4]::panicking::default_hook
[INFO] [stdout]    5:     0x5d3e45086580 - test[9d35eded1c95d3be]::test_main_inner::<test[9d35eded1c95d3be]::test_main_static::{closure#0}>::{closure#0}
[INFO] [stdout]    6:     0x5d3e453055d2 - std[70759c8f55707aa4]::panicking::panic_with_hook
[INFO] [stdout]    7:     0x5d3e452e7322 - std[70759c8f55707aa4]::panicking::panic_handler::{closure#0}
[INFO] [stdout]    8:     0x5d3e452dfbd9 - std[70759c8f55707aa4]::sys::backtrace::__rust_end_short_backtrace::<std[70759c8f55707aa4]::panicking::panic_handler::{closure#0}, !>
[INFO] [stdout]    9:     0x5d3e452e83ad - __rustc[8fa7c3cbc660c2b3]::rust_begin_unwind
[INFO] [stdout]   10:     0x5d3e453259fc - core[df12db4294e9bfd3]::panicking::panic_fmt
[INFO] [stdout]   11:     0x5d3e453257d2 - core[df12db4294e9bfd3]::result::unwrap_failed
[INFO] [stdout]   12:     0x5d3e450683c2 - fixtures[57912ea6351d7971]::read_fixture
[INFO] [stdout]   13:     0x5d3e4506b57b - <fixtures[57912ea6351d7971]::conforms_to_slice_174_yaml_backend_manifest_report_fixture::{closure#0} as core[df12db4294e9bfd3]::ops::function::FnOnce<()>>::call_once
[INFO] [stdout]   14:     0x5d3e4507986b - test[9d35eded1c95d3be]::__rust_begin_short_backtrace::<core[df12db4294e9bfd3]::result::Result<(), alloc[2182bb758b4b3781]::string::String>, fn() -> core[df12db4294e9bfd3]::result::Result<(), alloc[2182bb758b4b3781]::string::String>>
[INFO] [stdout]   15:     0x5d3e45086ed5 - test[9d35eded1c95d3be]::run_test::{closure#0}
[INFO] [stdout]   16:     0x5d3e45080794 - std[70759c8f55707aa4]::sys::backtrace::__rust_begin_short_backtrace::<test[9d35eded1c95d3be]::run_test::{closure#1}, ()>
[INFO] [stdout]   17:     0x5d3e4508a032 - <std[70759c8f55707aa4]::thread::lifecycle::spawn_unchecked<test[9d35eded1c95d3be]::run_test::{closure#1}, ()>::{closure#1} as core[df12db4294e9bfd3]::ops::function::FnOnce<()>>::call_once::{shim:vtable#0}
[INFO] [stdout]   18:     0x5d3e4530cf79 - <std[70759c8f55707aa4]::sys::thread::unix::Thread>::new::thread_start
[INFO] [stdout]   19:     0x744007757dfa - <unknown>
[INFO] [stdout]   20:     0x7440077eb3d4 - clone
[INFO] [stdout]   21:                0x0 - <unknown>
[INFO] [stdout] 
[INFO] [stdout] ---- resolves_yaml_paths_through_the_canonical_manifest stdout ----
[INFO] [stdout] 
[INFO] [stdout] thread 'resolves_yaml_paths_through_the_canonical_manifest' (2253) panicked at tests/fixtures.rs:31:58:
[INFO] [stdout] fixture should be readable: Os { code: 2, kind: NotFound, message: "No such file or directory" }
[INFO] [stdout] stack backtrace:
[INFO] [stdout]    0:     0x5d3e4530e121 - <<std[70759c8f55707aa4]::sys::backtrace::BacktraceLock>::print::DisplayBacktrace as core[df12db4294e9bfd3]::fmt::Display>::fmt
[INFO] [stdout]    1:     0x5d3e453252ca - core[df12db4294e9bfd3]::fmt::write
[INFO] [stdout]    2:     0x5d3e45312cdc - <alloc[2182bb758b4b3781]::vec::Vec<u8> as core[df12db4294e9bfd3]::io::write::Write>::write_fmt
[INFO] [stdout]    3:     0x5d3e452e7276 - std[70759c8f55707aa4]::panicking::default_hook::{closure#0}
[INFO] [stdout]    4:     0x5d3e45305419 - std[70759c8f55707aa4]::panicking::default_hook
[INFO] [stdout]    5:     0x5d3e45086580 - test[9d35eded1c95d3be]::test_main_inner::<test[9d35eded1c95d3be]::test_main_static::{closure#0}>::{closure#0}
[INFO] [stdout]    6:     0x5d3e453055d2 - std[70759c8f55707aa4]::panicking::panic_with_hook
[INFO] [stdout]    7:     0x5d3e452e7322 - std[70759c8f55707aa4]::panicking::panic_handler::{closure#0}
[INFO] [stdout]    8:     0x5d3e452dfbd9 - std[70759c8f55707aa4]::sys::backtrace::__rust_end_short_backtrace::<std[70759c8f55707aa4]::panicking::panic_handler::{closure#0}, !>
[INFO] [stdout]    9:     0x5d3e452e83ad - __rustc[8fa7c3cbc660c2b3]::rust_begin_unwind
[INFO] [stdout]   10:     0x5d3e453259fc - core[df12db4294e9bfd3]::panicking::panic_fmt
[INFO] [stdout]   11:     0x5d3e453257d2 - core[df12db4294e9bfd3]::result::unwrap_failed
[INFO] [stdout]   12:     0x5d3e450683c2 - fixtures[57912ea6351d7971]::read_fixture
[INFO] [stdout]   13:     0x5d3e4506a3eb - <fixtures[57912ea6351d7971]::resolves_yaml_paths_through_the_canonical_manifest::{closure#0} as core[df12db4294e9bfd3]::ops::function::FnOnce<()>>::call_once
[INFO] [stdout]   14:     0x5d3e4507986b - test[9d35eded1c95d3be]::__rust_begin_short_backtrace::<core[df12db4294e9bfd3]::result::Result<(), alloc[2182bb758b4b3781]::string::String>, fn() -> core[df12db4294e9bfd3]::result::Result<(), alloc[2182bb758b4b3781]::string::String>>
[INFO] [stdout]   15:     0x5d3e45086ed5 - test[9d35eded1c95d3be]::run_test::{closure#0}
[INFO] [stdout]   16:     0x5d3e45080794 - std[70759c8f55707aa4]::sys::backtrace::__rust_begin_short_backtrace::<test[9d35eded1c95d3be]::run_test::{closure#1}, ()>
[INFO] [stdout]   17:     0x5d3e4508a032 - <std[70759c8f55707aa4]::thread::lifecycle::spawn_unchecked<test[9d35eded1c95d3be]::run_test::{closure#1}, ()>::{closure#1} as core[df12db4294e9bfd3]::ops::function::FnOnce<()>>::call_once::{shim:vtable#0}
[INFO] [stdout]   18:     0x5d3e4530cf79 - <std[70759c8f55707aa4]::sys::thread::unix::Thread>::new::thread_start
[INFO] [stdout]   19:     0x744007757dfa - <unknown>
[INFO] [stdout]   20:     0x7440077eb3d4 - clone
[INFO] [stdout]   21:                0x0 - <unknown>
[INFO] [stdout] 
[INFO] [stdout] ---- conforms_to_slice_95_yaml_feature_profile_fixture stdout ----
[INFO] [stdout] 
[INFO] [stdout] thread 'conforms_to_slice_95_yaml_feature_profile_fixture' (2248) panicked at tests/fixtures.rs:31:58:
[INFO] [stdout] fixture should be readable: Os { code: 2, kind: NotFound, message: "No such file or directory" }
[INFO] [stdout] stack backtrace:
[INFO] [stdout]    0:     0x5d3e4530e121 - <<std[70759c8f55707aa4]::sys::backtrace::BacktraceLock>::print::DisplayBacktrace as core[df12db4294e9bfd3]::fmt::Display>::fmt
[INFO] [stdout]    1:     0x5d3e453252ca - core[df12db4294e9bfd3]::fmt::write
[INFO] [stdout]    2:     0x5d3e45312cdc - <alloc[2182bb758b4b3781]::vec::Vec<u8> as core[df12db4294e9bfd3]::io::write::Write>::write_fmt
[INFO] [stdout]    3:     0x5d3e452e7276 - std[70759c8f55707aa4]::panicking::default_hook::{closure#0}
[INFO] [stdout]    4:     0x5d3e45305419 - std[70759c8f55707aa4]::panicking::default_hook
[INFO] [stdout]    5:     0x5d3e45086580 - test[9d35eded1c95d3be]::test_main_inner::<test[9d35eded1c95d3be]::test_main_static::{closure#0}>::{closure#0}
[INFO] [stdout]    6:     0x5d3e453055d2 - std[70759c8f55707aa4]::panicking::panic_with_hook
[INFO] [stdout]    7:     0x5d3e452e7322 - std[70759c8f55707aa4]::panicking::panic_handler::{closure#0}
[INFO] [stdout]    8:     0x5d3e452dfbd9 - std[70759c8f55707aa4]::sys::backtrace::__rust_end_short_backtrace::<std[70759c8f55707aa4]::panicking::panic_handler::{closure#0}, !>
[INFO] [stdout]    9:     0x5d3e452e83ad - __rustc[8fa7c3cbc660c2b3]::rust_begin_unwind
[INFO] [stdout]   10:     0x5d3e453259fc - core[df12db4294e9bfd3]::panicking::panic_fmt
[INFO] [stdout]   11:     0x5d3e453257d2 - core[df12db4294e9bfd3]::result::unwrap_failed
[INFO] [stdout]   12:     0x5d3e450683c2 - fixtures[57912ea6351d7971]::read_fixture
[INFO] [stdout]   13:     0x5d3e450697af - <fixtures[57912ea6351d7971]::conforms_to_slice_95_yaml_feature_profile_fixture::{closure#0} as core[df12db4294e9bfd3]::ops::function::FnOnce<()>>::call_once
[INFO] [stdout]   14:     0x5d3e4507986b - test[9d35eded1c95d3be]::__rust_begin_short_backtrace::<core[df12db4294e9bfd3]::result::Result<(), alloc[2182bb758b4b3781]::string::String>, fn() -> core[df12db4294e9bfd3]::result::Result<(), alloc[2182bb758b4b3781]::string::String>>
[INFO] [stdout]   15:     0x5d3e45086ed5 - test[9d35eded1c95d3be]::run_test::{closure#0}
[INFO] [stdout]   16:     0x5d3e45080794 - std[70759c8f55707aa4]::sys::backtrace::__rust_begin_short_backtrace::<test[9d35eded1c95d3be]::run_test::{closure#1}, ()>
[INFO] [stdout]   17:     0x5d3e4508a032 - <std[70759c8f55707aa4]::thread::lifecycle::spawn_unchecked<test[9d35eded1c95d3be]::run_test::{closure#1}, ()>::{closure#1} as core[df12db4294e9bfd3]::ops::function::FnOnce<()>>::call_once::{shim:vtable#0}
[INFO] [stdout]   18:     0x5d3e4530cf79 - <std[70759c8f55707aa4]::sys::thread::unix::Thread>::new::thread_start
[INFO] [stdout]   19:     0x744007757dfa - <unknown>
[INFO] [stdout]   20:     0x7440077eb3d4 - clone
[INFO] [stdout]   21:                0x0 - <unknown>
[INFO] [stdout] 
[INFO] [stdout] ---- conforms_to_slice_98_yaml_matching_fixture stdout ----
[INFO] [stdout] 
[INFO] [stdout] thread 'conforms_to_slice_98_yaml_matching_fixture' (2251) panicked at tests/fixtures.rs:31:58:
[INFO] [stdout] fixture should be readable: Os { code: 2, kind: NotFound, message: "No such file or directory" }
[INFO] [stdout] stack backtrace:
[INFO] [stdout]    0:     0x5d3e4530e121 - <<std[70759c8f55707aa4]::sys::backtrace::BacktraceLock>::print::DisplayBacktrace as core[df12db4294e9bfd3]::fmt::Display>::fmt
[INFO] [stdout]    1:     0x5d3e453252ca - core[df12db4294e9bfd3]::fmt::write
[INFO] [stdout]    2:     0x5d3e45312cdc - <alloc[2182bb758b4b3781]::vec::Vec<u8> as core[df12db4294e9bfd3]::io::write::Write>::write_fmt
[INFO] [stdout]    3:     0x5d3e452e7276 - std[70759c8f55707aa4]::panicking::default_hook::{closure#0}
[INFO] [stdout]    4:     0x5d3e45305419 - std[70759c8f55707aa4]::panicking::default_hook
[INFO] [stdout]    5:     0x5d3e45086580 - test[9d35eded1c95d3be]::test_main_inner::<test[9d35eded1c95d3be]::test_main_static::{closure#0}>::{closure#0}
[INFO] [stdout]    6:     0x5d3e453055d2 - std[70759c8f55707aa4]::panicking::panic_with_hook
[INFO] [stdout]    7:     0x5d3e452e7322 - std[70759c8f55707aa4]::panicking::panic_handler::{closure#0}
[INFO] [stdout]    8:     0x5d3e452dfbd9 - std[70759c8f55707aa4]::sys::backtrace::__rust_end_short_backtrace::<std[70759c8f55707aa4]::panicking::panic_handler::{closure#0}, !>
[INFO] [stdout]    9:     0x5d3e452e83ad - __rustc[8fa7c3cbc660c2b3]::rust_begin_unwind
[INFO] [stdout]   10:     0x5d3e453259fc - core[df12db4294e9bfd3]::panicking::panic_fmt
[INFO] [stdout]   11:     0x5d3e453257d2 - core[df12db4294e9bfd3]::result::unwrap_failed
[INFO] [stdout]   12:     0x5d3e450683c2 - fixtures[57912ea6351d7971]::read_fixture
[INFO] [stdout]   13:     0x5d3e4506903a - <fixtures[57912ea6351d7971]::conforms_to_slice_98_yaml_matching_fixture::{closure#0} as core[df12db4294e9bfd3]::ops::function::FnOnce<()>>::call_once
[INFO] [stdout]   14:     0x5d3e4507986b - test[9d35eded1c95d3be]::__rust_begin_short_backtrace::<core[df12db4294e9bfd3]::result::Result<(), alloc[2182bb758b4b3781]::string::String>, fn() -> core[df12db4294e9bfd3]::result::Result<(), alloc[2182bb758b4b3781]::string::String>>
[INFO] [stdout]   15:     0x5d3e45086ed5 - test[9d35eded1c95d3be]::run_test::{closure#0}
[INFO] [stdout]   16:     0x5d3e45080794 - std[70759c8f55707aa4]::sys::backtrace::__rust_begin_short_backtrace::<test[9d35eded1c95d3be]::run_test::{closure#1}, ()>
[INFO] [stdout]   17:     0x5d3e4508a032 - <std[70759c8f55707aa4]::thread::lifecycle::spawn_unchecked<test[9d35eded1c95d3be]::run_test::{closure#1}, ()>::{closure#1} as core[df12db4294e9bfd3]::ops::function::FnOnce<()>>::call_once::{shim:vtable#0}
[INFO] [stdout]   18:     0x5d3e4530cf79 - <std[70759c8f55707aa4]::sys::thread::unix::Thread>::new::thread_start
[INFO] [stdout]   19:     0x744007757dfa - <unknown>
[INFO] [stdout]   20:     0x7440077eb3d4 - clone
[INFO] [stdout]   21:                0x0 - <unknown>
[INFO] [stdout] 
[INFO] [stdout] ---- uses_kreuzberg_backend_by_default stdout ----
[INFO] [stdout] 
[INFO] [stdout] thread 'uses_kreuzberg_backend_by_default' (2254) panicked at tests/fixtures.rs:31:58:
[INFO] [stdout] fixture should be readable: Os { code: 2, kind: NotFound, message: "No such file or directory" }
[INFO] [stdout] stack backtrace:
[INFO] [stdout]    0:     0x5d3e4530e121 - <<std[70759c8f55707aa4]::sys::backtrace::BacktraceLock>::print::DisplayBacktrace as core[df12db4294e9bfd3]::fmt::Display>::fmt
[INFO] [stdout]    1:     0x5d3e453252ca - core[df12db4294e9bfd3]::fmt::write
[INFO] [stdout]    2:     0x5d3e45312cdc - <alloc[2182bb758b4b3781]::vec::Vec<u8> as core[df12db4294e9bfd3]::io::write::Write>::write_fmt
[INFO] [stdout]    3:     0x5d3e452e7276 - std[70759c8f55707aa4]::panicking::default_hook::{closure#0}
[INFO] [stdout]    4:     0x5d3e45305419 - std[70759c8f55707aa4]::panicking::default_hook
[INFO] [stdout]    5:     0x5d3e45086580 - test[9d35eded1c95d3be]::test_main_inner::<test[9d35eded1c95d3be]::test_main_static::{closure#0}>::{closure#0}
[INFO] [stdout]    6:     0x5d3e453055d2 - std[70759c8f55707aa4]::panicking::panic_with_hook
[INFO] [stdout]    7:     0x5d3e452e7322 - std[70759c8f55707aa4]::panicking::panic_handler::{closure#0}
[INFO] [stdout]    8:     0x5d3e452dfbd9 - std[70759c8f55707aa4]::sys::backtrace::__rust_end_short_backtrace::<std[70759c8f55707aa4]::panicking::panic_handler::{closure#0}, !>
[INFO] [stdout]    9:     0x5d3e452e83ad - __rustc[8fa7c3cbc660c2b3]::rust_begin_unwind
[INFO] [stdout]   10:     0x5d3e453259fc - core[df12db4294e9bfd3]::panicking::panic_fmt
[INFO] [stdout]   11:     0x5d3e453257d2 - core[df12db4294e9bfd3]::result::unwrap_failed
[INFO] [stdout]   12:     0x5d3e450683c2 - fixtures[57912ea6351d7971]::read_fixture
[INFO] [stdout]   13:     0x5d3e450685b1 - <fixtures[57912ea6351d7971]::uses_kreuzberg_backend_by_default::{closure#0} as core[df12db4294e9bfd3]::ops::function::FnOnce<()>>::call_once
[INFO] [stdout]   14:     0x5d3e4507986b - test[9d35eded1c95d3be]::__rust_begin_short_backtrace::<core[df12db4294e9bfd3]::result::Result<(), alloc[2182bb758b4b3781]::string::String>, fn() -> core[df12db4294e9bfd3]::result::Result<(), alloc[2182bb758b4b3781]::string::String>>
[INFO] [stdout]   15:     0x5d3e45086ed5 - test[9d35eded1c95d3be]::run_test::{closure#0}
[INFO] [stdout]   16:     0x5d3e45080794 - std[70759c8f55707aa4]::sys::backtrace::__rust_begin_short_backtrace::<test[9d35eded1c95d3be]::run_test::{closure#1}, ()>
[INFO] [stdout]   17:     0x5d3e4508a032 - <std[70759c8f55707aa4]::thread::lifecycle::spawn_unchecked<test[9d35eded1c95d3be]::run_test::{closure#1}, ()>::{closure#1} as core[df12db4294e9bfd3]::ops::function::FnOnce<()>>::call_once::{shim:vtable#0}
[INFO] [stdout]   18:     0x5d3e4530cf79 - <std[70759c8f55707aa4]::sys::thread::unix::Thread>::new::thread_start
[INFO] [stdout]   19:     0x744007757dfa - <unknown>
[INFO] [stdout]   20:     0x7440077eb3d4 - clone
[INFO] [stdout]   21:                0x0 - <unknown>
[INFO] [stdout] 
[INFO] [stdout] ---- conforms_to_slice_99_yaml_merge_fixtures stdout ----
[INFO] [stdout] 
[INFO] [stdout] thread 'conforms_to_slice_99_yaml_merge_fixtures' (2252) panicked at tests/fixtures.rs:31:58:
[INFO] [stdout] fixture should be readable: Os { code: 2, kind: NotFound, message: "No such file or directory" }
[INFO] [stdout] stack backtrace:
[INFO] [stdout]    0:     0x5d3e4530e121 - <<std[70759c8f55707aa4]::sys::backtrace::BacktraceLock>::print::DisplayBacktrace as core[df12db4294e9bfd3]::fmt::Display>::fmt
[INFO] [stdout]    1:     0x5d3e453252ca - core[df12db4294e9bfd3]::fmt::write
[INFO] [stdout]    2:     0x5d3e45312cdc - <alloc[2182bb758b4b3781]::vec::Vec<u8> as core[df12db4294e9bfd3]::io::write::Write>::write_fmt
[INFO] [stdout]    3:     0x5d3e452e7276 - std[70759c8f55707aa4]::panicking::default_hook::{closure#0}
[INFO] [stdout]    4:     0x5d3e45305419 - std[70759c8f55707aa4]::panicking::default_hook
[INFO] [stdout]    5:     0x5d3e45086580 - test[9d35eded1c95d3be]::test_main_inner::<test[9d35eded1c95d3be]::test_main_static::{closure#0}>::{closure#0}
[INFO] [stdout]    6:     0x5d3e453055d2 - std[70759c8f55707aa4]::panicking::panic_with_hook
[INFO] [stdout]    7:     0x5d3e452e7322 - std[70759c8f55707aa4]::panicking::panic_handler::{closure#0}
[INFO] [stdout]    8:     0x5d3e452dfbd9 - std[70759c8f55707aa4]::sys::backtrace::__rust_end_short_backtrace::<std[70759c8f55707aa4]::panicking::panic_handler::{closure#0}, !>
[INFO] [stdout]    9:     0x5d3e452e83ad - __rustc[8fa7c3cbc660c2b3]::rust_begin_unwind
[INFO] [stdout]   10:     0x5d3e453259fc - core[df12db4294e9bfd3]::panicking::panic_fmt
[INFO] [stdout]   11:     0x5d3e453257d2 - core[df12db4294e9bfd3]::result::unwrap_failed
[INFO] [stdout]   12:     0x5d3e450683c2 - fixtures[57912ea6351d7971]::read_fixture
[INFO] [stdout]   13:     0x5d3e450689a4 - <fixtures[57912ea6351d7971]::conforms_to_slice_99_yaml_merge_fixtures::{closure#0} as core[df12db4294e9bfd3]::ops::function::FnOnce<()>>::call_once
[INFO] [stdout]   14:     0x5d3e4507986b - test[9d35eded1c95d3be]::__rust_begin_short_backtrace::<core[df12db4294e9bfd3]::result::Result<(), alloc[2182bb758b4b3781]::string::String>, fn() -> core[df12db4294e9bfd3]::result::Result<(), alloc[2182bb758b4b3781]::string::String>>
[INFO] [stdout]   15:     0x5d3e45086ed5 - test[9d35eded1c95d3be]::run_test::{closure#0}
[INFO] [stdout]   16:     0x5d3e45080794 - std[70759c8f55707aa4]::sys::backtrace::__rust_begin_short_backtrace::<test[9d35eded1c95d3be]::run_test::{closure#1}, ()>
[INFO] [stdout]   17:     0x5d3e4508a032 - <std[70759c8f55707aa4]::thread::lifecycle::spawn_unchecked<test[9d35eded1c95d3be]::run_test::{closure#1}, ()>::{closure#1} as core[df12db4294e9bfd3]::ops::function::FnOnce<()>>::call_once::{shim:vtable#0}
[INFO] [stdout]   18:     0x5d3e4530cf79 - <std[70759c8f55707aa4]::sys::thread::unix::Thread>::new::thread_start
[INFO] [stdout]   19:     0x744007757dfa - <unknown>
[INFO] [stdout]   20:     0x7440077eb3d4 - clone
[INFO] [stdout]   21:                0x0 - <unknown>
[INFO] [stdout] 
[INFO] [stdout] ---- conforms_to_slice_184_yaml_polyglot_backend_plan_context_fixture stdout ----
[INFO] [stdout] 
[INFO] [stdout] thread 'conforms_to_slice_184_yaml_polyglot_backend_plan_context_fixture' (2247) panicked at tests/fixtures.rs:31:58:
[INFO] [stdout] fixture should be readable: Os { code: 2, kind: NotFound, message: "No such file or directory" }
[INFO] [stdout] stack backtrace:
[INFO] [stdout]    0:     0x5d3e4530e121 - <<std[70759c8f55707aa4]::sys::backtrace::BacktraceLock>::print::DisplayBacktrace as core[df12db4294e9bfd3]::fmt::Display>::fmt
[INFO] [stdout]    1:     0x5d3e453252ca - core[df12db4294e9bfd3]::fmt::write
[INFO] [stdout]    2:     0x5d3e45312cdc - <alloc[2182bb758b4b3781]::vec::Vec<u8> as core[df12db4294e9bfd3]::io::write::Write>::write_fmt
[INFO] [stdout]    3:     0x5d3e452e7276 - std[70759c8f55707aa4]::panicking::default_hook::{closure#0}
[INFO] [stdout]    4:     0x5d3e45305419 - std[70759c8f55707aa4]::panicking::default_hook
[INFO] [stdout]    5:     0x5d3e45086580 - test[9d35eded1c95d3be]::test_main_inner::<test[9d35eded1c95d3be]::test_main_static::{closure#0}>::{closure#0}
[INFO] [stdout]    6:     0x5d3e453055d2 - std[70759c8f55707aa4]::panicking::panic_with_hook
[INFO] [stdout]    7:     0x5d3e452e7322 - std[70759c8f55707aa4]::panicking::panic_handler::{closure#0}
[INFO] [stdout]    8:     0x5d3e452dfbd9 - std[70759c8f55707aa4]::sys::backtrace::__rust_end_short_backtrace::<std[70759c8f55707aa4]::panicking::panic_handler::{closure#0}, !>
[INFO] [stdout]    9:     0x5d3e452e83ad - __rustc[8fa7c3cbc660c2b3]::rust_begin_unwind
[INFO] [stdout]   10:     0x5d3e453259fc - core[df12db4294e9bfd3]::panicking::panic_fmt
[INFO] [stdout]   11:     0x5d3e453257d2 - core[df12db4294e9bfd3]::result::unwrap_failed
[INFO] [stdout]   12:     0x5d3e450683c2 - fixtures[57912ea6351d7971]::read_fixture
[INFO] [stdout]   13:     0x5d3e4506c744 - <fixtures[57912ea6351d7971]::conforms_to_slice_184_yaml_polyglot_backend_plan_context_fixture::{closure#0} as core[df12db4294e9bfd3]::ops::function::FnOnce<()>>::call_once
[INFO] [stdout]   14:     0x5d3e4507986b - test[9d35eded1c95d3be]::__rust_begin_short_backtrace::<core[df12db4294e9bfd3]::result::Result<(), alloc[2182bb758b4b3781]::string::String>, fn() -> core[df12db4294e9bfd3]::result::Result<(), alloc[2182bb758b4b3781]::string::String>>
[INFO] [stdout]   15:     0x5d3e45086ed5 - test[9d35eded1c95d3be]::run_test::{closure#0}
[INFO] [stdout]   16:     0x5d3e45080794 - std[70759c8f55707aa4]::sys::backtrace::__rust_begin_short_backtrace::<test[9d35eded1c95d3be]::run_test::{closure#1}, ()>
[INFO] [stdout]   17:     0x5d3e4508a032 - <std[70759c8f55707aa4]::thread::lifecycle::spawn_unchecked<test[9d35eded1c95d3be]::run_test::{closure#1}, ()>::{closure#1} as core[df12db4294e9bfd3]::ops::function::FnOnce<()>>::call_once::{shim:vtable#0}
[INFO] [stdout]   18:     0x5d3e4530cf79 - <std[70759c8f55707aa4]::sys::thread::unix::Thread>::new::thread_start
[INFO] [stdout]   19:     0x744007757dfa - <unknown>
[INFO] [stdout]   20:     0x7440077eb3d4 - clone
[INFO] [stdout]   21:                0x0 - <unknown>
[INFO] [stdout] 
[INFO] [stdout] ---- conforms_to_slice_183_yaml_polyglot_backend_feature_profiles stdout ----
[INFO] [stdout] 
[INFO] [stdout] thread 'conforms_to_slice_183_yaml_polyglot_backend_feature_profiles' (2246) panicked at tests/fixtures.rs:31:58:
[INFO] [stdout] fixture should be readable: Os { code: 2, kind: NotFound, message: "No such file or directory" }
[INFO] [stdout] stack backtrace:
[INFO] [stdout]    0:     0x5d3e4530e121 - <<std[70759c8f55707aa4]::sys::backtrace::BacktraceLock>::print::DisplayBacktrace as core[df12db4294e9bfd3]::fmt::Display>::fmt
[INFO] [stdout]    1:     0x5d3e453252ca - core[df12db4294e9bfd3]::fmt::write
[INFO] [stdout]    2:     0x5d3e45312cdc - <alloc[2182bb758b4b3781]::vec::Vec<u8> as core[df12db4294e9bfd3]::io::write::Write>::write_fmt
[INFO] [stdout]    3:     0x5d3e452e7276 - std[70759c8f55707aa4]::panicking::default_hook::{closure#0}
[INFO] [stdout]    4:     0x5d3e45305419 - std[70759c8f55707aa4]::panicking::default_hook
[INFO] [stdout]    5:     0x5d3e45086580 - test[9d35eded1c95d3be]::test_main_inner::<test[9d35eded1c95d3be]::test_main_static::{closure#0}>::{closure#0}
[INFO] [stdout]    6:     0x5d3e453055d2 - std[70759c8f55707aa4]::panicking::panic_with_hook
[INFO] [stdout]    7:     0x5d3e452e7322 - std[70759c8f55707aa4]::panicking::panic_handler::{closure#0}
[INFO] [stdout]    8:     0x5d3e452dfbd9 - std[70759c8f55707aa4]::sys::backtrace::__rust_end_short_backtrace::<std[70759c8f55707aa4]::panicking::panic_handler::{closure#0}, !>
[INFO] [stdout]    9:     0x5d3e452e83ad - __rustc[8fa7c3cbc660c2b3]::rust_begin_unwind
[INFO] [stdout]   10:     0x5d3e453259fc - core[df12db4294e9bfd3]::panicking::panic_fmt
[INFO] [stdout]   11:     0x5d3e453257d2 - core[df12db4294e9bfd3]::result::unwrap_failed
[INFO] [stdout]   12:     0x5d3e450683c2 - fixtures[57912ea6351d7971]::read_fixture
[INFO] [stdout]   13:     0x5d3e4506c63c - <fixtures[57912ea6351d7971]::conforms_to_slice_183_yaml_polyglot_backend_feature_profiles::{closure#0} as core[df12db4294e9bfd3]::ops::function::FnOnce<()>>::call_once
[INFO] [stdout]   14:     0x5d3e4507986b - test[9d35eded1c95d3be]::__rust_begin_short_backtrace::<core[df12db4294e9bfd3]::result::Result<(), alloc[2182bb758b4b3781]::string::String>, fn() -> core[df12db4294e9bfd3]::result::Result<(), alloc[2182bb758b4b3781]::string::String>>
[INFO] [stdout]   15:     0x5d3e45086ed5 - test[9d35eded1c95d3be]::run_test::{closure#0}
[INFO] [stdout]   16:     0x5d3e45080794 - std[70759c8f55707aa4]::sys::backtrace::__rust_begin_short_backtrace::<test[9d35eded1c95d3be]::run_test::{closure#1}, ()>
[INFO] [stdout]   17:     0x5d3e4508a032 - <std[70759c8f55707aa4]::thread::lifecycle::spawn_unchecked<test[9d35eded1c95d3be]::run_test::{closure#1}, ()>::{closure#1} as core[df12db4294e9bfd3]::ops::function::FnOnce<()>>::call_once::{shim:vtable#0}
[INFO] [stdout]   18:     0x5d3e4530cf79 - <std[70759c8f55707aa4]::sys::thread::unix::Thread>::new::thread_start
[INFO] [stdout]   19:     0x744007757dfa - <unknown>
[INFO] [stdout]   20:     0x7440077eb3d4 - clone
[INFO] [stdout]   21:                0x0 - <unknown>
[INFO] [stdout] 
[INFO] [stdout] ---- conforms_to_slice_173_yaml_backend_named_suite_plans_fixture stdout ----
[INFO] [stdout] 
[INFO] [stdout] thread 'conforms_to_slice_173_yaml_backend_named_suite_plans_fixture' (2244) panicked at tests/fixtures.rs:31:58:
[INFO] [stdout] fixture should be readable: Os { code: 2, kind: NotFound, message: "No such file or directory" }
[INFO] [stdout] stack backtrace:
[INFO] [stdout]    0:     0x5d3e4530e121 - <<std[70759c8f55707aa4]::sys::backtrace::BacktraceLock>::print::DisplayBacktrace as core[df12db4294e9bfd3]::fmt::Display>::fmt
[INFO] [stdout]    1:     0x5d3e453252ca - core[df12db4294e9bfd3]::fmt::write
[INFO] [stdout]    2:     0x5d3e45312cdc - <alloc[2182bb758b4b3781]::vec::Vec<u8> as core[df12db4294e9bfd3]::io::write::Write>::write_fmt
[INFO] [stdout]    3:     0x5d3e452e7276 - std[70759c8f55707aa4]::panicking::default_hook::{closure#0}
[INFO] [stdout]    4:     0x5d3e45305419 - std[70759c8f55707aa4]::panicking::default_hook
[INFO] [stdout]    5:     0x5d3e45086580 - test[9d35eded1c95d3be]::test_main_inner::<test[9d35eded1c95d3be]::test_main_static::{closure#0}>::{closure#0}
[INFO] [stdout]    6:     0x5d3e453055d2 - std[70759c8f55707aa4]::panicking::panic_with_hook
[INFO] [stdout]    7:     0x5d3e452e7322 - std[70759c8f55707aa4]::panicking::panic_handler::{closure#0}
[INFO] [stdout]    8:     0x5d3e452dfbd9 - std[70759c8f55707aa4]::sys::backtrace::__rust_end_short_backtrace::<std[70759c8f55707aa4]::panicking::panic_handler::{closure#0}, !>
[INFO] [stdout]    9:     0x5d3e452e83ad - __rustc[8fa7c3cbc660c2b3]::rust_begin_unwind
[INFO] [stdout]   10:     0x5d3e453259fc - core[df12db4294e9bfd3]::panicking::panic_fmt
[INFO] [stdout]   11:     0x5d3e453257d2 - core[df12db4294e9bfd3]::result::unwrap_failed
[INFO] [stdout]   12:     0x5d3e450683c2 - fixtures[57912ea6351d7971]::read_fixture
[INFO] [stdout]   13:     0x5d3e4506bd3b - <fixtures[57912ea6351d7971]::conforms_to_slice_173_yaml_backend_named_suite_plans_fixture::{closure#0} as core[df12db4294e9bfd3]::ops::function::FnOnce<()>>::call_once
[INFO] [stdout]   14:     0x5d3e4507986b - test[9d35eded1c95d3be]::__rust_begin_short_backtrace::<core[df12db4294e9bfd3]::result::Result<(), alloc[2182bb758b4b3781]::string::String>, fn() -> core[df12db4294e9bfd3]::result::Result<(), alloc[2182bb758b4b3781]::string::String>>
[INFO] [stdout]   15:     0x5d3e45086ed5 - test[9d35eded1c95d3be]::run_test::{closure#0}
[INFO] [stdout]   16:     0x5d3e45080794 - std[70759c8f55707aa4]::sys::backtrace::__rust_begin_short_backtrace::<test[9d35eded1c95d3be]::run_test::{closure#1}, ()>
[INFO] [stdout]   17:     0x5d3e4508a032 - <std[70759c8f55707aa4]::thread::lifecycle::spawn_unchecked<test[9d35eded1c95d3be]::run_test::{closure#1}, ()>::{closure#1} as core[df12db4294e9bfd3]::ops::function::FnOnce<()>>::call_once::{shim:vtable#0}
[INFO] [stdout]   18:     0x5d3e4530cf79 - <std[70759c8f55707aa4]::sys::thread::unix::Thread>::new::thread_start
[INFO] [stdout]   19:     0x744007757dfa - <unknown>
[INFO] [stdout]   20:     0x7440077eb3d4 - clone
[INFO] [stdout]   21:                0x0 - <unknown>
[INFO] [stdout] 
[INFO] [stdout] ---- conforms_to_slice_143_yaml_family_manifest_fixture stdout ----
[INFO] [stdout] 
[INFO] [stdout] thread 'conforms_to_slice_143_yaml_family_manifest_fixture' (2241) panicked at tests/fixtures.rs:31:58:
[INFO] [stdout] fixture should be readable: Os { code: 2, kind: NotFound, message: "No such file or directory" }
[INFO] [stdout] stack backtrace:
[INFO] [stdout]    0:     0x5d3e4530e121 - <<std[70759c8f55707aa4]::sys::backtrace::BacktraceLock>::print::DisplayBacktrace as core[df12db4294e9bfd3]::fmt::Display>::fmt
[INFO] [stdout]    1:     0x5d3e453252ca - core[df12db4294e9bfd3]::fmt::write
[INFO] [stdout]    2:     0x5d3e45312cdc - <alloc[2182bb758b4b3781]::vec::Vec<u8> as core[df12db4294e9bfd3]::io::write::Write>::write_fmt
[INFO] [stdout]    3:     0x5d3e452e7276 - std[70759c8f55707aa4]::panicking::default_hook::{closure#0}
[INFO] [stdout]    4:     0x5d3e45305419 - std[70759c8f55707aa4]::panicking::default_hook
[INFO] [stdout]    5:     0x5d3e45086580 - test[9d35eded1c95d3be]::test_main_inner::<test[9d35eded1c95d3be]::test_main_static::{closure#0}>::{closure#0}
[INFO] [stdout]    6:     0x5d3e453055d2 - std[70759c8f55707aa4]::panicking::panic_with_hook
[INFO] [stdout]    7:     0x5d3e452e7322 - std[70759c8f55707aa4]::panicking::panic_handler::{closure#0}
[INFO] [stdout]    8:     0x5d3e452dfbd9 - std[70759c8f55707aa4]::sys::backtrace::__rust_end_short_backtrace::<std[70759c8f55707aa4]::panicking::panic_handler::{closure#0}, !>
[INFO] [stdout]    9:     0x5d3e452e83ad - __rustc[8fa7c3cbc660c2b3]::rust_begin_unwind
[INFO] [stdout]   10:     0x5d3e453259fc - core[df12db4294e9bfd3]::panicking::panic_fmt
[INFO] [stdout]   11:     0x5d3e453257d2 - core[df12db4294e9bfd3]::result::unwrap_failed
[INFO] [stdout]   12:     0x5d3e450683c2 - fixtures[57912ea6351d7971]::read_fixture
[INFO] [stdout]   13:     0x5d3e45069abb - <fixtures[57912ea6351d7971]::conforms_to_slice_143_yaml_family_manifest_fixture::{closure#0} as core[df12db4294e9bfd3]::ops::function::FnOnce<()>>::call_once
[INFO] [stdout]   14:     0x5d3e4507986b - test[9d35eded1c95d3be]::__rust_begin_short_backtrace::<core[df12db4294e9bfd3]::result::Result<(), alloc[2182bb758b4b3781]::string::String>, fn() -> core[df12db4294e9bfd3]::result::Result<(), alloc[2182bb758b4b3781]::string::String>>
[INFO] [stdout]   15:     0x5d3e45086ed5 - test[9d35eded1c95d3be]::run_test::{closure#0}
[INFO] [stdout]   16:     0x5d3e45080794 - std[70759c8f55707aa4]::sys::backtrace::__rust_begin_short_backtrace::<test[9d35eded1c95d3be]::run_test::{closure#1}, ()>
[INFO] [stdout]   17:     0x5d3e4508a032 - <std[70759c8f55707aa4]::thread::lifecycle::spawn_unchecked<test[9d35eded1c95d3be]::run_test::{closure#1}, ()>::{closure#1} as core[df12db4294e9bfd3]::ops::function::FnOnce<()>>::call_once::{shim:vtable#0}
[INFO] [stdout]   18:     0x5d3e4530cf79 - <std[70759c8f55707aa4]::sys::thread::unix::Thread>::new::thread_start
[INFO] [stdout]   19:     0x744007757dfa - <unknown>
[INFO] [stdout]   20:     0x7440077eb3d4 - clone
[INFO] [stdout]   21:                0x0 - <unknown>
[INFO] [stdout] 
[INFO] [stdout] 
[INFO] [stdout] failures:
[INFO] [stdout]     conforms_to_slice_143_yaml_family_manifest_fixture
[INFO] [stdout]     conforms_to_slice_171_yaml_backend_feature_profiles
[INFO] [stdout]     conforms_to_slice_172_yaml_backend_plan_context_fixture
[INFO] [stdout]     conforms_to_slice_173_yaml_backend_named_suite_plans_fixture
[INFO] [stdout]     conforms_to_slice_174_yaml_backend_manifest_report_fixture
[INFO] [stdout]     conforms_to_slice_183_yaml_polyglot_backend_feature_profiles
[INFO] [stdout]     conforms_to_slice_184_yaml_polyglot_backend_plan_context_fixture
[INFO] [stdout]     conforms_to_slice_95_yaml_feature_profile_fixture
[INFO] [stdout]     conforms_to_slice_96_yaml_parse_fixtures
[INFO] [stdout]     conforms_to_slice_97_yaml_structure_fixture
[INFO] [stdout]     conforms_to_slice_98_yaml_matching_fixture
[INFO] [stdout]     conforms_to_slice_99_yaml_merge_fixtures
[INFO] [stdout]     resolves_yaml_paths_through_the_canonical_manifest
[INFO] [stdout]     uses_kreuzberg_backend_by_default
[INFO] [stdout] 
[INFO] [stdout] test result: FAILED. 0 passed; 14 failed; 0 ignored; 0 measured; 0 filtered out; finished in 0.01s
[INFO] [stdout] 
[INFO] running `Command { std: "docker" "inspect" "73f0fcbbd106efd04652b1c6b95e057e51c332d28ddc54efb619f4d97a29d998", kill_on_drop: false }`
[INFO] running `Command { std: "docker" "rm" "-f" "73f0fcbbd106efd04652b1c6b95e057e51c332d28ddc54efb619f4d97a29d998", kill_on_drop: false }`
[INFO] [stdout] 73f0fcbbd106efd04652b1c6b95e057e51c332d28ddc54efb619f4d97a29d998
