[INFO] fetching crate yaml-datastore 0.1.0...
[INFO] testing yaml-datastore-0.1.0 against 1.100.0-beta.1+cargoflags=--release for beta-release-1.100-2
[INFO] extracting crate yaml-datastore 0.1.0 into /workspace/builds/worker-2-tc2/source
[INFO] started tweaking crates.io crate yaml-datastore 0.1.0
[INFO] finished tweaking crates.io crate yaml-datastore 0.1.0
[INFO] tweaked toml for crates.io crate yaml-datastore 0.1.0 written to /workspace/builds/worker-2-tc2/source/Cargo.toml
[INFO] validating manifest of crates.io crate yaml-datastore 0.1.0 on toolchain 1.100.0-beta.1
[INFO] running `Command { std: CARGO_HOME="/workspace/cargo-home" RUSTUP_HOME="/workspace/rustup-home" "/workspace/cargo-home/bin/cargo" "+1.100.0-beta.1" "metadata" "--manifest-path" "Cargo.toml" "--no-deps", kill_on_drop: false }`
[INFO] crate crates.io crate yaml-datastore 0.1.0 already has a lockfile, it will not be regenerated
[INFO] running `Command { std: CARGO_HOME="/workspace/cargo-home" RUSTUP_HOME="/workspace/rustup-home" "/workspace/cargo-home/bin/cargo" "+1.100.0-beta.1" "fetch" "--manifest-path" "Cargo.toml", kill_on_drop: false }`
[INFO] running `Command { std: "docker" "create" "-v" "/var/lib/crater-agent-workspace/builds/worker-2-tc2/source:/opt/rustwide/workdir:ro,Z" "-v" "/var/lib/crater-agent-workspace/builds/worker-2-tc2/target:/opt/rustwide/target:rw,Z" "-v" "/var/lib/crater-agent-workspace/cargo-home:/opt/rustwide/cargo-home:ro,Z" "-v" "/var/lib/crater-agent-workspace/rustup-home:/opt/rustwide/rustup-home:ro,Z" "-m" "1610612736" "--network" "none" "ghcr.io/rust-lang/crates-build-env/linux@sha256:77db811e55d90add9212f6832c23229e3de5f1c1f9905e8cb07319ea15df73ac" "sleep" "infinity", kill_on_drop: false }`
[INFO] [stdout] 6cf17c5e0b08728de8e94f27a471420299bf05fa55e288dcd0338f97934b8305
[INFO] running `Command { std: "docker" "start" "6cf17c5e0b08728de8e94f27a471420299bf05fa55e288dcd0338f97934b8305", kill_on_drop: false }`
[INFO] running `Command { std: "docker" "inspect" "6cf17c5e0b08728de8e94f27a471420299bf05fa55e288dcd0338f97934b8305", kill_on_drop: false }`
[INFO] running `Command { std: "docker" "exec" "-e" "SOURCE_DIR=/opt/rustwide/workdir" "-e" "CARGO_HOME=/opt/rustwide/cargo-home" "-e" "RUSTUP_HOME=/opt/rustwide/rustup-home" "-e" "CARGO_TARGET_DIR=/opt/rustwide/target" "-w" "/opt/rustwide/workdir" "--user" "0:0" "6cf17c5e0b08728de8e94f27a471420299bf05fa55e288dcd0338f97934b8305" "/opt/rustwide/cargo-home/bin/cargo" "+1.100.0-beta.1" "metadata" "--no-deps" "--format-version=1", kill_on_drop: false }`
[INFO] running `Command { std: "docker" "inspect" "6cf17c5e0b08728de8e94f27a471420299bf05fa55e288dcd0338f97934b8305", kill_on_drop: false }`
[INFO] running `Command { std: "docker" "exec" "-e" "SOURCE_DIR=/opt/rustwide/workdir" "-e" "CARGO_HOME=/opt/rustwide/cargo-home" "-e" "RUSTUP_HOME=/opt/rustwide/rustup-home" "-e" "CARGO_TARGET_DIR=/opt/rustwide/target" "-e" "CARGO_INCREMENTAL=0" "-e" "RUST_BACKTRACE=full" "-e" "RUSTFLAGS=--cap-lints=warn" "-e" "RUSTDOCFLAGS=--cap-lints=warn" "-w" "/opt/rustwide/workdir" "--user" "0:0" "6cf17c5e0b08728de8e94f27a471420299bf05fa55e288dcd0338f97934b8305" "/opt/rustwide/cargo-home/bin/cargo" "+1.100.0-beta.1" "build" "--frozen" "--message-format=json" "--release", kill_on_drop: false }`
[INFO] [stderr]    Compiling proc-macro2 v1.0.94
[INFO] [stderr]    Compiling serde v1.0.219
[INFO] [stderr]    Compiling hashbrown v0.15.2
[INFO] [stderr]    Compiling thiserror v2.0.12
[INFO] [stderr]    Compiling quote v1.0.39
[INFO] [stderr]    Compiling indexmap v2.8.0
[INFO] [stderr]    Compiling syn v2.0.100
[INFO] [stderr]    Compiling serde_derive v1.0.219
[INFO] [stderr]    Compiling thiserror-impl v2.0.12
[INFO] [stderr]    Compiling serde_yaml v0.9.34+deprecated
[INFO] [stderr]    Compiling yaml-datastore v0.1.0 (/opt/rustwide/workdir)
[INFO] [stderr]     Finished `release` profile [optimized] target(s) in 13.94s
[INFO] running `Command { std: "docker" "inspect" "6cf17c5e0b08728de8e94f27a471420299bf05fa55e288dcd0338f97934b8305", kill_on_drop: false }`
[INFO] running `Command { std: "docker" "exec" "-e" "SOURCE_DIR=/opt/rustwide/workdir" "-e" "CARGO_HOME=/opt/rustwide/cargo-home" "-e" "RUSTUP_HOME=/opt/rustwide/rustup-home" "-e" "CARGO_TARGET_DIR=/opt/rustwide/target" "-e" "CARGO_INCREMENTAL=0" "-e" "RUST_BACKTRACE=full" "-e" "RUSTFLAGS=--cap-lints=warn" "-e" "RUSTDOCFLAGS=--cap-lints=warn" "-w" "/opt/rustwide/workdir" "--user" "0:0" "6cf17c5e0b08728de8e94f27a471420299bf05fa55e288dcd0338f97934b8305" "/opt/rustwide/cargo-home/bin/cargo" "+1.100.0-beta.1" "test" "--frozen" "--no-run" "--message-format=json" "--release", kill_on_drop: false }`
[INFO] [stderr]    Compiling yaml-datastore v0.1.0 (/opt/rustwide/workdir)
[INFO] [stderr]     Finished `release` profile [optimized] target(s) in 3.26s
[INFO] running `Command { std: "docker" "inspect" "6cf17c5e0b08728de8e94f27a471420299bf05fa55e288dcd0338f97934b8305", kill_on_drop: false }`
[INFO] running `Command { std: "docker" "exec" "-e" "SOURCE_DIR=/opt/rustwide/workdir" "-e" "CARGO_HOME=/opt/rustwide/cargo-home" "-e" "RUSTUP_HOME=/opt/rustwide/rustup-home" "-e" "CARGO_TARGET_DIR=/opt/rustwide/target" "-e" "CARGO_INCREMENTAL=0" "-e" "RUST_BACKTRACE=full" "-e" "RUSTFLAGS=--cap-lints=warn" "-e" "RUSTDOCFLAGS=--cap-lints=warn" "-w" "/opt/rustwide/workdir" "--user" "0:0" "6cf17c5e0b08728de8e94f27a471420299bf05fa55e288dcd0338f97934b8305" "/opt/rustwide/cargo-home/bin/cargo" "+1.100.0-beta.1" "test" "--frozen" "--release", kill_on_drop: false }`
[INFO] [stderr]     Finished `release` profile [optimized] target(s) in 0.04s
[INFO] [stderr]      Running unittests src/lib.rs (/opt/rustwide/target/release/build/yaml-datastore/be160d90299597ad/out/yaml_datastore-be160d90299597ad)
[INFO] [stdout] 
[INFO] [stdout] running 27 tests
[INFO] [stdout] test keypath::tests::err_empty_component_last ... ok
[INFO] [stdout] test keypath::tests::err_contains_slash ... ok
[INFO] [stdout] test keypath::tests::iterator ... ok
[INFO] [stdout] test keypath::tests::err_whitespace_component_middle ... ok
[INFO] [stdout] test keypath::tests::err_empty_component_middle ... ok
[INFO] [stdout] test keypath::tests::iterator_reversed ... ok
[INFO] [stdout] test keypath::tests::iterator_with_extension ... ok
[INFO] [stdout] test keypath::tests::err_empty_component_first ... ok
[INFO] [stdout] test keypath::tests::valid_with_spaces ... ok
[INFO] [stdout] test keypath::tests::valid ... ok
[INFO] [stdout] test tests::initialize_yaml_datastore ... ok
[INFO] [stdout] test tests::duplicate_key ... FAILED
[INFO] [stdout] test tests::nested_bool ... FAILED
[INFO] [stdout] test tests::test_complete ... FAILED
[INFO] [stdout] test tests::test_keypath_nested ... FAILED
[INFO] [stdout] test keypath::tests::iterator_with_explicit_extensions ... ok
[INFO] [stdout] test tests::mismatched_type ... FAILED
[INFO] [stdout] test tests::test_missing_file ... ok
[INFO] [stdout] test tests::single_bool_key_not_found ... FAILED
[INFO] [stdout] test tests::test_keypath_complete ... FAILED
[INFO] [stdout] test yaml_mapping_recurse_tests::flat_keys ... ok
[INFO] [stdout] test yaml_mapping_recurse_tests::missing_key_in_data ... ok
[INFO] [stdout] test yaml_mapping_recurse_tests::empty_keys ... ok
[INFO] [stdout] test tests::test_parse_error ... FAILED
[INFO] [stdout] test yaml_mapping_recurse_tests::nested_keys ... ok
[INFO] [stdout] test tests::test_no_tags ... FAILED
[INFO] [stdout] test tests::test_with_single_bool_key ... FAILED
[INFO] [stdout] 
[INFO] [stdout] failures:
[INFO] [stderr] error: test failed, to rerun pass `--lib`
[INFO] [stdout] 
[INFO] [stdout] ---- tests::duplicate_key stdout ----
[INFO] [stdout] 
[INFO] [stdout] thread 'tests::duplicate_key' (398) panicked at src/lib.rs:477:9:
[INFO] [stdout] assertion failed: matches!(result, Error::DataParseError(_))
[INFO] [stdout] stack backtrace:
[INFO] [stdout]    0:     0x56318ab8c551 - <<std[617be2ca0a6fd877]::sys::backtrace::BacktraceLock>::print::DisplayBacktrace as core[a373ad73a504971]::fmt::Display>::fmt
[INFO] [stdout]    1:     0x56318aba17aa - core[a373ad73a504971]::fmt::write
[INFO] [stdout]    2:     0x56318ab9081c - <alloc[2e1b2a31b91974c5]::vec::Vec<u8> as core[a373ad73a504971]::io::write::Write>::write_fmt
[INFO] [stdout]    3:     0x56318ab682a6 - std[617be2ca0a6fd877]::panicking::default_hook::{closure#0}
[INFO] [stdout]    4:     0x56318ab84889 - std[617be2ca0a6fd877]::panicking::default_hook
[INFO] [stdout]    5:     0x56318ab068a0 - test[aada8e7e76ba119b]::test_main_inner::{closure#0}
[INFO] [stdout]    6:     0x56318ab84a42 - std[617be2ca0a6fd877]::panicking::panic_with_hook
[INFO] [stdout]    7:     0x56318ab68384 - std[617be2ca0a6fd877]::panicking::panic_handler::{closure#0}
[INFO] [stdout]    8:     0x56318ab60ea9 - std[617be2ca0a6fd877]::sys::backtrace::__rust_end_short_backtrace::<std[617be2ca0a6fd877]::panicking::panic_handler::{closure#0}, !>
[INFO] [stdout]    9:     0x56318ab68f5d - __rustc[ea4f61d10b84890b]::rust_begin_unwind
[INFO] [stdout]   10:     0x56318aba1edc - core[a373ad73a504971]::panicking::panic_fmt
[INFO] [stdout]   11:     0x56318aba1ea2 - core[a373ad73a504971]::panicking::panic
[INFO] [stdout]   12:     0x56318aae9c52 - <yaml_datastore[80d82412ee35b22c]::tests::duplicate_key::{closure#0} as core[a373ad73a504971]::ops::function::FnOnce<()>>::call_once
[INFO] [stdout]   13:     0x56318aaf9ceb - test[aada8e7e76ba119b]::__rust_begin_short_backtrace::<core[a373ad73a504971]::result::Result<(), alloc[2e1b2a31b91974c5]::string::String>, fn() -> core[a373ad73a504971]::result::Result<(), alloc[2e1b2a31b91974c5]::string::String>>
[INFO] [stdout]   14:     0x56318ab06ec5 - test[aada8e7e76ba119b]::run_test::{closure#0}
[INFO] [stdout]   15:     0x56318ab007b4 - std[617be2ca0a6fd877]::sys::backtrace::__rust_begin_short_backtrace::<test[aada8e7e76ba119b]::run_test::{closure#1}, ()>
[INFO] [stdout]   16:     0x56318ab09f52 - <std[617be2ca0a6fd877]::thread::lifecycle::spawn_unchecked<test[aada8e7e76ba119b]::run_test::{closure#1}, ()>::{closure#1} as core[a373ad73a504971]::ops::function::FnOnce<()>>::call_once::{shim:vtable#0}
[INFO] [stdout]   17:     0x56318ab8ba4f - <std[617be2ca0a6fd877]::sys::thread::unix::Thread>::new::thread_start
[INFO] [stdout]   18:     0x7abd5d584dfa - <unknown>
[INFO] [stdout]   19:     0x7abd5d6183d4 - clone
[INFO] [stdout]   20:                0x0 - <unknown>
[INFO] [stdout] 
[INFO] [stdout] ---- tests::nested_bool stdout ----
[INFO] [stdout] 
[INFO] [stdout] thread 'tests::nested_bool' (401) panicked at src/lib.rs:431:14:
[INFO] [stdout] called `Result::unwrap()` on an `Err` value: IOError(Os { code: 2, kind: NotFound, message: "No such file or directory" })
[INFO] [stdout] stack backtrace:
[INFO] [stdout]    0:     0x56318ab8c551 - <<std[617be2ca0a6fd877]::sys::backtrace::BacktraceLock>::print::DisplayBacktrace as core[a373ad73a504971]::fmt::Display>::fmt
[INFO] [stdout]    1:     0x56318aba17aa - core[a373ad73a504971]::fmt::write
[INFO] [stdout]    2:     0x56318ab9081c - <alloc[2e1b2a31b91974c5]::vec::Vec<u8> as core[a373ad73a504971]::io::write::Write>::write_fmt
[INFO] [stdout]    3:     0x56318ab682a6 - std[617be2ca0a6fd877]::panicking::default_hook::{closure#0}
[INFO] [stdout]    4:     0x56318ab84889 - std[617be2ca0a6fd877]::panicking::default_hook
[INFO] [stdout]    5:     0x56318ab068a0 - test[aada8e7e76ba119b]::test_main_inner::{closure#0}
[INFO] [stdout]    6:     0x56318ab84a42 - std[617be2ca0a6fd877]::panicking::panic_with_hook
[INFO] [stdout]    7:     0x56318ab68352 - std[617be2ca0a6fd877]::panicking::panic_handler::{closure#0}
[INFO] [stdout]    8:     0x56318ab60ea9 - std[617be2ca0a6fd877]::sys::backtrace::__rust_end_short_backtrace::<std[617be2ca0a6fd877]::panicking::panic_handler::{closure#0}, !>
[INFO] [stdout]    9:     0x56318ab68f5d - __rustc[ea4f61d10b84890b]::rust_begin_unwind
[INFO] [stdout]   10:     0x56318aba1edc - core[a373ad73a504971]::panicking::panic_fmt
[INFO] [stdout]   11:     0x56318aba1cb2 - core[a373ad73a504971]::result::unwrap_failed
[INFO] [stdout]   12:     0x56318aae9778 - <yaml_datastore[80d82412ee35b22c]::tests::nested_bool::{closure#0} as core[a373ad73a504971]::ops::function::FnOnce<()>>::call_once
[INFO] [stdout]   13:     0x56318aaf9ceb - test[aada8e7e76ba119b]::__rust_begin_short_backtrace::<core[a373ad73a504971]::result::Result<(), alloc[2e1b2a31b91974c5]::string::String>, fn() -> core[a373ad73a504971]::result::Result<(), alloc[2e1b2a31b91974c5]::string::String>>
[INFO] [stdout]   14:     0x56318ab06ec5 - test[aada8e7e76ba119b]::run_test::{closure#0}
[INFO] [stdout]   15:     0x56318ab007b4 - std[617be2ca0a6fd877]::sys::backtrace::__rust_begin_short_backtrace::<test[aada8e7e76ba119b]::run_test::{closure#1}, ()>
[INFO] [stdout]   16:     0x56318ab09f52 - <std[617be2ca0a6fd877]::thread::lifecycle::spawn_unchecked<test[aada8e7e76ba119b]::run_test::{closure#1}, ()>::{closure#1} as core[a373ad73a504971]::ops::function::FnOnce<()>>::call_once::{shim:vtable#0}
[INFO] [stdout]   17:     0x56318ab8ba4f - <std[617be2ca0a6fd877]::sys::thread::unix::Thread>::new::thread_start
[INFO] [stdout]   18:     0x7abd5d584dfa - <unknown>
[INFO] [stdout]   19:     0x7abd5d6183d4 - clone
[INFO] [stdout]   20:                0x0 - <unknown>
[INFO] [stdout] 
[INFO] [stdout] ---- tests::test_complete stdout ----
[INFO] [stdout] 
[INFO] [stdout] thread 'tests::test_complete' (403) panicked at src/lib.rs:399:75:
[INFO] [stdout] called `Result::unwrap()` on an `Err` value: IOError(Os { code: 2, kind: NotFound, message: "No such file or directory" })
[INFO] [stdout] stack backtrace:
[INFO] [stdout]    0:     0x56318ab8c551 - <<std[617be2ca0a6fd877]::sys::backtrace::BacktraceLock>::print::DisplayBacktrace as core[a373ad73a504971]::fmt::Display>::fmt
[INFO] [stdout]    1:     0x56318aba17aa - core[a373ad73a504971]::fmt::write
[INFO] [stdout]    2:     0x56318ab9081c - <alloc[2e1b2a31b91974c5]::vec::Vec<u8> as core[a373ad73a504971]::io::write::Write>::write_fmt
[INFO] [stdout]    3:     0x56318ab682a6 - std[617be2ca0a6fd877]::panicking::default_hook::{closure#0}
[INFO] [stdout]    4:     0x56318ab84889 - std[617be2ca0a6fd877]::panicking::default_hook
[INFO] [stdout]    5:     0x56318ab068a0 - test[aada8e7e76ba119b]::test_main_inner::{closure#0}
[INFO] [stdout]    6:     0x56318ab84a42 - std[617be2ca0a6fd877]::panicking::panic_with_hook
[INFO] [stdout]    7:     0x56318ab68352 - std[617be2ca0a6fd877]::panicking::panic_handler::{closure#0}
[INFO] [stdout]    8:     0x56318ab60ea9 - std[617be2ca0a6fd877]::sys::backtrace::__rust_end_short_backtrace::<std[617be2ca0a6fd877]::panicking::panic_handler::{closure#0}, !>
[INFO] [stdout]    9:     0x56318ab68f5d - __rustc[ea4f61d10b84890b]::rust_begin_unwind
[INFO] [stdout]   10:     0x56318aba1edc - core[a373ad73a504971]::panicking::panic_fmt
[INFO] [stdout]   11:     0x56318aba1cb2 - core[a373ad73a504971]::result::unwrap_failed
[INFO] [stdout]   12:     0x56318aaea16c - <yaml_datastore[80d82412ee35b22c]::tests::test_complete::{closure#0} as core[a373ad73a504971]::ops::function::FnOnce<()>>::call_once
[INFO] [stdout]   13:     0x56318aaf9ceb - test[aada8e7e76ba119b]::__rust_begin_short_backtrace::<core[a373ad73a504971]::result::Result<(), alloc[2e1b2a31b91974c5]::string::String>, fn() -> core[a373ad73a504971]::result::Result<(), alloc[2e1b2a31b91974c5]::string::String>>
[INFO] [stdout]   14:     0x56318ab06ec5 - test[aada8e7e76ba119b]::run_test::{closure#0}
[INFO] [stdout]   15:     0x56318ab007b4 - std[617be2ca0a6fd877]::sys::backtrace::__rust_begin_short_backtrace::<test[aada8e7e76ba119b]::run_test::{closure#1}, ()>
[INFO] [stdout]   16:     0x56318ab09f52 - <std[617be2ca0a6fd877]::thread::lifecycle::spawn_unchecked<test[aada8e7e76ba119b]::run_test::{closure#1}, ()>::{closure#1} as core[a373ad73a504971]::ops::function::FnOnce<()>>::call_once::{shim:vtable#0}
[INFO] [stdout]   17:     0x56318ab8ba4f - <std[617be2ca0a6fd877]::sys::thread::unix::Thread>::new::thread_start
[INFO] [stdout]   18:     0x7abd5d584dfa - <unknown>
[INFO] [stdout]   19:     0x7abd5d6183d4 - clone
[INFO] [stdout]   20:                0x0 - <unknown>
[INFO] [stdout] 
[INFO] [stdout] ---- tests::test_keypath_nested stdout ----
[INFO] [stdout] 
[INFO] [stdout] thread 'tests::test_keypath_nested' (405) panicked at src/lib.rs:367:67:
[INFO] [stdout] called `Result::unwrap()` on an `Err` value: KeyNotFound
[INFO] [stdout] stack backtrace:
[INFO] [stdout]    0:     0x56318ab8c551 - <<std[617be2ca0a6fd877]::sys::backtrace::BacktraceLock>::print::DisplayBacktrace as core[a373ad73a504971]::fmt::Display>::fmt
[INFO] [stdout]    1:     0x56318aba17aa - core[a373ad73a504971]::fmt::write
[INFO] [stdout]    2:     0x56318ab9081c - <alloc[2e1b2a31b91974c5]::vec::Vec<u8> as core[a373ad73a504971]::io::write::Write>::write_fmt
[INFO] [stdout]    3:     0x56318ab682a6 - std[617be2ca0a6fd877]::panicking::default_hook::{closure#0}
[INFO] [stdout]    4:     0x56318ab84889 - std[617be2ca0a6fd877]::panicking::default_hook
[INFO] [stdout]    5:     0x56318ab068a0 - test[aada8e7e76ba119b]::test_main_inner::{closure#0}
[INFO] [stdout]    6:     0x56318ab84a42 - std[617be2ca0a6fd877]::panicking::panic_with_hook
[INFO] [stdout]    7:     0x56318ab68352 - std[617be2ca0a6fd877]::panicking::panic_handler::{closure#0}
[INFO] [stdout]    8:     0x56318ab60ea9 - std[617be2ca0a6fd877]::sys::backtrace::__rust_end_short_backtrace::<std[617be2ca0a6fd877]::panicking::panic_handler::{closure#0}, !>
[INFO] [stdout]    9:     0x56318ab68f5d - __rustc[ea4f61d10b84890b]::rust_begin_unwind
[INFO] [stdout]   10:     0x56318aba1edc - core[a373ad73a504971]::panicking::panic_fmt
[INFO] [stdout]   11:     0x56318aba1cb2 - core[a373ad73a504971]::result::unwrap_failed
[INFO] [stdout]   12:     0x56318aaea82b - <yaml_datastore[80d82412ee35b22c]::tests::test_keypath_nested::{closure#0} as core[a373ad73a504971]::ops::function::FnOnce<()>>::call_once
[INFO] [stdout]   13:     0x56318aaf9ceb - test[aada8e7e76ba119b]::__rust_begin_short_backtrace::<core[a373ad73a504971]::result::Result<(), alloc[2e1b2a31b91974c5]::string::String>, fn() -> core[a373ad73a504971]::result::Result<(), alloc[2e1b2a31b91974c5]::string::String>>
[INFO] [stdout]   14:     0x56318ab06ec5 - test[aada8e7e76ba119b]::run_test::{closure#0}
[INFO] [stdout]   15:     0x56318ab007b4 - std[617be2ca0a6fd877]::sys::backtrace::__rust_begin_short_backtrace::<test[aada8e7e76ba119b]::run_test::{closure#1}, ()>
[INFO] [stdout]   16:     0x56318ab09f52 - <std[617be2ca0a6fd877]::thread::lifecycle::spawn_unchecked<test[aada8e7e76ba119b]::run_test::{closure#1}, ()>::{closure#1} as core[a373ad73a504971]::ops::function::FnOnce<()>>::call_once::{shim:vtable#0}
[INFO] [stdout]   17:     0x56318ab8ba4f - <std[617be2ca0a6fd877]::sys::thread::unix::Thread>::new::thread_start
[INFO] [stdout]   18:     0x7abd5d584dfa - <unknown>
[INFO] [stdout]   19:     0x7abd5d6183d4 - clone
[INFO] [stdout]   20:                0x0 - <unknown>
[INFO] [stdout] 
[INFO] [stdout] ---- tests::mismatched_type stdout ----
[INFO] [stdout] 
[INFO] [stdout] thread 'tests::mismatched_type' (400) panicked at src/lib.rs:468:9:
[INFO] [stdout] assertion failed: matches!(result, Error::DataParseError(_))
[INFO] [stdout] stack backtrace:
[INFO] [stdout]    0:     0x56318ab8c551 - <<std[617be2ca0a6fd877]::sys::backtrace::BacktraceLock>::print::DisplayBacktrace as core[a373ad73a504971]::fmt::Display>::fmt
[INFO] [stdout]    1:     0x56318aba17aa - core[a373ad73a504971]::fmt::write
[INFO] [stdout]    2:     0x56318ab9081c - <alloc[2e1b2a31b91974c5]::vec::Vec<u8> as core[a373ad73a504971]::io::write::Write>::write_fmt
[INFO] [stdout]    3:     0x56318ab682a6 - std[617be2ca0a6fd877]::panicking::default_hook::{closure#0}
[INFO] [stdout]    4:     0x56318ab84889 - std[617be2ca0a6fd877]::panicking::default_hook
[INFO] [stdout]    5:     0x56318ab068a0 - test[aada8e7e76ba119b]::test_main_inner::{closure#0}
[INFO] [stdout]    6:     0x56318ab84a42 - std[617be2ca0a6fd877]::panicking::panic_with_hook
[INFO] [stdout]    7:     0x56318ab68384 - std[617be2ca0a6fd877]::panicking::panic_handler::{closure#0}
[INFO] [stdout]    8:     0x56318ab60ea9 - std[617be2ca0a6fd877]::sys::backtrace::__rust_end_short_backtrace::<std[617be2ca0a6fd877]::panicking::panic_handler::{closure#0}, !>
[INFO] [stdout]    9:     0x56318ab68f5d - __rustc[ea4f61d10b84890b]::rust_begin_unwind
[INFO] [stdout]   10:     0x56318aba1edc - core[a373ad73a504971]::panicking::panic_fmt
[INFO] [stdout]   11:     0x56318aba1ea2 - core[a373ad73a504971]::panicking::panic
[INFO] [stdout]   12:     0x56318aaea3a3 - <yaml_datastore[80d82412ee35b22c]::tests::mismatched_type::{closure#0} as core[a373ad73a504971]::ops::function::FnOnce<()>>::call_once
[INFO] [stdout]   13:     0x56318aaf9ceb - test[aada8e7e76ba119b]::__rust_begin_short_backtrace::<core[a373ad73a504971]::result::Result<(), alloc[2e1b2a31b91974c5]::string::String>, fn() -> core[a373ad73a504971]::result::Result<(), alloc[2e1b2a31b91974c5]::string::String>>
[INFO] [stdout]   14:     0x56318ab06ec5 - test[aada8e7e76ba119b]::run_test::{closure#0}
[INFO] [stdout]   15:     0x56318ab007b4 - std[617be2ca0a6fd877]::sys::backtrace::__rust_begin_short_backtrace::<test[aada8e7e76ba119b]::run_test::{closure#1}, ()>
[INFO] [stdout]   16:     0x56318ab09f52 - <std[617be2ca0a6fd877]::thread::lifecycle::spawn_unchecked<test[aada8e7e76ba119b]::run_test::{closure#1}, ()>::{closure#1} as core[a373ad73a504971]::ops::function::FnOnce<()>>::call_once::{shim:vtable#0}
[INFO] [stdout]   17:     0x56318ab8ba4f - <std[617be2ca0a6fd877]::sys::thread::unix::Thread>::new::thread_start
[INFO] [stdout]   18:     0x7abd5d584dfa - <unknown>
[INFO] [stdout]   19:     0x7abd5d6183d4 - clone
[INFO] [stdout]   20:                0x0 - <unknown>
[INFO] [stdout] 
[INFO] [stdout] ---- tests::single_bool_key_not_found stdout ----
[INFO] [stdout] 
[INFO] [stdout] thread 'tests::single_bool_key_not_found' (402) panicked at src/lib.rs:441:9:
[INFO] [stdout] assertion failed: matches!(result, Error::KeyNotFound)
[INFO] [stdout] stack backtrace:
[INFO] [stdout]    0:     0x56318ab8c551 - <<std[617be2ca0a6fd877]::sys::backtrace::BacktraceLock>::print::DisplayBacktrace as core[a373ad73a504971]::fmt::Display>::fmt
[INFO] [stdout]    1:     0x56318aba17aa - core[a373ad73a504971]::fmt::write
[INFO] [stdout]    2:     0x56318ab9081c - <alloc[2e1b2a31b91974c5]::vec::Vec<u8> as core[a373ad73a504971]::io::write::Write>::write_fmt
[INFO] [stdout]    3:     0x56318ab682a6 - std[617be2ca0a6fd877]::panicking::default_hook::{closure#0}
[INFO] [stdout]    4:     0x56318ab84889 - std[617be2ca0a6fd877]::panicking::default_hook
[INFO] [stdout]    5:     0x56318ab068a0 - test[aada8e7e76ba119b]::test_main_inner::{closure#0}
[INFO] [stdout]    6:     0x56318ab84a42 - std[617be2ca0a6fd877]::panicking::panic_with_hook
[INFO] [stdout]    7:     0x56318ab68384 - std[617be2ca0a6fd877]::panicking::panic_handler::{closure#0}
[INFO] [stdout]    8:     0x56318ab60ea9 - std[617be2ca0a6fd877]::sys::backtrace::__rust_end_short_backtrace::<std[617be2ca0a6fd877]::panicking::panic_handler::{closure#0}, !>
[INFO] [stdout]    9:     0x56318ab68f5d - __rustc[ea4f61d10b84890b]::rust_begin_unwind
[INFO] [stdout]   10:     0x56318aba1edc - core[a373ad73a504971]::panicking::panic_fmt
[INFO] [stdout]   11:     0x56318aba1ea2 - core[a373ad73a504971]::panicking::panic
[INFO] [stdout]   12:     0x56318aaeafb2 - <yaml_datastore[80d82412ee35b22c]::tests::single_bool_key_not_found::{closure#0} as core[a373ad73a504971]::ops::function::FnOnce<()>>::call_once
[INFO] [stdout]   13:     0x56318aaf9ceb - test[aada8e7e76ba119b]::__rust_begin_short_backtrace::<core[a373ad73a504971]::result::Result<(), alloc[2e1b2a31b91974c5]::string::String>, fn() -> core[a373ad73a504971]::result::Result<(), alloc[2e1b2a31b91974c5]::string::String>>
[INFO] [stdout]   14:     0x56318ab06ec5 - test[aada8e7e76ba119b]::run_test::{closure#0}
[INFO] [stdout]   15:     0x56318ab007b4 - std[617be2ca0a6fd877]::sys::backtrace::__rust_begin_short_backtrace::<test[aada8e7e76ba119b]::run_test::{closure#1}, ()>
[INFO] [stdout]   16:     0x56318ab09f52 - <std[617be2ca0a6fd877]::thread::lifecycle::spawn_unchecked<test[aada8e7e76ba119b]::run_test::{closure#1}, ()>::{closure#1} as core[a373ad73a504971]::ops::function::FnOnce<()>>::call_once::{shim:vtable#0}
[INFO] [stdout]   17:     0x56318ab8ba4f - <std[617be2ca0a6fd877]::sys::thread::unix::Thread>::new::thread_start
[INFO] [stdout]   18:     0x7abd5d584dfa - <unknown>
[INFO] [stdout]   19:     0x7abd5d6183d4 - clone
[INFO] [stdout]   20:                0x0 - <unknown>
[INFO] [stdout] 
[INFO] [stdout] ---- tests::test_keypath_complete stdout ----
[INFO] [stdout] 
[INFO] [stdout] thread 'tests::test_keypath_complete' (404) panicked at src/lib.rs:383:60:
[INFO] [stdout] called `Result::unwrap()` on an `Err` value: KeyNotFound
[INFO] [stdout] stack backtrace:
[INFO] [stdout]    0:     0x56318ab8c551 - <<std[617be2ca0a6fd877]::sys::backtrace::BacktraceLock>::print::DisplayBacktrace as core[a373ad73a504971]::fmt::Display>::fmt
[INFO] [stdout]    1:     0x56318aba17aa - core[a373ad73a504971]::fmt::write
[INFO] [stdout]    2:     0x56318ab9081c - <alloc[2e1b2a31b91974c5]::vec::Vec<u8> as core[a373ad73a504971]::io::write::Write>::write_fmt
[INFO] [stdout]    3:     0x56318ab682a6 - std[617be2ca0a6fd877]::panicking::default_hook::{closure#0}
[INFO] [stdout]    4:     0x56318ab84889 - std[617be2ca0a6fd877]::panicking::default_hook
[INFO] [stdout]    5:     0x56318ab068a0 - test[aada8e7e76ba119b]::test_main_inner::{closure#0}
[INFO] [stdout]    6:     0x56318ab84a42 - std[617be2ca0a6fd877]::panicking::panic_with_hook
[INFO] [stdout]    7:     0x56318ab68352 - std[617be2ca0a6fd877]::panicking::panic_handler::{closure#0}
[INFO] [stdout]    8:     0x56318ab60ea9 - std[617be2ca0a6fd877]::sys::backtrace::__rust_end_short_backtrace::<std[617be2ca0a6fd877]::panicking::panic_handler::{closure#0}, !>
[INFO] [stdout]    9:     0x56318ab68f5d - __rustc[ea4f61d10b84890b]::rust_begin_unwind
[INFO] [stdout]   10:     0x56318aba1edc - core[a373ad73a504971]::panicking::panic_fmt
[INFO] [stdout]   11:     0x56318aba1cb2 - core[a373ad73a504971]::result::unwrap_failed
[INFO] [stdout]   12:     0x56318aaead5c - <yaml_datastore[80d82412ee35b22c]::tests::test_keypath_complete::{closure#0} as core[a373ad73a504971]::ops::function::FnOnce<()>>::call_once
[INFO] [stdout]   13:     0x56318aaf9ceb - test[aada8e7e76ba119b]::__rust_begin_short_backtrace::<core[a373ad73a504971]::result::Result<(), alloc[2e1b2a31b91974c5]::string::String>, fn() -> core[a373ad73a504971]::result::Result<(), alloc[2e1b2a31b91974c5]::string::String>>
[INFO] [stdout]   14:     0x56318ab06ec5 - test[aada8e7e76ba119b]::run_test::{closure#0}
[INFO] [stdout]   15:     0x56318ab007b4 - std[617be2ca0a6fd877]::sys::backtrace::__rust_begin_short_backtrace::<test[aada8e7e76ba119b]::run_test::{closure#1}, ()>
[INFO] [stdout]   16:     0x56318ab09f52 - <std[617be2ca0a6fd877]::thread::lifecycle::spawn_unchecked<test[aada8e7e76ba119b]::run_test::{closure#1}, ()>::{closure#1} as core[a373ad73a504971]::ops::function::FnOnce<()>>::call_once::{shim:vtable#0}
[INFO] [stdout]   17:     0x56318ab8ba4f - <std[617be2ca0a6fd877]::sys::thread::unix::Thread>::new::thread_start
[INFO] [stdout]   18:     0x7abd5d584dfa - <unknown>
[INFO] [stdout]   19:     0x7abd5d6183d4 - clone
[INFO] [stdout]   20:                0x0 - <unknown>
[INFO] [stdout] 
[INFO] [stdout] ---- tests::test_parse_error stdout ----
[INFO] [stdout] 
[INFO] [stdout] thread 'tests::test_parse_error' (408) panicked at src/lib.rs:459:9:
[INFO] [stdout] assertion failed: matches!(parsed, Error::DataParseError(_))
[INFO] [stdout] stack backtrace:
[INFO] [stdout]    0:     0x56318ab8c551 - <<std[617be2ca0a6fd877]::sys::backtrace::BacktraceLock>::print::DisplayBacktrace as core[a373ad73a504971]::fmt::Display>::fmt
[INFO] [stdout]    1:     0x56318aba17aa - core[a373ad73a504971]::fmt::write
[INFO] [stdout]    2:     0x56318ab9081c - <alloc[2e1b2a31b91974c5]::vec::Vec<u8> as core[a373ad73a504971]::io::write::Write>::write_fmt
[INFO] [stdout]    3:     0x56318ab682a6 - std[617be2ca0a6fd877]::panicking::default_hook::{closure#0}
[INFO] [stdout]    4:     0x56318ab84889 - std[617be2ca0a6fd877]::panicking::default_hook
[INFO] [stdout]    5:     0x56318ab068a0 - test[aada8e7e76ba119b]::test_main_inner::{closure#0}
[INFO] [stdout]    6:     0x56318ab84a42 - std[617be2ca0a6fd877]::panicking::panic_with_hook
[INFO] [stdout]    7:     0x56318ab68384 - std[617be2ca0a6fd877]::panicking::panic_handler::{closure#0}
[INFO] [stdout]    8:     0x56318ab60ea9 - std[617be2ca0a6fd877]::sys::backtrace::__rust_end_short_backtrace::<std[617be2ca0a6fd877]::panicking::panic_handler::{closure#0}, !>
[INFO] [stdout]    9:     0x56318ab68f5d - __rustc[ea4f61d10b84890b]::rust_begin_unwind
[INFO] [stdout]   10:     0x56318aba1edc - core[a373ad73a504971]::panicking::panic_fmt
[INFO] [stdout]   11:     0x56318aba1ea2 - core[a373ad73a504971]::panicking::panic
[INFO] [stdout]   12:     0x56318aaea541 - <yaml_datastore[80d82412ee35b22c]::tests::test_parse_error::{closure#0} as core[a373ad73a504971]::ops::function::FnOnce<()>>::call_once
[INFO] [stdout]   13:     0x56318aaf9ceb - test[aada8e7e76ba119b]::__rust_begin_short_backtrace::<core[a373ad73a504971]::result::Result<(), alloc[2e1b2a31b91974c5]::string::String>, fn() -> core[a373ad73a504971]::result::Result<(), alloc[2e1b2a31b91974c5]::string::String>>
[INFO] [stdout]   14:     0x56318ab06ec5 - test[aada8e7e76ba119b]::run_test::{closure#0}
[INFO] [stdout]   15:     0x56318ab007b4 - std[617be2ca0a6fd877]::sys::backtrace::__rust_begin_short_backtrace::<test[aada8e7e76ba119b]::run_test::{closure#1}, ()>
[INFO] [stdout]   16:     0x56318ab09f52 - <std[617be2ca0a6fd877]::thread::lifecycle::spawn_unchecked<test[aada8e7e76ba119b]::run_test::{closure#1}, ()>::{closure#1} as core[a373ad73a504971]::ops::function::FnOnce<()>>::call_once::{shim:vtable#0}
[INFO] [stdout]   17:     0x56318ab8ba4f - <std[617be2ca0a6fd877]::sys::thread::unix::Thread>::new::thread_start
[INFO] [stdout]   18:     0x7abd5d584dfa - <unknown>
[INFO] [stdout]   19:     0x7abd5d6183d4 - clone
[INFO] [stdout]   20:                0x0 - <unknown>
[INFO] [stdout] 
[INFO] [stdout] ---- tests::test_no_tags stdout ----
[INFO] [stdout] 
[INFO] [stdout] thread 'tests::test_no_tags' (407) panicked at src/lib.rs:415:74:
[INFO] [stdout] called `Result::unwrap()` on an `Err` value: IOError(Os { code: 2, kind: NotFound, message: "No such file or directory" })
[INFO] [stdout] stack backtrace:
[INFO] [stdout]    0:     0x56318ab8c551 - <<std[617be2ca0a6fd877]::sys::backtrace::BacktraceLock>::print::DisplayBacktrace as core[a373ad73a504971]::fmt::Display>::fmt
[INFO] [stdout]    1:     0x56318aba17aa - core[a373ad73a504971]::fmt::write
[INFO] [stdout]    2:     0x56318ab9081c - <alloc[2e1b2a31b91974c5]::vec::Vec<u8> as core[a373ad73a504971]::io::write::Write>::write_fmt
[INFO] [stdout]    3:     0x56318ab682a6 - std[617be2ca0a6fd877]::panicking::default_hook::{closure#0}
[INFO] [stdout]    4:     0x56318ab84889 - std[617be2ca0a6fd877]::panicking::default_hook
[INFO] [stdout]    5:     0x56318ab068a0 - test[aada8e7e76ba119b]::test_main_inner::{closure#0}
[INFO] [stdout]    6:     0x56318ab84a42 - std[617be2ca0a6fd877]::panicking::panic_with_hook
[INFO] [stdout]    7:     0x56318ab68352 - std[617be2ca0a6fd877]::panicking::panic_handler::{closure#0}
[INFO] [stdout]    8:     0x56318ab60ea9 - std[617be2ca0a6fd877]::sys::backtrace::__rust_end_short_backtrace::<std[617be2ca0a6fd877]::panicking::panic_handler::{closure#0}, !>
[INFO] [stdout]    9:     0x56318ab68f5d - __rustc[ea4f61d10b84890b]::rust_begin_unwind
[INFO] [stdout]   10:     0x56318aba1edc - core[a373ad73a504971]::panicking::panic_fmt
[INFO] [stdout]   11:     0x56318aba1cb2 - core[a373ad73a504971]::result::unwrap_failed
[INFO] [stdout]   12:     0x56318aae9ab1 - <yaml_datastore[80d82412ee35b22c]::tests::test_no_tags::{closure#0} as core[a373ad73a504971]::ops::function::FnOnce<()>>::call_once
[INFO] [stdout]   13:     0x56318aaf9ceb - test[aada8e7e76ba119b]::__rust_begin_short_backtrace::<core[a373ad73a504971]::result::Result<(), alloc[2e1b2a31b91974c5]::string::String>, fn() -> core[a373ad73a504971]::result::Result<(), alloc[2e1b2a31b91974c5]::string::String>>
[INFO] [stdout]   14:     0x56318ab06ec5 - test[aada8e7e76ba119b]::run_test::{closure#0}
[INFO] [stdout]   15:     0x56318ab007b4 - std[617be2ca0a6fd877]::sys::backtrace::__rust_begin_short_backtrace::<test[aada8e7e76ba119b]::run_test::{closure#1}, ()>
[INFO] [stdout]   16:     0x56318ab09f52 - <std[617be2ca0a6fd877]::thread::lifecycle::spawn_unchecked<test[aada8e7e76ba119b]::run_test::{closure#1}, ()>::{closure#1} as core[a373ad73a504971]::ops::function::FnOnce<()>>::call_once::{shim:vtable#0}
[INFO] [stdout]   17:     0x56318ab8ba4f - <std[617be2ca0a6fd877]::sys::thread::unix::Thread>::new::thread_start
[INFO] [stdout]   18:     0x7abd5d584dfa - <unknown>
[INFO] [stdout]   19:     0x7abd5d6183d4 - clone
[INFO] [stdout]   20:                0x0 - <unknown>
[INFO] [stdout] 
[INFO] [stdout] ---- tests::test_with_single_bool_key stdout ----
[INFO] [stdout] 
[INFO] [stdout] thread 'tests::test_with_single_bool_key' (409) panicked at src/lib.rs:422:80:
[INFO] [stdout] called `Result::unwrap()` on an `Err` value: IOError(Os { code: 2, kind: NotFound, message: "No such file or directory" })
[INFO] [stdout] stack backtrace:
[INFO] [stdout]    0:     0x56318ab8c551 - <<std[617be2ca0a6fd877]::sys::backtrace::BacktraceLock>::print::DisplayBacktrace as core[a373ad73a504971]::fmt::Display>::fmt
[INFO] [stdout]    1:     0x56318aba17aa - core[a373ad73a504971]::fmt::write
[INFO] [stdout]    2:     0x56318ab9081c - <alloc[2e1b2a31b91974c5]::vec::Vec<u8> as core[a373ad73a504971]::io::write::Write>::write_fmt
[INFO] [stdout]    3:     0x56318ab682a6 - std[617be2ca0a6fd877]::panicking::default_hook::{closure#0}
[INFO] [stdout]    4:     0x56318ab84889 - std[617be2ca0a6fd877]::panicking::default_hook
[INFO] [stdout]    5:     0x56318ab068a0 - test[aada8e7e76ba119b]::test_main_inner::{closure#0}
[INFO] [stdout]    6:     0x56318ab84a42 - std[617be2ca0a6fd877]::panicking::panic_with_hook
[INFO] [stdout]    7:     0x56318ab68352 - std[617be2ca0a6fd877]::panicking::panic_handler::{closure#0}
[INFO] [stdout]    8:     0x56318ab60ea9 - std[617be2ca0a6fd877]::sys::backtrace::__rust_end_short_backtrace::<std[617be2ca0a6fd877]::panicking::panic_handler::{closure#0}, !>
[INFO] [stdout]    9:     0x56318ab68f5d - __rustc[ea4f61d10b84890b]::rust_begin_unwind
[INFO] [stdout]   10:     0x56318aba1edc - core[a373ad73a504971]::panicking::panic_fmt
[INFO] [stdout]   11:     0x56318aba1cb2 - core[a373ad73a504971]::result::unwrap_failed
[INFO] [stdout]   12:     0x56318aaeb0e8 - <yaml_datastore[80d82412ee35b22c]::tests::test_with_single_bool_key::{closure#0} as core[a373ad73a504971]::ops::function::FnOnce<()>>::call_once
[INFO] [stdout]   13:     0x56318aaf9ceb - test[aada8e7e76ba119b]::__rust_begin_short_backtrace::<core[a373ad73a504971]::result::Result<(), alloc[2e1b2a31b91974c5]::string::String>, fn() -> core[a373ad73a504971]::result::Result<(), alloc[2e1b2a31b91974c5]::string::String>>
[INFO] [stdout]   14:     0x56318ab06ec5 - test[aada8e7e76ba119b]::run_test::{closure#0}
[INFO] [stdout]   15:     0x56318ab007b4 - std[617be2ca0a6fd877]::sys::backtrace::__rust_begin_short_backtrace::<test[aada8e7e76ba119b]::run_test::{closure#1}, ()>
[INFO] [stdout]   16:     0x56318ab09f52 - <std[617be2ca0a6fd877]::thread::lifecycle::spawn_unchecked<test[aada8e7e76ba119b]::run_test::{closure#1}, ()>::{closure#1} as core[a373ad73a504971]::ops::function::FnOnce<()>>::call_once::{shim:vtable#0}
[INFO] [stdout]   17:     0x56318ab8ba4f - <std[617be2ca0a6fd877]::sys::thread::unix::Thread>::new::thread_start
[INFO] [stdout]   18:     0x7abd5d584dfa - <unknown>
[INFO] [stdout]   19:     0x7abd5d6183d4 - clone
[INFO] [stdout]   20:                0x0 - <unknown>
[INFO] [stdout] 
[INFO] [stdout] 
[INFO] [stdout] failures:
[INFO] [stdout]     tests::duplicate_key
[INFO] [stdout]     tests::mismatched_type
[INFO] [stdout]     tests::nested_bool
[INFO] [stdout]     tests::single_bool_key_not_found
[INFO] [stdout]     tests::test_complete
[INFO] [stdout]     tests::test_keypath_complete
[INFO] [stdout]     tests::test_keypath_nested
[INFO] [stdout]     tests::test_no_tags
[INFO] [stdout]     tests::test_parse_error
[INFO] [stdout]     tests::test_with_single_bool_key
[INFO] [stdout] 
[INFO] [stdout] test result: FAILED. 17 passed; 10 failed; 0 ignored; 0 measured; 0 filtered out; finished in 0.01s
[INFO] [stdout] 
[INFO] running `Command { std: "docker" "inspect" "6cf17c5e0b08728de8e94f27a471420299bf05fa55e288dcd0338f97934b8305", kill_on_drop: false }`
[INFO] running `Command { std: "docker" "rm" "-f" "6cf17c5e0b08728de8e94f27a471420299bf05fa55e288dcd0338f97934b8305", kill_on_drop: false }`
[INFO] [stdout] 6cf17c5e0b08728de8e94f27a471420299bf05fa55e288dcd0338f97934b8305
