[INFO] fetching crate yaiba-core 0.29.0...
[INFO] testing yaiba-core-0.29.0 against 1.100.0-beta.1+cargoflags=--release for beta-release-1.100-2
[INFO] extracting crate yaiba-core 0.29.0 into /workspace/builds/worker-1-tc2/source
[INFO] started tweaking crates.io crate yaiba-core 0.29.0
[INFO] removed 0 missing tests
[INFO] finished tweaking crates.io crate yaiba-core 0.29.0
[INFO] tweaked toml for crates.io crate yaiba-core 0.29.0 written to /workspace/builds/worker-1-tc2/source/Cargo.toml
[INFO] validating manifest of crates.io crate yaiba-core 0.29.0 on toolchain 1.100.0-beta.1
[INFO] running `Command { std: CARGO_HOME="/workspace/cargo-home" RUSTUP_HOME="/workspace/rustup-home" "/workspace/cargo-home/bin/cargo" "+1.100.0-beta.1" "metadata" "--manifest-path" "Cargo.toml" "--no-deps", kill_on_drop: false }`
[INFO] crate crates.io crate yaiba-core 0.29.0 already has a lockfile, it will not be regenerated
[INFO] running `Command { std: CARGO_HOME="/workspace/cargo-home" RUSTUP_HOME="/workspace/rustup-home" "/workspace/cargo-home/bin/cargo" "+1.100.0-beta.1" "fetch" "--manifest-path" "Cargo.toml", kill_on_drop: false }`
[INFO] [stderr] warning: `package.homepage` is redundant with `package.repository`
[INFO] [stderr]   --> Cargo.toml:44:12
[INFO] [stderr]    |
[INFO] [stderr] 44 | homepage = "https://github.com/yukimemi/yaiba"
[INFO] [stderr]    |            ^^^^^^^^^^^^^^^^^^^^^^^^^^^^^^^^^^^
[INFO] [stderr] ...
[INFO] [stderr] 49 | repository = "https://github.com/yukimemi/yaiba"
[INFO] [stderr]    |              -----------------------------------
[INFO] [stderr]    |
[INFO] [stderr]    = note: `cargo::redundant_homepage` is set to `warn` by default
[INFO] [stderr] help: consider removing `package.homepage`
[INFO] [stderr] warning: `yaiba-core` (manifest) generated 1 warning
[INFO] running `Command { std: "docker" "create" "-v" "/var/lib/crater-agent-workspace/builds/worker-1-tc2/source:/opt/rustwide/workdir:ro,Z" "-v" "/var/lib/crater-agent-workspace/builds/worker-1-tc2/target:/opt/rustwide/target:rw,Z" "-v" "/var/lib/crater-agent-workspace/cargo-home:/opt/rustwide/cargo-home:ro,Z" "-v" "/var/lib/crater-agent-workspace/rustup-home:/opt/rustwide/rustup-home:ro,Z" "-m" "1610612736" "--network" "none" "ghcr.io/rust-lang/crates-build-env/linux@sha256:77db811e55d90add9212f6832c23229e3de5f1c1f9905e8cb07319ea15df73ac" "sleep" "infinity", kill_on_drop: false }`
[INFO] [stdout] d6b5ac2b1b7d9cb0f49ec9e69b38a1005819f015dbb3ac0725e57a9876bb8a77
[INFO] running `Command { std: "docker" "start" "d6b5ac2b1b7d9cb0f49ec9e69b38a1005819f015dbb3ac0725e57a9876bb8a77", kill_on_drop: false }`
[INFO] running `Command { std: "docker" "inspect" "d6b5ac2b1b7d9cb0f49ec9e69b38a1005819f015dbb3ac0725e57a9876bb8a77", kill_on_drop: false }`
[INFO] running `Command { std: "docker" "exec" "-e" "SOURCE_DIR=/opt/rustwide/workdir" "-e" "CARGO_HOME=/opt/rustwide/cargo-home" "-e" "RUSTUP_HOME=/opt/rustwide/rustup-home" "-e" "CARGO_TARGET_DIR=/opt/rustwide/target" "-w" "/opt/rustwide/workdir" "--user" "0:0" "d6b5ac2b1b7d9cb0f49ec9e69b38a1005819f015dbb3ac0725e57a9876bb8a77" "/opt/rustwide/cargo-home/bin/cargo" "+1.100.0-beta.1" "metadata" "--no-deps" "--format-version=1", kill_on_drop: false }`
[INFO] running `Command { std: "docker" "inspect" "d6b5ac2b1b7d9cb0f49ec9e69b38a1005819f015dbb3ac0725e57a9876bb8a77", kill_on_drop: false }`
[INFO] running `Command { std: "docker" "exec" "-e" "SOURCE_DIR=/opt/rustwide/workdir" "-e" "CARGO_HOME=/opt/rustwide/cargo-home" "-e" "RUSTUP_HOME=/opt/rustwide/rustup-home" "-e" "CARGO_TARGET_DIR=/opt/rustwide/target" "-e" "CARGO_INCREMENTAL=0" "-e" "RUST_BACKTRACE=full" "-e" "RUSTFLAGS=--cap-lints=warn" "-e" "RUSTDOCFLAGS=--cap-lints=warn" "-w" "/opt/rustwide/workdir" "--user" "0:0" "d6b5ac2b1b7d9cb0f49ec9e69b38a1005819f015dbb3ac0725e57a9876bb8a77" "/opt/rustwide/cargo-home/bin/cargo" "+1.100.0-beta.1" "build" "--frozen" "--message-format=json" "--release", kill_on_drop: false }`
[INFO] [stderr] warning: `package.homepage` is redundant with `package.repository`
[INFO] [stderr]   --> Cargo.toml:44:12
[INFO] [stderr]    |
[INFO] [stderr] 44 | homepage = "https://github.com/yukimemi/yaiba"
[INFO] [stderr]    |            ^^^^^^^^^^^^^^^^^^^^^^^^^^^^^^^^^^^
[INFO] [stderr] ...
[INFO] [stderr] 49 | repository = "https://github.com/yukimemi/yaiba"
[INFO] [stderr]    |              -----------------------------------
[INFO] [stderr]    |
[INFO] [stderr]    = note: `cargo::redundant_homepage` is set to `warn` by default
[INFO] [stderr] help: consider removing `package.homepage`
[INFO] [stderr] warning: `yaiba-core` (manifest) generated 1 warning
[INFO] [stderr]    Compiling libc v0.2.189
[INFO] [stderr]    Compiling thiserror v2.0.20
[INFO] [stderr]    Compiling hashbrown v0.17.1
[INFO] [stderr]    Compiling bitflags v2.13.2
[INFO] [stderr]    Compiling fallible-streaming-iterator v0.1.9
[INFO] [stderr]    Compiling libsqlite3-sys v0.38.2
[INFO] [stderr]    Compiling fallible-iterator v0.3.0
[INFO] [stderr]    Compiling syn v3.0.5
[INFO] [stderr]    Compiling serde_json v1.0.151
[INFO] [stderr]    Compiling hashlink v0.12.2
[INFO] [stderr]    Compiling getrandom v0.4.3
[INFO] [stderr]    Compiling uuid v1.26.1
[INFO] [stderr]    Compiling serde_derive v1.0.229
[INFO] [stderr]    Compiling thiserror-impl v2.0.20
[INFO] [stderr]    Compiling serde v1.0.229
[INFO] [stderr]    Compiling chrono v0.4.45
[INFO] [stderr]    Compiling rusqlite v0.40.2
[INFO] [stderr]    Compiling yaiba-core v0.29.0 (/opt/rustwide/workdir)
[INFO] [stderr]     Finished `release` profile [optimized] target(s) in 1m 25s
[INFO] running `Command { std: "docker" "inspect" "d6b5ac2b1b7d9cb0f49ec9e69b38a1005819f015dbb3ac0725e57a9876bb8a77", kill_on_drop: false }`
[INFO] running `Command { std: "docker" "exec" "-e" "SOURCE_DIR=/opt/rustwide/workdir" "-e" "CARGO_HOME=/opt/rustwide/cargo-home" "-e" "RUSTUP_HOME=/opt/rustwide/rustup-home" "-e" "CARGO_TARGET_DIR=/opt/rustwide/target" "-e" "CARGO_INCREMENTAL=0" "-e" "RUST_BACKTRACE=full" "-e" "RUSTFLAGS=--cap-lints=warn" "-e" "RUSTDOCFLAGS=--cap-lints=warn" "-w" "/opt/rustwide/workdir" "--user" "0:0" "d6b5ac2b1b7d9cb0f49ec9e69b38a1005819f015dbb3ac0725e57a9876bb8a77" "/opt/rustwide/cargo-home/bin/cargo" "+1.100.0-beta.1" "test" "--frozen" "--no-run" "--message-format=json" "--release", kill_on_drop: false }`
[INFO] [stderr] warning: `package.homepage` is redundant with `package.repository`
[INFO] [stderr]   --> Cargo.toml:44:12
[INFO] [stderr]    |
[INFO] [stderr] 44 | homepage = "https://github.com/yukimemi/yaiba"
[INFO] [stderr]    |            ^^^^^^^^^^^^^^^^^^^^^^^^^^^^^^^^^^^
[INFO] [stderr] ...
[INFO] [stderr] 49 | repository = "https://github.com/yukimemi/yaiba"
[INFO] [stderr]    |              -----------------------------------
[INFO] [stderr]    |
[INFO] [stderr]    = note: `cargo::redundant_homepage` is set to `warn` by default
[INFO] [stderr] help: consider removing `package.homepage`
[INFO] [stderr] warning: `yaiba-core` (manifest) generated 1 warning
[INFO] [stderr]    Compiling serde v1.0.229
[INFO] [stderr]    Compiling uuid v1.26.1
[INFO] [stderr]    Compiling chrono v0.4.45
[INFO] [stderr]    Compiling rusqlite v0.40.2
[INFO] [stderr]    Compiling yaiba-core v0.29.0 (/opt/rustwide/workdir)
[INFO] [stderr]     Finished `release` profile [optimized] target(s) in 13.57s
[INFO] running `Command { std: "docker" "inspect" "d6b5ac2b1b7d9cb0f49ec9e69b38a1005819f015dbb3ac0725e57a9876bb8a77", kill_on_drop: false }`
[INFO] running `Command { std: "docker" "exec" "-e" "SOURCE_DIR=/opt/rustwide/workdir" "-e" "CARGO_HOME=/opt/rustwide/cargo-home" "-e" "RUSTUP_HOME=/opt/rustwide/rustup-home" "-e" "CARGO_TARGET_DIR=/opt/rustwide/target" "-e" "CARGO_INCREMENTAL=0" "-e" "RUST_BACKTRACE=full" "-e" "RUSTFLAGS=--cap-lints=warn" "-e" "RUSTDOCFLAGS=--cap-lints=warn" "-w" "/opt/rustwide/workdir" "--user" "0:0" "d6b5ac2b1b7d9cb0f49ec9e69b38a1005819f015dbb3ac0725e57a9876bb8a77" "/opt/rustwide/cargo-home/bin/cargo" "+1.100.0-beta.1" "test" "--frozen" "--release", kill_on_drop: false }`
[INFO] [stderr] warning: `package.homepage` is redundant with `package.repository`
[INFO] [stderr]   --> Cargo.toml:44:12
[INFO] [stderr]    |
[INFO] [stderr] 44 | homepage = "https://github.com/yukimemi/yaiba"
[INFO] [stderr]    |            ^^^^^^^^^^^^^^^^^^^^^^^^^^^^^^^^^^^
[INFO] [stderr] ...
[INFO] [stderr] 49 | repository = "https://github.com/yukimemi/yaiba"
[INFO] [stderr]    |              -----------------------------------
[INFO] [stderr]    |
[INFO] [stderr]    = note: `cargo::redundant_homepage` is set to `warn` by default
[INFO] [stderr] help: consider removing `package.homepage`
[INFO] [stderr] warning: `yaiba-core` (manifest) generated 1 warning
[INFO] [stderr]     Finished `release` profile [optimized] target(s) in 0.06s
[INFO] [stderr]      Running unittests src/lib.rs (/opt/rustwide/target/release/build/yaiba-core/2bec88b28be38a3e/out/yaiba_core-2bec88b28be38a3e)
[INFO] [stdout] 
[INFO] [stdout] running 132 tests
[INFO] [stdout] test calendar::tests::a_week_can_be_named_or_spelled ... ok
[INFO] [stdout] test calendar::tests::a_week_mask_round_trips_through_its_string ... ok
[INFO] [stdout] test calendar::tests::a_marked_day_beats_the_week_and_the_table ... ok
[INFO] [stdout] test calendar::tests::an_empty_work_week_degrades_to_working_every_day ... ok
[INFO] [stdout] test calendar::tests::a_bundled_table_is_opt_in ... ok
[INFO] [stdout] test calendar::tests::counting_backwards_keeps_the_sign ... ok
[INFO] [stdout] test calendar::tests::marks_alone_are_a_calendar_anywhere ... ok
[INFO] [stdout] test calendar::tests::retreating_steps_back_over_the_same_run ... ok
[INFO] [stdout] test calendar::tests::a_holiday_run_is_stepped_over ... ok
[INFO] [stdout] test calendar::tests::off_days_name_the_holidays_and_leave_the_weekends_out ... ok
[INFO] [stdout] test calendar::tests::a_zero_count_forwards_is_the_same_answer ... ok
[INFO] [stdout] test calendar::tests::advance_and_count_are_inverses ... ok
[INFO] [stdout] test calendar::tests::the_imperial_transition_needed_only_one_date ... ok
[INFO] [stdout] test calendar::tests::the_week_mask_is_monday_first ... ok
[INFO] [stdout] test calendar::tests::a_holiday_on_a_weekend_is_a_name_and_not_a_day ... ok
[INFO] [stdout] test crdt::tests::keys_round_trip ... ok
[INFO] [stdout] test crdt::tests::holiday_fields_round_trip_and_stay_distinct_per_day ... ok
[INFO] [stdout] test crdt::tests::later_write_wins_and_replays_are_no_ops ... ok
[INFO] [stdout] test crdt::tests::diff_returns_only_what_the_remote_is_missing ... ok
[INFO] [stdout] test calendar::tests::the_inverse_holds_backwards_and_from_a_day_off ... ok
[INFO] [stdout] test calendar::tests::the_japanese_table_for_2026 ... ok
[INFO] [stdout] test calendar::tests::the_olympic_years_moved_three_holidays ... ok
[INFO] [stdout] test calendar::tests::a_span_of_five_working_days_skips_the_weekend ... ok
[INFO] [stdout] test calendar::tests::a_pin_on_a_sunday_starts_on_the_monday ... ok
[INFO] [stdout] test graph::tests::a_cycle_degrades_instead_of_hanging ... ok
[INFO] [stdout] test crdt::tests::log_keys_round_trip_and_stay_distinct_per_day ... ok
[INFO] [stdout] test graph::tests::a_done_task_is_never_late ... ok
[INFO] [stdout] test graph::tests::a_chain_of_unpinned_tasks_runs_forward_from_its_creation_day ... ok
[INFO] [stdout] test graph::tests::a_duration_in_working_days_steps_over_the_weekend ... ok
[INFO] [stdout] test crdt::tests::merging_vectors_keeps_the_per_node_maximum ... ok
[INFO] [stdout] test graph::tests::a_dependency_out_of_a_summary_waits_for_its_latest_child ... ok
[INFO] [stdout] test graph::tests::a_dependency_between_two_summaries_orders_the_brackets ... ok
[INFO] [stdout] test graph::tests::a_lag_is_counted_in_working_days_too ... ok
[INFO] [stdout] test graph::tests::a_dependency_onto_a_summary_pushes_every_child ... ok
[INFO] [stdout] test calendar::tests::a_zero_count_answers_about_where_it_started ... ok
[INFO] [stdout] test graph::tests::a_parent_cycle_degrades_to_roots ... ok
[INFO] [stdout] test graph::tests::a_missing_parent_leaves_the_child_at_the_root ... ok
[INFO] [stdout] test crdt::tests::version_vector_tracks_per_node_high_water_marks ... ok
[INFO] [stdout] test graph::tests::a_done_child_counts_as_complete_in_the_roll_up ... ok
[INFO] [stdout] test graph::tests::a_lag_longer_than_a_day_pushes_the_successor_out ... ok
[INFO] [stdout] test graph::tests::a_marked_holiday_pushes_the_finish_out ... ok
[INFO] [stdout] test calendar::tests::absurd_counts_saturate_instead_of_hanging ... ok
[INFO] [stdout] test graph::tests::a_negative_lag_cannot_pull_a_successor_before_its_predecessor ... ok
[INFO] [stdout] test graph::tests::a_pinned_start_may_still_sit_in_the_past ... ok
[INFO] [stdout] test graph::tests::a_new_task_lands_on_the_day_it_was_typed ... ok
[INFO] [stdout] test graph::tests::a_summary_and_something_inside_it_cannot_be_linked ... ok
[INFO] [stdout] test graph::tests::a_summary_spans_its_children ... ok
[INFO] [stdout] test graph::tests::a_predecessor_can_push_a_successor_past_its_creation_day ... ok
[INFO] [stdout] test graph::tests::a_summary_is_blocked_when_anything_inside_it_is ... ok
[INFO] [stdout] test graph::tests::an_unpinned_successor_follows_its_predecessor_into_the_past ... ok
[INFO] [stdout] test graph::tests::a_summary_is_late_when_anything_inside_it_is ... ok
[INFO] [stdout] test graph::tests::a_zero_lag_edge_lets_two_tasks_share_a_date ... ok
[INFO] [stdout] test graph::tests::an_edge_touching_a_summary_marks_its_children_blocked ... ok
[INFO] [stdout] test graph::tests::a_zero_lag_successor_is_still_blocked_until_its_predecessor_is_done ... ok
[INFO] [stdout] test graph::tests::chains_tasks_back_to_back ... ok
[INFO] [stdout] test graph::tests::an_unpinned_task_stays_put_as_the_days_pass ... ok
[INFO] [stdout] test graph::tests::blocked_flag_follows_predecessor_status ... ok
[INFO] [stdout] test graph::tests::a_pinned_start_equal_to_the_predecessors_finish_is_kept_at_zero_lag ... ok
[INFO] [stdout] test graph::tests::an_edge_to_a_missing_task_is_ignored ... ok
[INFO] [stdout] test graph::tests::late_flag_is_an_unfinished_task_whose_end_has_passed ... ok
[INFO] [stdout] test graph::tests::dependencies_still_order_leaves_inside_a_breakdown ... ok
[INFO] [stdout] test graph::tests::overdue_flag_compares_against_the_computed_finish ... ok
[INFO] [stdout] test graph::tests::honours_a_pinned_start_later_than_its_predecessor ... ok
[INFO] [stdout] test graph::tests::an_absurd_lag_saturates_instead_of_panicking ... ok
[INFO] [stdout] test graph::tests::a_pin_on_a_weekend_is_a_floor_not_a_start_date ... ok
[INFO] [stdout] test graph::tests::absurd_numbers_saturate_on_a_working_day_calendar_too ... ok
[INFO] [stdout] test graph::tests::slack_is_measured_against_each_edges_own_lag ... ok
[INFO] [stdout] test graph::tests::the_window_reaches_the_reference_date_even_when_the_plan_is_later ... ok
[INFO] [stdout] test graph::tests::summary_progress_is_weighted_by_duration ... ok
[INFO] [stdout] test graph::tests::slack_marks_the_shorter_branch_non_critical ... ok
[INFO] [stdout] test graph::tests::late_moves_with_the_reference_date ... ok
[INFO] [stdout] test graph::tests::a_zero_lag_edge_onto_a_summary_lets_the_children_start_that_day ... ok
[INFO] [stdout] test graph::tests::levels_nest_and_roll_up_through_grandchildren ... ok
[INFO] [stdout] test graph::tests::slack_is_consumed_across_an_edge_touching_a_summary ... ok
[INFO] [stdout] test graph::tests::empty_project_is_a_single_day_at_today ... ok
[INFO] [stdout] test graph::tests::two_edges_landing_on_the_same_leaf_keep_the_longer_lag ... ok
[INFO] [stdout] test hlc::tests::observing_the_past_does_not_move_the_clock_backwards ... ok
[INFO] [stdout] test hlc::tests::successive_timestamps_strictly_increase ... ok
[INFO] [stdout] test graph::tests::would_cycle_detects_indirect_loops ... ok
[INFO] [stdout] test hlc::tests::zero_sorts_below_any_real_timestamp ... ok
[INFO] [stdout] test graph::tests::would_cycle_expands_before_answering ... ok
[INFO] [stdout] test hlc::tests::node_id_breaks_ties_deterministically ... ok
[INFO] [stdout] test hlc::tests::observing_a_future_peer_pushes_local_writes_above_it ... ok
[INFO] [stdout] test graph::tests::the_reference_date_moves_the_line_and_not_the_plan ... ok
[INFO] [stdout] test graph::tests::the_window_covers_an_unpinned_task_older_than_every_pin ... ok
[INFO] [stdout] test graph::tests::slack_is_counted_in_working_days ... ok
[INFO] [stdout] test store::tests::a_broken_calendar_from_a_peer_degrades_to_the_default ... ok
[INFO] [stdout] test store::tests::a_fresh_store_counts_in_calendar_days ... ok
[INFO] [stdout] test store::tests::an_asof_view_reads_the_current_calendar ... ok
[INFO] [stdout] test store::tests::a_week_of_the_wrong_shape_keeps_monday_to_friday ... ok
[INFO] [stdout] test store::tests::a_task_created_today_appears_in_todays_snapshot ... ok
[INFO] [stdout] test store::tests::a_done_task_logs_100_regardless_of_the_progress_field ... ok
[INFO] [stdout] test store::tests::actual_dates_follow_the_status_transitions ... ok
[INFO] [stdout] test calendar::tests::the_default_counts_every_calendar_day ... ok
[INFO] [stdout] test store::tests::an_assignee_is_stripped_of_its_sigil_but_keeps_its_case ... ok
[INFO] [stdout] test store::tests::an_edge_written_without_a_lag_reads_as_the_historical_spacing ... ok
[INFO] [stdout] test store::tests::clearing_a_mark_writes_a_null_rather_than_dropping_the_row ... ok
[INFO] [stdout] test store::tests::a_dependency_carries_its_lag_and_can_have_it_changed ... ok
[INFO] [stdout] test store::tests::a_backdated_finish_survives_unrelated_patches ... ok
[INFO] [stdout] test store::tests::an_unnamed_holiday_is_still_a_holiday ... ok
[INFO] [stdout] test store::tests::a_delete_is_not_resurrected_by_a_stale_peer ... ok
[INFO] [stdout] test store::tests::an_explicit_actual_date_is_not_overwritten_by_the_transition ... ok
[INFO] [stdout] test store::tests::concurrent_marks_on_different_days_both_stick ... ok
[INFO] [stdout] test store::tests::a_second_sync_with_no_changes_transfers_nothing ... ok
[INFO] [stdout] test store::tests::concurrent_marks_on_the_same_day_resolve_identically ... ok
[INFO] [stdout] test store::tests::duration_is_clamped_to_at_least_one_day ... ok
[INFO] [stdout] test store::tests::creates_and_reads_back_a_task ... ok
[INFO] [stdout] test store::tests::done_at_tracks_the_status_entry ... ok
[INFO] [stdout] test store::tests::deleting_a_task_hides_it_and_its_edges ... ok
[INFO] [stdout] test store::tests::a_lag_survives_a_sync_and_an_old_peers_edge_stays_at_one ... ok
[INFO] [stdout] test store::tests::an_edit_after_a_delete_wins_and_brings_the_task_back ... ok
[INFO] [stdout] test store::tests::concurrent_edits_to_different_fields_both_survive ... ok
[INFO] [stdout] test store::tests::concurrent_assignees_converge_on_one ... ok
[INFO] [stdout] test store::tests::concurrent_edits_to_the_same_field_resolve_identically ... ok
[INFO] [stdout] test store::tests::history_survives_a_sync ... ok
[INFO] [stdout] test store::tests::insert_after_lands_between_its_neighbours ... ok
[INFO] [stdout] test store::tests::patch_leaves_omitted_fields_alone_but_honours_explicit_null ... ok
[INFO] [stdout] test store::tests::concurrent_tag_adds_both_stick ... ok
[INFO] [stdout] test store::tests::progress_changes_are_recorded_once_per_day ... ok
[INFO] [stdout] test store::tests::restoring_a_task_brings_its_assignee_back ... ok
[INFO] [stdout] test store::tests::insert_before_a_middle_row_lands_between_its_neighbours ... ok
[INFO] [stdout] test store::tests::insert_before_lands_above_its_anchor ... ok
[INFO] [stdout] test store::tests::the_calendar_crosses_a_sync ... ok
[INFO] [stdout] test store::tests::put_task_resurrects_a_deleted_task_with_its_edges ... ok
[INFO] [stdout] test store::tests::the_creation_state_is_in_the_history ... ok
[INFO] [stdout] test store::tests::snapshot_at_reports_the_state_of_that_day ... ok
[INFO] [stdout] test store::tests::the_calendar_round_trips_through_the_store ... ok
[INFO] [stdout] test store::tests::rejects_cyclic_and_self_dependencies ... ok
[INFO] [stdout] test store::tests::reorder_rewrites_the_manual_ordering ... ok
[INFO] [stdout] test store::tests::sync_is_idempotent_and_converges_from_either_direction ... ok
[INFO] [stdout] test store::tests::two_replicas_converge_on_disjoint_creates ... ok
[INFO] [stdout] test store::tests::node_id_and_clock_survive_a_reopen ... ok
[INFO] [stdout] 
[INFO] [stdout] test result: ok. 132 passed; 0 failed; 0 ignored; 0 measured; 0 filtered out; finished in 0.10s
[INFO] [stdout] 
[INFO] [stderr]      Running tests/check_versions.rs (/opt/rustwide/target/release/build/yaiba-core/6aad43ccf3a6bea6/out/check_versions-6aad43ccf3a6bea6)
[INFO] [stdout] 
[INFO] [stdout] running 2 tests
[INFO] [stdout] test internal_pins_match_the_workspace_version ... FAILED
[INFO] [stdout] test members_inherit_the_workspace_version ... FAILED
[INFO] [stdout] 
[INFO] [stdout] failures:
[INFO] [stdout] 
[INFO] [stdout] ---- internal_pins_match_the_workspace_version stdout ----
[INFO] [stdout] 
[INFO] [stdout] thread 'internal_pins_match_the_workspace_version' (855) panicked at tests/check_versions.rs:52:60:
[INFO] [stdout] read "/opt/Cargo.toml": No such file or directory (os error 2)
[INFO] [stdout] stack backtrace:
[INFO] [stdout]    0:     0x61b6664eb691 - <<std[617be2ca0a6fd877]::sys::backtrace::BacktraceLock>::print::DisplayBacktrace as core[a373ad73a504971]::fmt::Display>::fmt
[INFO] [stdout]    1:     0x61b666500d4a - core[a373ad73a504971]::fmt::write
[INFO] [stdout]    2:     0x61b6664efb7c - <alloc[2e1b2a31b91974c5]::vec::Vec<u8> as core[a373ad73a504971]::io::write::Write>::write_fmt
[INFO] [stdout]    3:     0x61b6664c7126 - std[617be2ca0a6fd877]::panicking::default_hook::{closure#0}
[INFO] [stdout]    4:     0x61b6664e37b9 - std[617be2ca0a6fd877]::panicking::default_hook
[INFO] [stdout]    5:     0x61b66645f2d0 - test[aada8e7e76ba119b]::test_main_inner::{closure#0}
[INFO] [stdout]    6:     0x61b6664e3972 - std[617be2ca0a6fd877]::panicking::panic_with_hook
[INFO] [stdout]    7:     0x61b6664c71d2 - std[617be2ca0a6fd877]::panicking::panic_handler::{closure#0}
[INFO] [stdout]    8:     0x61b6664bfcb9 - std[617be2ca0a6fd877]::sys::backtrace::__rust_end_short_backtrace::<std[617be2ca0a6fd877]::panicking::panic_handler::{closure#0}, !>
[INFO] [stdout]    9:     0x61b6664c7ddd - __rustc[ea4f61d10b84890b]::rust_begin_unwind
[INFO] [stdout]   10:     0x61b6665014bc - core[a373ad73a504971]::panicking::panic_fmt
[INFO] [stdout]   11:     0x61b66644f26a - check_versions[db8f11b811c34647]::manifest::{closure#0}
[INFO] [stdout]   12:     0x61b66644f4a1 - check_versions[db8f11b811c34647]::manifest
[INFO] [stdout]   13:     0x61b666451ba9 - <check_versions[db8f11b811c34647]::internal_pins_match_the_workspace_version::{closure#0} as core[a373ad73a504971]::ops::function::FnOnce<()>>::call_once
[INFO] [stdout]   14:     0x61b66645271b - test[aada8e7e76ba119b]::__rust_begin_short_backtrace::<core[a373ad73a504971]::result::Result<(), alloc[2e1b2a31b91974c5]::string::String>, fn() -> core[a373ad73a504971]::result::Result<(), alloc[2e1b2a31b91974c5]::string::String>>
[INFO] [stdout]   15:     0x61b66645f8f5 - test[aada8e7e76ba119b]::run_test::{closure#0}
[INFO] [stdout]   16:     0x61b6664591e4 - std[617be2ca0a6fd877]::sys::backtrace::__rust_begin_short_backtrace::<test[aada8e7e76ba119b]::run_test::{closure#1}, ()>
[INFO] [stdout]   17:     0x61b666462982 - <std[617be2ca0a6fd877]::thread::lifecycle::spawn_unchecked<test[aada8e7e76ba119b]::run_test::{closure#1}, ()>::{closure#1} as core[a373ad73a504971]::ops::function::FnOnce<()>>::call_once::{shim:vtable#0}
[INFO] [stdout]   18:     0x61b6664eab8f - <std[617be2ca0a6fd877]::sys::thread::unix::Thread>::new::thread_start
[INFO] [stdout]   19:     0x7326d6de9dfa - <unknown>
[INFO] [stdout]   20:     0x7326d6e7d3d4 - clone
[INFO] [stdout]   21:                0x0 - <unknown>
[INFO] [stdout] 
[INFO] [stdout] ---- members_inherit_the_workspace_version stdout ----
[INFO] [stdout] 
[INFO] [stdout] thread 'members_inherit_the_workspace_version' (856) panicked at tests/check_versions.rs:52:60:
[INFO] [stdout] read "/opt/Cargo.toml": No such file or directory (os error 2)
[INFO] [stdout] stack backtrace:
[INFO] [stdout]    0:     0x61b6664eb691 - <<std[617be2ca0a6fd877]::sys::backtrace::BacktraceLock>::print::DisplayBacktrace as core[a373ad73a504971]::fmt::Display>::fmt
[INFO] [stdout]    1:     0x61b666500d4a - core[a373ad73a504971]::fmt::write
[INFO] [stdout]    2:     0x61b6664efb7c - <alloc[2e1b2a31b91974c5]::vec::Vec<u8> as core[a373ad73a504971]::io::write::Write>::write_fmt
[INFO] [stdout]    3:     0x61b6664c7126 - std[617be2ca0a6fd877]::panicking::default_hook::{closure#0}
[INFO] [stdout]    4:     0x61b6664e37b9 - std[617be2ca0a6fd877]::panicking::default_hook
[INFO] [stdout]    5:     0x61b66645f2d0 - test[aada8e7e76ba119b]::test_main_inner::{closure#0}
[INFO] [stdout]    6:     0x61b6664e3972 - std[617be2ca0a6fd877]::panicking::panic_with_hook
[INFO] [stdout]    7:     0x61b6664c71d2 - std[617be2ca0a6fd877]::panicking::panic_handler::{closure#0}
[INFO] [stdout]    8:     0x61b6664bfcb9 - std[617be2ca0a6fd877]::sys::backtrace::__rust_end_short_backtrace::<std[617be2ca0a6fd877]::panicking::panic_handler::{closure#0}, !>
[INFO] [stdout]    9:     0x61b6664c7ddd - __rustc[ea4f61d10b84890b]::rust_begin_unwind
[INFO] [stdout]   10:     0x61b6665014bc - core[a373ad73a504971]::panicking::panic_fmt
[INFO] [stdout]   11:     0x61b66644f26a - check_versions[db8f11b811c34647]::manifest::{closure#0}
[INFO] [stdout]   12:     0x61b66644f4a1 - check_versions[db8f11b811c34647]::manifest
[INFO] [stdout]   13:     0x61b6664505a8 - <check_versions[db8f11b811c34647]::members_inherit_the_workspace_version::{closure#0} as core[a373ad73a504971]::ops::function::FnOnce<()>>::call_once
[INFO] [stdout]   14:     0x61b66645271b - test[aada8e7e76ba119b]::__rust_begin_short_backtrace::<core[a373ad73a504971]::result::Result<(), alloc[2e1b2a31b91974c5]::string::String>, fn() -> core[a373ad73a504971]::result::Result<(), alloc[2e1b2a31b91974c5]::string::String>>
[INFO] [stdout]   15:     0x61b66645f8f5 - test[aada8e7e76ba119b]::run_test::{closure#0}
[INFO] [stdout]   16:     0x61b6664591e4 - std[617be2ca0a6fd877]::sys::backtrace::__rust_begin_short_backtrace::<test[aada8e7e76ba119b]::run_test::{closure#1}, ()>
[INFO] [stdout]   17:     0x61b666462982 - <std[617be2ca0a6fd877]::thread::lifecycle::spawn_unchecked<test[aada8e7e76ba119b]::run_test::{closure#1}, ()>::{closure#1} as core[a373ad73a504971]::ops::function::FnOnce<()>>::call_once::{shim:vtable#0}
[INFO] [stdout]   18:     0x61b6664eab8f - <std[617be2ca0a6fd877]::sys::thread::unix::Thread>::new::thread_start
[INFO] [stdout]   19:     0x7326d6de9dfa - <unknown>
[INFO] [stdout]   20:     0x7326d6e7d3d4 - clone
[INFO] [stdout]   21:                0x0 - <unknown>
[INFO] [stdout] 
[INFO] [stdout] 
[INFO] [stdout] failures:
[INFO] [stdout]     internal_pins_match_the_workspace_version
[INFO] [stdout]     members_inherit_the_workspace_version
[INFO] [stdout] 
[INFO] [stdout] test result: FAILED. 0 passed; 2 failed; 0 ignored; 0 measured; 0 filtered out; finished in 0.00s
[INFO] [stdout] 
[INFO] [stderr] error: test failed, to rerun pass `--test check_versions`
[INFO] running `Command { std: "docker" "inspect" "d6b5ac2b1b7d9cb0f49ec9e69b38a1005819f015dbb3ac0725e57a9876bb8a77", kill_on_drop: false }`
[INFO] running `Command { std: "docker" "rm" "-f" "d6b5ac2b1b7d9cb0f49ec9e69b38a1005819f015dbb3ac0725e57a9876bb8a77", kill_on_drop: false }`
[INFO] [stdout] d6b5ac2b1b7d9cb0f49ec9e69b38a1005819f015dbb3ac0725e57a9876bb8a77
