[INFO] fetching crate yah-almanac 0.8.46...
[INFO] testing yah-almanac-0.8.46 against 1.99.0-beta.8+cargoflags=--release for beta-release-1.100-2
[INFO] extracting crate yah-almanac 0.8.46 into /workspace/builds/worker-7-tc1/source
[INFO] started tweaking crates.io crate yah-almanac 0.8.46
[INFO] removed 0 missing tests
[INFO] finished tweaking crates.io crate yah-almanac 0.8.46
[INFO] tweaked toml for crates.io crate yah-almanac 0.8.46 written to /workspace/builds/worker-7-tc1/source/Cargo.toml
[INFO] validating manifest of crates.io crate yah-almanac 0.8.46 on toolchain 1.99.0-beta.8
[INFO] running `Command { std: CARGO_HOME="/workspace/cargo-home" RUSTUP_HOME="/workspace/rustup-home" "/workspace/cargo-home/bin/cargo" "+1.99.0-beta.8" "metadata" "--manifest-path" "Cargo.toml" "--no-deps", kill_on_drop: false }`
[INFO] crate crates.io crate yah-almanac 0.8.46 already has a lockfile, it will not be regenerated
[INFO] running `Command { std: CARGO_HOME="/workspace/cargo-home" RUSTUP_HOME="/workspace/rustup-home" "/workspace/cargo-home/bin/cargo" "+1.99.0-beta.8" "fetch" "--manifest-path" "Cargo.toml", kill_on_drop: false }`
[INFO] [stderr]     Updating crates.io index
[INFO] [stderr]  Downloading crates ...
[INFO] [stderr]   Downloaded ts-rs v12.0.1
[INFO] [stderr]   Downloaded yah-local-driver v0.8.46
[INFO] [stderr]   Downloaded ts-rs-macros v12.0.1
[INFO] [stderr]   Downloaded yah-object-store v0.8.46
[INFO] [stderr]   Downloaded wasm-bindgen-futures v0.4.71
[INFO] [stderr]   Downloaded fob v0.8.46
[INFO] [stderr]   Downloaded yah-workload-spec v0.8.46
[INFO] [stderr]   Downloaded web-sys v0.3.98
[INFO] running `Command { std: "docker" "create" "-v" "/var/lib/crater-agent-workspace/builds/worker-7-tc1/source:/opt/rustwide/workdir:ro,Z" "-v" "/var/lib/crater-agent-workspace/builds/worker-7-tc1/target:/opt/rustwide/target:rw,Z" "-v" "/var/lib/crater-agent-workspace/cargo-home:/opt/rustwide/cargo-home:ro,Z" "-v" "/var/lib/crater-agent-workspace/rustup-home:/opt/rustwide/rustup-home:ro,Z" "-m" "1610612736" "--network" "none" "ghcr.io/rust-lang/crates-build-env/linux@sha256:77db811e55d90add9212f6832c23229e3de5f1c1f9905e8cb07319ea15df73ac" "sleep" "infinity", kill_on_drop: false }`
[INFO] [stdout] e6f3ce55e309fe93263dd001682795b0391343683c8ce796764cac9a1cb6968f
[INFO] running `Command { std: "docker" "start" "e6f3ce55e309fe93263dd001682795b0391343683c8ce796764cac9a1cb6968f", kill_on_drop: false }`
[INFO] running `Command { std: "docker" "inspect" "e6f3ce55e309fe93263dd001682795b0391343683c8ce796764cac9a1cb6968f", kill_on_drop: false }`
[INFO] running `Command { std: "docker" "exec" "-e" "SOURCE_DIR=/opt/rustwide/workdir" "-e" "CARGO_HOME=/opt/rustwide/cargo-home" "-e" "RUSTUP_HOME=/opt/rustwide/rustup-home" "-e" "CARGO_TARGET_DIR=/opt/rustwide/target" "-w" "/opt/rustwide/workdir" "--user" "0:0" "e6f3ce55e309fe93263dd001682795b0391343683c8ce796764cac9a1cb6968f" "/opt/rustwide/cargo-home/bin/cargo" "+1.99.0-beta.8" "metadata" "--no-deps" "--format-version=1", kill_on_drop: false }`
[INFO] running `Command { std: "docker" "inspect" "e6f3ce55e309fe93263dd001682795b0391343683c8ce796764cac9a1cb6968f", kill_on_drop: false }`
[INFO] running `Command { std: "docker" "exec" "-e" "SOURCE_DIR=/opt/rustwide/workdir" "-e" "CARGO_HOME=/opt/rustwide/cargo-home" "-e" "RUSTUP_HOME=/opt/rustwide/rustup-home" "-e" "CARGO_TARGET_DIR=/opt/rustwide/target" "-e" "CARGO_INCREMENTAL=0" "-e" "RUST_BACKTRACE=full" "-e" "RUSTFLAGS=--cap-lints=warn" "-e" "RUSTDOCFLAGS=--cap-lints=warn" "-w" "/opt/rustwide/workdir" "--user" "0:0" "e6f3ce55e309fe93263dd001682795b0391343683c8ce796764cac9a1cb6968f" "/opt/rustwide/cargo-home/bin/cargo" "+1.99.0-beta.8" "build" "--frozen" "--message-format=json" "--release", kill_on_drop: false }`
[INFO] [stderr]    Compiling serde_core v1.0.228
[INFO] [stderr]    Compiling memchr v2.8.2
[INFO] [stderr]    Compiling http v1.4.0
[INFO] [stderr]    Compiling writeable v0.6.3
[INFO] [stderr]    Compiling litemap v0.8.2
[INFO] [stderr]    Compiling futures-sink v0.3.32
[INFO] [stderr]    Compiling zeroize v1.8.2
[INFO] [stderr]    Compiling slab v0.4.12
[INFO] [stderr]    Compiling syn v2.0.117
[INFO] [stderr]    Compiling generic-array v0.14.7
[INFO] [stderr]    Compiling mio v1.2.0
[INFO] [stderr]    Compiling socket2 v0.6.3
[INFO] [stderr]    Compiling futures-task v0.3.32
[INFO] [stderr]    Compiling futures-io v0.3.32
[INFO] [stderr]    Compiling ring v0.17.14
[INFO] [stderr]    Compiling sync_wrapper v1.0.2
[INFO] [stderr]    Compiling futures-channel v0.3.32
[INFO] [stderr]    Compiling rustls v0.23.40
[INFO] [stderr]    Compiling rustls-pki-types v1.14.1
[INFO] [stderr]    Compiling zerocopy v0.8.48
[INFO] [stderr]    Compiling indexmap v2.14.0
[INFO] [stderr]    Compiling ipnet v2.12.0
[INFO] [stderr]    Compiling termcolor v1.4.1
[INFO] [stderr]    Compiling unsafe-libyaml v0.2.11
[INFO] [stderr]    Compiling dirs-sys v0.5.0
[INFO] [stderr]    Compiling password-hash v0.5.0
[INFO] [stderr]    Compiling directories v6.0.0
[INFO] [stderr]    Compiling futures-util v0.3.32
[INFO] [stderr]    Compiling crypto-common v0.1.7
[INFO] [stderr]    Compiling block-buffer v0.10.4
[INFO] [stderr]    Compiling aho-corasick v1.1.4
[INFO] [stderr]    Compiling inout v0.1.4
[INFO] [stderr]    Compiling digest v0.10.7
[INFO] [stderr]    Compiling http-body v1.0.1
[INFO] [stderr]    Compiling cipher v0.4.4
[INFO] [stderr]    Compiling http-body-util v0.1.3
[INFO] [stderr]    Compiling universal-hash v0.5.1
[INFO] [stderr]    Compiling webpki-roots v1.0.7
[INFO] [stderr]    Compiling blake2 v0.10.6
[INFO] [stderr]    Compiling polyval v0.6.2
[INFO] [stderr]    Compiling ctr v0.9.2
[INFO] [stderr]    Compiling aes v0.8.4
[INFO] [stderr]    Compiling aead v0.5.2
[INFO] [stderr]    Compiling hmac v0.12.1
[INFO] [stderr]    Compiling sha2 v0.10.9
[INFO] [stderr]    Compiling ghash v0.5.1
[INFO] [stderr]    Compiling axum-core v0.5.6
[INFO] [stderr]    Compiling argon2 v0.5.3
[INFO] [stderr]    Compiling matchit v0.8.4
[INFO] [stderr]    Compiling rustls-webpki v0.103.13
[INFO] [stderr]    Compiling regex-automata v0.4.14
[INFO] [stderr]    Compiling aes-gcm v0.10.3
[INFO] [stderr]    Compiling serde_json v1.0.149
[INFO] [stderr]    Compiling serde_path_to_error v0.1.20
[INFO] [stderr]    Compiling synstructure v0.13.2
[INFO] [stderr]    Compiling zerofrom-derive v0.1.7
[INFO] [stderr]    Compiling yoke-derive v0.8.2
[INFO] [stderr]    Compiling zerovec-derive v0.11.3
[INFO] [stderr]    Compiling displaydoc v0.2.5
[INFO] [stderr]    Compiling serde_derive v1.0.228
[INFO] [stderr]    Compiling tokio-macros v2.7.0
[INFO] [stderr]    Compiling tracing-attributes v0.1.31
[INFO] [stderr]    Compiling thiserror-impl v2.0.18
[INFO] [stderr]    Compiling ts-rs-macros v12.0.1
[INFO] [stderr]    Compiling thiserror-impl v1.0.69
[INFO] [stderr]    Compiling async-trait v0.1.89
[INFO] [stderr]    Compiling tokio v1.52.3
[INFO] [stderr]    Compiling ppv-lite86 v0.2.21
[INFO] [stderr]    Compiling tracing v0.1.44
[INFO] [stderr]    Compiling rand_chacha v0.3.1
[INFO] [stderr]    Compiling thiserror v1.0.69
[INFO] [stderr]    Compiling zerofrom v0.1.8
[INFO] [stderr]    Compiling thiserror v2.0.18
[INFO] [stderr]    Compiling ts-rs v12.0.1
[INFO] [stderr]    Compiling rand v0.8.5
[INFO] [stderr]    Compiling yoke v0.8.2
[INFO] [stderr]    Compiling zerovec v0.11.6
[INFO] [stderr]    Compiling zerotrie v0.2.4
[INFO] [stderr]    Compiling regex v1.12.4
[INFO] [stderr]    Compiling matchers v0.2.0
[INFO] [stderr]    Compiling tracing-subscriber v0.3.23
[INFO] [stderr]    Compiling tinystr v0.8.3
[INFO] [stderr]    Compiling potential_utf v0.1.5
[INFO] [stderr]    Compiling icu_collections v2.2.0
[INFO] [stderr]    Compiling icu_locale_core v2.2.0
[INFO] [stderr]    Compiling serde v1.0.228
[INFO] [stderr]    Compiling icu_provider v2.2.0
[INFO] [stderr]    Compiling serde_urlencoded v0.7.1
[INFO] [stderr]    Compiling chrono v0.4.44
[INFO] [stderr]    Compiling serde_yaml v0.9.34+deprecated
[INFO] [stderr]    Compiling toml_datetime v0.6.11
[INFO] [stderr]    Compiling icu_normalizer v2.2.0
[INFO] [stderr]    Compiling icu_properties v2.2.0
[INFO] [stderr]    Compiling serde_spanned v0.6.9
[INFO] [stderr]    Compiling toml_edit v0.22.27
[INFO] [stderr]    Compiling fob v0.8.46
[INFO] [stderr]    Compiling hyper v1.9.0
[INFO] [stderr]    Compiling idna_adapter v1.2.2
[INFO] [stderr]    Compiling idna v1.1.0
[INFO] [stderr]    Compiling tower v0.5.3
[INFO] [stderr]    Compiling tokio-rustls v0.26.4
[INFO] [stderr]    Compiling yah-workload-spec v0.8.46
[INFO] [stderr]    Compiling url v2.5.8
[INFO] [stderr]    Compiling toml v0.8.23
[INFO] [stderr]    Compiling hyper-util v0.1.20
[INFO] [stderr]    Compiling tower-http v0.6.10
[INFO] [stderr]    Compiling hyper-rustls v0.27.9
[INFO] [stderr]    Compiling axum v0.8.9
[INFO] [stderr]    Compiling reqwest v0.12.28
[INFO] [stderr]    Compiling yah-local-driver v0.8.46
[INFO] [stderr]    Compiling yah-object-store v0.8.46
[INFO] [stderr]    Compiling yah-almanac v0.8.46 (/opt/rustwide/workdir)
[INFO] [stderr]     Finished `release` profile [optimized] target(s) in 38.42s
[INFO] running `Command { std: "docker" "inspect" "e6f3ce55e309fe93263dd001682795b0391343683c8ce796764cac9a1cb6968f", kill_on_drop: false }`
[INFO] running `Command { std: "docker" "exec" "-e" "SOURCE_DIR=/opt/rustwide/workdir" "-e" "CARGO_HOME=/opt/rustwide/cargo-home" "-e" "RUSTUP_HOME=/opt/rustwide/rustup-home" "-e" "CARGO_TARGET_DIR=/opt/rustwide/target" "-e" "CARGO_INCREMENTAL=0" "-e" "RUST_BACKTRACE=full" "-e" "RUSTFLAGS=--cap-lints=warn" "-e" "RUSTDOCFLAGS=--cap-lints=warn" "-w" "/opt/rustwide/workdir" "--user" "0:0" "e6f3ce55e309fe93263dd001682795b0391343683c8ce796764cac9a1cb6968f" "/opt/rustwide/cargo-home/bin/cargo" "+1.99.0-beta.8" "test" "--frozen" "--no-run" "--message-format=json" "--release", kill_on_drop: false }`
[INFO] [stderr]    Compiling bitflags v2.13.0
[INFO] [stderr]    Compiling tower-http v0.6.10
[INFO] [stderr]    Compiling rustix v1.1.4
[INFO] [stderr]    Compiling reqwest v0.12.28
[INFO] [stderr]    Compiling tempfile v3.27.0
[INFO] [stderr]    Compiling yah-local-driver v0.8.46
[INFO] [stderr]    Compiling yah-object-store v0.8.46
[INFO] [stderr]    Compiling yah-almanac v0.8.46 (/opt/rustwide/workdir)
[INFO] [stderr]     Finished `release` profile [optimized] target(s) in 18.81s
[INFO] running `Command { std: "docker" "inspect" "e6f3ce55e309fe93263dd001682795b0391343683c8ce796764cac9a1cb6968f", kill_on_drop: false }`
[INFO] running `Command { std: "docker" "exec" "-e" "SOURCE_DIR=/opt/rustwide/workdir" "-e" "CARGO_HOME=/opt/rustwide/cargo-home" "-e" "RUSTUP_HOME=/opt/rustwide/rustup-home" "-e" "CARGO_TARGET_DIR=/opt/rustwide/target" "-e" "CARGO_INCREMENTAL=0" "-e" "RUST_BACKTRACE=full" "-e" "RUSTFLAGS=--cap-lints=warn" "-e" "RUSTDOCFLAGS=--cap-lints=warn" "-w" "/opt/rustwide/workdir" "--user" "0:0" "e6f3ce55e309fe93263dd001682795b0391343683c8ce796764cac9a1cb6968f" "/opt/rustwide/cargo-home/bin/cargo" "+1.99.0-beta.8" "test" "--frozen" "--release", kill_on_drop: false }`
[INFO] [stderr]     Finished `release` profile [optimized] target(s) in 0.14s
[INFO] [stderr]      Running unittests src/lib.rs (/opt/rustwide/target/release/deps/yah_almanac-e8ae8c239b6e4e71)
[INFO] [stdout] 
[INFO] [stdout] running 132 tests
[INFO] [stdout] test coalesce::tests::abandon_clears_without_running ... ok
[INFO] [stdout] test coalesce::tests::pending_survives_the_handoff_so_no_gap_lets_a_second_runner_in ... ok
[INFO] [stdout] test coalesce::tests::trigger_during_run_is_coalesced_into_exactly_one_rerun ... ok
[INFO] [stdout] test coalesce::tests::quiet_run_releases_the_feed ... ok
[INFO] [stdout] test config::tests::every_on_change_variant_names_its_binding_service ... ok
[INFO] [stdout] test config::tests::an_empty_credential_file_is_an_error_not_an_empty_key ... ok
[INFO] [stdout] test coalesce::tests::feeds_do_not_block_each_other ... ok
[INFO] [stdout] test config::tests::a_bare_string_credential_is_rejected_rather_than_read_as_a_value ... ok
[INFO] [stdout] test config::tests::load_r2_manifest_feed_at_an_arbitrary_url ... ok
[INFO] [stdout] test config::tests::r2_manifest_id_is_optional ... ok
[INFO] [stdout] test config::tests::list_all_returns_stems ... ok
[INFO] [stdout] test config::tests::credential_ref_reads_a_file_and_trims_the_trailing_newline ... ok
[INFO] [stdout] test feed::tests::a_bare_hex_digest_cannot_be_deserialized_as_an_asset_hash ... ok
[INFO] [stdout] test config::tests::load_r2_private_feed ... ok
[INFO] [stdout] test config::tests::load_gh_releases_feed ... ok
[INFO] [stdout] test config::tests::load_r2_triples_feed ... ok
[INFO] [stdout] test config::tests::load_r2_channel_feed ... ok
[INFO] [stdout] test config::tests::missing_feed_returns_not_found ... ok
[INFO] [stdout] test coalesce::tests::finish_without_admit_is_a_noop ... ok
[INFO] [stdout] test feed::tests::release_asset_round_trips_with_blake3_and_license ... ok
[INFO] [stdout] test config::tests::a_missing_credential_names_the_reference_and_never_a_value ... ok
[INFO] [stdout] test feed::tests::sha256_round_trips_as_a_bare_hex_string ... ok
[INFO] [stdout] test feed::tests::the_allowlist_is_scoped_to_a_path_not_to_a_key_name ... ok
[INFO] [stdout] test feed::tests::release_asset_round_trips_without_optional_fields ... ok
[INFO] [stdout] test feed::tests::release_feed_round_trips ... ok
[INFO] [stdout] test feed::tests::the_grandfathered_paths_are_matched_exactly ... ok
[INFO] [stdout] test feed::tests::the_typed_hash_round_trips_through_a_release_asset ... ok
[INFO] [stdout] test feed::tests::untyped_hash_fields_finds_bare_hex_under_an_unknown_key ... ok
[INFO] [stdout] test fetch::tests::a_failed_poke_is_retried_on_the_next_tick ... ok
[INFO] [stdout] test feed::tests::license_rejects_non_permissive_on_deserialize ... ok
[INFO] [stdout] test fetch::tests::a_feed_keyed_poke_sends_the_receiver_body_and_nothing_else ... ok
[INFO] [stdout] test feed::tests::normalize_never_overwrites_what_the_producer_stated ... ok
[INFO] [stdout] test fetch::tests::a_feed_outside_the_project_is_reported_not_silently_written ... ok
[INFO] [stdout] test feed::tests::normalize_mirrors_tagged_hashes_back_out_for_old_consumers ... ok
[INFO] [stdout] test feed::tests::a_sha256_only_producer_still_gets_a_tagged_identity ... ok
[INFO] [stdout] test feed::tests::malformed_sha256_is_rejected_at_deserialize ... ok
[INFO] [stdout] test fetch::tests::a_feed_poke_does_not_fall_back_to_revalidate ... ok
[INFO] [stdout] test fetch::tests::a_changed_feed_pokes_with_the_data_it_just_wrote ... ok
[INFO] [stdout] test fetch::tests::a_route_poke_goes_to_dawn_and_a_feed_poke_goes_to_freshen ... ok
[INFO] [stdout] test feed::tests::an_asset_hash_always_serializes_with_its_algorithm ... ok
[INFO] [stdout] test fetch::tests::an_empty_route_omits_the_key_and_takes_the_whole_site_branch ... ok
[INFO] [stdout] test fetch::tests::a_route_poke_falls_back_to_revalidate_on_an_unrolled_receiver ... ok
[INFO] [stdout] test fetch::tests::fetch_only_feed_never_pokes ... ok
[INFO] [stdout] test feed::tests::an_unknown_algorithm_is_rejected_rather_than_assumed ... ok
[INFO] [stdout] test coalesce::tests::first_trigger_runs ... ok
[INFO] [stdout] test fetch::tests::failed_fetch_reports_the_error_and_pokes_nothing ... ok
[INFO] [stdout] test fetch::tests::http_poke_posts_route_and_mirror_key_to_revalidate ... ok
[INFO] [stdout] test config::tests::load_r2_index_feed ... ok
[INFO] [stdout] test fetch::tests::http_poke_puts_the_payload_on_the_wire_under_data_inputs ... ok
[INFO] [stdout] test fetch::tests::route_comes_from_on_change ... ok
[INFO] [stdout] test fetch::tests::poke_for_derives_the_shape_from_the_feeds_own_on_change ... ok
[INFO] [stdout] test fetch::tests::the_workflows_poke_is_accepted_by_the_real_receiver ... ok
[INFO] [stdout] test gh::tests::maps_known_triples ... ok
[INFO] [stdout] test fetch::tests::http_poke_surfaces_a_rejecting_receiver ... ok
[INFO] [stdout] test fetch::tests::one_failing_feed_does_not_stop_the_others ... ok
[INFO] [stdout] test issues_feed::tests::issue_round_trips_through_the_feed_json_shape ... ok
[INFO] [stdout] test issues_feed::tests::legacy_feed_json_without_the_new_fields_still_parses ... ok
[INFO] [stdout] test fetch::tests::the_artifact_lands_where_the_route_declares_its_data_input ... ok
[INFO] [stdout] test issues_feed::tests::loop_ends_cleanly_when_trigger_sender_dropped ... ok
[INFO] [stdout] test r2::tests::a_manifest_in_the_other_layout_is_refused_rather_than_coerced ... ok
[INFO] [stdout] test fetch::tests::a_retried_poke_still_carries_its_payload ... ok
[INFO] [stdout] test issues_feed::tests::empty_source_writes_empty_items_array ... ok
[INFO] [stdout] test config::tests::the_shipped_releases_feed_parses ... FAILED
[INFO] [stdout] test feed::tests::normalize_lifts_legacy_bare_hashes_into_tagged_ones ... ok
[INFO] [stdout] test fetch::tests::fetch_writes_the_artifact_and_pokes_only_on_real_change ... ok
[INFO] [stdout] test fetch::tests::the_payload_ceiling_is_a_measured_release_count_not_a_guess ... ok
[INFO] [stdout] test r2::tests::a_mis_sorted_index_is_re_sorted_on_read ... ok
[INFO] [stdout] test fetch::tests::the_cli_install_pointer_feeds_the_releases_page ... ok
[INFO] [stdout] test r2::tests::a_missing_index_reports_the_status_not_a_decode_error ... ok
[INFO] [stdout] test r2::tests::a_tagged_manifest_yields_a_blake3_identity_and_a_sha256_bootstrap_aid ... ok
[INFO] [stdout] test r2::tests::a_missing_pointer_reports_the_status_not_a_decode_error ... ok
[INFO] [stdout] test r2::tests::a_tagged_channel_manifest_reaches_the_asset ... ok
[INFO] [stdout] test r2::tests::an_empty_index_is_a_blank_page_not_a_failed_fetch ... ok
[INFO] [stdout] test r2::tests::a_private_source_never_carries_its_payload_in_a_poke ... ok
[INFO] [stdout] test r2::tests::a_queried_source_has_no_manifest_to_carry ... ok
[INFO] [stdout] test r2::tests::an_untagged_hash_field_fails_the_manifest_parse ... ok
[INFO] [stdout] test r2::tests::a_trimmed_entry_degrades_to_a_plain_download ... ok
[INFO] [stdout] test coalesce::tests::concurrent_triggers_admit_exactly_one_runner ... ok
[INFO] [stdout] test r2::tests::a_missing_key_errors_rather_than_emitting_an_empty_artifact ... ok
[INFO] [stdout] test r2::tests::a_non_json_body_fails_the_fetch_instead_of_landing_in_the_artifact ... ok
[INFO] [stdout] test issues_feed::tests::triggered_tick_writes_artifact_and_fires_on_change ... ok
[INFO] [stdout] test r2::tests::malformed_blake3_is_rejected_at_parse ... ok
[INFO] [stdout] test r2::tests::malformed_sha256_is_rejected_at_parse ... ok
[INFO] [stdout] test r2::tests::an_untagged_index_hash_fails_the_parse ... ok
[INFO] [stdout] test r2::tests::manifest_blake3_reaches_the_asset ... ok
[INFO] [stdout] test r2::tests::manifest_without_blake3_still_parses ... ok
[INFO] [stdout] test r2::tests::every_index_asset_carries_a_tagged_blake3_identity ... ok
[INFO] [stdout] test r2::tests::producer_platform_tokens_keep_musl_and_gnu_apart ... ok
[INFO] [stdout] test r2::tests::install_pointer_becomes_a_one_entry_release ... ok
[INFO] [stdout] test feed::tests::a_serialized_feed_carries_no_untyped_hex_outside_the_legacy_keys ... ok
[INFO] [stdout] test r2::tests::the_feed_of_a_tagged_manifest_carries_no_new_untyped_hex ... ok
[INFO] [stdout] test r2::tests::repeated_fetches_of_the_index_serialize_identically ... ok
[INFO] [stdout] test r2::tests::the_fragments_sha256_reaches_the_asset ... ok
[INFO] [stdout] test r2::tests::the_index_is_tagged_only ... ok
[INFO] [stdout] test r2::tests::repeated_fetches_of_one_version_serialize_identically ... ok
[INFO] [stdout] test r2::tests::the_allowlist_does_not_reach_into_the_index ... ok
[INFO] [stdout] test fetch::tests::the_release_index_feeds_the_whole_history_to_the_page ... ok
[INFO] [stdout] test receiver::tests::correct_mirror_key_passes ... ok
[INFO] [stdout] test r2::tests::the_index_source_maps_the_index_layout_and_refuses_the_pointer ... ok
[INFO] [stdout] test r2::tests::the_index_lists_every_version_newest_first ... ok
[INFO] [stdout] test receiver::tests::no_bind_skips_feed_check ... ok
[INFO] [stdout] test receiver::tests::no_configured_key_accepts_any_request ... ok
[INFO] [stdout] test receiver::tests::wrong_mirror_key_returns_403 ... ok
[INFO] [stdout] test runner::tests::a_corrupt_artifact_counts_as_changed_for_passthrough_too ... ok
[INFO] [stdout] test receiver::tests::feed_matching_service_passes ... ok
[INFO] [stdout] test runner::tests::a_different_passthrough_payload_is_a_change ... ok
[INFO] [stdout] test r2::tests::the_producer_mapping_equals_what_the_fetch_tier_would_have_written ... ok
[INFO] [stdout] test runner::tests::corrupt_artifact_counts_as_changed ... ok
[INFO] [stdout] test runner::tests::a_passthrough_artifact_is_the_payload_verbatim ... ok
[INFO] [stdout] test receiver::tests::full_channel_returns_503 ... ok
[INFO] [stdout] test receiver::tests::feed_not_in_almanac_returns_404 ... ok
[INFO] [stdout] test runner::tests::an_identical_passthrough_payload_is_not_a_change ... ok
[INFO] [stdout] test runner::tests::different_payload_is_a_change ... ok
[INFO] [stdout] test runner::tests::missing_artifact_counts_as_changed ... ok
[INFO] [stdout] test receiver::tests::feed_no_on_change_returns_422 ... ok
[INFO] [stdout] test receiver::tests::feed_wrong_service_returns_422 ... ok
[INFO] [stdout] test receiver::tests::freshen_sends_feed_name ... ok
[INFO] [stdout] test receiver::tests::a_reload_feed_bound_to_another_service_returns_422 ... ok
[INFO] [stdout] test runner::tests::identical_payload_is_not_a_change_even_though_fetched_at_differs ... ok
[INFO] [stdout] test r2::tests::the_triples_source_maps_the_install_pointer_layout ... ok
[INFO] [stdout] test receiver::tests::a_render_free_reload_feed_still_binds_and_passes ... ok
[INFO] [stdout] test sink::tests::sink_target_display_forms ... ok
[INFO] [stdout] test sink::tests::target_describes_without_writing ... ok
[INFO] [stdout] test r2::tests::the_object_is_handed_on_verbatim_with_no_release_envelope ... ok
[INFO] [stdout] test receiver::tests::absent_mirror_key_returns_403_when_configured ... ok
[INFO] [stdout] test sink::tests::local_file_sink_writes_and_creates_parents ... ok
[INFO] [stdout] test sink::tests::object_sink_puts_bytes_at_key ... ok
[INFO] [stdout] test sink::tests::object_sink_overwrites_on_rerun ... ok
[INFO] [stdout] test serve::tests::pond_same_mirror_revalidate_triggers_rebuild ... ok
[INFO] [stdout] test serve::tests::pond_cross_mirror_revalidate_is_rejected ... ok
[INFO] [stdout] test issues_feed::tests::source_error_skips_artifact_write_and_on_change_but_no_panic ... ok
[INFO] [stdout] test fetch::tests::an_oversize_payload_degrades_loudly_instead_of_reaching_the_wire ... ok
[INFO] [stdout] 
[INFO] [stdout] failures:
[INFO] [stdout] 
[INFO] [stdout] ---- config::tests::the_shipped_releases_feed_parses stdout ----
[INFO] [stdout] 
[INFO] [stdout] thread 'config::tests::the_shipped_releases_feed_parses' (2648) panicked at src/config.rs:633:14:
[INFO] [stdout] almanac lives at <root>/oss/mesofact/crates/almanac
[INFO] [stdout] stack backtrace:
[INFO] [stdout]    0:     0x5637c8d33101 - <<std[70759c8f55707aa4]::sys::backtrace::BacktraceLock>::print::DisplayBacktrace as core[df12db4294e9bfd3]::fmt::Display>::fmt
[INFO] [stdout]    1:     0x5637c8d4a97a - core[df12db4294e9bfd3]::fmt::write
[INFO] [stdout]    2:     0x5637c8d387dc - <alloc[2182bb758b4b3781]::vec::Vec<u8> as core[df12db4294e9bfd3]::io::write::Write>::write_fmt
[INFO] [stdout]    3:     0x5637c8d0b966 - std[70759c8f55707aa4]::panicking::default_hook::{closure#0}
[INFO] [stdout]    4:     0x5637c8d29d29 - std[70759c8f55707aa4]::panicking::default_hook
[INFO] [stdout]    5:     0x5637c8a72f50 - test[9d35eded1c95d3be]::test_main_inner::<test[9d35eded1c95d3be]::test_main_static::{closure#0}>::{closure#0}
[INFO] [stdout]    6:     0x5637c8d2a052 - std[70759c8f55707aa4]::panicking::panic_with_hook
[INFO] [stdout]    7:     0x5637c8d0ba12 - std[70759c8f55707aa4]::panicking::panic_handler::{closure#0}
[INFO] [stdout]    8:     0x5637c8d03dd9 - std[70759c8f55707aa4]::sys::backtrace::__rust_end_short_backtrace::<std[70759c8f55707aa4]::panicking::panic_handler::{closure#0}, !>
[INFO] [stdout]    9:     0x5637c8d0c90d - __rustc[8fa7c3cbc660c2b3]::rust_begin_unwind
[INFO] [stdout]   10:     0x5637c8d4b0dc - core[df12db4294e9bfd3]::panicking::panic_fmt
[INFO] [stdout]   11:     0x5637c8d4ae34 - core[df12db4294e9bfd3]::option::expect_failed
[INFO] [stdout]   12:     0x5637c8a02c71 - yah_almanac[794292988dadce22]::config::tests::the_shipped_releases_feed_parses
[INFO] [stdout]   13:     0x5637c89d1f19 - <yah_almanac[794292988dadce22]::config::tests::the_shipped_releases_feed_parses::{closure#0} as core[df12db4294e9bfd3]::ops::function::FnOnce<()>>::call_once
[INFO] [stdout]   14:     0x5637c8a6623b - test[9d35eded1c95d3be]::__rust_begin_short_backtrace::<core[df12db4294e9bfd3]::result::Result<(), alloc[2182bb758b4b3781]::string::String>, fn() -> core[df12db4294e9bfd3]::result::Result<(), alloc[2182bb758b4b3781]::string::String>>
[INFO] [stdout]   15:     0x5637c8a738a5 - test[9d35eded1c95d3be]::run_test::{closure#0}
[INFO] [stdout]   16:     0x5637c8a6d164 - std[70759c8f55707aa4]::sys::backtrace::__rust_begin_short_backtrace::<test[9d35eded1c95d3be]::run_test::{closure#1}, ()>
[INFO] [stdout]   17:     0x5637c8a76a02 - <std[70759c8f55707aa4]::thread::lifecycle::spawn_unchecked<test[9d35eded1c95d3be]::run_test::{closure#1}, ()>::{closure#1} as core[df12db4294e9bfd3]::ops::function::FnOnce<()>>::call_once::{shim:vtable#0}
[INFO] [stdout]   18:     0x5637c8d31da9 - <std[70759c8f55707aa4]::sys::thread::unix::Thread>::new::thread_start
[INFO] [stdout]   19:     0x7a3fe8385dfa - <unknown>
[INFO] [stdout]   20:     0x7a3fe84193d4 - clone
[INFO] [stdout]   21:                0x0 - <unknown>
[INFO] [stdout] 
[INFO] [stdout] 
[INFO] [stdout] failures:
[INFO] [stdout]     config::tests::the_shipped_releases_feed_parses
[INFO] [stdout] 
[INFO] [stdout] test result: FAILED. 131 passed; 1 failed; 0 ignored; 0 measured; 0 filtered out; finished in 0.16s
[INFO] [stdout] 
[INFO] [stderr] error: test failed, to rerun pass `--lib`
[INFO] running `Command { std: "docker" "inspect" "e6f3ce55e309fe93263dd001682795b0391343683c8ce796764cac9a1cb6968f", kill_on_drop: false }`
[INFO] running `Command { std: "docker" "rm" "-f" "e6f3ce55e309fe93263dd001682795b0391343683c8ce796764cac9a1cb6968f", kill_on_drop: false }`
[INFO] [stdout] e6f3ce55e309fe93263dd001682795b0391343683c8ce796764cac9a1cb6968f
