[INFO] fetching crate yadf 1.5.1...
[INFO] testing yadf-1.5.1 against 1.100.0-beta.1+cargoflags=--release for beta-release-1.100-2
[INFO] extracting crate yadf 1.5.1 into /workspace/builds/worker-7-tc2/source
[INFO] removed /workspace/builds/worker-7-tc2/source/.cargo/config.toml
[INFO] started tweaking crates.io crate yadf 1.5.1
[INFO] removed 0 missing tests
[INFO] finished tweaking crates.io crate yadf 1.5.1
[INFO] tweaked toml for crates.io crate yadf 1.5.1 written to /workspace/builds/worker-7-tc2/source/Cargo.toml
[INFO] validating manifest of crates.io crate yadf 1.5.1 on toolchain 1.100.0-beta.1
[INFO] running `Command { std: CARGO_HOME="/workspace/cargo-home" RUSTUP_HOME="/workspace/rustup-home" "/workspace/cargo-home/bin/cargo" "+1.100.0-beta.1" "metadata" "--manifest-path" "Cargo.toml" "--no-deps", kill_on_drop: false }`
[INFO] crate crates.io crate yadf 1.5.1 already has a lockfile, it will not be regenerated
[INFO] running `Command { std: CARGO_HOME="/workspace/cargo-home" RUSTUP_HOME="/workspace/rustup-home" "/workspace/cargo-home/bin/cargo" "+1.100.0-beta.1" "fetch" "--manifest-path" "Cargo.toml", kill_on_drop: false }`
[INFO] [stderr] warning: `package.homepage` is redundant with `package.repository`
[INFO] [stderr]    --> Cargo.toml:156:12
[INFO] [stderr]     |
[INFO] [stderr] 156 | homepage = "https://github.com/jRimbault/yadf"
[INFO] [stderr]     |            ^^^^^^^^^^^^^^^^^^^^^^^^^^^^^^^^^^^
[INFO] [stderr] ...
[INFO] [stderr] 161 | repository = "https://github.com/jRimbault/yadf"
[INFO] [stderr]     |              -----------------------------------
[INFO] [stderr]     |
[INFO] [stderr]     = note: `cargo::redundant_homepage` is set to `warn` by default
[INFO] [stderr] help: consider removing `package.homepage`
[INFO] [stderr] warning: `yadf` (manifest) generated 1 warning
[INFO] running `Command { std: "docker" "create" "-v" "/var/lib/crater-agent-workspace/builds/worker-7-tc2/source:/opt/rustwide/workdir:ro,Z" "-v" "/var/lib/crater-agent-workspace/builds/worker-7-tc2/target:/opt/rustwide/target:rw,Z" "-v" "/var/lib/crater-agent-workspace/cargo-home:/opt/rustwide/cargo-home:ro,Z" "-v" "/var/lib/crater-agent-workspace/rustup-home:/opt/rustwide/rustup-home:ro,Z" "-m" "1610612736" "--network" "none" "ghcr.io/rust-lang/crates-build-env/linux@sha256:77db811e55d90add9212f6832c23229e3de5f1c1f9905e8cb07319ea15df73ac" "sleep" "infinity", kill_on_drop: false }`
[INFO] [stdout] 89a933972c3f099c514f932da25a0be2a9577a5d757317f5bd9d470d45e59242
[INFO] running `Command { std: "docker" "start" "89a933972c3f099c514f932da25a0be2a9577a5d757317f5bd9d470d45e59242", kill_on_drop: false }`
[INFO] running `Command { std: "docker" "inspect" "89a933972c3f099c514f932da25a0be2a9577a5d757317f5bd9d470d45e59242", kill_on_drop: false }`
[INFO] running `Command { std: "docker" "exec" "-e" "SOURCE_DIR=/opt/rustwide/workdir" "-e" "CARGO_HOME=/opt/rustwide/cargo-home" "-e" "RUSTUP_HOME=/opt/rustwide/rustup-home" "-e" "CARGO_TARGET_DIR=/opt/rustwide/target" "-w" "/opt/rustwide/workdir" "--user" "0:0" "89a933972c3f099c514f932da25a0be2a9577a5d757317f5bd9d470d45e59242" "/opt/rustwide/cargo-home/bin/cargo" "+1.100.0-beta.1" "metadata" "--no-deps" "--format-version=1", kill_on_drop: false }`
[INFO] running `Command { std: "docker" "inspect" "89a933972c3f099c514f932da25a0be2a9577a5d757317f5bd9d470d45e59242", kill_on_drop: false }`
[INFO] running `Command { std: "docker" "exec" "-e" "SOURCE_DIR=/opt/rustwide/workdir" "-e" "CARGO_HOME=/opt/rustwide/cargo-home" "-e" "RUSTUP_HOME=/opt/rustwide/rustup-home" "-e" "CARGO_TARGET_DIR=/opt/rustwide/target" "-e" "CARGO_INCREMENTAL=0" "-e" "RUST_BACKTRACE=full" "-e" "RUSTFLAGS=--cap-lints=warn" "-e" "RUSTDOCFLAGS=--cap-lints=warn" "-w" "/opt/rustwide/workdir" "--user" "0:0" "89a933972c3f099c514f932da25a0be2a9577a5d757317f5bd9d470d45e59242" "/opt/rustwide/cargo-home/bin/cargo" "+1.100.0-beta.1" "build" "--frozen" "--message-format=json" "--release", kill_on_drop: false }`
[INFO] [stderr] warning: `package.homepage` is redundant with `package.repository`
[INFO] [stderr]    --> Cargo.toml:156:12
[INFO] [stderr]     |
[INFO] [stderr] 156 | homepage = "https://github.com/jRimbault/yadf"
[INFO] [stderr]     |            ^^^^^^^^^^^^^^^^^^^^^^^^^^^^^^^^^^^
[INFO] [stderr] ...
[INFO] [stderr] 161 | repository = "https://github.com/jRimbault/yadf"
[INFO] [stderr]     |              -----------------------------------
[INFO] [stderr]     |
[INFO] [stderr]     = note: `cargo::redundant_homepage` is set to `warn` by default
[INFO] [stderr] help: consider removing `package.homepage`
[INFO] [stderr] warning: `yadf` (manifest) generated 1 warning
[INFO] [stderr]    Compiling memchr v2.8.3
[INFO] [stderr]    Compiling proc-macro2 v1.0.107
[INFO] [stderr]    Compiling libc v0.2.189
[INFO] [stderr]    Compiling quote v1.0.47
[INFO] [stderr]    Compiling unicode-ident v1.0.24
[INFO] [stderr]    Compiling cfg-if v1.0.4
[INFO] [stderr]    Compiling find-msvc-tools v0.1.9
[INFO] [stderr]    Compiling serde_core v1.0.229
[INFO] [stderr]    Compiling shlex v2.0.1
[INFO] [stderr]    Compiling crossbeam-utils v0.8.22
[INFO] [stderr]    Compiling utf8parse v0.2.2
[INFO] [stderr]    Compiling anstyle v1.0.14
[INFO] [stderr]    Compiling anstyle-parse v1.0.0
[INFO] [stderr]    Compiling cc v1.4.0
[INFO] [stderr]    Compiling colorchoice v1.0.5
[INFO] [stderr]    Compiling regex-syntax v0.8.11
[INFO] [stderr]    Compiling anstyle-query v1.1.5
[INFO] [stderr]    Compiling getrandom v0.4.3
[INFO] [stderr]    Compiling rand_core v0.10.1
[INFO] [stderr]    Compiling crossbeam-epoch v0.9.20
[INFO] [stderr]    Compiling aho-corasick v1.1.4
[INFO] [stderr]    Compiling is_terminal_polyfill v1.70.2
[INFO] [stderr]    Compiling anstream v1.0.0
[INFO] [stderr]    Compiling syn v3.0.3
[INFO] [stderr]    Compiling autocfg v1.5.1
[INFO] [stderr]    Compiling crossbeam-deque v0.8.7
[INFO] [stderr]    Compiling log v0.4.33
[INFO] [stderr]    Compiling num-traits v0.2.19
[INFO] [stderr]    Compiling cpufeatures v0.3.0
[INFO] [stderr]    Compiling object v0.37.3
[INFO] [stderr]    Compiling zerocopy v0.8.55
[INFO] [stderr]    Compiling rayon-core v1.13.0
[INFO] [stderr]    Compiling zmij v1.0.23
[INFO] [stderr]    Compiling arrayvec v0.7.8
[INFO] [stderr]    Compiling gimli v0.32.3
[INFO] [stderr]    Compiling heck v0.5.0
[INFO] [stderr]    Compiling libmimalloc-sys v0.1.49
[INFO] [stderr]    Compiling clap_lex v1.1.0
[INFO] [stderr]    Compiling version_check v0.9.5
[INFO] [stderr]    Compiling adler2 v2.0.1
[INFO] [stderr]    Compiling serde v1.0.229
[INFO] [stderr]    Compiling getrandom v0.3.4
[INFO] [stderr]    Compiling strsim v0.11.1
[INFO] [stderr]    Compiling regex-automata v0.4.16
[INFO] [stderr]    Compiling rust_decimal v1.42.1
[INFO] [stderr]    Compiling toml_datetime v1.1.1+spec-1.1.0
[INFO] [stderr]    Compiling serde_spanned v1.1.1
[INFO] [stderr]    Compiling clap_builder v4.6.2
[INFO] [stderr]    Compiling miniz_oxide v0.8.9
[INFO] [stderr]    Compiling ahash v0.8.12
[INFO] [stderr]    Compiling blake3 v1.8.5
[INFO] [stderr]    Compiling chacha20 v0.10.1
[INFO] [stderr]    Compiling addr2line v0.25.1
[INFO] [stderr]    Compiling clap_derive v4.6.4
[INFO] [stderr]    Compiling syn v2.0.119
[INFO] [stderr]    Compiling bstr v1.13.0
[INFO] [stderr]    Compiling regex v1.13.1
[INFO] [stderr]    Compiling cty v0.2.2
[INFO] [stderr]    Compiling jiff-core v0.1.0
[INFO] [stderr]    Compiling anyhow v1.0.104
[INFO] [stderr]    Compiling same-file v1.0.6
[INFO] [stderr]    Compiling rustc-demangle v0.1.28
[INFO] [stderr]    Compiling serde_json v1.0.151
[INFO] [stderr]    Compiling toml_writer v1.1.2+spec-1.1.0
[INFO] [stderr]    Compiling itoa v1.0.18
[INFO] [stderr]    Compiling rustix v1.1.4
[INFO] [stderr]    Compiling toml v1.1.3+spec-1.1.0
[INFO] [stderr]    Compiling jiff v0.2.35
[INFO] [stderr]    Compiling walkdir v2.5.0
[INFO] [stderr]    Compiling clap v4.6.4
[INFO] [stderr]    Compiling globset v0.4.19
[INFO] [stderr]    Compiling env_filter v2.0.0
[INFO] [stderr]    Compiling rand v0.10.2
[INFO] [stderr]    Compiling serde_derive v1.0.229
[INFO] [stderr]    Compiling backtrace v0.3.76
[INFO] [stderr]    Compiling typed-builder-macro v0.23.2
[INFO] [stderr]    Compiling uuid v1.24.0
[INFO] [stderr]    Compiling sysinfo v0.38.4
[INFO] [stderr]    Compiling csv-core v0.1.13
[INFO] [stderr]    Compiling bitflags v2.13.1
[INFO] [stderr]    Compiling ryu v1.0.23
[INFO] [stderr]    Compiling utf8-width v0.1.9
[INFO] [stderr]    Compiling constant_time_eq v0.4.2
[INFO] [stderr]    Compiling once_cell v1.21.4
[INFO] [stderr]    Compiling linux-raw-sys v0.12.1
[INFO] [stderr]    Compiling arrayref v0.3.9
[INFO] [stderr]    Compiling yadf v1.5.1 (/opt/rustwide/workdir)
[INFO] [stderr]    Compiling either v1.17.0
[INFO] [stderr]    Compiling human-panic v2.0.8
[INFO] [stderr]    Compiling rayon v1.12.0
[INFO] [stderr]    Compiling typed-builder v0.23.2
[INFO] [stderr]    Compiling byte-unit v5.2.5
[INFO] [stderr]    Compiling csv v1.4.0
[INFO] [stderr]    Compiling env_logger v0.11.11
[INFO] [stderr]    Compiling twox-hash v2.1.3
[INFO] [stderr]    Compiling ignore v0.4.31
[INFO] [stderr]    Compiling clap-verbosity-flag v3.0.4
[INFO] [stderr]    Compiling mimalloc v0.1.52
[INFO] [stderr]    Compiling num_cpus v1.17.0
[INFO] [stderr]    Compiling crossbeam-channel v0.5.16
[INFO] [stderr]    Compiling highway v1.3.0
[INFO] [stderr]    Compiling dunce v1.0.5
[INFO] [stderr]    Compiling metrohash v1.0.7
[INFO] [stderr]    Compiling seahash v4.1.0
[INFO] [stderr]     Finished `release` profile [optimized] target(s) in 3m 05s
[INFO] running `Command { std: "docker" "inspect" "89a933972c3f099c514f932da25a0be2a9577a5d757317f5bd9d470d45e59242", kill_on_drop: false }`
[INFO] running `Command { std: "docker" "exec" "-e" "SOURCE_DIR=/opt/rustwide/workdir" "-e" "CARGO_HOME=/opt/rustwide/cargo-home" "-e" "RUSTUP_HOME=/opt/rustwide/rustup-home" "-e" "CARGO_TARGET_DIR=/opt/rustwide/target" "-e" "CARGO_INCREMENTAL=0" "-e" "RUST_BACKTRACE=full" "-e" "RUSTFLAGS=--cap-lints=warn" "-e" "RUSTDOCFLAGS=--cap-lints=warn" "-w" "/opt/rustwide/workdir" "--user" "0:0" "89a933972c3f099c514f932da25a0be2a9577a5d757317f5bd9d470d45e59242" "/opt/rustwide/cargo-home/bin/cargo" "+1.100.0-beta.1" "test" "--frozen" "--no-run" "--message-format=json" "--release", kill_on_drop: false }`
[INFO] [stderr] warning: `package.homepage` is redundant with `package.repository`
[INFO] [stderr]    --> Cargo.toml:156:12
[INFO] [stderr]     |
[INFO] [stderr] 156 | homepage = "https://github.com/jRimbault/yadf"
[INFO] [stderr]     |            ^^^^^^^^^^^^^^^^^^^^^^^^^^^^^^^^^^^
[INFO] [stderr] ...
[INFO] [stderr] 161 | repository = "https://github.com/jRimbault/yadf"
[INFO] [stderr]     |              -----------------------------------
[INFO] [stderr]     |
[INFO] [stderr]     = note: `cargo::redundant_homepage` is set to `warn` by default
[INFO] [stderr] help: consider removing `package.homepage`
[INFO] [stderr] warning: `yadf` (manifest) generated 1 warning
[INFO] [stderr]    Compiling regex-automata v0.4.16
[INFO] [stderr]    Compiling rand v0.10.2
[INFO] [stderr]    Compiling once_cell v1.21.4
[INFO] [stderr]    Compiling predicates-core v1.0.10
[INFO] [stderr]    Compiling float-cmp v0.10.0
[INFO] [stderr]    Compiling normalize-line-endings v0.3.0
[INFO] [stderr]    Compiling termtree v0.5.1
[INFO] [stderr]    Compiling assert_cmd v2.2.2
[INFO] [stderr]    Compiling option-ext v0.2.0
[INFO] [stderr]    Compiling difflib v0.4.0
[INFO] [stderr]    Compiling dirs-sys v0.5.0
[INFO] [stderr]    Compiling wait-timeout v0.2.1
[INFO] [stderr]    Compiling predicates-tree v1.0.13
[INFO] [stderr]    Compiling ahash v0.8.12
[INFO] [stderr]    Compiling dirs v6.0.0
[INFO] [stderr]    Compiling twox-hash v2.1.3
[INFO] [stderr]    Compiling regex v1.13.1
[INFO] [stderr]    Compiling bstr v1.13.0
[INFO] [stderr]    Compiling env_filter v2.0.0
[INFO] [stderr]    Compiling predicates v3.1.4
[INFO] [stderr]    Compiling env_logger v0.11.11
[INFO] [stderr]    Compiling globset v0.4.19
[INFO] [stderr]    Compiling ignore v0.4.31
[INFO] [stderr]    Compiling yadf v1.5.1 (/opt/rustwide/workdir)
[INFO] [stderr]     Finished `release` profile [optimized] target(s) in 3m 17s
[INFO] running `Command { std: "docker" "inspect" "89a933972c3f099c514f932da25a0be2a9577a5d757317f5bd9d470d45e59242", kill_on_drop: false }`
[INFO] running `Command { std: "docker" "exec" "-e" "SOURCE_DIR=/opt/rustwide/workdir" "-e" "CARGO_HOME=/opt/rustwide/cargo-home" "-e" "RUSTUP_HOME=/opt/rustwide/rustup-home" "-e" "CARGO_TARGET_DIR=/opt/rustwide/target" "-e" "CARGO_INCREMENTAL=0" "-e" "RUST_BACKTRACE=full" "-e" "RUSTFLAGS=--cap-lints=warn" "-e" "RUSTDOCFLAGS=--cap-lints=warn" "-w" "/opt/rustwide/workdir" "--user" "0:0" "89a933972c3f099c514f932da25a0be2a9577a5d757317f5bd9d470d45e59242" "/opt/rustwide/cargo-home/bin/cargo" "+1.100.0-beta.1" "test" "--frozen" "--release", kill_on_drop: false }`
[INFO] [stderr] warning: `package.homepage` is redundant with `package.repository`
[INFO] [stderr]    --> Cargo.toml:156:12
[INFO] [stderr]     |
[INFO] [stderr] 156 | homepage = "https://github.com/jRimbault/yadf"
[INFO] [stderr]     |            ^^^^^^^^^^^^^^^^^^^^^^^^^^^^^^^^^^^
[INFO] [stderr] ...
[INFO] [stderr] 161 | repository = "https://github.com/jRimbault/yadf"
[INFO] [stderr]     |              -----------------------------------
[INFO] [stderr]     |
[INFO] [stderr]     = note: `cargo::redundant_homepage` is set to `warn` by default
[INFO] [stderr] help: consider removing `package.homepage`
[INFO] [stderr] warning: `yadf` (manifest) generated 1 warning
[INFO] [stderr]     Finished `release` profile [optimized] target(s) in 0.38s
[INFO] [stderr]      Running unittests src/lib.rs (/opt/rustwide/target/release/build/yadf/e02cff1400e6819e/out/yadf-e02cff1400e6819e)
[INFO] [stdout] 
[INFO] [stdout] running 51 tests
[INFO] [stdout] test bag::replicates::tests::factor_equal ... ok
[INFO] [stdout] test bag::replicates::tests::factor_under ... ok
[INFO] [stdout] test bag::replicates::tests::into_iter_for_ref_replicates ... ok
[INFO] [stdout] test bag::tests::as_inner_mut_mutates_backing_map ... ok
[INFO] [stdout] test bag::tests::from_btree_map ... ok
[INFO] [stdout] test bag::tests::get_hit_and_miss ... ok
[INFO] [stdout] test bag::display::tests::machine ... ok
[INFO] [stdout] test bag::tests::get_mut_mutates_bucket ... ok
[INFO] [stdout] test bag::serialize::tests::json ... ok
[INFO] [stdout] test bag::tests::len_and_is_empty ... ok
[INFO] [stdout] test bag::display::tests::fdupes ... ok
[INFO] [stdout] test bag::serialize::tests::treebag_json ... ok
[INFO] [stdout] test ext::tests::unique_by_filters_duplicates_and_exhausts ... ok
[INFO] [stdout] test fs::tests::full_hash_is_unreadable_for_a_missing_file ... ok
[INFO] [stdout] test bag::replicates::tests::reachable_iff_some_split_size_passes ... ok
[INFO] [stdout] test bag::tests::index_panics_on_missing_key - should panic ... ok
[INFO] [stdout] test hasher::tests::ahash ... ok
[INFO] [stdout] test fs::tests::full_hash_is_verified_below_block_size ... ok
[INFO] [stdout] test fs::hash::tests::different_hash_partial_and_full_for_small_file_because_of_size ... ok
[INFO] [stdout] test hasher::tests::blake3 ... ok
[INFO] [stdout] test fs::tests::suffix_hash_is_unreadable_for_a_missing_file ... ok
[INFO] [stdout] test hasher::tests::highway ... ok
[INFO] [stdout] test hasher::tests::metrohash ... ok
[INFO] [stdout] test hasher::tests::twox_hash ... ok
[INFO] [stdout] test path::tests::component_is_not_larger_than_cstring ... ok
[INFO] [stdout] test hasher::tests::seahash ... ok
[INFO] [stdout] test path::tests::display_and_debug_match_pathbuf ... ok
[INFO] [stdout] test path::tests::eq_and_hash_agree_across_construction ... ok
[INFO] [stdout] test fs::hash::tests::suffix_hash_reads_the_head_and_the_tail_not_the_middle ... ok
[INFO] [stdout] test fs::filter::inode::tests::same_inode_number_on_different_devices_are_not_treated_as_hard_links ... ok
[INFO] [stdout] test path::tests::interner_shares_ancestors_across_directories ... ok
[INFO] [stdout] test path::tests::ordering_matches_pathbuf ... ok
[INFO] [stdout] test path::tests::parents_are_shared ... ok
[INFO] [stdout] test path::tests::root_and_empty ... ok
[INFO] [stdout] test path::tests::non_utf8 ... ok
[INFO] [stdout] test path::tests::last_dir_matches_exact_text_only ... ok
[INFO] [stdout] test path::tests::round_trips_equal_to_pathbuf ... ok
[INFO] [stdout] test path::tests::sorting_matches_pathbuf ... ok
[INFO] [stdout] test path::tests::normalizes_like_pathbuf ... ok
[INFO] [stdout] test fs::tests::unreadable_candidate_is_excluded_not_merged_under_the_old_hash ... ok
[INFO] [stdout] test path::tests::long_paths ... ok
[INFO] [stdout] test path::tests::with_parent_multiple_components ... ok
[INFO] [stdout] test path::tests::write_to_and_with_std_path_match_to_path_buf ... ok
[INFO] [stdout] test units::tests::kib_converts_to_bytes ... ok
[INFO] [stdout] test units::tests::min_returns_smaller ... ok
[INFO] [stdout] test units::tests::from_u64 ... ok
[INFO] [stdout] test units::tests::sub_saturates_at_zero ... ok
[INFO] [stdout] test ext::tests::add_paths_adds_every_path ... ok
[INFO] [stdout] test path::tests::sharing_saves_memory_for_siblings ... ok
[INFO] [stdout] test units::tests::to_le_bytes_round_trips ... ok
[INFO] [stdout] test path::tests::deep_chain_drops_without_recursion ... ok
[INFO] [stdout] 
[INFO] [stdout] test result: ok. 51 passed; 0 failed; 0 ignored; 0 measured; 0 filtered out; finished in 0.19s
[INFO] [stdout] 
[INFO] [stderr]      Running unittests src/main.rs (/opt/rustwide/target/release/build/yadf/1afa55df59aeb410/out/yadf-1afa55df59aeb410)
[INFO] [stdout] 
[INFO] [stdout] running 8 tests
[INFO] [stdout] test args::tests::min_flag_takes_priority_over_no_empty ... ok
[INFO] [stdout] test args::tests::replication_factor_converts_to_yadf_factor ... ok
[INFO] [stdout] test args::tests::min_is_none_by_default ... ok
[INFO] [stdout] test args::tests::max_reads_the_flag ... ok
[INFO] [stdout] test args::tests::min_defaults_to_one_with_no_empty_flag ... ok
[INFO] [stdout] test args::tests::replication_factor_parsing ... ok
[INFO] [stdout] test args::tests::replication_factor_parsing_rejects_invalid_input ... ok
[INFO] [stdout] test args::tests::replication_factor_display_mirrors_debug ... ok
[INFO] [stdout] 
[INFO] [stdout] test result: ok. 8 passed; 0 failed; 0 ignored; 0 measured; 0 filtered out; finished in 0.01s
[INFO] [stdout] 
[INFO] [stderr]      Running tests/integration.rs (/opt/rustwide/target/release/build/yadf/c1470cb47c997727/out/integration-c1470cb47c997727)
[INFO] [stdout] 
[INFO] [stdout] running 10 tests
[INFO] [stdout] test dir_macro ... ok
[INFO] [stdout] test max_file_size ... FAILED
[INFO] [stdout] test regex ... FAILED
[INFO] [stdout] test glob_pattern ... FAILED
[INFO] [stdout] test trace_output ... FAILED
[INFO] [stdout] test function_name ... ok
[INFO] [stdout] test single_thread_does_not_deadlock ... FAILED
[INFO] [stdout] test min_file_size ... FAILED
[INFO] [stdout] test non_utf8_paths ... FAILED
[INFO] [stdout] test hard_links_flag ... ok
[INFO] [stdout] 
[INFO] [stdout] failures:
[INFO] [stdout] 
[INFO] [stdout] ---- max_file_size stdout ----
[INFO] [stdout] Error: Os { code: 30, kind: ReadOnlyFilesystem, message: "Read-only file system" }
[INFO] [stdout] 
[INFO] [stdout] ---- regex stdout ----
[INFO] [stdout] Error: Os { code: 30, kind: ReadOnlyFilesystem, message: "Read-only file system" }
[INFO] [stdout] 
[INFO] [stdout] ---- glob_pattern stdout ----
[INFO] [stdout] Error: Os { code: 30, kind: ReadOnlyFilesystem, message: "Read-only file system" }
[INFO] [stdout] 
[INFO] [stdout] ---- trace_output stdout ----
[INFO] [stdout] Error: Os { code: 30, kind: ReadOnlyFilesystem, message: "Read-only file system" }
[INFO] [stdout] 
[INFO] [stdout] ---- single_thread_does_not_deadlock stdout ----
[INFO] [stdout] Error: Os { code: 30, kind: ReadOnlyFilesystem, message: "Read-only file system" }
[INFO] [stdout] 
[INFO] [stdout] ---- min_file_size stdout ----
[INFO] [stdout] Error: Os { code: 30, kind: ReadOnlyFilesystem, message: "Read-only file system" }
[INFO] [stdout] 
[INFO] [stdout] ---- non_utf8_paths stdout ----
[INFO] [stdout] Error: Os { code: 30, kind: ReadOnlyFilesystem, message: "Read-only file system" }
[INFO] [stdout] 
[INFO] [stdout] 
[INFO] [stdout] failures:
[INFO] [stdout]     glob_pattern
[INFO] [stdout]     max_file_size
[INFO] [stdout]     min_file_size
[INFO] [stdout]     non_utf8_paths
[INFO] [stdout]     regex
[INFO] [stdout]     single_thread_does_not_deadlock
[INFO] [stdout]     trace_output
[INFO] [stdout] 
[INFO] [stdout] test result: FAILED. 3 passed; 7 failed; 0 ignored; 0 measured; 0 filtered out; finished in 0.02s
[INFO] [stdout] 
[INFO] [stderr] error: test failed, to rerun pass `--test integration`
[INFO] running `Command { std: "docker" "inspect" "89a933972c3f099c514f932da25a0be2a9577a5d757317f5bd9d470d45e59242", kill_on_drop: false }`
[INFO] running `Command { std: "docker" "rm" "-f" "89a933972c3f099c514f932da25a0be2a9577a5d757317f5bd9d470d45e59242", kill_on_drop: false }`
[INFO] [stdout] 89a933972c3f099c514f932da25a0be2a9577a5d757317f5bd9d470d45e59242
