[INFO] fetching crate yact 2.6.1...
[INFO] testing yact-2.6.1 against 1.99.0-beta.8+cargoflags=--release for beta-release-1.100-2
[INFO] extracting crate yact 2.6.1 into /workspace/builds/worker-0-tc1/source
[INFO] started tweaking crates.io crate yact 2.6.1
[INFO] finished tweaking crates.io crate yact 2.6.1
[INFO] tweaked toml for crates.io crate yact 2.6.1 written to /workspace/builds/worker-0-tc1/source/Cargo.toml
[INFO] validating manifest of crates.io crate yact 2.6.1 on toolchain 1.99.0-beta.8
[INFO] running `Command { std: CARGO_HOME="/workspace/cargo-home" RUSTUP_HOME="/workspace/rustup-home" "/workspace/cargo-home/bin/cargo" "+1.99.0-beta.8" "metadata" "--manifest-path" "Cargo.toml" "--no-deps", kill_on_drop: false }`
[INFO] crate crates.io crate yact 2.6.1 already has a lockfile, it will not be regenerated
[INFO] running `Command { std: CARGO_HOME="/workspace/cargo-home" RUSTUP_HOME="/workspace/rustup-home" "/workspace/cargo-home/bin/cargo" "+1.99.0-beta.8" "fetch" "--manifest-path" "Cargo.toml", kill_on_drop: false }`
[INFO] [stderr]  Downloading crates ...
[INFO] [stderr]   Downloaded which v8.0.5
[INFO] [stderr]   Downloaded git2 v0.20.4
[INFO] running `Command { std: "docker" "create" "-v" "/var/lib/crater-agent-workspace/builds/worker-0-tc1/source:/opt/rustwide/workdir:ro,Z" "-v" "/var/lib/crater-agent-workspace/builds/worker-0-tc1/target:/opt/rustwide/target:rw,Z" "-v" "/var/lib/crater-agent-workspace/cargo-home:/opt/rustwide/cargo-home:ro,Z" "-v" "/var/lib/crater-agent-workspace/rustup-home:/opt/rustwide/rustup-home:ro,Z" "-m" "1610612736" "--network" "none" "ghcr.io/rust-lang/crates-build-env/linux@sha256:77db811e55d90add9212f6832c23229e3de5f1c1f9905e8cb07319ea15df73ac" "sleep" "infinity", kill_on_drop: false }`
[INFO] [stdout] 927509deed16ceb6e55a3dd82d728775ba52b8c02e8db3af9b8dd9fbdffed459
[INFO] running `Command { std: "docker" "start" "927509deed16ceb6e55a3dd82d728775ba52b8c02e8db3af9b8dd9fbdffed459", kill_on_drop: false }`
[INFO] running `Command { std: "docker" "inspect" "927509deed16ceb6e55a3dd82d728775ba52b8c02e8db3af9b8dd9fbdffed459", kill_on_drop: false }`
[INFO] running `Command { std: "docker" "exec" "-e" "SOURCE_DIR=/opt/rustwide/workdir" "-e" "CARGO_HOME=/opt/rustwide/cargo-home" "-e" "RUSTUP_HOME=/opt/rustwide/rustup-home" "-e" "CARGO_TARGET_DIR=/opt/rustwide/target" "-w" "/opt/rustwide/workdir" "--user" "0:0" "927509deed16ceb6e55a3dd82d728775ba52b8c02e8db3af9b8dd9fbdffed459" "/opt/rustwide/cargo-home/bin/cargo" "+1.99.0-beta.8" "metadata" "--no-deps" "--format-version=1", kill_on_drop: false }`
[INFO] running `Command { std: "docker" "inspect" "927509deed16ceb6e55a3dd82d728775ba52b8c02e8db3af9b8dd9fbdffed459", kill_on_drop: false }`
[INFO] running `Command { std: "docker" "exec" "-e" "SOURCE_DIR=/opt/rustwide/workdir" "-e" "CARGO_HOME=/opt/rustwide/cargo-home" "-e" "RUSTUP_HOME=/opt/rustwide/rustup-home" "-e" "CARGO_TARGET_DIR=/opt/rustwide/target" "-e" "CARGO_INCREMENTAL=0" "-e" "RUST_BACKTRACE=full" "-e" "RUSTFLAGS=--cap-lints=warn" "-e" "RUSTDOCFLAGS=--cap-lints=warn" "-w" "/opt/rustwide/workdir" "--user" "0:0" "927509deed16ceb6e55a3dd82d728775ba52b8c02e8db3af9b8dd9fbdffed459" "/opt/rustwide/cargo-home/bin/cargo" "+1.99.0-beta.8" "build" "--frozen" "--message-format=json" "--release", kill_on_drop: false }`
[INFO] [stderr]    Compiling proc-macro2 v1.0.107
[INFO] [stderr]    Compiling unicode-ident v1.0.24
[INFO] [stderr]    Compiling quote v1.0.47
[INFO] [stderr]    Compiling stable_deref_trait v1.2.1
[INFO] [stderr]    Compiling libc v0.2.189
[INFO] [stderr]    Compiling writeable v0.6.4
[INFO] [stderr]    Compiling find-msvc-tools v0.1.11
[INFO] [stderr]    Compiling serde_core v1.0.229
[INFO] [stderr]    Compiling litemap v0.8.3
[INFO] [stderr]    Compiling shlex v2.0.1
[INFO] [stderr]    Compiling icu_properties_data v2.3.0
[INFO] [stderr]    Compiling icu_normalizer_data v2.3.0
[INFO] [stderr]    Compiling pkg-config v0.3.34
[INFO] [stderr]    Compiling utf8_iter v1.0.4
[INFO] [stderr]    Compiling vcpkg v0.2.15
[INFO] [stderr]    Compiling serde v1.0.229
[INFO] [stderr]    Compiling smallvec v1.15.2
[INFO] [stderr]    Compiling utf8parse v0.2.2
[INFO] [stderr]    Compiling equivalent v1.0.2
[INFO] [stderr]    Compiling is_terminal_polyfill v1.70.2
[INFO] [stderr]    Compiling colorchoice v1.0.5
[INFO] [stderr]    Compiling anstyle-query v1.1.5
[INFO] [stderr]    Compiling anstyle v1.0.14
[INFO] [stderr]    Compiling anstyle-parse v1.0.0
[INFO] [stderr]    Compiling percent-encoding v2.3.2
[INFO] [stderr]    Compiling hashbrown v0.17.1
[INFO] [stderr]    Compiling heck v0.5.0
[INFO] [stderr]    Compiling strsim v0.11.1
[INFO] [stderr]    Compiling clap_lex v1.1.0
[INFO] [stderr]    Compiling winnow v0.7.15
[INFO] [stderr]    Compiling toml_write v0.1.2
[INFO] [stderr]    Compiling log v0.4.33
[INFO] [stderr]    Compiling bitflags v2.13.1
[INFO] [stderr]    Compiling anstream v1.0.0
[INFO] [stderr]    Compiling form_urlencoded v1.2.2
[INFO] [stderr]    Compiling glob v0.3.4
[INFO] [stderr]    Compiling clap_builder v4.6.6
[INFO] [stderr]    Compiling syn v3.0.3
[INFO] [stderr]    Compiling syn v2.0.119
[INFO] [stderr]    Compiling indexmap v2.14.0
[INFO] [stderr]    Compiling jobserver v0.1.35
[INFO] [stderr]    Compiling cc v1.4.3
[INFO] [stderr]    Compiling which v8.0.5
[INFO] [stderr]    Compiling libz-sys v1.1.29
[INFO] [stderr]    Compiling libgit2-sys v0.18.7+1.9.6
[INFO] [stderr]    Compiling semver v1.0.28
[INFO] [stderr]    Compiling synstructure v0.13.2
[INFO] [stderr]    Compiling zerofrom-derive v0.1.7
[INFO] [stderr]    Compiling yoke-derive v0.8.2
[INFO] [stderr]    Compiling zerofrom v0.1.8
[INFO] [stderr]    Compiling yoke v0.8.3
[INFO] [stderr]    Compiling zerovec-derive v0.11.5
[INFO] [stderr]    Compiling displaydoc v0.2.7
[INFO] [stderr]    Compiling serde_derive v1.0.229
[INFO] [stderr]    Compiling clap_derive v4.6.4
[INFO] [stderr]    Compiling zerotrie v0.2.5
[INFO] [stderr]    Compiling zerovec v0.11.8
[INFO] [stderr]    Compiling clap v4.6.6
[INFO] [stderr]    Compiling tinystr v0.8.4
[INFO] [stderr]    Compiling potential_utf v0.1.6
[INFO] [stderr]    Compiling icu_locale_core v2.3.0
[INFO] [stderr]    Compiling icu_collections v2.3.0
[INFO] [stderr]    Compiling icu_provider v2.3.0
[INFO] [stderr]    Compiling toml_datetime v0.6.11
[INFO] [stderr]    Compiling icu_properties v2.3.0
[INFO] [stderr]    Compiling icu_normalizer v2.3.0
[INFO] [stderr]    Compiling serde_spanned v0.6.9
[INFO] [stderr]    Compiling toml_edit v0.22.27
[INFO] [stderr]    Compiling idna_adapter v1.2.2
[INFO] [stderr]    Compiling idna v1.1.0
[INFO] [stderr]    Compiling url v2.5.8
[INFO] [stderr]    Compiling toml v0.8.23
[INFO] [stderr]    Compiling git2 v0.20.4
[INFO] [stderr]    Compiling yact v2.6.1 (/opt/rustwide/workdir)
[INFO] [stderr]     Finished `release` profile [optimized] target(s) in 1m 31s
[INFO] running `Command { std: "docker" "inspect" "927509deed16ceb6e55a3dd82d728775ba52b8c02e8db3af9b8dd9fbdffed459", kill_on_drop: false }`
[INFO] running `Command { std: "docker" "exec" "-e" "SOURCE_DIR=/opt/rustwide/workdir" "-e" "CARGO_HOME=/opt/rustwide/cargo-home" "-e" "RUSTUP_HOME=/opt/rustwide/rustup-home" "-e" "CARGO_TARGET_DIR=/opt/rustwide/target" "-e" "CARGO_INCREMENTAL=0" "-e" "RUST_BACKTRACE=full" "-e" "RUSTFLAGS=--cap-lints=warn" "-e" "RUSTDOCFLAGS=--cap-lints=warn" "-w" "/opt/rustwide/workdir" "--user" "0:0" "927509deed16ceb6e55a3dd82d728775ba52b8c02e8db3af9b8dd9fbdffed459" "/opt/rustwide/cargo-home/bin/cargo" "+1.99.0-beta.8" "test" "--frozen" "--no-run" "--message-format=json" "--release", kill_on_drop: false }`
[INFO] [stderr]    Compiling getrandom v0.4.3
[INFO] [stderr]    Compiling cfg-if v1.0.4
[INFO] [stderr]    Compiling uuid v1.24.1
[INFO] [stderr]    Compiling yact v2.6.1 (/opt/rustwide/workdir)
[INFO] [stderr]     Finished `release` profile [optimized] target(s) in 20.75s
[INFO] running `Command { std: "docker" "inspect" "927509deed16ceb6e55a3dd82d728775ba52b8c02e8db3af9b8dd9fbdffed459", kill_on_drop: false }`
[INFO] running `Command { std: "docker" "exec" "-e" "SOURCE_DIR=/opt/rustwide/workdir" "-e" "CARGO_HOME=/opt/rustwide/cargo-home" "-e" "RUSTUP_HOME=/opt/rustwide/rustup-home" "-e" "CARGO_TARGET_DIR=/opt/rustwide/target" "-e" "CARGO_INCREMENTAL=0" "-e" "RUST_BACKTRACE=full" "-e" "RUSTFLAGS=--cap-lints=warn" "-e" "RUSTDOCFLAGS=--cap-lints=warn" "-w" "/opt/rustwide/workdir" "--user" "0:0" "927509deed16ceb6e55a3dd82d728775ba52b8c02e8db3af9b8dd9fbdffed459" "/opt/rustwide/cargo-home/bin/cargo" "+1.99.0-beta.8" "test" "--frozen" "--release", kill_on_drop: false }`
[INFO] [stderr]     Finished `release` profile [optimized] target(s) in 0.09s
[INFO] [stderr]      Running unittests src/lib.rs (/opt/rustwide/target/release/deps/yact-77e929d0801e68c0)
[INFO] [stdout] 
[INFO] [stdout] running 4 tests
[INFO] [stdout] test tests::conflict_handled_correctly ... FAILED
[INFO] [stderr] error: test failed, to rerun pass `--lib`
[INFO] [stdout] test tests::basic_operation_works ... FAILED
[INFO] [stdout] test tests::staged_deleted_files_ok ... FAILED
[INFO] [stdout] test tests::executable_files_not_deleted ... FAILED
[INFO] [stdout] 
[INFO] [stdout] failures:
[INFO] [stdout] 
[INFO] [stdout] ---- tests::conflict_handled_correctly stdout ----
[INFO] [stdout] 
[INFO] [stdout] thread 'tests::conflict_handled_correctly' (2013) panicked at src/tests.rs:60:27:
[INFO] [stdout] called `Result::unwrap()` on an `Err` value: Error { code: -3, klass: 7, message: "config value 'user.name' was not found" }
[INFO] [stdout] stack backtrace:
[INFO] [stdout]    0:     0x60fee424f8e7 - <unknown>
[INFO] [stdout]    1:     0x60fee422ddfa - <unknown>
[INFO] [stdout]    2:     0x60fee424ee9b - <unknown>
[INFO] [stdout]    3:     0x60fee424e97f - <unknown>
[INFO] [stdout]    4:     0x60fee424e5aa - <unknown>
[INFO] [stdout]    5:     0x60fee424e0e2 - <unknown>
[INFO] [stdout]    6:     0x60fee4274f01 - <unknown>
[INFO] [stdout]    7:     0x60fee4274eb9 - <unknown>
[INFO] [stdout]    8:     0x60fee42753cc - <unknown>
[INFO] [stdout]    9:     0x60fee422dc8b - <unknown>
[INFO] [stdout]   10:     0x60fee4231c61 - <unknown>
[INFO] [stdout]   11:     0x60fee4304b9d - <unknown>
[INFO] [stdout]   12:     0x60fee430aba1 - <unknown>
[INFO] [stdout]   13:     0x60fee428f3eb - <unknown>
[INFO] [stdout]   14:     0x60fee428b18c - <unknown>
[INFO] [stdout]   15:     0x60fee428aa0c - <unknown>
[INFO] [stdout]   16:     0x60fee42a6dbc - <unknown>
[INFO] [stdout]   17:     0x60fee42768c2 - <unknown>
[INFO] [stdout]   18:     0x7bb52b776dfa - <unknown>
[INFO] [stdout]   19:     0x7bb52b80a3d4 - clone
[INFO] [stdout]   20:                0x0 - <unknown>
[INFO] [stdout] 
[INFO] [stdout] ---- tests::basic_operation_works stdout ----
[INFO] [stdout] 
[INFO] [stdout] thread 'tests::basic_operation_works' (2012) panicked at src/tests.rs:60:27:
[INFO] [stdout] called `Result::unwrap()` on an `Err` value: Error { code: -3, klass: 7, message: "config value 'user.name' was not found" }
[INFO] [stdout] stack backtrace:
[INFO] [stdout]    0:     0x60fee424f8e7 - <unknown>
[INFO] [stdout]    1:     0x60fee422ddfa - <unknown>
[INFO] [stdout]    2:     0x60fee424ee9b - <unknown>
[INFO] [stdout]    3:     0x60fee424e97f - <unknown>
[INFO] [stdout]    4:     0x60fee424e5aa - <unknown>
[INFO] [stdout]    5:     0x60fee424e0e2 - <unknown>
[INFO] [stdout]    6:     0x60fee4274f01 - <unknown>
[INFO] [stdout]    7:     0x60fee4274eb9 - <unknown>
[INFO] [stdout]    8:     0x60fee42753cc - <unknown>
[INFO] [stdout]    9:     0x60fee422dc8b - <unknown>
[INFO] [stdout]   10:     0x60fee4231c61 - <unknown>
[INFO] [stdout]   11:     0x60fee4304b9d - <unknown>
[INFO] [stdout]   12:     0x60fee430ba71 - <unknown>
[INFO] [stdout]   13:     0x60fee428f3eb - <unknown>
[INFO] [stdout]   14:     0x60fee428b18c - <unknown>
[INFO] [stdout]   15:     0x60fee428aa0c - <unknown>
[INFO] [stdout]   16:     0x60fee42a6dbc - <unknown>
[INFO] [stdout]   17:     0x60fee42768c2 - <unknown>
[INFO] [stdout]   18:     0x7bb52b776dfa - <unknown>
[INFO] [stdout]   19:     0x7bb52b80a3d4 - clone
[INFO] [stdout]   20:                0x0 - <unknown>
[INFO] [stdout] 
[INFO] [stdout] ---- tests::staged_deleted_files_ok stdout ----
[INFO] [stdout] 
[INFO] [stdout] thread 'tests::staged_deleted_files_ok' (2015) panicked at src/tests.rs:60:27:
[INFO] [stdout] called `Result::unwrap()` on an `Err` value: Error { code: -3, klass: 7, message: "config value 'user.name' was not found" }
[INFO] [stdout] stack backtrace:
[INFO] [stdout]    0:     0x60fee424f8e7 - <unknown>
[INFO] [stdout]    1:     0x60fee422ddfa - <unknown>
[INFO] [stdout]    2:     0x60fee424ee9b - <unknown>
[INFO] [stdout]    3:     0x60fee424e97f - <unknown>
[INFO] [stdout]    4:     0x60fee424e5aa - <unknown>
[INFO] [stdout]    5:     0x60fee424e0e2 - <unknown>
[INFO] [stdout]    6:     0x60fee4274f01 - <unknown>
[INFO] [stdout]    7:     0x60fee4274eb9 - <unknown>
[INFO] [stdout]    8:     0x60fee42753cc - <unknown>
[INFO] [stdout]    9:     0x60fee422dc8b - <unknown>
[INFO] [stdout]   10:     0x60fee4231c61 - <unknown>
[INFO] [stdout]   11:     0x60fee4304b9d - <unknown>
[INFO] [stdout]   12:     0x60fee4309f2e - <unknown>
[INFO] [stdout]   13:     0x60fee428f3eb - <unknown>
[INFO] [stdout]   14:     0x60fee428b18c - <unknown>
[INFO] [stdout]   15:     0x60fee428aa0c - <unknown>
[INFO] [stdout]   16:     0x60fee42a6dbc - <unknown>
[INFO] [stdout]   17:     0x60fee42768c2 - <unknown>
[INFO] [stdout]   18:     0x7bb52b776dfa - <unknown>
[INFO] [stdout]   19:     0x7bb52b80a3d4 - clone
[INFO] [stdout]   20:                0x0 - <unknown>
[INFO] [stdout] 
[INFO] [stdout] ---- tests::executable_files_not_deleted stdout ----
[INFO] [stdout] 
[INFO] [stdout] thread 'tests::executable_files_not_deleted' (2014) panicked at src/tests.rs:60:27:
[INFO] [stdout] called `Result::unwrap()` on an `Err` value: Error { code: -3, klass: 7, message: "config value 'user.name' was not found" }
[INFO] [stdout] stack backtrace:
[INFO] [stdout]    0:     0x60fee424f8e7 - <unknown>
[INFO] [stdout]    1:     0x60fee422ddfa - <unknown>
[INFO] [stdout]    2:     0x60fee424ee9b - <unknown>
[INFO] [stdout]    3:     0x60fee424e97f - <unknown>
[INFO] [stdout]    4:     0x60fee424e5aa - <unknown>
[INFO] [stdout]    5:     0x60fee424e0e2 - <unknown>
[INFO] [stdout]    6:     0x60fee4274f01 - <unknown>
[INFO] [stdout]    7:     0x60fee4274eb9 - <unknown>
[INFO] [stdout]    8:     0x60fee42753cc - <unknown>
[INFO] [stdout]    9:     0x60fee422dc8b - <unknown>
[INFO] [stdout]   10:     0x60fee4231c61 - <unknown>
[INFO] [stdout]   11:     0x60fee4304b9d - <unknown>
[INFO] [stdout]   12:     0x60fee430a4ee - <unknown>
[INFO] [stdout]   13:     0x60fee428f3eb - <unknown>
[INFO] [stdout]   14:     0x60fee428b18c - <unknown>
[INFO] [stdout]   15:     0x60fee428aa0c - <unknown>
[INFO] [stdout]   16:     0x60fee42a6dbc - <unknown>
[INFO] [stdout]   17:     0x60fee42768c2 - <unknown>
[INFO] [stdout]   18:     0x7bb52b776dfa - <unknown>
[INFO] [stdout]   19:     0x7bb52b80a3d4 - clone
[INFO] [stdout]   20:                0x0 - <unknown>
[INFO] [stdout] 
[INFO] [stdout] 
[INFO] [stdout] failures:
[INFO] [stdout]     tests::basic_operation_works
[INFO] [stdout]     tests::conflict_handled_correctly
[INFO] [stdout]     tests::executable_files_not_deleted
[INFO] [stdout]     tests::staged_deleted_files_ok
[INFO] [stdout] 
[INFO] [stdout] test result: FAILED. 0 passed; 4 failed; 0 ignored; 0 measured; 0 filtered out; finished in 0.02s
[INFO] [stdout] 
[INFO] running `Command { std: "docker" "inspect" "927509deed16ceb6e55a3dd82d728775ba52b8c02e8db3af9b8dd9fbdffed459", kill_on_drop: false }`
[INFO] running `Command { std: "docker" "rm" "-f" "927509deed16ceb6e55a3dd82d728775ba52b8c02e8db3af9b8dd9fbdffed459", kill_on_drop: false }`
[INFO] [stdout] 927509deed16ceb6e55a3dd82d728775ba52b8c02e8db3af9b8dd9fbdffed459
