[INFO] fetching crate yacc1101 0.1.0...
[INFO] testing yacc1101-0.1.0 against 1.100.0-beta.1+cargoflags=--release for beta-release-1.100-2
[INFO] extracting crate yacc1101 0.1.0 into /workspace/builds/worker-7-tc2/source
[INFO] started tweaking crates.io crate yacc1101 0.1.0
[INFO] finished tweaking crates.io crate yacc1101 0.1.0
[INFO] tweaked toml for crates.io crate yacc1101 0.1.0 written to /workspace/builds/worker-7-tc2/source/Cargo.toml
[INFO] validating manifest of crates.io crate yacc1101 0.1.0 on toolchain 1.100.0-beta.1
[INFO] running `Command { std: CARGO_HOME="/workspace/cargo-home" RUSTUP_HOME="/workspace/rustup-home" "/workspace/cargo-home/bin/cargo" "+1.100.0-beta.1" "metadata" "--manifest-path" "Cargo.toml" "--no-deps", kill_on_drop: false }`
[INFO] crate crates.io crate yacc1101 0.1.0 already has a lockfile, it will not be regenerated
[INFO] running `Command { std: CARGO_HOME="/workspace/cargo-home" RUSTUP_HOME="/workspace/rustup-home" "/workspace/cargo-home/bin/cargo" "+1.100.0-beta.1" "fetch" "--manifest-path" "Cargo.toml", kill_on_drop: false }`
[INFO] running `Command { std: "docker" "create" "-v" "/var/lib/crater-agent-workspace/builds/worker-7-tc2/source:/opt/rustwide/workdir:ro,Z" "-v" "/var/lib/crater-agent-workspace/builds/worker-7-tc2/target:/opt/rustwide/target:rw,Z" "-v" "/var/lib/crater-agent-workspace/cargo-home:/opt/rustwide/cargo-home:ro,Z" "-v" "/var/lib/crater-agent-workspace/rustup-home:/opt/rustwide/rustup-home:ro,Z" "-m" "1610612736" "--network" "none" "ghcr.io/rust-lang/crates-build-env/linux@sha256:77db811e55d90add9212f6832c23229e3de5f1c1f9905e8cb07319ea15df73ac" "sleep" "infinity", kill_on_drop: false }`
[INFO] [stdout] fc126a27ea5213ae5878b8ae18e52a874c9827fa832c0af1ee9692b4f12ca0bf
[INFO] running `Command { std: "docker" "start" "fc126a27ea5213ae5878b8ae18e52a874c9827fa832c0af1ee9692b4f12ca0bf", kill_on_drop: false }`
[INFO] running `Command { std: "docker" "inspect" "fc126a27ea5213ae5878b8ae18e52a874c9827fa832c0af1ee9692b4f12ca0bf", kill_on_drop: false }`
[INFO] running `Command { std: "docker" "exec" "-e" "SOURCE_DIR=/opt/rustwide/workdir" "-e" "CARGO_HOME=/opt/rustwide/cargo-home" "-e" "RUSTUP_HOME=/opt/rustwide/rustup-home" "-e" "CARGO_TARGET_DIR=/opt/rustwide/target" "-w" "/opt/rustwide/workdir" "--user" "0:0" "fc126a27ea5213ae5878b8ae18e52a874c9827fa832c0af1ee9692b4f12ca0bf" "/opt/rustwide/cargo-home/bin/cargo" "+1.100.0-beta.1" "metadata" "--no-deps" "--format-version=1", kill_on_drop: false }`
[INFO] running `Command { std: "docker" "inspect" "fc126a27ea5213ae5878b8ae18e52a874c9827fa832c0af1ee9692b4f12ca0bf", kill_on_drop: false }`
[INFO] running `Command { std: "docker" "exec" "-e" "SOURCE_DIR=/opt/rustwide/workdir" "-e" "CARGO_HOME=/opt/rustwide/cargo-home" "-e" "RUSTUP_HOME=/opt/rustwide/rustup-home" "-e" "CARGO_TARGET_DIR=/opt/rustwide/target" "-e" "CARGO_INCREMENTAL=0" "-e" "RUST_BACKTRACE=full" "-e" "RUSTFLAGS=--cap-lints=warn" "-e" "RUSTDOCFLAGS=--cap-lints=warn" "-w" "/opt/rustwide/workdir" "--user" "0:0" "fc126a27ea5213ae5878b8ae18e52a874c9827fa832c0af1ee9692b4f12ca0bf" "/opt/rustwide/cargo-home/bin/cargo" "+1.100.0-beta.1" "build" "--frozen" "--message-format=json" "--release", kill_on_drop: false }`
[INFO] [stderr]    Compiling embedded-hal-async v1.0.0
[INFO] [stderr]    Compiling embedded-hal v1.0.0
[INFO] [stderr]    Compiling yacc1101 v0.1.0 (/opt/rustwide/workdir)
[INFO] [stderr]     Finished `release` profile [optimized] target(s) in 0.79s
[INFO] running `Command { std: "docker" "inspect" "fc126a27ea5213ae5878b8ae18e52a874c9827fa832c0af1ee9692b4f12ca0bf", kill_on_drop: false }`
[INFO] running `Command { std: "docker" "exec" "-e" "SOURCE_DIR=/opt/rustwide/workdir" "-e" "CARGO_HOME=/opt/rustwide/cargo-home" "-e" "RUSTUP_HOME=/opt/rustwide/rustup-home" "-e" "CARGO_TARGET_DIR=/opt/rustwide/target" "-e" "CARGO_INCREMENTAL=0" "-e" "RUST_BACKTRACE=full" "-e" "RUSTFLAGS=--cap-lints=warn" "-e" "RUSTDOCFLAGS=--cap-lints=warn" "-w" "/opt/rustwide/workdir" "--user" "0:0" "fc126a27ea5213ae5878b8ae18e52a874c9827fa832c0af1ee9692b4f12ca0bf" "/opt/rustwide/cargo-home/bin/cargo" "+1.100.0-beta.1" "test" "--frozen" "--no-run" "--message-format=json" "--release", kill_on_drop: false }`
[INFO] [stderr]    Compiling yacc1101 v0.1.0 (/opt/rustwide/workdir)
[INFO] [stderr]     Finished `release` profile [optimized] target(s) in 0.41s
[INFO] running `Command { std: "docker" "inspect" "fc126a27ea5213ae5878b8ae18e52a874c9827fa832c0af1ee9692b4f12ca0bf", kill_on_drop: false }`
[INFO] running `Command { std: "docker" "exec" "-e" "SOURCE_DIR=/opt/rustwide/workdir" "-e" "CARGO_HOME=/opt/rustwide/cargo-home" "-e" "RUSTUP_HOME=/opt/rustwide/rustup-home" "-e" "CARGO_TARGET_DIR=/opt/rustwide/target" "-e" "CARGO_INCREMENTAL=0" "-e" "RUST_BACKTRACE=full" "-e" "RUSTFLAGS=--cap-lints=warn" "-e" "RUSTDOCFLAGS=--cap-lints=warn" "-w" "/opt/rustwide/workdir" "--user" "0:0" "fc126a27ea5213ae5878b8ae18e52a874c9827fa832c0af1ee9692b4f12ca0bf" "/opt/rustwide/cargo-home/bin/cargo" "+1.100.0-beta.1" "test" "--frozen" "--release", kill_on_drop: false }`
[INFO] [stderr]     Finished `release` profile [optimized] target(s) in 0.04s
[INFO] [stderr]      Running unittests src/lib.rs (/opt/rustwide/target/release/build/yacc1101/da65969a70256b75/out/yacc1101-da65969a70256b75)
[INFO] [stdout] 
[INFO] [stdout] running 11 tests
[INFO] [stdout] test config::tests::freq_registers_433mhz ... ok
[INFO] [stdout] test config::tests::baud_rate_38400 ... ok
[INFO] [stdout] test config::tests::freq_registers_868mhz ... ok
[INFO] [stdout] test driver::tests::rssi_boundary_128 ... ok
[INFO] [stdout] test config::tests::deviation_register_20khz ... ok
[INFO] [stdout] test config::tests::mdmcfg2_gfsk_16of16 ... FAILED
[INFO] [stdout] test config::tests::baud_rate_9600 ... ok
[INFO] [stdout] test config::tests::mdmcfg2_ook_no_sync ... FAILED
[INFO] [stderr] error: test failed, to rerun pass `--lib`
[INFO] [stdout] test driver::tests::rssi_negative_raw ... ok
[INFO] [stdout] test driver::tests::rssi_positive_raw ... ok
[INFO] [stdout] test driver::tests::rssi_zero ... ok
[INFO] [stdout] 
[INFO] [stdout] failures:
[INFO] [stdout] 
[INFO] [stdout] ---- config::tests::mdmcfg2_gfsk_16of16 stdout ----
[INFO] [stdout] 
[INFO] [stdout] thread 'config::tests::mdmcfg2_gfsk_16of16' (185) panicked at src/config.rs:808:9:
[INFO] [stdout] assertion `left == right` failed
[INFO] [stdout]   left: 18
[INFO] [stdout]  right: 146
[INFO] [stdout] stack backtrace:
[INFO] [stdout]    0:     0x57ef293870b1 - <<std[617be2ca0a6fd877]::sys::backtrace::BacktraceLock>::print::DisplayBacktrace as core[a373ad73a504971]::fmt::Display>::fmt
[INFO] [stdout]    1:     0x57ef2939afaa - core[a373ad73a504971]::fmt::write
[INFO] [stdout]    2:     0x57ef2938b2cc - <alloc[2e1b2a31b91974c5]::vec::Vec<u8> as core[a373ad73a504971]::io::write::Write>::write_fmt
[INFO] [stdout]    3:     0x57ef29363516 - std[617be2ca0a6fd877]::panicking::default_hook::{closure#0}
[INFO] [stdout]    4:     0x57ef2937f749 - std[617be2ca0a6fd877]::panicking::default_hook
[INFO] [stdout]    5:     0x57ef2931bdf0 - test[aada8e7e76ba119b]::test_main_inner::{closure#0}
[INFO] [stdout]    6:     0x57ef2937f902 - std[617be2ca0a6fd877]::panicking::panic_with_hook
[INFO] [stdout]    7:     0x57ef293635c2 - std[617be2ca0a6fd877]::panicking::panic_handler::{closure#0}
[INFO] [stdout]    8:     0x57ef2935c2d9 - std[617be2ca0a6fd877]::sys::backtrace::__rust_end_short_backtrace::<std[617be2ca0a6fd877]::panicking::panic_handler::{closure#0}, !>
[INFO] [stdout]    9:     0x57ef293641cd - __rustc[ea4f61d10b84890b]::rust_begin_unwind
[INFO] [stdout]   10:     0x57ef2939b6dc - core[a373ad73a504971]::panicking::panic_fmt
[INFO] [stdout]   11:     0x57ef2939b5f3 - core[a373ad73a504971]::panicking::assert_failed_inner
[INFO] [stdout]   12:     0x57ef2930ee8e - core[a373ad73a504971]::panicking::assert_failed::<u8, u8>
[INFO] [stdout]   13:     0x57ef2930f1b0 - <yacc1101[97404a69c8c4b6ed]::config::tests::mdmcfg2_gfsk_16of16::{closure#0} as core[a373ad73a504971]::ops::function::FnOnce<()>>::call_once
[INFO] [stdout]   14:     0x57ef2930f23b - test[aada8e7e76ba119b]::__rust_begin_short_backtrace::<core[a373ad73a504971]::result::Result<(), alloc[2e1b2a31b91974c5]::string::String>, fn() -> core[a373ad73a504971]::result::Result<(), alloc[2e1b2a31b91974c5]::string::String>>
[INFO] [stdout]   15:     0x57ef2931c415 - test[aada8e7e76ba119b]::run_test::{closure#0}
[INFO] [stdout]   16:     0x57ef29315d04 - std[617be2ca0a6fd877]::sys::backtrace::__rust_begin_short_backtrace::<test[aada8e7e76ba119b]::run_test::{closure#1}, ()>
[INFO] [stdout]   17:     0x57ef2931f4a2 - <std[617be2ca0a6fd877]::thread::lifecycle::spawn_unchecked<test[aada8e7e76ba119b]::run_test::{closure#1}, ()>::{closure#1} as core[a373ad73a504971]::ops::function::FnOnce<()>>::call_once::{shim:vtable#0}
[INFO] [stdout]   18:     0x57ef2938690f - <std[617be2ca0a6fd877]::sys::thread::unix::Thread>::new::thread_start
[INFO] [stdout]   19:     0x71a665749dfa - <unknown>
[INFO] [stdout]   20:     0x71a6657dd3d4 - clone
[INFO] [stdout]   21:                0x0 - <unknown>
[INFO] [stdout] 
[INFO] [stdout] ---- config::tests::mdmcfg2_ook_no_sync stdout ----
[INFO] [stdout] 
[INFO] [stdout] thread 'config::tests::mdmcfg2_ook_no_sync' (186) panicked at src/config.rs:817:9:
[INFO] [stdout] assertion `left == right` failed
[INFO] [stdout]   left: 48
[INFO] [stdout]  right: 176
[INFO] [stdout] stack backtrace:
[INFO] [stdout]    0:     0x57ef293870b1 - <<std[617be2ca0a6fd877]::sys::backtrace::BacktraceLock>::print::DisplayBacktrace as core[a373ad73a504971]::fmt::Display>::fmt
[INFO] [stdout]    1:     0x57ef2939afaa - core[a373ad73a504971]::fmt::write
[INFO] [stdout]    2:     0x57ef2938b2cc - <alloc[2e1b2a31b91974c5]::vec::Vec<u8> as core[a373ad73a504971]::io::write::Write>::write_fmt
[INFO] [stdout]    3:     0x57ef29363516 - std[617be2ca0a6fd877]::panicking::default_hook::{closure#0}
[INFO] [stdout]    4:     0x57ef2937f749 - std[617be2ca0a6fd877]::panicking::default_hook
[INFO] [stdout]    5:     0x57ef2931bdf0 - test[aada8e7e76ba119b]::test_main_inner::{closure#0}
[INFO] [stdout]    6:     0x57ef2937f902 - std[617be2ca0a6fd877]::panicking::panic_with_hook
[INFO] [stdout]    7:     0x57ef293635c2 - std[617be2ca0a6fd877]::panicking::panic_handler::{closure#0}
[INFO] [stdout]    8:     0x57ef2935c2d9 - std[617be2ca0a6fd877]::sys::backtrace::__rust_end_short_backtrace::<std[617be2ca0a6fd877]::panicking::panic_handler::{closure#0}, !>
[INFO] [stdout]    9:     0x57ef293641cd - __rustc[ea4f61d10b84890b]::rust_begin_unwind
[INFO] [stdout]   10:     0x57ef2939b6dc - core[a373ad73a504971]::panicking::panic_fmt
[INFO] [stdout]   11:     0x57ef2939b5f3 - core[a373ad73a504971]::panicking::assert_failed_inner
[INFO] [stdout]   12:     0x57ef2930ee8e - core[a373ad73a504971]::panicking::assert_failed::<u8, u8>
[INFO] [stdout]   13:     0x57ef2930f1d0 - <yacc1101[97404a69c8c4b6ed]::config::tests::mdmcfg2_ook_no_sync::{closure#0} as core[a373ad73a504971]::ops::function::FnOnce<()>>::call_once
[INFO] [stdout]   14:     0x57ef2930f23b - test[aada8e7e76ba119b]::__rust_begin_short_backtrace::<core[a373ad73a504971]::result::Result<(), alloc[2e1b2a31b91974c5]::string::String>, fn() -> core[a373ad73a504971]::result::Result<(), alloc[2e1b2a31b91974c5]::string::String>>
[INFO] [stdout]   15:     0x57ef2931c415 - test[aada8e7e76ba119b]::run_test::{closure#0}
[INFO] [stdout]   16:     0x57ef29315d04 - std[617be2ca0a6fd877]::sys::backtrace::__rust_begin_short_backtrace::<test[aada8e7e76ba119b]::run_test::{closure#1}, ()>
[INFO] [stdout]   17:     0x57ef2931f4a2 - <std[617be2ca0a6fd877]::thread::lifecycle::spawn_unchecked<test[aada8e7e76ba119b]::run_test::{closure#1}, ()>::{closure#1} as core[a373ad73a504971]::ops::function::FnOnce<()>>::call_once::{shim:vtable#0}
[INFO] [stdout]   18:     0x57ef2938690f - <std[617be2ca0a6fd877]::sys::thread::unix::Thread>::new::thread_start
[INFO] [stdout]   19:     0x71a665749dfa - <unknown>
[INFO] [stdout]   20:     0x71a6657dd3d4 - clone
[INFO] [stdout]   21:                0x0 - <unknown>
[INFO] [stdout] 
[INFO] [stdout] 
[INFO] [stdout] failures:
[INFO] [stdout]     config::tests::mdmcfg2_gfsk_16of16
[INFO] [stdout]     config::tests::mdmcfg2_ook_no_sync
[INFO] [stdout] 
[INFO] [stdout] test result: FAILED. 9 passed; 2 failed; 0 ignored; 0 measured; 0 filtered out; finished in 0.01s
[INFO] [stdout] 
[INFO] running `Command { std: "docker" "inspect" "fc126a27ea5213ae5878b8ae18e52a874c9827fa832c0af1ee9692b4f12ca0bf", kill_on_drop: false }`
[INFO] running `Command { std: "docker" "rm" "-f" "fc126a27ea5213ae5878b8ae18e52a874c9827fa832c0af1ee9692b4f12ca0bf", kill_on_drop: false }`
[INFO] [stdout] fc126a27ea5213ae5878b8ae18e52a874c9827fa832c0af1ee9692b4f12ca0bf
