[INFO] fetching crate yaaf 0.2.0...
[INFO] testing yaaf-0.2.0 against 1.100.0-beta.1+cargoflags=--release for beta-release-1.100-2
[INFO] extracting crate yaaf 0.2.0 into /workspace/builds/worker-5-tc2/source
[INFO] started tweaking crates.io crate yaaf 0.2.0
[INFO] finished tweaking crates.io crate yaaf 0.2.0
[INFO] tweaked toml for crates.io crate yaaf 0.2.0 written to /workspace/builds/worker-5-tc2/source/Cargo.toml
[INFO] validating manifest of crates.io crate yaaf 0.2.0 on toolchain 1.100.0-beta.1
[INFO] running `Command { std: CARGO_HOME="/workspace/cargo-home" RUSTUP_HOME="/workspace/rustup-home" "/workspace/cargo-home/bin/cargo" "+1.100.0-beta.1" "metadata" "--manifest-path" "Cargo.toml" "--no-deps", kill_on_drop: false }`
[INFO] running `Command { std: CARGO_HOME="/workspace/cargo-home" RUSTUP_HOME="/workspace/rustup-home" "/workspace/cargo-home/bin/cargo" "+1.100.0-beta.1" "generate-lockfile" "--manifest-path" "Cargo.toml", kill_on_drop: false }`
[INFO] [stderr]     Updating crates.io index
[INFO] [stderr]      Locking 37 packages to highest compatible versions
[INFO] [stderr]       Adding thiserror v1.0.69 (available: v2.0.21)
[INFO] running `Command { std: CARGO_HOME="/workspace/cargo-home" RUSTUP_HOME="/workspace/rustup-home" "/workspace/cargo-home/bin/cargo" "+1.100.0-beta.1" "fetch" "--manifest-path" "Cargo.toml", kill_on_drop: false }`
[INFO] running `Command { std: "docker" "create" "-v" "/var/lib/crater-agent-workspace/builds/worker-5-tc2/source:/opt/rustwide/workdir:ro,Z" "-v" "/var/lib/crater-agent-workspace/builds/worker-5-tc2/target:/opt/rustwide/target:rw,Z" "-v" "/var/lib/crater-agent-workspace/cargo-home:/opt/rustwide/cargo-home:ro,Z" "-v" "/var/lib/crater-agent-workspace/rustup-home:/opt/rustwide/rustup-home:ro,Z" "-m" "1610612736" "--network" "none" "ghcr.io/rust-lang/crates-build-env/linux@sha256:77db811e55d90add9212f6832c23229e3de5f1c1f9905e8cb07319ea15df73ac" "sleep" "infinity", kill_on_drop: false }`
[INFO] [stdout] c8559e577ef31225095fc2d4bbc33efc87896c4101430a712778dcf1ddb24193
[INFO] running `Command { std: "docker" "start" "c8559e577ef31225095fc2d4bbc33efc87896c4101430a712778dcf1ddb24193", kill_on_drop: false }`
[INFO] running `Command { std: "docker" "inspect" "c8559e577ef31225095fc2d4bbc33efc87896c4101430a712778dcf1ddb24193", kill_on_drop: false }`
[INFO] running `Command { std: "docker" "exec" "-e" "SOURCE_DIR=/opt/rustwide/workdir" "-e" "CARGO_HOME=/opt/rustwide/cargo-home" "-e" "RUSTUP_HOME=/opt/rustwide/rustup-home" "-e" "CARGO_TARGET_DIR=/opt/rustwide/target" "-w" "/opt/rustwide/workdir" "--user" "0:0" "c8559e577ef31225095fc2d4bbc33efc87896c4101430a712778dcf1ddb24193" "/opt/rustwide/cargo-home/bin/cargo" "+1.100.0-beta.1" "metadata" "--no-deps" "--format-version=1", kill_on_drop: false }`
[INFO] running `Command { std: "docker" "inspect" "c8559e577ef31225095fc2d4bbc33efc87896c4101430a712778dcf1ddb24193", kill_on_drop: false }`
[INFO] running `Command { std: "docker" "exec" "-e" "SOURCE_DIR=/opt/rustwide/workdir" "-e" "CARGO_HOME=/opt/rustwide/cargo-home" "-e" "RUSTUP_HOME=/opt/rustwide/rustup-home" "-e" "CARGO_TARGET_DIR=/opt/rustwide/target" "-e" "CARGO_INCREMENTAL=0" "-e" "RUST_BACKTRACE=full" "-e" "RUSTFLAGS=--cap-lints=warn" "-e" "RUSTDOCFLAGS=--cap-lints=warn" "-w" "/opt/rustwide/workdir" "--user" "0:0" "c8559e577ef31225095fc2d4bbc33efc87896c4101430a712778dcf1ddb24193" "/opt/rustwide/cargo-home/bin/cargo" "+1.100.0-beta.1" "build" "--frozen" "--message-format=json" "--release", kill_on_drop: false }`
[INFO] [stderr]    Compiling dyn-clone v1.0.20
[INFO] [stderr]    Compiling syn v2.0.119
[INFO] [stderr]    Compiling yaaf-macros v0.2.0
[INFO] [stderr]    Compiling tokio v1.53.3
[INFO] [stderr]    Compiling thiserror-impl v1.0.69
[INFO] [stderr]    Compiling thiserror v1.0.69
[INFO] [stderr]    Compiling yaaf v0.2.0 (/opt/rustwide/workdir)
[INFO] [stderr]     Finished `release` profile [optimized] target(s) in 6.87s
[INFO] running `Command { std: "docker" "inspect" "c8559e577ef31225095fc2d4bbc33efc87896c4101430a712778dcf1ddb24193", kill_on_drop: false }`
[INFO] running `Command { std: "docker" "exec" "-e" "SOURCE_DIR=/opt/rustwide/workdir" "-e" "CARGO_HOME=/opt/rustwide/cargo-home" "-e" "RUSTUP_HOME=/opt/rustwide/rustup-home" "-e" "CARGO_TARGET_DIR=/opt/rustwide/target" "-e" "CARGO_INCREMENTAL=0" "-e" "RUST_BACKTRACE=full" "-e" "RUSTFLAGS=--cap-lints=warn" "-e" "RUSTDOCFLAGS=--cap-lints=warn" "-w" "/opt/rustwide/workdir" "--user" "0:0" "c8559e577ef31225095fc2d4bbc33efc87896c4101430a712778dcf1ddb24193" "/opt/rustwide/cargo-home/bin/cargo" "+1.100.0-beta.1" "test" "--frozen" "--no-run" "--message-format=json" "--release", kill_on_drop: false }`
[INFO] [stderr]    Compiling target-tuple v1.0.2
[INFO] [stderr]    Compiling toml_writer v1.1.3+spec-1.1.0
[INFO] [stderr]    Compiling toml_parser v1.1.5+spec-1.1.0
[INFO] [stderr]    Compiling glob v0.3.4
[INFO] [stderr]    Compiling serde_spanned v1.1.2
[INFO] [stderr]    Compiling toml_datetime v1.1.2+spec-1.1.0
[INFO] [stderr]    Compiling serde v1.0.229
[INFO] [stderr]    Compiling serde_json v1.0.154
[INFO] [stderr]    Compiling serde_derive v1.0.229
[INFO] [stderr]    Compiling toml v1.1.8+spec-1.1.0
[INFO] [stderr]    Compiling trybuild v1.0.122
[INFO] [stderr]    Compiling yaaf v0.2.0 (/opt/rustwide/workdir)
[INFO] [stderr]     Finished `release` profile [optimized] target(s) in 19.00s
[INFO] running `Command { std: "docker" "inspect" "c8559e577ef31225095fc2d4bbc33efc87896c4101430a712778dcf1ddb24193", kill_on_drop: false }`
[INFO] running `Command { std: "docker" "exec" "-e" "SOURCE_DIR=/opt/rustwide/workdir" "-e" "CARGO_HOME=/opt/rustwide/cargo-home" "-e" "RUSTUP_HOME=/opt/rustwide/rustup-home" "-e" "CARGO_TARGET_DIR=/opt/rustwide/target" "-e" "CARGO_INCREMENTAL=0" "-e" "RUST_BACKTRACE=full" "-e" "RUSTFLAGS=--cap-lints=warn" "-e" "RUSTDOCFLAGS=--cap-lints=warn" "-w" "/opt/rustwide/workdir" "--user" "0:0" "c8559e577ef31225095fc2d4bbc33efc87896c4101430a712778dcf1ddb24193" "/opt/rustwide/cargo-home/bin/cargo" "+1.100.0-beta.1" "test" "--frozen" "--release", kill_on_drop: false }`
[INFO] [stderr]     Finished `release` profile [optimized] target(s) in 0.06s
[INFO] [stderr]      Running unittests src/lib.rs (/opt/rustwide/target/release/build/yaaf/16041a9193ea631c/out/yaaf-16041a9193ea631c)
[INFO] [stderr]      Running tests/clone_address_test.rs (/opt/rustwide/target/release/build/yaaf/c827a3d90348cd39/out/clone_address_test-c827a3d90348cd39)
[INFO] [stdout] 
[INFO] [stdout] running 0 tests
[INFO] [stdout] 
[INFO] [stdout] test result: ok. 0 passed; 0 failed; 0 ignored; 0 measured; 0 filtered out; finished in 0.00s
[INFO] [stdout] 
[INFO] [stdout] 
[INFO] [stdout] running 1 test
[INFO] [stderr]      Running tests/compile_fail_test.rs (/opt/rustwide/target/release/build/yaaf/b9f42e89ff26cbc7/out/compile_fail_test-b9f42e89ff26cbc7)
[INFO] [stdout] test cloned_tell ... ok
[INFO] [stdout] 
[INFO] [stdout] test result: ok. 1 passed; 0 failed; 0 ignored; 0 measured; 0 filtered out; finished in 0.00s
[INFO] [stdout] 
[INFO] [stdout] 
[INFO] [stdout] running 1 test
[INFO] [stderr]    Compiling proc-macro2 v1.0.107
[INFO] [stderr]    Compiling unicode-ident v1.0.27
[INFO] [stderr]    Compiling quote v1.0.47
[INFO] [stderr]    Compiling syn v1.0.109
[INFO] [stderr]    Compiling thiserror v1.0.69
[INFO] [stderr]     Checking pin-project-lite v0.2.17
[INFO] [stderr]     Checking dyn-clone v1.0.20
[INFO] [stderr]    Compiling syn v3.0.9
[INFO] [stderr]    Compiling syn v2.0.119
[INFO] [stderr]    Compiling thiserror-impl v1.0.69
[INFO] [stderr]    Compiling tokio-macros v2.7.2
[INFO] [stderr]    Compiling async-trait v0.1.92
[INFO] [stderr]    Compiling yaaf-macros v0.2.0
[INFO] [stderr]     Checking tokio v1.53.3
[INFO] [stderr]     Checking yaaf v0.2.0 (/opt/rustwide/workdir)
[INFO] [stderr]     Checking yaaf-tests v0.0.0 (/opt/rustwide/target/tests/trybuild/yaaf)
[INFO] [stderr]     Finished `dev` profile [unoptimized + debuginfo] target(s) in 12.66s
[INFO] [stderr] 
[INFO] [stderr] 
[INFO] [stderr] test tests/compile_fail/missing_handler.rs ... mismatch
[INFO] [stderr] 
[INFO] [stderr] EXPECTED:
[INFO] [stderr] ┈┈┈┈┈┈┈┈┈┈┈┈┈┈┈┈┈┈┈┈┈┈┈┈┈┈┈┈┈┈┈┈┈┈┈┈┈┈┈┈┈┈┈┈┈┈┈┈┈┈┈┈┈┈┈┈┈┈┈┈
[INFO] [stderr] error[E0277]: the trait bound `MyActor: Handler<MyMessage>` is not satisfied
[INFO] [stderr]  --> $DIR/missing_handler.rs:6:10
[INFO] [stderr]   |
[INFO] [stderr] 6 | #[derive(Actor)]
[INFO] [stderr]   |          ^^^^^ the trait `Handler<MyMessage>` is not implemented for `MyActor`
[INFO] [stderr]   |
[INFO] [stderr]  ::: $WORKSPACE/src/actor.rs
[INFO] [stderr]   |
[INFO] [stderr]   | pub trait Actor: Sized + HandlesList<<Self as Actor>::Handles> {
[INFO] [stderr]   |                          ------------------------------------- required by this bound in `yaaf::Actor`
[INFO] [stderr]   |
[INFO] [stderr]   = note: required because of the requirements on the impl of `yaaf::handler::detail::HandlesList<(MyMessage,)>` for `MyActor`
[INFO] [stderr]   = note: this error originates in a derive macro (in Nightly builds, run with -Z macro-backtrace for more info)
[INFO] [stderr] ┈┈┈┈┈┈┈┈┈┈┈┈┈┈┈┈┈┈┈┈┈┈┈┈┈┈┈┈┈┈┈┈┈┈┈┈┈┈┈┈┈┈┈┈┈┈┈┈┈┈┈┈┈┈┈┈┈┈┈┈
[INFO] [stderr] 
[INFO] [stderr] ACTUAL OUTPUT:
[INFO] [stderr] ┈┈┈┈┈┈┈┈┈┈┈┈┈┈┈┈┈┈┈┈┈┈┈┈┈┈┈┈┈┈┈┈┈┈┈┈┈┈┈┈┈┈┈┈┈┈┈┈┈┈┈┈┈┈┈┈┈┈┈┈
[INFO] [stderr] error[E0277]: the trait bound `MyActor: yaaf::handler::detail::HandlesList<(MyMessage,)>` is not satisfied
[INFO] [stderr]  --> tests/compile_fail/missing_handler.rs:8:8
[INFO] [stderr]   |
[INFO] [stderr] 8 | struct MyActor;
[INFO] [stderr]   |        ^^^^^^^ unsatisfied trait bound
[INFO] [stderr]   |
[INFO] [stderr] help: the trait `Handler<MyMessage>` is not implemented for `MyActor`
[INFO] [stderr]  --> tests/compile_fail/missing_handler.rs:8:1
[INFO] [stderr]   |
[INFO] [stderr] 8 | struct MyActor;
[INFO] [stderr]   | ^^^^^^^^^^^^^^
[INFO] [stderr]   = note: required for `MyActor` to implement `yaaf::handler::detail::HandlesList<(MyMessage,)>`
[INFO] [stderr] note: required by a bound in `yaaf::Actor`
[INFO] [stderr]  --> src/actor.rs
[INFO] [stderr]   |
[INFO] [stderr]   | pub trait Actor: Sized + HandlesList<<Self as Actor>::Handles> {
[INFO] [stderr]   |                          ^^^^^^^^^^^^^^^^^^^^^^^^^^^^^^^^^^^^^ required by this bound in `Actor`
[INFO] [stderr]   = note: `Actor` is a "sealed trait", because to implement it you also need to implement `yaaf::handler::detail::HandlesList`, which is not accessible; this is usually done to force you to use one of the provided types that already implement it
[INFO] [stderr]   = help: the following types implement the trait:
[INFO] [stderr]             A
[INFO] [stderr]             A
[INFO] [stderr]             A
[INFO] [stderr]             A
[INFO] [stderr]             A
[INFO] [stderr]             A
[INFO] [stderr]             A
[INFO] [stderr]             A
[INFO] [stderr]           and $N others
[INFO] [stderr] ┈┈┈┈┈┈┈┈┈┈┈┈┈┈┈┈┈┈┈┈┈┈┈┈┈┈┈┈┈┈┈┈┈┈┈┈┈┈┈┈┈┈┈┈┈┈┈┈┈┈┈┈┈┈┈┈┈┈┈┈
[INFO] [stderr] note: If the actual output is the correct output you can bless it by rerunning
[INFO] [stderr]       your test with the environment variable TRYBUILD=overwrite
[INFO] [stderr] 
[INFO] [stderr] test tests/compile_fail/missing_handler_attribute.rs ... mismatch
[INFO] [stderr] 
[INFO] [stderr] EXPECTED:
[INFO] [stderr] ┈┈┈┈┈┈┈┈┈┈┈┈┈┈┈┈┈┈┈┈┈┈┈┈┈┈┈┈┈┈┈┈┈┈┈┈┈┈┈┈┈┈┈┈┈┈┈┈┈┈┈┈┈┈┈┈┈┈┈┈
[INFO] [stderr] error[E0277]: the trait bound `MyActor: HandlerRegistered<InvalidMessage>` is not satisfied
[INFO] [stderr]   --> $DIR/missing_handler_attribute.rs:20:6
[INFO] [stderr]    |
[INFO] [stderr] 20 | impl Handler<InvalidMessage> for MyActor {
[INFO] [stderr]    |      ^^^^^^^^^^^^^^^^^^^^^^^ the trait `HandlerRegistered<InvalidMessage>` is not implemented for `MyActor`
[INFO] [stderr]    |
[INFO] [stderr]   ::: $WORKSPACE/src/handler.rs
[INFO] [stderr]    |
[INFO] [stderr]    | pub trait Handler<M: Message>: Actor + HandlerRegistered<M> + Send {
[INFO] [stderr]    |                                        -------------------- required by this bound in `yaaf::Handler`
[INFO] [stderr]    |
[INFO] [stderr]    = help: the following implementations were found:
[INFO] [stderr]              <MyActor as HandlerRegistered<ValidMessage>>
[INFO] [stderr] ┈┈┈┈┈┈┈┈┈┈┈┈┈┈┈┈┈┈┈┈┈┈┈┈┈┈┈┈┈┈┈┈┈┈┈┈┈┈┈┈┈┈┈┈┈┈┈┈┈┈┈┈┈┈┈┈┈┈┈┈
[INFO] [stderr] 
[INFO] [stderr] ACTUAL OUTPUT:
[INFO] [stderr] ┈┈┈┈┈┈┈┈┈┈┈┈┈┈┈┈┈┈┈┈┈┈┈┈┈┈┈┈┈┈┈┈┈┈┈┈┈┈┈┈┈┈┈┈┈┈┈┈┈┈┈┈┈┈┈┈┈┈┈┈
[INFO] [stderr] error[E0277]: the trait bound `MyActor: yaaf::HandlerRegistered<InvalidMessage>` is not satisfied
[INFO] [stderr]   --> tests/compile_fail/missing_handler_attribute.rs:20:34
[INFO] [stderr]    |
[INFO] [stderr] 20 | impl Handler<InvalidMessage> for MyActor {
[INFO] [stderr]    |                                  ^^^^^^^ unsatisfied trait bound
[INFO] [stderr]    |
[INFO] [stderr] help: the trait `HandlerRegistered<InvalidMessage>` is not implemented for `MyActor`
[INFO] [stderr]       but trait `HandlerRegistered<ValidMessage>` is implemented for it
[INFO] [stderr]   --> tests/compile_fail/missing_handler_attribute.rs:9:10
[INFO] [stderr]    |
[INFO] [stderr]  9 | #[derive(Actor)]
[INFO] [stderr]    |          ^^^^^
[INFO] [stderr]    = help: for that trait implementation, expected `ValidMessage`, found `InvalidMessage`
[INFO] [stderr] note: required by a bound in `yaaf::Handler`
[INFO] [stderr]   --> src/handler.rs
[INFO] [stderr]    |
[INFO] [stderr]    | pub trait Handler<M: Message>: Actor + HandlerRegistered<M> + Send {
[INFO] [stderr]    |                                        ^^^^^^^^^^^^^^^^^^^^ required by this bound in `Handler`
[INFO] [stderr]    = note: this error originates in the derive macro `Actor` (in Nightly builds, run with -Z macro-backtrace for more info)
[INFO] [stderr] ┈┈┈┈┈┈┈┈┈┈┈┈┈┈┈┈┈┈┈┈┈┈┈┈┈┈┈┈┈┈┈┈┈┈┈┈┈┈┈┈┈┈┈┈┈┈┈┈┈┈┈┈┈┈┈┈┈┈┈┈
[INFO] [stderr] note: If the actual output is the correct output you can bless it by rerunning
[INFO] [stderr]       your test with the environment variable TRYBUILD=overwrite
[INFO] [stderr] 
[INFO] [stderr] test tests/compile_fail/missing_handler_for_tell.rs ... mismatch
[INFO] [stderr] 
[INFO] [stderr] EXPECTED:
[INFO] [stderr] ┈┈┈┈┈┈┈┈┈┈┈┈┈┈┈┈┈┈┈┈┈┈┈┈┈┈┈┈┈┈┈┈┈┈┈┈┈┈┈┈┈┈┈┈┈┈┈┈┈┈┈┈┈┈┈┈┈┈┈┈
[INFO] [stderr] error[E0308]: mismatched types
[INFO] [stderr]   --> $DIR/missing_handler_for_tell.rs:27:18
[INFO] [stderr]    |
[INFO] [stderr] 27 |     address.tell(InvalidMessage)?;
[INFO] [stderr]    |                  ^^^^^^^^^^^^^^ expected struct `ValidMessage`, found struct `InvalidMessage`
[INFO] [stderr] ┈┈┈┈┈┈┈┈┈┈┈┈┈┈┈┈┈┈┈┈┈┈┈┈┈┈┈┈┈┈┈┈┈┈┈┈┈┈┈┈┈┈┈┈┈┈┈┈┈┈┈┈┈┈┈┈┈┈┈┈
[INFO] [stderr] 
[INFO] [stderr] ACTUAL OUTPUT:
[INFO] [stderr] ┈┈┈┈┈┈┈┈┈┈┈┈┈┈┈┈┈┈┈┈┈┈┈┈┈┈┈┈┈┈┈┈┈┈┈┈┈┈┈┈┈┈┈┈┈┈┈┈┈┈┈┈┈┈┈┈┈┈┈┈
[INFO] [stderr] error[E0308]: mismatched types
[INFO] [stderr]   --> tests/compile_fail/missing_handler_for_tell.rs:27:18
[INFO] [stderr]    |
[INFO] [stderr] 27 |     address.tell(InvalidMessage)?;
[INFO] [stderr]    |             ---- ^^^^^^^^^^^^^^ expected `ValidMessage`, found `InvalidMessage`
[INFO] [stderr]    |             |
[INFO] [stderr]    |             arguments to this method are incorrect
[INFO] [stderr]    |
[INFO] [stderr] note: method defined here
[INFO] [stderr]   --> src/actor.rs
[INFO] [stderr]    |
[INFO] [stderr]    |     fn tell(&self, message: M) -> Result<(), AddressError>;
[INFO] [stderr]    |        ^^^^
[INFO] [stderr] ┈┈┈┈┈┈┈┈┈┈┈┈┈┈┈┈┈┈┈┈┈┈┈┈┈┈┈┈┈┈┈┈┈┈┈┈┈┈┈┈┈┈┈┈┈┈┈┈┈┈┈┈┈┈┈┈┈┈┈┈
[INFO] [stderr] note: If the actual output is the correct output you can bless it by rerunning
[INFO] [stderr]       your test with the environment variable TRYBUILD=overwrite
[INFO] [stderr] 
[INFO] [stderr] test tests/compile_fail/missing_publisher_attribute.rs ... mismatch
[INFO] [stderr] 
[INFO] [stderr] EXPECTED:
[INFO] [stderr] ┈┈┈┈┈┈┈┈┈┈┈┈┈┈┈┈┈┈┈┈┈┈┈┈┈┈┈┈┈┈┈┈┈┈┈┈┈┈┈┈┈┈┈┈┈┈┈┈┈┈┈┈┈┈┈┈┈┈┈┈
[INFO] [stderr] error[E0599]: no method named `publish` found for mutable reference `&mut yaaf::Context<MyActor>` in the current scope
[INFO] [stderr]   --> $DIR/missing_publisher_attribute.rs:16:13
[INFO] [stderr]    |
[INFO] [stderr] 11 | struct MyActor;
[INFO] [stderr]    | --------------- doesn't satisfy `MyActor: Publisher<_>`
[INFO] [stderr] ...
[INFO] [stderr] 16 |         ctx.publish(InvalidMessage);
[INFO] [stderr]    |             ^^^^^^^ method not found in `&mut yaaf::Context<MyActor>`
[INFO] [stderr]    |
[INFO] [stderr]   ::: $WORKSPACE/src/context.rs
[INFO] [stderr]    |
[INFO] [stderr]    | pub struct Context<A> {
[INFO] [stderr]    | --------------------- doesn't satisfy `yaaf::Context<MyActor>: yaaf::Publish<_>`
[INFO] [stderr]    |
[INFO] [stderr]    = note: the method `publish` exists but the following trait bounds were not satisfied:
[INFO] [stderr]            `MyActor: Publisher<_>`
[INFO] [stderr]            which is required by `yaaf::Context<MyActor>: yaaf::Publish<_>`
[INFO] [stderr] ┈┈┈┈┈┈┈┈┈┈┈┈┈┈┈┈┈┈┈┈┈┈┈┈┈┈┈┈┈┈┈┈┈┈┈┈┈┈┈┈┈┈┈┈┈┈┈┈┈┈┈┈┈┈┈┈┈┈┈┈
[INFO] [stderr] 
[INFO] [stderr] ACTUAL OUTPUT:
[INFO] [stderr] ┈┈┈┈┈┈┈┈┈┈┈┈┈┈┈┈┈┈┈┈┈┈┈┈┈┈┈┈┈┈┈┈┈┈┈┈┈┈┈┈┈┈┈┈┈┈┈┈┈┈┈┈┈┈┈┈┈┈┈┈
[INFO] [stderr] error[E0599]: the method `publish` exists for mutable reference `&'life1 mut yaaf::Context<MyActor>`, but its trait bounds were not satisfied
[INFO] [stderr]   --> tests/compile_fail/missing_publisher_attribute.rs:16:13
[INFO] [stderr]    |
[INFO] [stderr] 11 | struct MyActor;
[INFO] [stderr]    | -------------- doesn't satisfy `MyActor: Publisher<_>`
[INFO] [stderr] ...
[INFO] [stderr] 16 |         ctx.publish(InvalidMessage);
[INFO] [stderr]    |             ^^^^^^^ method cannot be called on `&'life1 mut yaaf::Context<MyActor>` due to unsatisfied trait bounds
[INFO] [stderr]    |
[INFO] [stderr]   ::: src/context.rs
[INFO] [stderr]    |
[INFO] [stderr]    | pub struct Context<A> {
[INFO] [stderr]    | --------------------- doesn't satisfy `yaaf::Context<MyActor>: yaaf::Publish<_>`
[INFO] [stderr]    |
[INFO] [stderr]    = note: the following trait bounds were not satisfied:
[INFO] [stderr]            `MyActor: Publisher<_>`
[INFO] [stderr]            which is required by `yaaf::Context<MyActor>: yaaf::Publish<_>`
[INFO] [stderr] note: the trait `Publisher` must be implemented
[INFO] [stderr]   --> src/publisher.rs
[INFO] [stderr]    |
[INFO] [stderr]    | pub trait Publisher<M: Message> {}
[INFO] [stderr]    | ^^^^^^^^^^^^^^^^^^^^^^^^^^^^^^^
[INFO] [stderr] ┈┈┈┈┈┈┈┈┈┈┈┈┈┈┈┈┈┈┈┈┈┈┈┈┈┈┈┈┈┈┈┈┈┈┈┈┈┈┈┈┈┈┈┈┈┈┈┈┈┈┈┈┈┈┈┈┈┈┈┈
[INFO] [stderr] note: If the actual output is the correct output you can bless it by rerunning
[INFO] [stderr]       your test with the environment variable TRYBUILD=overwrite
[INFO] [stderr] 
[INFO] [stderr] test tests/compile_fail/no_handler_attribute.rs ... mismatch
[INFO] [stderr] 
[INFO] [stderr] EXPECTED:
[INFO] [stderr] ┈┈┈┈┈┈┈┈┈┈┈┈┈┈┈┈┈┈┈┈┈┈┈┈┈┈┈┈┈┈┈┈┈┈┈┈┈┈┈┈┈┈┈┈┈┈┈┈┈┈┈┈┈┈┈┈┈┈┈┈
[INFO] [stderr] error[E0277]: the trait bound `MyActor: yaaf::handler::detail::HandlesList<()>` is not satisfied
[INFO] [stderr]  --> $DIR/no_handler_attribute.rs:6:10
[INFO] [stderr]   |
[INFO] [stderr] 6 | #[derive(Actor)]
[INFO] [stderr]   |          ^^^^^ the trait `yaaf::handler::detail::HandlesList<()>` is not implemented for `MyActor`
[INFO] [stderr]   |
[INFO] [stderr]  ::: $WORKSPACE/src/actor.rs
[INFO] [stderr]   |
[INFO] [stderr]   | pub trait Actor: Sized + HandlesList<<Self as Actor>::Handles> {
[INFO] [stderr]   |                          ------------------------------------- required by this bound in `yaaf::Actor`
[INFO] [stderr]   |
[INFO] [stderr]   = note: this error originates in a derive macro (in Nightly builds, run with -Z macro-backtrace for more info)
[INFO] [stderr] 
[INFO] [stderr] error[E0277]: the trait bound `MyActor: HandlerRegistered<MyMessage>` is not satisfied
[INFO] [stderr]   --> $DIR/no_handler_attribute.rs:10:6
[INFO] [stderr]    |
[INFO] [stderr] 10 | impl Handler<MyMessage> for MyActor {
[INFO] [stderr]    |      ^^^^^^^^^^^^^^^^^^ the trait `HandlerRegistered<MyMessage>` is not implemented for `MyActor`
[INFO] [stderr]    |
[INFO] [stderr]   ::: $WORKSPACE/src/handler.rs
[INFO] [stderr]    |
[INFO] [stderr]    | pub trait Handler<M: Message>: Actor + HandlerRegistered<M> + Send {
[INFO] [stderr]    |                                        -------------------- required by this bound in `yaaf::Handler`
[INFO] [stderr] 
[INFO] [stderr] error[E0277]: the trait bound `MyActor: yaaf::handler::detail::HandlesList<()>` is not satisfied
[INFO] [stderr]   --> $DIR/no_handler_attribute.rs:10:6
[INFO] [stderr]    |
[INFO] [stderr] 10 | impl Handler<MyMessage> for MyActor {
[INFO] [stderr]    |      ^^^^^^^^^^^^^^^^^^ the trait `yaaf::handler::detail::HandlesList<()>` is not implemented for `MyActor`
[INFO] [stderr] ┈┈┈┈┈┈┈┈┈┈┈┈┈┈┈┈┈┈┈┈┈┈┈┈┈┈┈┈┈┈┈┈┈┈┈┈┈┈┈┈┈┈┈┈┈┈┈┈┈┈┈┈┈┈┈┈┈┈┈┈
[INFO] [stderr] 
[INFO] [stderr] ACTUAL OUTPUT:
[INFO] [stderr] ┈┈┈┈┈┈┈┈┈┈┈┈┈┈┈┈┈┈┈┈┈┈┈┈┈┈┈┈┈┈┈┈┈┈┈┈┈┈┈┈┈┈┈┈┈┈┈┈┈┈┈┈┈┈┈┈┈┈┈┈
[INFO] [stderr] error[E0277]: the trait bound `MyActor: yaaf::handler::detail::HandlesList<()>` is not satisfied
[INFO] [stderr]  --> tests/compile_fail/no_handler_attribute.rs:7:8
[INFO] [stderr]   |
[INFO] [stderr] 7 | struct MyActor;
[INFO] [stderr]   |        ^^^^^^^ unsatisfied trait bound
[INFO] [stderr]   |
[INFO] [stderr] help: the trait `yaaf::handler::detail::HandlesList<()>` is not implemented for `MyActor`
[INFO] [stderr]  --> tests/compile_fail/no_handler_attribute.rs:7:1
[INFO] [stderr]   |
[INFO] [stderr] 7 | struct MyActor;
[INFO] [stderr]   | ^^^^^^^^^^^^^^
[INFO] [stderr] note: required by a bound in `yaaf::Actor`
[INFO] [stderr]  --> src/actor.rs
[INFO] [stderr]   |
[INFO] [stderr]   | pub trait Actor: Sized + HandlesList<<Self as Actor>::Handles> {
[INFO] [stderr]   |                          ^^^^^^^^^^^^^^^^^^^^^^^^^^^^^^^^^^^^^ required by this bound in `Actor`
[INFO] [stderr]   = note: `Actor` is a "sealed trait", because to implement it you also need to implement `yaaf::handler::detail::HandlesList`, which is not accessible; this is usually done to force you to use one of the provided types that already implement it
[INFO] [stderr]   = help: the following types implement the trait:
[INFO] [stderr]             A
[INFO] [stderr]             A
[INFO] [stderr]             A
[INFO] [stderr]             A
[INFO] [stderr]             A
[INFO] [stderr]             A
[INFO] [stderr]             A
[INFO] [stderr]             A
[INFO] [stderr]           and $N others
[INFO] [stderr] 
[INFO] [stderr] error[E0277]: the trait bound `MyActor: yaaf::HandlerRegistered<MyMessage>` is not satisfied
[INFO] [stderr]   --> tests/compile_fail/no_handler_attribute.rs:10:29
[INFO] [stderr]    |
[INFO] [stderr] 10 | impl Handler<MyMessage> for MyActor {
[INFO] [stderr]    |                             ^^^^^^^ unsatisfied trait bound
[INFO] [stderr]    |
[INFO] [stderr] help: the trait `yaaf::HandlerRegistered<MyMessage>` is not implemented for `MyActor`
[INFO] [stderr]   --> tests/compile_fail/no_handler_attribute.rs:7:1
[INFO] [stderr]    |
[INFO] [stderr]  7 | struct MyActor;
[INFO] [stderr]    | ^^^^^^^^^^^^^^
[INFO] [stderr] note: required by a bound in `yaaf::Handler`
[INFO] [stderr]   --> src/handler.rs
[INFO] [stderr]    |
[INFO] [stderr]    | pub trait Handler<M: Message>: Actor + HandlerRegistered<M> + Send {
[INFO] [stderr]    |                                        ^^^^^^^^^^^^^^^^^^^^ required by this bound in `Handler`
[INFO] [stderr] 
[INFO] [stderr] error[E0277]: the trait bound `MyActor: yaaf::handler::detail::HandlesList<()>` is not satisfied
[INFO] [stderr]   --> tests/compile_fail/no_handler_attribute.rs:10:29
[INFO] [stderr]    |
[INFO] [stderr] 10 | impl Handler<MyMessage> for MyActor {
[INFO] [stderr]    |                             ^^^^^^^ unsatisfied trait bound
[INFO] [stderr]    |
[INFO] [stderr] help: the trait `yaaf::Actor` is not implemented for `MyActor`
[INFO] [stderr]       but trait `Actor` is implemented for it
[INFO] [stderr]   --> tests/compile_fail/no_handler_attribute.rs:6:10
[INFO] [stderr]    |
[INFO] [stderr]  6 | #[derive(Actor)]
[INFO] [stderr]    |          ^^^^^
[INFO] [stderr]    = note: required for `MyActor` to implement `yaaf::Actor`
[INFO] [stderr] note: required by a bound in `yaaf::Handler`
[INFO] [stderr]   --> src/handler.rs
[INFO] [stderr]    |
[INFO] [stderr]    | pub trait Handler<M: Message>: Actor + HandlerRegistered<M> + Send {
[INFO] [stderr]    |                                ^^^^^ required by this bound in `Handler`
[INFO] [stderr]    = note: this error originates in the derive macro `Actor` (in Nightly builds, run with -Z macro-backtrace for more info)
[INFO] [stderr] ┈┈┈┈┈┈┈┈┈┈┈┈┈┈┈┈┈┈┈┈┈┈┈┈┈┈┈┈┈┈┈┈┈┈┈┈┈┈┈┈┈┈┈┈┈┈┈┈┈┈┈┈┈┈┈┈┈┈┈┈
[INFO] [stderr] note: If the actual output is the correct output you can bless it by rerunning
[INFO] [stderr]       your test with the environment variable TRYBUILD=overwrite
[INFO] [stderr] 
[INFO] [stderr] 
[INFO] [stderr] 
[INFO] [stdout] test compile_fail ... FAILED
[INFO] [stdout] 
[INFO] [stdout] failures:
[INFO] [stdout] 
[INFO] [stdout] ---- compile_fail stdout ----
[INFO] [stdout] 
[INFO] [stdout] thread 'compile_fail' (791) panicked at /opt/rustwide/cargo-home/registry/src/index.crates.io-1949cf8c6b5b557f/trybuild-1.0.122/src/run.rs:103:13:
[INFO] [stdout] 5 of 5 tests failed
[INFO] [stdout] stack backtrace:
[INFO] [stdout]    0:     0x623be83fdbc1 - <<std[617be2ca0a6fd877]::sys::backtrace::BacktraceLock>::print::DisplayBacktrace as core[a373ad73a504971]::fmt::Display>::fmt
[INFO] [stdout]    1:     0x623be8413eaa - core[a373ad73a504971]::fmt::write
[INFO] [stdout]    2:     0x623be840240c - <alloc[2e1b2a31b91974c5]::vec::Vec<u8> as core[a373ad73a504971]::io::write::Write>::write_fmt
[INFO] [stdout]    3:     0x623be83d7026 - std[617be2ca0a6fd877]::panicking::default_hook::{closure#0}
[INFO] [stdout]    4:     0x623be83f5169 - std[617be2ca0a6fd877]::panicking::default_hook
[INFO] [stdout]    5:     0x623be82e7cc0 - test[aada8e7e76ba119b]::test_main_inner::{closure#0}
[INFO] [stdout]    6:     0x623be83f5322 - std[617be2ca0a6fd877]::panicking::panic_with_hook
[INFO] [stdout]    7:     0x623be83d70d2 - std[617be2ca0a6fd877]::panicking::panic_handler::{closure#0}
[INFO] [stdout]    8:     0x623be83cf929 - std[617be2ca0a6fd877]::sys::backtrace::__rust_end_short_backtrace::<std[617be2ca0a6fd877]::panicking::panic_handler::{closure#0}, !>
[INFO] [stdout]    9:     0x623be83d7cdd - __rustc[ea4f61d10b84890b]::rust_begin_unwind
[INFO] [stdout]   10:     0x623be841461c - core[a373ad73a504971]::panicking::panic_fmt
[INFO] [stdout]   11:     0x623be8321e4b - <trybuild[d01b3b7c6541d702]::Runner>::run
[INFO] [stdout]   12:     0x623be83250c0 - <trybuild[d01b3b7c6541d702]::TestCases as core[a373ad73a504971]::ops::drop::Drop>::drop
[INFO] [stdout]   13:     0x623be82dae98 - compile_fail_test[8eb1f9e80f3d4eae]::compile_fail
[INFO] [stdout]   14:     0x623be82db099 - <compile_fail_test[8eb1f9e80f3d4eae]::compile_fail::{closure#0} as core[a373ad73a504971]::ops::function::FnOnce<()>>::call_once
[INFO] [stdout]   15:     0x623be82db10b - test[aada8e7e76ba119b]::__rust_begin_short_backtrace::<core[a373ad73a504971]::result::Result<(), alloc[2e1b2a31b91974c5]::string::String>, fn() -> core[a373ad73a504971]::result::Result<(), alloc[2e1b2a31b91974c5]::string::String>>
[INFO] [stdout]   16:     0x623be82e82e5 - test[aada8e7e76ba119b]::run_test::{closure#0}
[INFO] [stdout]   17:     0x623be82e1bd4 - std[617be2ca0a6fd877]::sys::backtrace::__rust_begin_short_backtrace::<test[aada8e7e76ba119b]::run_test::{closure#1}, ()>
[INFO] [stdout]   18:     0x623be82eb372 - <std[617be2ca0a6fd877]::thread::lifecycle::spawn_unchecked<test[aada8e7e76ba119b]::run_test::{closure#1}, ()>::{closure#1} as core[a373ad73a504971]::ops::function::FnOnce<()>>::call_once::{shim:vtable#0}
[INFO] [stdout]   19:     0x623be83fce1f - <std[617be2ca0a6fd877]::sys::thread::unix::Thread>::new::thread_start
[INFO] [stdout]   20:     0x7796ee63ddfa - <unknown>
[INFO] [stdout]   21:     0x7796ee6d13d4 - clone
[INFO] [stdout]   22:                0x0 - <unknown>
[INFO] [stdout] 
[INFO] [stdout] 
[INFO] [stdout] failures:
[INFO] [stdout]     compile_fail
[INFO] [stdout] 
[INFO] [stdout] test result: FAILED. 0 passed; 1 failed; 0 ignored; 0 measured; 0 filtered out; finished in 16.36s
[INFO] [stdout] 
[INFO] [stderr] error: test failed, to rerun pass `--test compile_fail_test`
[INFO] running `Command { std: "docker" "inspect" "c8559e577ef31225095fc2d4bbc33efc87896c4101430a712778dcf1ddb24193", kill_on_drop: false }`
[INFO] running `Command { std: "docker" "rm" "-f" "c8559e577ef31225095fc2d4bbc33efc87896c4101430a712778dcf1ddb24193", kill_on_drop: false }`
[INFO] [stdout] c8559e577ef31225095fc2d4bbc33efc87896c4101430a712778dcf1ddb24193
