[INFO] fetching crate xyzio 0.3.1...
[INFO] testing xyzio-0.3.1 against 1.99.0-beta.8+cargoflags=--release for beta-release-1.100-2
[INFO] extracting crate xyzio 0.3.1 into /workspace/builds/worker-4-tc1/source
[INFO] started tweaking crates.io crate xyzio 0.3.1
[INFO] finished tweaking crates.io crate xyzio 0.3.1
[INFO] tweaked toml for crates.io crate xyzio 0.3.1 written to /workspace/builds/worker-4-tc1/source/Cargo.toml
[INFO] validating manifest of crates.io crate xyzio 0.3.1 on toolchain 1.99.0-beta.8
[INFO] running `Command { std: CARGO_HOME="/workspace/cargo-home" RUSTUP_HOME="/workspace/rustup-home" "/workspace/cargo-home/bin/cargo" "+1.99.0-beta.8" "metadata" "--manifest-path" "Cargo.toml" "--no-deps", kill_on_drop: false }`
[INFO] running `Command { std: CARGO_HOME="/workspace/cargo-home" RUSTUP_HOME="/workspace/rustup-home" "/workspace/cargo-home/bin/cargo" "+1.99.0-beta.8" "generate-lockfile" "--manifest-path" "Cargo.toml", kill_on_drop: false }`
[INFO] running `Command { std: CARGO_HOME="/workspace/cargo-home" RUSTUP_HOME="/workspace/rustup-home" "/workspace/cargo-home/bin/cargo" "+1.99.0-beta.8" "fetch" "--manifest-path" "Cargo.toml", kill_on_drop: false }`
[INFO] [stderr] warning: Cargo.toml: `package.edition` is unspecified, defaulting to `2015` while the latest is `2024`
[INFO] [stderr] warning: `xyzio` (manifest) generated 1 warning
[INFO] running `Command { std: "docker" "create" "-v" "/var/lib/crater-agent-workspace/builds/worker-4-tc1/source:/opt/rustwide/workdir:ro,Z" "-v" "/var/lib/crater-agent-workspace/builds/worker-4-tc1/target:/opt/rustwide/target:rw,Z" "-v" "/var/lib/crater-agent-workspace/cargo-home:/opt/rustwide/cargo-home:ro,Z" "-v" "/var/lib/crater-agent-workspace/rustup-home:/opt/rustwide/rustup-home:ro,Z" "-m" "1610612736" "--network" "none" "ghcr.io/rust-lang/crates-build-env/linux@sha256:77db811e55d90add9212f6832c23229e3de5f1c1f9905e8cb07319ea15df73ac" "sleep" "infinity", kill_on_drop: false }`
[INFO] [stdout] 6d0ce2538521e6b2794828aaaae40a5a8c02ceedd867ef4e653327ad35acca98
[INFO] running `Command { std: "docker" "start" "6d0ce2538521e6b2794828aaaae40a5a8c02ceedd867ef4e653327ad35acca98", kill_on_drop: false }`
[INFO] running `Command { std: "docker" "inspect" "6d0ce2538521e6b2794828aaaae40a5a8c02ceedd867ef4e653327ad35acca98", kill_on_drop: false }`
[INFO] running `Command { std: "docker" "exec" "-e" "SOURCE_DIR=/opt/rustwide/workdir" "-e" "CARGO_HOME=/opt/rustwide/cargo-home" "-e" "RUSTUP_HOME=/opt/rustwide/rustup-home" "-e" "CARGO_TARGET_DIR=/opt/rustwide/target" "-w" "/opt/rustwide/workdir" "--user" "0:0" "6d0ce2538521e6b2794828aaaae40a5a8c02ceedd867ef4e653327ad35acca98" "/opt/rustwide/cargo-home/bin/cargo" "+1.99.0-beta.8" "metadata" "--no-deps" "--format-version=1", kill_on_drop: false }`
[INFO] running `Command { std: "docker" "inspect" "6d0ce2538521e6b2794828aaaae40a5a8c02ceedd867ef4e653327ad35acca98", kill_on_drop: false }`
[INFO] running `Command { std: "docker" "exec" "-e" "SOURCE_DIR=/opt/rustwide/workdir" "-e" "CARGO_HOME=/opt/rustwide/cargo-home" "-e" "RUSTUP_HOME=/opt/rustwide/rustup-home" "-e" "CARGO_TARGET_DIR=/opt/rustwide/target" "-e" "CARGO_INCREMENTAL=0" "-e" "RUST_BACKTRACE=full" "-e" "RUSTFLAGS=--cap-lints=warn" "-e" "RUSTDOCFLAGS=--cap-lints=warn" "-w" "/opt/rustwide/workdir" "--user" "0:0" "6d0ce2538521e6b2794828aaaae40a5a8c02ceedd867ef4e653327ad35acca98" "/opt/rustwide/cargo-home/bin/cargo" "+1.99.0-beta.8" "build" "--frozen" "--message-format=json" "--release", kill_on_drop: false }`
[INFO] [stderr] warning: Cargo.toml: `package.edition` is unspecified, defaulting to `2015` while the latest is `2024`
[INFO] [stderr] warning: `xyzio` (manifest) generated 1 warning
[INFO] [stderr]    Compiling xyzio v0.3.1 (/opt/rustwide/workdir)
[INFO] [stderr]     Finished `release` profile [optimized] target(s) in 0.28s
[INFO] running `Command { std: "docker" "inspect" "6d0ce2538521e6b2794828aaaae40a5a8c02ceedd867ef4e653327ad35acca98", kill_on_drop: false }`
[INFO] running `Command { std: "docker" "exec" "-e" "SOURCE_DIR=/opt/rustwide/workdir" "-e" "CARGO_HOME=/opt/rustwide/cargo-home" "-e" "RUSTUP_HOME=/opt/rustwide/rustup-home" "-e" "CARGO_TARGET_DIR=/opt/rustwide/target" "-e" "CARGO_INCREMENTAL=0" "-e" "RUST_BACKTRACE=full" "-e" "RUSTFLAGS=--cap-lints=warn" "-e" "RUSTDOCFLAGS=--cap-lints=warn" "-w" "/opt/rustwide/workdir" "--user" "0:0" "6d0ce2538521e6b2794828aaaae40a5a8c02ceedd867ef4e653327ad35acca98" "/opt/rustwide/cargo-home/bin/cargo" "+1.99.0-beta.8" "test" "--frozen" "--no-run" "--message-format=json" "--release", kill_on_drop: false }`
[INFO] [stderr] warning: Cargo.toml: `package.edition` is unspecified, defaulting to `2015` while the latest is `2024`
[INFO] [stderr] warning: `xyzio` (manifest) generated 1 warning
[INFO] [stderr]    Compiling xyzio v0.3.1 (/opt/rustwide/workdir)
[INFO] [stdout] warning: unused import: `::types::*`
[INFO] [stdout]   --> src/writer.rs:34:9
[INFO] [stdout]    |
[INFO] [stdout] 34 |     use ::types::*;
[INFO] [stdout]    |         ^^^^^^^^^^
[INFO] [stdout]    |
[INFO] [stdout]    = note: `#[warn(unused_imports)]` (part of `#[warn(unused)]`) on by default
[INFO] [stdout] 
[INFO] [stdout] 
[INFO] [stderr]     Finished `release` profile [optimized] target(s) in 0.74s
[INFO] running `Command { std: "docker" "inspect" "6d0ce2538521e6b2794828aaaae40a5a8c02ceedd867ef4e653327ad35acca98", kill_on_drop: false }`
[INFO] running `Command { std: "docker" "exec" "-e" "SOURCE_DIR=/opt/rustwide/workdir" "-e" "CARGO_HOME=/opt/rustwide/cargo-home" "-e" "RUSTUP_HOME=/opt/rustwide/rustup-home" "-e" "CARGO_TARGET_DIR=/opt/rustwide/target" "-e" "CARGO_INCREMENTAL=0" "-e" "RUST_BACKTRACE=full" "-e" "RUSTFLAGS=--cap-lints=warn" "-e" "RUSTDOCFLAGS=--cap-lints=warn" "-w" "/opt/rustwide/workdir" "--user" "0:0" "6d0ce2538521e6b2794828aaaae40a5a8c02ceedd867ef4e653327ad35acca98" "/opt/rustwide/cargo-home/bin/cargo" "+1.99.0-beta.8" "test" "--frozen" "--release", kill_on_drop: false }`
[INFO] [stderr] warning: Cargo.toml: `package.edition` is unspecified, defaulting to `2015` while the latest is `2024`
[INFO] [stderr] warning: `xyzio` (manifest) generated 1 warning
[INFO] [stderr] warning: unused import: `::types::*`
[INFO] [stderr]   --> src/writer.rs:34:9
[INFO] [stderr]    |
[INFO] [stderr] 34 |     use ::types::*;
[INFO] [stderr]    |         ^^^^^^^^^^
[INFO] [stderr]    |
[INFO] [stderr]    = note: `#[warn(unused_imports)]` (part of `#[warn(unused)]`) on by default
[INFO] [stderr] 
[INFO] [stderr] warning: `xyzio` (lib test) generated 1 warning (run `cargo fix --lib -p xyzio --tests` to apply 1 suggestion)
[INFO] [stderr]     Finished `release` profile [optimized] target(s) in 0.02s
[INFO] [stderr]      Running unittests src/lib.rs (/opt/rustwide/target/release/deps/xyzio-4c1bce77eeff7a82)
[INFO] [stdout] 
[INFO] [stdout] running 6 tests
[INFO] [stdout] test types::tests::test_atom_to_string ... ok
[INFO] [stdout] test reader::tests::test_iterator ... ok
[INFO] [stdout] test reader::tests::test_reader ... ok
[INFO] [stdout] test writer::tests::test_write ... ok
[INFO] [stdout] test types::tests::test_parse_atom ... ok
[INFO] [stdout] test types::tests::test_snapshot ... ok
[INFO] [stdout] 
[INFO] [stdout] test result: ok. 6 passed; 0 failed; 0 ignored; 0 measured; 0 filtered out; finished in 0.00s
[INFO] [stdout] 
[INFO] [stderr]      Running tests/read_xyz.rs (/opt/rustwide/target/release/deps/read_xyz-eed74797aa175815)
[INFO] [stdout] 
[INFO] [stdout] running 1 test
[INFO] [stdout] test test_read_ferric_oxide ... ok
[INFO] [stdout] 
[INFO] [stdout] test result: ok. 1 passed; 0 failed; 0 ignored; 0 measured; 0 filtered out; finished in 0.00s
[INFO] [stdout] 
[INFO] [stderr]      Running tests/write_xyz.rs (/opt/rustwide/target/release/deps/write_xyz-5f89e0fe16113f4d)
[INFO] [stdout] 
[INFO] [stdout] running 1 test
[INFO] [stdout] test test_write_ferric_oxide ... FAILED
[INFO] [stdout] 
[INFO] [stdout] failures:
[INFO] [stdout] 
[INFO] [stdout] ---- test_write_ferric_oxide stdout ----
[INFO] [stdout] 
[INFO] [stdout] thread 'test_write_ferric_oxide' (214) panicked at tests/write_xyz.rs:9:53:
[INFO] [stdout] called `Result::unwrap()` on an `Err` value: Os { code: 30, kind: ReadOnlyFilesystem, message: "Read-only file system" }
[INFO] [stdout] stack backtrace:
[INFO] [stdout]    0:     0x5ca49a152501 - <<std[70759c8f55707aa4]::sys::backtrace::BacktraceLock>::print::DisplayBacktrace as core[df12db4294e9bfd3]::fmt::Display>::fmt
[INFO] [stdout]    1:     0x5ca49a166eea - core[df12db4294e9bfd3]::fmt::write
[INFO] [stdout]    2:     0x5ca49a15699c - <alloc[2182bb758b4b3781]::vec::Vec<u8> as core[df12db4294e9bfd3]::io::write::Write>::write_fmt
[INFO] [stdout]    3:     0x5ca49a12eaf6 - std[70759c8f55707aa4]::panicking::default_hook::{closure#0}
[INFO] [stdout]    4:     0x5ca49a14ac69 - std[70759c8f55707aa4]::panicking::default_hook
[INFO] [stdout]    5:     0x5ca49a0e6720 - test[9d35eded1c95d3be]::test_main_inner::<test[9d35eded1c95d3be]::test_main_static::{closure#0}>::{closure#0}
[INFO] [stdout]    6:     0x5ca49a14ae22 - std[70759c8f55707aa4]::panicking::panic_with_hook
[INFO] [stdout]    7:     0x5ca49a12eba2 - std[70759c8f55707aa4]::panicking::panic_handler::{closure#0}
[INFO] [stdout]    8:     0x5ca49a127929 - std[70759c8f55707aa4]::sys::backtrace::__rust_end_short_backtrace::<std[70759c8f55707aa4]::panicking::panic_handler::{closure#0}, !>
[INFO] [stdout]    9:     0x5ca49a12f79d - __rustc[8fa7c3cbc660c2b3]::rust_begin_unwind
[INFO] [stdout]   10:     0x5ca49a16761c - core[df12db4294e9bfd3]::panicking::panic_fmt
[INFO] [stdout]   11:     0x5ca49a1673f2 - core[df12db4294e9bfd3]::result::unwrap_failed
[INFO] [stdout]   12:     0x5ca49a0d97ca - <write_xyz[692f18aecfadb44e]::test_write_ferric_oxide::{closure#0} as core[df12db4294e9bfd3]::ops::function::FnOnce<()>>::call_once
[INFO] [stdout]   13:     0x5ca49a0d9a0b - test[9d35eded1c95d3be]::__rust_begin_short_backtrace::<core[df12db4294e9bfd3]::result::Result<(), alloc[2182bb758b4b3781]::string::String>, fn() -> core[df12db4294e9bfd3]::result::Result<(), alloc[2182bb758b4b3781]::string::String>>
[INFO] [stdout]   14:     0x5ca49a0e7075 - test[9d35eded1c95d3be]::run_test::{closure#0}
[INFO] [stdout]   15:     0x5ca49a0e0934 - std[70759c8f55707aa4]::sys::backtrace::__rust_begin_short_backtrace::<test[9d35eded1c95d3be]::run_test::{closure#1}, ()>
[INFO] [stdout]   16:     0x5ca49a0ea1d2 - <std[70759c8f55707aa4]::thread::lifecycle::spawn_unchecked<test[9d35eded1c95d3be]::run_test::{closure#1}, ()>::{closure#1} as core[df12db4294e9bfd3]::ops::function::FnOnce<()>>::call_once::{shim:vtable#0}
[INFO] [stdout]   17:     0x5ca49a151dd9 - <std[70759c8f55707aa4]::sys::thread::unix::Thread>::new::thread_start
[INFO] [stdout]   18:     0x7fc0130c9dfa - <unknown>
[INFO] [stdout]   19:     0x7fc01315d3d4 - clone
[INFO] [stdout]   20:                0x0 - <unknown>
[INFO] [stdout] 
[INFO] [stdout] 
[INFO] [stdout] failures:
[INFO] [stdout]     test_write_ferric_oxide
[INFO] [stdout] 
[INFO] [stdout] test result: FAILED. 0 passed; 1 failed; 0 ignored; 0 measured; 0 filtered out; finished in 0.00s
[INFO] [stdout] 
[INFO] [stderr] error: test failed, to rerun pass `--test write_xyz`
[INFO] running `Command { std: "docker" "inspect" "6d0ce2538521e6b2794828aaaae40a5a8c02ceedd867ef4e653327ad35acca98", kill_on_drop: false }`
[INFO] running `Command { std: "docker" "rm" "-f" "6d0ce2538521e6b2794828aaaae40a5a8c02ceedd867ef4e653327ad35acca98", kill_on_drop: false }`
[INFO] [stdout] 6d0ce2538521e6b2794828aaaae40a5a8c02ceedd867ef4e653327ad35acca98
