[INFO] fetching crate xx 2.6.2...
[INFO] testing xx-2.6.2 against 1.100.0-beta.1+cargoflags=--release for beta-release-1.100-2
[INFO] extracting crate xx 2.6.2 into /workspace/builds/worker-7-tc2/source
[INFO] started tweaking crates.io crate xx 2.6.2
[INFO] finished tweaking crates.io crate xx 2.6.2
[INFO] tweaked toml for crates.io crate xx 2.6.2 written to /workspace/builds/worker-7-tc2/source/Cargo.toml
[INFO] validating manifest of crates.io crate xx 2.6.2 on toolchain 1.100.0-beta.1
[INFO] running `Command { std: CARGO_HOME="/workspace/cargo-home" RUSTUP_HOME="/workspace/rustup-home" "/workspace/cargo-home/bin/cargo" "+1.100.0-beta.1" "metadata" "--manifest-path" "Cargo.toml" "--no-deps", kill_on_drop: false }`
[INFO] crate crates.io crate xx 2.6.2 already has a lockfile, it will not be regenerated
[INFO] running `Command { std: CARGO_HOME="/workspace/cargo-home" RUSTUP_HOME="/workspace/rustup-home" "/workspace/cargo-home/bin/cargo" "+1.100.0-beta.1" "fetch" "--manifest-path" "Cargo.toml", kill_on_drop: false }`
[INFO] running `Command { std: "docker" "create" "-v" "/var/lib/crater-agent-workspace/builds/worker-7-tc2/source:/opt/rustwide/workdir:ro,Z" "-v" "/var/lib/crater-agent-workspace/builds/worker-7-tc2/target:/opt/rustwide/target:rw,Z" "-v" "/var/lib/crater-agent-workspace/cargo-home:/opt/rustwide/cargo-home:ro,Z" "-v" "/var/lib/crater-agent-workspace/rustup-home:/opt/rustwide/rustup-home:ro,Z" "-m" "1610612736" "--network" "none" "ghcr.io/rust-lang/crates-build-env/linux@sha256:77db811e55d90add9212f6832c23229e3de5f1c1f9905e8cb07319ea15df73ac" "sleep" "infinity", kill_on_drop: false }`
[INFO] [stdout] a97256390fd77c793ddfe80e4a9f5c9f7149acfadbb5e7cf5d20883aa4704c18
[INFO] running `Command { std: "docker" "start" "a97256390fd77c793ddfe80e4a9f5c9f7149acfadbb5e7cf5d20883aa4704c18", kill_on_drop: false }`
[INFO] running `Command { std: "docker" "inspect" "a97256390fd77c793ddfe80e4a9f5c9f7149acfadbb5e7cf5d20883aa4704c18", kill_on_drop: false }`
[INFO] running `Command { std: "docker" "exec" "-e" "SOURCE_DIR=/opt/rustwide/workdir" "-e" "CARGO_HOME=/opt/rustwide/cargo-home" "-e" "RUSTUP_HOME=/opt/rustwide/rustup-home" "-e" "CARGO_TARGET_DIR=/opt/rustwide/target" "-w" "/opt/rustwide/workdir" "--user" "0:0" "a97256390fd77c793ddfe80e4a9f5c9f7149acfadbb5e7cf5d20883aa4704c18" "/opt/rustwide/cargo-home/bin/cargo" "+1.100.0-beta.1" "metadata" "--no-deps" "--format-version=1", kill_on_drop: false }`
[INFO] running `Command { std: "docker" "inspect" "a97256390fd77c793ddfe80e4a9f5c9f7149acfadbb5e7cf5d20883aa4704c18", kill_on_drop: false }`
[INFO] running `Command { std: "docker" "exec" "-e" "SOURCE_DIR=/opt/rustwide/workdir" "-e" "CARGO_HOME=/opt/rustwide/cargo-home" "-e" "RUSTUP_HOME=/opt/rustwide/rustup-home" "-e" "CARGO_TARGET_DIR=/opt/rustwide/target" "-e" "CARGO_INCREMENTAL=0" "-e" "RUST_BACKTRACE=full" "-e" "RUSTFLAGS=--cap-lints=warn" "-e" "RUSTDOCFLAGS=--cap-lints=warn" "-w" "/opt/rustwide/workdir" "--user" "0:0" "a97256390fd77c793ddfe80e4a9f5c9f7149acfadbb5e7cf5d20883aa4704c18" "/opt/rustwide/cargo-home/bin/cargo" "+1.100.0-beta.1" "build" "--frozen" "--message-format=json" "--release", kill_on_drop: false }`
[INFO] [stderr]    Compiling libc v0.2.189
[INFO] [stderr]    Compiling signal-hook v0.4.4
[INFO] [stderr]    Compiling cfg_aliases v0.2.2
[INFO] [stderr]    Compiling rand_core v0.10.1
[INFO] [stderr]    Compiling getrandom v0.4.3
[INFO] [stderr]    Compiling cpufeatures v0.3.1
[INFO] [stderr]    Compiling shared_thread v0.2.1
[INFO] [stderr]    Compiling aho-corasick v1.1.5
[INFO] [stderr]    Compiling syn v2.0.119
[INFO] [stderr]    Compiling thiserror-impl v2.0.20
[INFO] [stderr]    Compiling chacha20 v0.10.2
[INFO] [stderr]    Compiling nix v0.30.1
[INFO] [stderr]    Compiling thiserror v2.0.20
[INFO] [stderr]    Compiling regex-automata v0.4.18
[INFO] [stderr]    Compiling errno v0.3.14
[INFO] [stderr]    Compiling os_pipe v1.2.3
[INFO] [stderr]    Compiling filetime v0.2.29
[INFO] [stderr]    Compiling rand v0.10.2
[INFO] [stderr]    Compiling signal-hook-registry v1.4.8
[INFO] [stderr]    Compiling miette-derive v7.6.0
[INFO] [stderr]    Compiling sigchld v0.2.5
[INFO] [stderr]    Compiling homedir v0.3.6
[INFO] [stderr]    Compiling shared_child v1.1.2
[INFO] [stderr]    Compiling duct v1.1.2
[INFO] [stderr]    Compiling miette v7.6.0
[INFO] [stderr]    Compiling regex v1.13.1
[INFO] [stderr]    Compiling xx v2.6.2 (/opt/rustwide/workdir)
[INFO] [stderr] warning: unused dependency `regex`
[INFO] [stderr]   --> Cargo.toml:38:15
[INFO] [stderr]    |
[INFO] [stderr] 38 | [dependencies.regex]
[INFO] [stderr]    |               ^^^^^^
[INFO] [stderr]    |
[INFO] [stderr]    = note: `cargo::unused_dependencies` is set to `warn` by default
[INFO] [stderr] help: consider removing the dependency on `regex`
[INFO] [stderr] warning: `xx` (manifest) generated 1 warning
[INFO] [stderr]     Finished `release` profile [optimized] target(s) in 18.29s
[INFO] running `Command { std: "docker" "inspect" "a97256390fd77c793ddfe80e4a9f5c9f7149acfadbb5e7cf5d20883aa4704c18", kill_on_drop: false }`
[INFO] running `Command { std: "docker" "exec" "-e" "SOURCE_DIR=/opt/rustwide/workdir" "-e" "CARGO_HOME=/opt/rustwide/cargo-home" "-e" "RUSTUP_HOME=/opt/rustwide/rustup-home" "-e" "CARGO_TARGET_DIR=/opt/rustwide/target" "-e" "CARGO_INCREMENTAL=0" "-e" "RUST_BACKTRACE=full" "-e" "RUSTFLAGS=--cap-lints=warn" "-e" "RUSTDOCFLAGS=--cap-lints=warn" "-w" "/opt/rustwide/workdir" "--user" "0:0" "a97256390fd77c793ddfe80e4a9f5c9f7149acfadbb5e7cf5d20883aa4704c18" "/opt/rustwide/cargo-home/bin/cargo" "+1.100.0-beta.1" "test" "--frozen" "--no-run" "--message-format=json" "--release", kill_on_drop: false }`
[INFO] [stderr]    Compiling syn v3.0.5
[INFO] [stderr]    Compiling syn v2.0.119
[INFO] [stderr]    Compiling smallvec v1.16.1
[INFO] [stderr]    Compiling socket2 v0.6.5
[INFO] [stderr]    Compiling mio v1.2.3
[INFO] [stderr]    Compiling regex-automata v0.4.18
[INFO] [stderr]    Compiling indexmap v2.14.2
[INFO] [stderr]    Compiling tracing v0.1.44
[INFO] [stderr]    Compiling jiff-core v0.1.1
[INFO] [stderr]    Compiling nix v0.30.1
[INFO] [stderr]    Compiling serde v1.0.229
[INFO] [stderr]    Compiling num_cpus v1.17.0
[INFO] [stderr]    Compiling deadpool-runtime v0.1.4
[INFO] [stderr]    Compiling tempfile v3.27.0
[INFO] [stderr]    Compiling console v0.16.6
[INFO] [stderr]    Compiling parking_lot_core v0.9.12
[INFO] [stderr]    Compiling homedir v0.3.6
[INFO] [stderr]    Compiling parking_lot v0.12.5
[INFO] [stderr]    Compiling assert-json-diff v2.0.2
[INFO] [stderr]    Compiling jiff v0.2.37
[INFO] [stderr]    Compiling insta v1.48.0
[INFO] [stderr]    Compiling regex v1.13.1
[INFO] [stderr]    Compiling zerovec-derive v0.11.6
[INFO] [stderr]    Compiling displaydoc v0.2.7
[INFO] [stderr]    Compiling tokio-macros v2.7.2
[INFO] [stderr]    Compiling futures-macro v0.3.34
[INFO] [stderr]    Compiling thiserror-impl v2.0.20
[INFO] [stderr]    Compiling futures-util v0.3.34
[INFO] [stderr]    Compiling env_filter v2.0.0
[INFO] [stderr]    Compiling tokio v1.53.1
[INFO] [stderr]    Compiling synstructure v0.13.2
[INFO] [stderr]    Compiling test-log-core v0.2.21
[INFO] [stderr]    Compiling env_logger v0.11.11
[INFO] [stderr]    Compiling thiserror v2.0.20
[INFO] [stderr]    Compiling zerofrom-derive v0.1.7
[INFO] [stderr]    Compiling yoke-derive v0.8.2
[INFO] [stderr]    Compiling miette-derive v7.6.0
[INFO] [stderr]    Compiling test-log-macros v0.2.21
[INFO] [stderr]    Compiling test-log v0.2.21
[INFO] [stderr]    Compiling zerofrom v0.1.8
[INFO] [stderr]    Compiling yoke v0.8.3
[INFO] [stderr]    Compiling zerovec v0.11.8
[INFO] [stderr]    Compiling zerotrie v0.2.5
[INFO] [stderr]    Compiling miette v7.6.0
[INFO] [stderr]    Compiling xx v2.6.2 (/opt/rustwide/workdir)
[INFO] [stderr]    Compiling tinystr v0.8.4
[INFO] [stderr]    Compiling potential_utf v0.1.6
[INFO] [stderr]    Compiling icu_collections v2.3.0
[INFO] [stderr]    Compiling icu_locale_core v2.3.0
[INFO] [stderr]    Compiling icu_provider v2.3.1
[INFO] [stderr]    Compiling futures-executor v0.3.34
[INFO] [stderr]    Compiling icu_normalizer v2.3.0
[INFO] [stderr]    Compiling icu_properties v2.3.0
[INFO] [stderr]    Compiling futures v0.3.34
[INFO] [stderr]    Compiling idna_adapter v1.2.2
[INFO] [stderr]    Compiling idna v1.1.0
[INFO] [stderr]    Compiling url v2.5.8
[INFO] [stderr]    Compiling tokio-util v0.7.19
[INFO] [stderr]    Compiling deadpool v0.12.3
[INFO] [stderr]    Compiling h2 v0.4.19
[INFO] [stderr]    Compiling hyper v1.11.1
[INFO] [stderr]    Compiling hyper-util v0.1.20
[INFO] [stderr]    Compiling wiremock v0.6.5
[INFO] [stderr] warning: unused dependency `regex`
[INFO] [stderr]   --> Cargo.toml:38:15
[INFO] [stderr]    |
[INFO] [stderr] 38 | [dependencies.regex]
[INFO] [stderr]    |               ^^^^^^
[INFO] [stderr]    |
[INFO] [stderr]    = note: `cargo::unused_dependencies` is set to `warn` by default
[INFO] [stderr] help: consider removing the dependency on `regex`
[INFO] [stderr] help: to still use for development builds, move to `dev-dependencies`
[INFO] [stderr] warning: `xx` (manifest) generated 1 warning
[INFO] [stderr]     Finished `release` profile [optimized] target(s) in 1m 07s
[INFO] running `Command { std: "docker" "inspect" "a97256390fd77c793ddfe80e4a9f5c9f7149acfadbb5e7cf5d20883aa4704c18", kill_on_drop: false }`
[INFO] running `Command { std: "docker" "exec" "-e" "SOURCE_DIR=/opt/rustwide/workdir" "-e" "CARGO_HOME=/opt/rustwide/cargo-home" "-e" "RUSTUP_HOME=/opt/rustwide/rustup-home" "-e" "CARGO_TARGET_DIR=/opt/rustwide/target" "-e" "CARGO_INCREMENTAL=0" "-e" "RUST_BACKTRACE=full" "-e" "RUSTFLAGS=--cap-lints=warn" "-e" "RUSTDOCFLAGS=--cap-lints=warn" "-w" "/opt/rustwide/workdir" "--user" "0:0" "a97256390fd77c793ddfe80e4a9f5c9f7149acfadbb5e7cf5d20883aa4704c18" "/opt/rustwide/cargo-home/bin/cargo" "+1.100.0-beta.1" "test" "--frozen" "--release", kill_on_drop: false }`
[INFO] [stderr] warning: unused dependency `regex`
[INFO] [stderr]   --> Cargo.toml:38:15
[INFO] [stderr]    |
[INFO] [stderr] 38 | [dependencies.regex]
[INFO] [stderr]    |               ^^^^^^
[INFO] [stderr]    |
[INFO] [stderr]    = note: `cargo::unused_dependencies` is set to `warn` by default
[INFO] [stderr] help: consider removing the dependency on `regex`
[INFO] [stderr] help: to still use for development builds, move to `dev-dependencies`
[INFO] [stderr] warning: `xx` (manifest) generated 1 warning
[INFO] [stderr]     Finished `release` profile [optimized] target(s) in 0.22s
[INFO] [stderr]      Running unittests src/lib.rs (/opt/rustwide/target/release/build/xx/abb12b020d02b4e6/out/xx-abb12b020d02b4e6)
[INFO] [stdout] 
[INFO] [stdout] running 99 tests
[INFO] [stdout] test env::tests::test_var_numeric ... ok
[INFO] [stdout] test context::tests::test_set_load_root ... ok
[INFO] [stdout] test env::tests::test_var_option_bool ... ok
[INFO] [stdout] test env::tests::test_var_or ... ok
[INFO] [stdout] test file::tests::test_is_empty_dir ... ok
[INFO] [stdout] test file::tests::test_is_executable ... ok
[INFO] [stdout] test env::tests::test_var_duration ... ok
[INFO] [stdout] test file::tests::test_modified_time ... ok
[INFO] [stdout] test file::tests::test_read_bytes ... ok
[INFO] [stdout] test file::tests::test_read_bytes_no_permission ... FAILED
[INFO] [stdout] test file::tests::test_append ... ok
[INFO] [stdout] test file::tests::test_read_file_not_found ... ok
[INFO] [stdout] test env::tests::test_var_csv ... ok
[INFO] [stdout] test file::tests::test_copy_file ... ok
[INFO] [stdout] test file::tests::test_copy_dir_all ... ok
[INFO] [stdout] test file::tests::test_read_bytes_not_found ... ok
[INFO] [stdout] test file::tests::test_read_to_string ... ok
[INFO] [stdout] test file::tests::test_symlink ... ok
[INFO] [stdout] test file::tests::test_remove_file ... ok
[INFO] [stdout] test context::tests::test_prepend_load_root ... ok
[INFO] [stdout] test file::tests::test_size ... ok
[INFO] [stdout] test file::tests::test_same_file ... ok
[INFO] [stderr] fatal: not a git repository (or any of the parent directories): .git
[INFO] [stdout] test env::tests::test_var_log_level ... ok
[INFO] [stdout] test file::tests::test_touch_file ... ok
[INFO] [stderr] fatal: not a git repository (or any of the parent directories): .git
[INFO] [stdout] test env::tests::test_var_is_true ... ok
[INFO] [stdout] test file::tests::test_which ... ok
[INFO] [stdout] test git::tests::test_clone_options_builder ... ok
[INFO] [stdout] test git::tests::test_current_branch_not_a_repo ... ok
[INFO] [stdout] test env::tests::test_var_is_false ... ok
[INFO] [stdout] test file::tests::test_append_no_parent ... ok
[INFO] [stdout] test file::tests::test_chmod ... ok
[INFO] [stdout] test file::tests::test_make_executable ... ok
[INFO] [stdout] test file::tests::test_canonicalize ... ok
[INFO] [stderr] fatal: not a git repository (or any of the parent directories): .git
[INFO] [stderr] fatal: not a git repository (or any of the parent directories): .git
[INFO] [stdout] test git::tests::test_current_sha_not_a_repo ... ok
[INFO] [stdout] test git::tests::test_get_remote_url_nonexistent_dir ... ok
[INFO] [stdout] test git::tests::test_current_abbrev_ref_not_a_repo ... ok
[INFO] [stderr] hint: Using 'master' as the name for the initial branch. This default branch name
[INFO] [stderr] hint: will change to "main" in Git 3.0. To configure the initial branch name
[INFO] [stderr] hint: to use in all of your new repositories, which will suppress this warning,
[INFO] [stderr] hint: call:
[INFO] [stderr] hint:
[INFO] [stderr] hint: 	git config --global init.defaultBranch <name>
[INFO] [stderr] hint:
[INFO] [stderr] hint: Names commonly chosen instead of 'master' are 'main', 'trunk' and
[INFO] [stderr] hint: 'development'. The just-created branch can be renamed via this command:
[INFO] [stderr] hint:
[INFO] [stderr] hint: 	git branch -m <name>
[INFO] [stderr] hint:
[INFO] [stderr] hint: Disable this message with "git config set advice.defaultBranchName false"
[INFO] [stdout] Initialized empty Git repository in /tmp/.tmplfj1SE/.git/
[INFO] [stdout] Initialized empty Git repository in /tmp/.tmpDShegd/test-repo/.git/
[INFO] [stderr] hint: Using 'master' as the name for the initial branch. This default branch name
[INFO] [stderr] hint: will change to "main" in Git 3.0. To configure the initial branch name
[INFO] [stderr] hint: to use in all of your new repositories, which will suppress this warning,
[INFO] [stderr] hint: call:
[INFO] [stderr] hint:
[INFO] [stderr] hint: 	git config --global init.defaultBranch <name>
[INFO] [stderr] hint:
[INFO] [stderr] hint: Names commonly chosen instead of 'master' are 'main', 'trunk' and
[INFO] [stderr] hint: 'development'. The just-created branch can be renamed via this command:
[INFO] [stderr] hint:
[INFO] [stderr] hint: 	git branch -m <name>
[INFO] [stderr] hint:
[INFO] [stderr] hint: Disable this message with "git config set advice.defaultBranchName false"
[INFO] [stdout] test git::tests::test_current_sha_short_not_a_repo ... ok
[INFO] [stderr] hint: Using 'master' as the name for the initial branch. This default branch name
[INFO] [stderr] hint: will change to "main" in Git 3.0. To configure the initial branch name
[INFO] [stderr] hint: to use in all of your new repositories, which will suppress this warning,
[INFO] [stderr] hint: call:
[INFO] [stderr] hint:
[INFO] [stderr] hint: 	git config --global init.defaultBranch <name>
[INFO] [stderr] hint:
[INFO] [stderr] hint: Names commonly chosen instead of 'master' are 'main', 'trunk' and
[INFO] [stderr] hint: 'development'. The just-created branch can be renamed via this command:
[INFO] [stderr] hint:
[INFO] [stderr] hint: 	git branch -m <name>
[INFO] [stderr] hint:
[INFO] [stderr] hint: Disable this message with "git config set advice.defaultBranchName false"
[INFO] [stdout] Initialized empty Git repository in /tmp/.tmpJV8E1Q/test-repo/.git/
[INFO] [stderr] hint: Using 'master' as the name for the initial branch. This default branch name
[INFO] [stdout] test git::tests::test_get_remote_url_not_a_repo ... ok
[INFO] [stdout] Initialized empty Git repository in /tmp/.tmp41b8PH/test-repo/.git/
[INFO] [stderr] hint: Using 'master' as the name for the initial branch. This default branch name
[INFO] [stdout] Initialized empty Git repository in /tmp/.tmpqKxQhB/test-repo/.git/
[INFO] [stderr] hint: will change to "main" in Git 3.0. To configure the initial branch name
[INFO] [stderr] hint: to use in all of your new repositories, which will suppress this warning,
[INFO] [stderr] hint: call:
[INFO] [stderr] hint:
[INFO] [stderr] hint: 	git config --global init.defaultBranch <name>
[INFO] [stderr] hint:
[INFO] [stderr] hint: Names commonly chosen instead of 'master' are 'main', 'trunk' and
[INFO] [stderr] hint: 'development'. The just-created branch can be renamed via this command:
[INFO] [stderr] hint:
[INFO] [stderr] hint: 	git branch -m <name>
[INFO] [stderr] hint:
[INFO] [stderr] hint: Disable this message with "git config set advice.defaultBranchName false"
[INFO] [stderr] hint: will change to "main" in Git 3.0. To configure the initial branch name
[INFO] [stderr] hint: to use in all of your new repositories, which will suppress this warning,
[INFO] [stderr] hint: call:
[INFO] [stderr] hint:
[INFO] [stderr] hint: 	git config --global init.defaultBranch <name>
[INFO] [stderr] hint:
[INFO] [stderr] hint: Names commonly chosen instead of 'master' are 'main', 'trunk' and
[INFO] [stderr] hint: 'development'. The just-created branch can be renamed via this command:
[INFO] [stderr] hint:
[INFO] [stderr] hint: 	git branch -m <name>
[INFO] [stderr] hint:
[INFO] [stderr] hint: Disable this message with "git config set advice.defaultBranchName false"
[INFO] [stderr] fatal: pathspec 'nonexistent_file.txt' did not match any files
[INFO] [stdout] test git::tests::test_add_nonexistent_file ... ok
[INFO] [stderr] hint: Using 'master' as the name for the initial branch. This default branch name
[INFO] [stderr] hint: will change to "main" in Git 3.0. To configure the initial branch name
[INFO] [stderr] hint: to use in all of your new repositories, which will suppress this warning,
[INFO] [stderr] hint: call:
[INFO] [stderr] hint:
[INFO] [stderr] hint: 	git config --global init.defaultBranch <name>
[INFO] [stderr] hint:
[INFO] [stderr] hint: Names commonly chosen instead of 'master' are 'main', 'trunk' and
[INFO] [stderr] hint: 'development'. The just-created branch can be renamed via this command:
[INFO] [stderr] hint:
[INFO] [stderr] hint: 	git branch -m <name>
[INFO] [stderr] hint:
[INFO] [stderr] hint: Disable this message with "git config set advice.defaultBranchName false"
[INFO] [stdout] Initialized empty Git repository in /tmp/.tmpkUhBlX/test-repo/.git/
[INFO] [stderr] hint: Using 'master' as the name for the initial branch. This default branch name
[INFO] [stderr] hint: will change to "main" in Git 3.0. To configure the initial branch name
[INFO] [stderr] hint: to use in all of your new repositories, which will suppress this warning,
[INFO] [stderr] hint: call:
[INFO] [stderr] hint:
[INFO] [stderr] hint: 	git config --global init.defaultBranch <name>
[INFO] [stderr] hint:
[INFO] [stderr] hint: Names commonly chosen instead of 'master' are 'main', 'trunk' and
[INFO] [stderr] hint: 'development'. The just-created branch can be renamed via this command:
[INFO] [stderr] hint:
[INFO] [stderr] hint: 	git branch -m <name>
[INFO] [stderr] hint:
[INFO] [stderr] hint: Disable this message with "git config set advice.defaultBranchName false"
[INFO] [stderr] hint: Using 'master' as the name for the initial branch. This default branch name
[INFO] [stderr] hint: will change to "main" in Git 3.0. To configure the initial branch name
[INFO] [stderr] hint: to use in all of your new repositories, which will suppress this warning,
[INFO] [stderr] hint: call:
[INFO] [stderr] hint:
[INFO] [stderr] hint: 	git config --global init.defaultBranch <name>
[INFO] [stderr] hint:
[INFO] [stderr] hint: Names commonly chosen instead of 'master' are 'main', 'trunk' and
[INFO] [stderr] hint: 'development'. The just-created branch can be renamed via this command:
[INFO] [stderr] hint:
[INFO] [stderr] hint: 	git branch -m <name>
[INFO] [stderr] hint:
[INFO] [stderr] hint: Disable this message with "git config set advice.defaultBranchName false"
[INFO] [stdout] Initialized empty Git repository in /tmp/.tmp6lb9jE/test-repo/.git/
[INFO] [stderr] hint: Using 'master' as the name for the initial branch. This default branch name
[INFO] [stderr] hint: will change to "main" in Git 3.0. To configure the initial branch name
[INFO] [stderr] hint: to use in all of your new repositories, which will suppress this warning,
[INFO] [stderr] hint: call:
[INFO] [stderr] hint:
[INFO] [stderr] hint: 	git config --global init.defaultBranch <name>
[INFO] [stderr] hint:
[INFO] [stderr] hint: Names commonly chosen instead of 'master' are 'main', 'trunk' and
[INFO] [stderr] hint: 'development'. The just-created branch can be renamed via this command:
[INFO] [stderr] hint:
[INFO] [stderr] hint: 	git branch -m <name>
[INFO] [stderr] hint:
[INFO] [stderr] hint: Disable this message with "git config set advice.defaultBranchName false"
[INFO] [stdout] Initialized empty Git repository in /tmp/.tmpoPBQoU/test-repo/.git/
[INFO] [stderr] hint: Using 'master' as the name for the initial branch. This default branch name
[INFO] [stdout] Initialized empty Git repository in /tmp/.tmptlMZ2w/new-repo/.git/
[INFO] [stderr] hint: will change to "main" in Git 3.0. To configure the initial branch name
[INFO] [stdout] Initialized empty Git repository in /tmp/.tmpNyll1k/test-repo/.git/
[INFO] [stderr] hint: to use in all of your new repositories, which will suppress this warning,
[INFO] [stderr] hint: call:
[INFO] [stderr] hint:
[INFO] [stderr] hint: 	git config --global init.defaultBranch <name>
[INFO] [stderr] hint:
[INFO] [stderr] hint: Names commonly chosen instead of 'master' are 'main', 'trunk' and
[INFO] [stderr] hint: 'development'. The just-created branch can be renamed via this command:
[INFO] [stderr] hint:
[INFO] [stderr] hint: 	git branch -m <name>
[INFO] [stderr] hint:
[INFO] [stderr] hint: Disable this message with "git config set advice.defaultBranchName false"
[INFO] [stderr] fatal: not a git repository (or any of the parent directories): .git
[INFO] [stderr] fatal: not a git repository (or any of the parent directories): .git
[INFO] [stdout] [master (root-commit) 058e254] Initial commit
[INFO] [stderr] hint: Using 'master' as the name for the initial branch. This default branch name
[INFO] [stdout]  1 file changed, 1 insertion(+)
[INFO] [stderr] hint: will change to "main" in Git 3.0. To configure the initial branch name
[INFO] [stdout]  create mode 100644 test.txt
[INFO] [stderr] hint: to use in all of your new repositories, which will suppress this warning,
[INFO] [stderr] hint: call:
[INFO] [stderr] hint:
[INFO] [stderr] hint: 	git config --global init.defaultBranch <name>
[INFO] [stderr] hint:
[INFO] [stderr] hint: Names commonly chosen instead of 'master' are 'main', 'trunk' and
[INFO] [stderr] hint: 'development'. The just-created branch can be renamed via this command:
[INFO] [stderr] hint:
[INFO] [stderr] hint: 	git branch -m <name>
[INFO] [stderr] hint:
[INFO] [stderr] hint: Disable this message with "git config set advice.defaultBranchName false"
[INFO] [stderr] hint: Using 'master' as the name for the initial branch. This default branch name
[INFO] [stdout] Initialized empty Git repository in /tmp/.tmp46vOKq/test-repo/.git/
[INFO] [stderr] hint: will change to "main" in Git 3.0. To configure the initial branch name
[INFO] [stdout] Initialized empty Git repository in /tmp/.tmpA9dlqf/test-repo/.git/
[INFO] [stderr] hint: to use in all of your new repositories, which will suppress this warning,
[INFO] [stderr] hint: call:
[INFO] [stderr] hint:
[INFO] [stderr] hint: 	git config --global init.defaultBranch <name>
[INFO] [stderr] hint:
[INFO] [stderr] hint: Names commonly chosen instead of 'master' are 'main', 'trunk' and
[INFO] [stderr] hint: 'development'. The just-created branch can be renamed via this command:
[INFO] [stderr] hint:
[INFO] [stderr] hint: 	git branch -m <name>
[INFO] [stderr] hint:
[INFO] [stderr] hint: Disable this message with "git config set advice.defaultBranchName false"
[INFO] [stderr] hint: Using 'master' as the name for the initial branch. This default branch name
[INFO] [stderr] hint: will change to "main" in Git 3.0. To configure the initial branch name
[INFO] [stderr] hint: to use in all of your new repositories, which will suppress this warning,
[INFO] [stderr] hint: call:
[INFO] [stderr] hint:
[INFO] [stderr] hint: 	git config --global init.defaultBranch <name>
[INFO] [stderr] hint:
[INFO] [stderr] hint: Names commonly chosen instead of 'master' are 'main', 'trunk' and
[INFO] [stderr] hint: 'development'. The just-created branch can be renamed via this command:
[INFO] [stderr] hint:
[INFO] [stderr] hint: 	git branch -m <name>
[INFO] [stderr] hint:
[INFO] [stderr] hint: Disable this message with "git config set advice.defaultBranchName false"
[INFO] [stderr] fatal: not a git repository (or any of the parent directories): .git
[INFO] [stdout] Initialized empty Git repository in /tmp/.tmplj3JH4/test-repo/.git/
[INFO] [stderr] hint: Using 'master' as the name for the initial branch. This default branch name
[INFO] [stderr] hint: will change to "main" in Git 3.0. To configure the initial branch name
[INFO] [stderr] hint: to use in all of your new repositories, which will suppress this warning,
[INFO] [stderr] hint: call:
[INFO] [stderr] hint:
[INFO] [stderr] hint: 	git config --global init.defaultBranch <name>
[INFO] [stderr] hint:
[INFO] [stderr] hint: Names commonly chosen instead of 'master' are 'main', 'trunk' and
[INFO] [stderr] hint: 'development'. The just-created branch can be renamed via this command:
[INFO] [stderr] hint:
[INFO] [stderr] hint: 	git branch -m <name>
[INFO] [stderr] hint:
[INFO] [stderr] hint: Disable this message with "git config set advice.defaultBranchName false"
[INFO] [stdout] Initialized empty Git repository in /tmp/.tmphmwZtI/test-repo/.git/
[INFO] [stderr] Switched to a new branch 'feature/test'
[INFO] [stderr] fatal: not a git repository (or any of the parent directories): .git
[INFO] [stdout] [master (root-commit) 3b03467] First commit
[INFO] [stdout]  1 file changed, 1 insertion(+)
[INFO] [stdout]  create mode 100644 test.txt
[INFO] [stdout] test git::tests::test_git_init ... ok
[INFO] [stdout] [master (root-commit) 058e254] Initial commit
[INFO] [stdout]  1 file changed, 1 insertion(+)
[INFO] [stdout]  create mode 100644 test.txt
[INFO] [stdout] [master (root-commit) aaf3513] Initial commit
[INFO] [stdout]  1 file changed, 1 insertion(+)
[INFO] [stdout]  create mode 100644 test.txt
[INFO] [stderr] fatal: unable to access 'https://github.com/nonexistent-user-12345/nonexistent-repo-67890/': Could not resolve host: github.com
[INFO] [stdout] [master (root-commit) 9bfbce0] Initial commit
[INFO] [stdout]  1 file changed, 1 insertion(+)
[INFO] [stdout]  create mode 100644 test.txt
[INFO] [stdout] test git::tests::test_git_add_all ... ok
[INFO] [stdout] test git::tests::test_clone_invalid_url ... ok
[INFO] [stdout] test git::tests::test_is_repo_nonexistent ... ok
[INFO] [stdout] test git::tests::test_is_repo_false ... ok
[INFO] [stdout] test git::tests::test_parse_diff_stat ... ok
[INFO] [stdout] test git::tests::test_git_checkout_new_branch ... ok
[INFO] [stdout] test git::tests::test_split_url_and_ref_with_branch_name ... ok
[INFO] [stdout] [master (root-commit) 526418b] Base commit
[INFO] [stdout]  1 file changed, 1 insertion(+)
[INFO] [stdout]  create mode 100644 test.txt
[INFO] [stdout] test git::tests::test_split_url_and_ref_with_ref ... ok
[INFO] [stdout] [master (root-commit) 2ce8eb9] Initial commit
[INFO] [stdout]  1 file changed, 3 insertions(+)
[INFO] [stdout]  create mode 100644 test.txt
[INFO] [stderr] fatal: not a git repository (or any of the parent directories): .git
[INFO] [stdout] test git::tests::test_split_url_and_ref_without_ref ... ok
[INFO] [stdout] test git::tests::test_status_is_clean ... ok
[INFO] [stdout] [master (root-commit) 39dc9b6] Initial commit
[INFO] [stdout]  1 file changed, 1 insertion(+)
[INFO] [stdout]  create mode 100644 test.txt
[INFO] [stdout] test platform::tests::test_arch ... ok
[INFO] [stdout] test platform::tests::test_exe_suffix ... ok
[INFO] [stdout] test platform::tests::test_id ... ok
[INFO] [stdout] [master (root-commit) 058e254] Initial commit
[INFO] [stdout]  1 file changed, 1 insertion(+)
[INFO] [stdout]  create mode 100644 test.txt
[INFO] [stdout] [master c9e4d82] Second commit
[INFO] [stdout]  1 file changed, 1 insertion(+), 1 deletion(-)
[INFO] [stdout] test platform::tests::test_is_64bit ... ok
[INFO] [stdout] [master (root-commit) ab0fa13] First commit
[INFO] [stdout]  1 file changed, 1 insertion(+)
[INFO] [stdout]  create mode 100644 test.txt
[INFO] [stdout] test git::tests::test_git_diff_stat ... ok
[INFO] [stdout] test platform::tests::test_is_unix ... ok
[INFO] [stdout] test platform::tests::test_os_family ... ok
[INFO] [stdout] test platform::tests::test_os ... ok
[INFO] [stdout] [master (root-commit) 058e254] Initial commit
[INFO] [stdout]  1 file changed, 1 insertion(+)
[INFO] [stdout]  create mode 100644 test.txt
[INFO] [stderr] fatal: not a git repository (or any of the parent directories): .git
[INFO] [stdout] test process::tests::test_cmd ... ok
[INFO] [stdout] test git::tests::test_git_status_modified ... ok
[INFO] [stdout] test process::tests::test_cmd_read ... ok
[INFO] [stderr] fatal: unable to access 'https://github.com/jdx/xx/': Could not resolve host: github.com
[INFO] [stderr] Switched to a new branch 'feature'
[INFO] [stdout] test process::tests::test_env ... ok
[INFO] [stdout] Deleted tag 'v1.0.0' (was 058e254)
[INFO] [stdout] test git::tests::test_is_repo_true ... FAILED
[INFO] [stderr] fatal: unable to access 'https://github.com/jdx/xx/': Could not resolve host: github.com
[INFO] [stdout] test git::tests::test_git_ref_exists ... ok
[INFO] [stdout] test process::tests::test_cwd ... ok
[INFO] [stdout] test process::tests::test_envs ... ok
[INFO] [stderr] fatal: not a git repository (or any of the parent directories): .git
[INFO] [stdout] Saved working directory and index state On master: WIP: test changes
[INFO] [stdout] test git::tests::test_git ... FAILED
[INFO] [stdout] test process::tests::test_line_handlers_capture_stdout_and_stderr_lines ... ok
[INFO] [stdout] test process::tests::test_line_handlers_handle_partial_last_line ... ok
[INFO] [stdout] [feature 1eb8107] Feature commit
[INFO] [stdout]  1 file changed, 1 insertion(+)
[INFO] [stdout]  create mode 100644 feature.txt
[INFO] [stdout] Unstaged changes after reset:
[INFO] [stdout] M	test.txt
[INFO] [stderr] fatal: not a git repository (or any of the parent directories): .git
[INFO] [stdout] test git::tests::test_git_tags ... ok
[INFO] [stdout] test process::tests::test_read_without_handlers_trims_trailing_newline ... ok
[INFO] [stdout] test process::tests::test_read_with_handlers_returns_full_stdout_and_invokes_handlers ... ok
[INFO] [stderr] fatal: unable to access 'https://github.com/jdx/xx/': Could not resolve host: github.com
[INFO] [stdout] test rand::tests::test_haiku_custom_separator ... ok
[INFO] [stdout] test rand::tests::test_haiku_default ... ok
[INFO] [stdout] test rand::tests::test_haiku_four_digits ... ok
[INFO] [stdout] test rand::tests::test_haiku_no_number ... ok
[INFO] [stderr] fatal: unable to access 'https://github.com/jdx/xx/': Could not resolve host: github.com
[INFO] [stdout] test rand::tests::test_haiku_three_words ... ok
[INFO] [stdout] [master 3aa9b56] Second commit
[INFO] [stdout]  1 file changed, 1 insertion(+), 1 deletion(-)
[INFO] [stdout] test process::tests::test_unchecked_read ... ok
[INFO] [stdout] test suggest::tests::test_did_you_mean ... ok
[INFO] [stdout] test process::tests::test_unchecked ... ok
[INFO] [stdout] test git::tests::test_git_reset ... ok
[INFO] [stdout] test git::tests::test_update ... FAILED
[INFO] [stdout] test process::tests::test_line_handlers_trim_crlf ... ok
[INFO] [stdout] test regex::tests::test_regex ... ok
[INFO] [stdout] test suggest::tests::test_did_you_mean_n ... ok
[INFO] [stdout] test suggest::tests::test_threshold ... ok
[INFO] [stdout] test suggest::tests::test_similarity_score ... ok
[INFO] [stdout] test suggest::tests::test_similar_case_insensitive ... ok
[INFO] [stdout] test suggest::tests::test_similar_n ... ok
[INFO] [stdout] test process::tests::test_stdin_bytes ... ok
[INFO] [stdout] test git::tests::test_clone_invalid_branch ... ok
[INFO] [stdout] test git::tests::test_git_add_commit ... ok
[INFO] [stdout] test process::tests::test_line_handlers_propagate_nonzero_exit ... ok
[INFO] [stderr] Switched to branch 'feature'
[INFO] [stderr] Switched to branch 'master'
[INFO] [stdout] [master 9207eb0] Third commit
[INFO] [stdout]  1 file changed, 1 insertion(+), 1 deletion(-)
[INFO] [stderr] Switched to branch 'master'
[INFO] [stdout] [master f40b9de] Main commit
[INFO] [stdout]  1 file changed, 1 insertion(+)
[INFO] [stdout]  create mode 100644 main.txt
[INFO] [stdout] On branch master
[INFO] [stdout] Changes not staged for commit:
[INFO] [stdout]   (use "git add <file>..." to update what will be committed)
[INFO] [stdout]   (use "git restore <file>..." to discard changes in working directory)
[INFO] [stdout] 	modified:   test.txt
[INFO] [stdout] 
[INFO] [stdout] no changes added to commit (use "git add" and/or "git commit -a")
[INFO] [stdout] Dropped refs/stash@{0} (d773a45ef713c04604a9953dd3c92cf9c7b4cb2a)
[INFO] [stderr] fatal: unable to access 'https://github.com/jdx/xx/': Could not resolve host: github.com
[INFO] [stdout] test git::tests::test_git_stash ... ok
[INFO] [stdout] test git::tests::test_git_with_options ... FAILED
[INFO] [stdout] test git::tests::test_git_log ... ok
[INFO] [stdout] Deleted branch feature (was 058e254).
[INFO] [stdout] test git::tests::test_git_merge_base ... ok
[INFO] [stdout] test suggest::tests::test_similar ... ok
[INFO] [stdout] test git::tests::test_git_branches ... ok
[INFO] [stdout] 
[INFO] [stdout] failures:
[INFO] [stdout] 
[INFO] [stdout] ---- file::tests::test_read_bytes_no_permission stdout ----
[INFO] [stdout] 
[INFO] [stdout] thread 'file::tests::test_read_bytes_no_permission' (1833) panicked at src/file.rs:1175:9:
[INFO] [stdout] assertion failed: result.is_err()
[INFO] [stdout] stack backtrace:
[INFO] [stdout]    0:     0x56048be22eb1 - <<std[617be2ca0a6fd877]::sys::backtrace::BacktraceLock>::print::DisplayBacktrace as core[a373ad73a504971]::fmt::Display>::fmt
[INFO] [stdout]    1:     0x56048be3b16a - core[a373ad73a504971]::fmt::write
[INFO] [stdout]    2:     0x56048be28e2c - <alloc[2e1b2a31b91974c5]::vec::Vec<u8> as core[a373ad73a504971]::io::write::Write>::write_fmt
[INFO] [stdout]    3:     0x56048bdfa796 - std[617be2ca0a6fd877]::panicking::default_hook::{closure#0}
[INFO] [stdout]    4:     0x56048be186c9 - std[617be2ca0a6fd877]::panicking::default_hook
[INFO] [stdout]    5:     0x56048bcc3790 - test[aada8e7e76ba119b]::test_main_inner::{closure#0}
[INFO] [stdout]    6:     0x56048be189f2 - std[617be2ca0a6fd877]::panicking::panic_with_hook
[INFO] [stdout]    7:     0x56048bdfa874 - std[617be2ca0a6fd877]::panicking::panic_handler::{closure#0}
[INFO] [stdout]    8:     0x56048bdf2f09 - std[617be2ca0a6fd877]::sys::backtrace::__rust_end_short_backtrace::<std[617be2ca0a6fd877]::panicking::panic_handler::{closure#0}, !>
[INFO] [stdout]    9:     0x56048bdfb71d - __rustc[ea4f61d10b84890b]::rust_begin_unwind
[INFO] [stdout]   10:     0x56048be3b94c - core[a373ad73a504971]::panicking::panic_fmt
[INFO] [stdout]   11:     0x56048be3b912 - core[a373ad73a504971]::panicking::panic
[INFO] [stdout]   12:     0x56048bcb0a49 - <xx[dad764fab01f6083]::file::tests::test_read_bytes_no_permission::{closure#0} as core[a373ad73a504971]::ops::function::FnOnce<()>>::call_once
[INFO] [stdout]   13:     0x56048bcb6bdb - test[aada8e7e76ba119b]::__rust_begin_short_backtrace::<core[a373ad73a504971]::result::Result<(), alloc[2e1b2a31b91974c5]::string::String>, fn() -> core[a373ad73a504971]::result::Result<(), alloc[2e1b2a31b91974c5]::string::String>>
[INFO] [stdout]   14:     0x56048bcc3db5 - test[aada8e7e76ba119b]::run_test::{closure#0}
[INFO] [stdout]   15:     0x56048bcbd6a4 - std[617be2ca0a6fd877]::sys::backtrace::__rust_begin_short_backtrace::<test[aada8e7e76ba119b]::run_test::{closure#1}, ()>
[INFO] [stdout]   16:     0x56048bcc6e42 - <std[617be2ca0a6fd877]::thread::lifecycle::spawn_unchecked<test[aada8e7e76ba119b]::run_test::{closure#1}, ()>::{closure#1} as core[a373ad73a504971]::ops::function::FnOnce<()>>::call_once::{shim:vtable#0}
[INFO] [stdout]   17:     0x56048be21def - <std[617be2ca0a6fd877]::sys::thread::unix::Thread>::new::thread_start
[INFO] [stdout]   18:     0x784677ad3dfa - <unknown>
[INFO] [stdout]   19:     0x784677b673d4 - clone
[INFO] [stdout]   20:                0x0 - <unknown>
[INFO] [stdout] 
[INFO] [stdout] ---- git::tests::test_is_repo_true stdout ----
[INFO] [stdout] 
[INFO] [stdout] thread 'git::tests::test_is_repo_true' (1969) panicked at src/git.rs:1895:10:
[INFO] [stdout] called `Result::unwrap()` on an `Err` value: GitError(Custom { kind: Other, error: "command [\"git\", \"clone\", \"-q\", \"--depth\", \"1\", \"https://github.com/jdx/xx\", \"/tmp/.tmpScnBiv\"] exited with code 128" }, "/tmp/.tmpScnBiv")
[INFO] [stdout] stack backtrace:
[INFO] [stdout]    0:     0x56048be22eb1 - <<std[617be2ca0a6fd877]::sys::backtrace::BacktraceLock>::print::DisplayBacktrace as core[a373ad73a504971]::fmt::Display>::fmt
[INFO] [stdout]    1:     0x56048be3b16a - core[a373ad73a504971]::fmt::write
[INFO] [stdout]    2:     0x56048be28e2c - <alloc[2e1b2a31b91974c5]::vec::Vec<u8> as core[a373ad73a504971]::io::write::Write>::write_fmt
[INFO] [stdout]    3:     0x56048bdfa796 - std[617be2ca0a6fd877]::panicking::default_hook::{closure#0}
[INFO] [stderr] error: test failed, to rerun pass `--lib`
[INFO] [stdout]    4:     0x56048be186c9 - std[617be2ca0a6fd877]::panicking::default_hook
[INFO] [stdout]    5:     0x56048bcc3790 - test[aada8e7e76ba119b]::test_main_inner::{closure#0}
[INFO] [stdout]    6:     0x56048be189f2 - std[617be2ca0a6fd877]::panicking::panic_with_hook
[INFO] [stdout]    7:     0x56048bdfa842 - std[617be2ca0a6fd877]::panicking::panic_handler::{closure#0}
[INFO] [stdout]    8:     0x56048bdf2f09 - std[617be2ca0a6fd877]::sys::backtrace::__rust_end_short_backtrace::<std[617be2ca0a6fd877]::panicking::panic_handler::{closure#0}, !>
[INFO] [stdout]    9:     0x56048bdfb71d - __rustc[ea4f61d10b84890b]::rust_begin_unwind
[INFO] [stdout]   10:     0x56048be3b94c - core[a373ad73a504971]::panicking::panic_fmt
[INFO] [stdout]   11:     0x56048be3b722 - core[a373ad73a504971]::result::unwrap_failed
[INFO] [stdout]   12:     0x56048bc75e2d - <xx[dad764fab01f6083]::git::tests::test_is_repo_true::{closure#0} as core[a373ad73a504971]::ops::function::FnOnce<()>>::call_once
[INFO] [stdout]   13:     0x56048bcb6bdb - test[aada8e7e76ba119b]::__rust_begin_short_backtrace::<core[a373ad73a504971]::result::Result<(), alloc[2e1b2a31b91974c5]::string::String>, fn() -> core[a373ad73a504971]::result::Result<(), alloc[2e1b2a31b91974c5]::string::String>>
[INFO] [stdout]   14:     0x56048bcc3db5 - test[aada8e7e76ba119b]::run_test::{closure#0}
[INFO] [stdout]   15:     0x56048bcbd6a4 - std[617be2ca0a6fd877]::sys::backtrace::__rust_begin_short_backtrace::<test[aada8e7e76ba119b]::run_test::{closure#1}, ()>
[INFO] [stdout]   16:     0x56048bcc6e42 - <std[617be2ca0a6fd877]::thread::lifecycle::spawn_unchecked<test[aada8e7e76ba119b]::run_test::{closure#1}, ()>::{closure#1} as core[a373ad73a504971]::ops::function::FnOnce<()>>::call_once::{shim:vtable#0}
[INFO] [stdout]   17:     0x56048be21def - <std[617be2ca0a6fd877]::sys::thread::unix::Thread>::new::thread_start
[INFO] [stdout]   18:     0x784677ad3dfa - <unknown>
[INFO] [stdout]   19:     0x784677b673d4 - clone
[INFO] [stdout]   20:                0x0 - <unknown>
[INFO] [stdout] 
[INFO] [stdout] ---- git::tests::test_git stdout ----
[INFO] [stdout] [2026-10-18T20:24:44Z WARN  xx::git] failed to get remote url for /tmp/.tmpXraHun: command ["git", "-C", "/tmp/.tmpXraHun", "-c", "safe.directory=/tmp/.tmpXraHun", "config", "--get", "remote.origin.url"] exited with code 1
[INFO] [stdout] 
[INFO] [stdout] thread 'git::tests::test_git' (1860) panicked at src/git.rs:1254:10:
[INFO] [stdout] called `Result::unwrap()` on an `Err` value: GitError(Custom { kind: Other, error: "command [\"git\", \"clone\", \"-q\", \"--depth\", \"1\", \"https://github.com/jdx/xx\", \"/tmp/.tmpXraHun\"] exited with code 128" }, "/tmp/.tmpXraHun")
[INFO] [stdout] stack backtrace:
[INFO] [stdout]    0:     0x56048be22eb1 - <<std[617be2ca0a6fd877]::sys::backtrace::BacktraceLock>::print::DisplayBacktrace as core[a373ad73a504971]::fmt::Display>::fmt
[INFO] [stdout]    1:     0x56048be3b16a - core[a373ad73a504971]::fmt::write
[INFO] [stdout]    2:     0x56048be28e2c - <alloc[2e1b2a31b91974c5]::vec::Vec<u8> as core[a373ad73a504971]::io::write::Write>::write_fmt
[INFO] [stdout]    3:     0x56048bdfa796 - std[617be2ca0a6fd877]::panicking::default_hook::{closure#0}
[INFO] [stdout]    4:     0x56048be186c9 - std[617be2ca0a6fd877]::panicking::default_hook
[INFO] [stdout]    5:     0x56048bcc3790 - test[aada8e7e76ba119b]::test_main_inner::{closure#0}
[INFO] [stdout]    6:     0x56048be189f2 - std[617be2ca0a6fd877]::panicking::panic_with_hook
[INFO] [stdout]    7:     0x56048bdfa842 - std[617be2ca0a6fd877]::panicking::panic_handler::{closure#0}
[INFO] [stdout]    8:     0x56048bdf2f09 - std[617be2ca0a6fd877]::sys::backtrace::__rust_end_short_backtrace::<std[617be2ca0a6fd877]::panicking::panic_handler::{closure#0}, !>
[INFO] [stdout]    9:     0x56048bdfb71d - __rustc[ea4f61d10b84890b]::rust_begin_unwind
[INFO] [stdout]   10:     0x56048be3b94c - core[a373ad73a504971]::panicking::panic_fmt
[INFO] [stdout]   11:     0x56048be3b722 - core[a373ad73a504971]::result::unwrap_failed
[INFO] [stdout]   12:     0x56048bc80904 - <xx[dad764fab01f6083]::git::tests::test_git::{closure#0} as core[a373ad73a504971]::ops::function::FnOnce<()>>::call_once
[INFO] [stdout]   13:     0x56048bcb6bdb - test[aada8e7e76ba119b]::__rust_begin_short_backtrace::<core[a373ad73a504971]::result::Result<(), alloc[2e1b2a31b91974c5]::string::String>, fn() -> core[a373ad73a504971]::result::Result<(), alloc[2e1b2a31b91974c5]::string::String>>
[INFO] [stdout]   14:     0x56048bcc3db5 - test[aada8e7e76ba119b]::run_test::{closure#0}
[INFO] [stdout]   15:     0x56048bcbd6a4 - std[617be2ca0a6fd877]::sys::backtrace::__rust_begin_short_backtrace::<test[aada8e7e76ba119b]::run_test::{closure#1}, ()>
[INFO] [stdout]   16:     0x56048bcc6e42 - <std[617be2ca0a6fd877]::thread::lifecycle::spawn_unchecked<test[aada8e7e76ba119b]::run_test::{closure#1}, ()>::{closure#1} as core[a373ad73a504971]::ops::function::FnOnce<()>>::call_once::{shim:vtable#0}
[INFO] [stdout]   17:     0x56048be21def - <std[617be2ca0a6fd877]::sys::thread::unix::Thread>::new::thread_start
[INFO] [stdout]   18:     0x784677ad3dfa - <unknown>
[INFO] [stdout]   19:     0x784677b673d4 - clone
[INFO] [stdout]   20:                0x0 - <unknown>
[INFO] [stdout] 
[INFO] [stdout] ---- git::tests::test_update stdout ----
[INFO] [stdout] 
[INFO] [stdout] thread 'git::tests::test_update' (1992) panicked at src/git.rs:1926:10:
[INFO] [stdout] called `Result::unwrap()` on an `Err` value: GitError(Custom { kind: Other, error: "command [\"git\", \"clone\", \"-q\", \"--depth\", \"1\", \"https://github.com/jdx/xx\", \"/tmp/.tmpAX0Yi7\"] exited with code 128" }, "/tmp/.tmpAX0Yi7")
[INFO] [stdout] stack backtrace:
[INFO] [stdout]    0:     0x56048be22eb1 - <<std[617be2ca0a6fd877]::sys::backtrace::BacktraceLock>::print::DisplayBacktrace as core[a373ad73a504971]::fmt::Display>::fmt
[INFO] [stdout]    1:     0x56048be3b16a - core[a373ad73a504971]::fmt::write
[INFO] [stdout]    2:     0x56048be28e2c - <alloc[2e1b2a31b91974c5]::vec::Vec<u8> as core[a373ad73a504971]::io::write::Write>::write_fmt
[INFO] [stdout]    3:     0x56048bdfa796 - std[617be2ca0a6fd877]::panicking::default_hook::{closure#0}
[INFO] [stdout]    4:     0x56048be186c9 - std[617be2ca0a6fd877]::panicking::default_hook
[INFO] [stdout]    5:     0x56048bcc3790 - test[aada8e7e76ba119b]::test_main_inner::{closure#0}
[INFO] [stdout]    6:     0x56048be189f2 - std[617be2ca0a6fd877]::panicking::panic_with_hook
[INFO] [stdout]    7:     0x56048bdfa842 - std[617be2ca0a6fd877]::panicking::panic_handler::{closure#0}
[INFO] [stdout]    8:     0x56048bdf2f09 - std[617be2ca0a6fd877]::sys::backtrace::__rust_end_short_backtrace::<std[617be2ca0a6fd877]::panicking::panic_handler::{closure#0}, !>
[INFO] [stdout]    9:     0x56048bdfb71d - __rustc[ea4f61d10b84890b]::rust_begin_unwind
[INFO] [stdout]   10:     0x56048be3b94c - core[a373ad73a504971]::panicking::panic_fmt
[INFO] [stdout]   11:     0x56048be3b722 - core[a373ad73a504971]::result::unwrap_failed
[INFO] [stdout]   12:     0x56048bc6d02d - <xx[dad764fab01f6083]::git::tests::test_update::{closure#0} as core[a373ad73a504971]::ops::function::FnOnce<()>>::call_once
[INFO] [stdout]   13:     0x56048bcb6bdb - test[aada8e7e76ba119b]::__rust_begin_short_backtrace::<core[a373ad73a504971]::result::Result<(), alloc[2e1b2a31b91974c5]::string::String>, fn() -> core[a373ad73a504971]::result::Result<(), alloc[2e1b2a31b91974c5]::string::String>>
[INFO] [stdout]   14:     0x56048bcc3db5 - test[aada8e7e76ba119b]::run_test::{closure#0}
[INFO] [stdout]   15:     0x56048bcbd6a4 - std[617be2ca0a6fd877]::sys::backtrace::__rust_begin_short_backtrace::<test[aada8e7e76ba119b]::run_test::{closure#1}, ()>
[INFO] [stdout]   16:     0x56048bcc6e42 - <std[617be2ca0a6fd877]::thread::lifecycle::spawn_unchecked<test[aada8e7e76ba119b]::run_test::{closure#1}, ()>::{closure#1} as core[a373ad73a504971]::ops::function::FnOnce<()>>::call_once::{shim:vtable#0}
[INFO] [stdout]   17:     0x56048be21def - <std[617be2ca0a6fd877]::sys::thread::unix::Thread>::new::thread_start
[INFO] [stdout]   18:     0x784677ad3dfa - <unknown>
[INFO] [stdout]   19:     0x784677b673d4 - clone
[INFO] [stdout]   20:                0x0 - <unknown>
[INFO] [stdout] 
[INFO] [stdout] ---- git::tests::test_git_with_options stdout ----
[INFO] [stdout] [2026-10-18T20:24:44Z WARN  xx::git] failed to get remote url for /tmp/.tmp7OHCjz: command ["git", "-C", "/tmp/.tmp7OHCjz", "-c", "safe.directory=/tmp/.tmp7OHCjz", "config", "--get", "remote.origin.url"] exited with code 1
[INFO] [stdout] 
[INFO] [stdout] thread 'git::tests::test_git_with_options' (1956) panicked at src/git.rs:1277:80:
[INFO] [stdout] called `Result::unwrap()` on an `Err` value: GitError(Custom { kind: Other, error: "command [\"git\", \"clone\", \"-q\", \"--depth\", \"1\", \"https://github.com/jdx/xx\", \"/tmp/.tmp7OHCjz\", \"--branch\", \"v2.0.0\", \"--single-branch\", \"-c\", \"advice.detachedHead=false\"] exited with code 128" }, "/tmp/.tmp7OHCjz")
[INFO] [stdout] stack backtrace:
[INFO] [stdout]    0:     0x56048be22eb1 - <<std[617be2ca0a6fd877]::sys::backtrace::BacktraceLock>::print::DisplayBacktrace as core[a373ad73a504971]::fmt::Display>::fmt
[INFO] [stdout]    1:     0x56048be3b16a - core[a373ad73a504971]::fmt::write
[INFO] [stdout]    2:     0x56048be28e2c - <alloc[2e1b2a31b91974c5]::vec::Vec<u8> as core[a373ad73a504971]::io::write::Write>::write_fmt
[INFO] [stdout]    3:     0x56048bdfa796 - std[617be2ca0a6fd877]::panicking::default_hook::{closure#0}
[INFO] [stdout]    4:     0x56048be186c9 - std[617be2ca0a6fd877]::panicking::default_hook
[INFO] [stdout]    5:     0x56048bcc3790 - test[aada8e7e76ba119b]::test_main_inner::{closure#0}
[INFO] [stdout]    6:     0x56048be189f2 - std[617be2ca0a6fd877]::panicking::panic_with_hook
[INFO] [stdout]    7:     0x56048bdfa842 - std[617be2ca0a6fd877]::panicking::panic_handler::{closure#0}
[INFO] [stdout]    8:     0x56048bdf2f09 - std[617be2ca0a6fd877]::sys::backtrace::__rust_end_short_backtrace::<std[617be2ca0a6fd877]::panicking::panic_handler::{closure#0}, !>
[INFO] [stdout]    9:     0x56048bdfb71d - __rustc[ea4f61d10b84890b]::rust_begin_unwind
[INFO] [stdout]   10:     0x56048be3b94c - core[a373ad73a504971]::panicking::panic_fmt
[INFO] [stdout]   11:     0x56048be3b722 - core[a373ad73a504971]::result::unwrap_failed
[INFO] [stdout]   12:     0x56048bc7ba1c - <xx[dad764fab01f6083]::git::tests::test_git_with_options::{closure#0} as core[a373ad73a504971]::ops::function::FnOnce<()>>::call_once
[INFO] [stdout]   13:     0x56048bcb6bdb - test[aada8e7e76ba119b]::__rust_begin_short_backtrace::<core[a373ad73a504971]::result::Result<(), alloc[2e1b2a31b91974c5]::string::String>, fn() -> core[a373ad73a504971]::result::Result<(), alloc[2e1b2a31b91974c5]::string::String>>
[INFO] [stdout]   14:     0x56048bcc3db5 - test[aada8e7e76ba119b]::run_test::{closure#0}
[INFO] [stdout]   15:     0x56048bcbd6a4 - std[617be2ca0a6fd877]::sys::backtrace::__rust_begin_short_backtrace::<test[aada8e7e76ba119b]::run_test::{closure#1}, ()>
[INFO] [stdout]   16:     0x56048bcc6e42 - <std[617be2ca0a6fd877]::thread::lifecycle::spawn_unchecked<test[aada8e7e76ba119b]::run_test::{closure#1}, ()>::{closure#1} as core[a373ad73a504971]::ops::function::FnOnce<()>>::call_once::{shim:vtable#0}
[INFO] [stdout]   17:     0x56048be21def - <std[617be2ca0a6fd877]::sys::thread::unix::Thread>::new::thread_start
[INFO] [stdout]   18:     0x784677ad3dfa - <unknown>
[INFO] [stdout]   19:     0x784677b673d4 - clone
[INFO] [stdout]   20:                0x0 - <unknown>
[INFO] [stdout] 
[INFO] [stdout] 
[INFO] [stdout] failures:
[INFO] [stdout]     file::tests::test_read_bytes_no_permission
[INFO] [stdout]     git::tests::test_git
[INFO] [stdout]     git::tests::test_git_with_options
[INFO] [stdout]     git::tests::test_is_repo_true
[INFO] [stdout]     git::tests::test_update
[INFO] [stdout] 
[INFO] [stdout] test result: FAILED. 94 passed; 5 failed; 0 ignored; 0 measured; 0 filtered out; finished in 0.40s
[INFO] [stdout] 
[INFO] running `Command { std: "docker" "inspect" "a97256390fd77c793ddfe80e4a9f5c9f7149acfadbb5e7cf5d20883aa4704c18", kill_on_drop: false }`
[INFO] running `Command { std: "docker" "rm" "-f" "a97256390fd77c793ddfe80e4a9f5c9f7149acfadbb5e7cf5d20883aa4704c18", kill_on_drop: false }`
[INFO] [stdout] a97256390fd77c793ddfe80e4a9f5c9f7149acfadbb5e7cf5d20883aa4704c18
