[INFO] fetching crate xwebtransport-wtransport 0.2.0...
[INFO] testing xwebtransport-wtransport-0.2.0 against 1.99.0-beta.8+cargoflags=--release for beta-release-1.100-2
[INFO] extracting crate xwebtransport-wtransport 0.2.0 into /workspace/builds/worker-3-tc1/source
[INFO] started tweaking crates.io crate xwebtransport-wtransport 0.2.0
[INFO] finished tweaking crates.io crate xwebtransport-wtransport 0.2.0
[INFO] tweaked toml for crates.io crate xwebtransport-wtransport 0.2.0 written to /workspace/builds/worker-3-tc1/source/Cargo.toml
[INFO] validating manifest of crates.io crate xwebtransport-wtransport 0.2.0 on toolchain 1.99.0-beta.8
[INFO] running `Command { std: CARGO_HOME="/workspace/cargo-home" RUSTUP_HOME="/workspace/rustup-home" "/workspace/cargo-home/bin/cargo" "+1.99.0-beta.8" "metadata" "--manifest-path" "Cargo.toml" "--no-deps", kill_on_drop: false }`
[INFO] running `Command { std: CARGO_HOME="/workspace/cargo-home" RUSTUP_HOME="/workspace/rustup-home" "/workspace/cargo-home/bin/cargo" "+1.99.0-beta.8" "generate-lockfile" "--manifest-path" "Cargo.toml", kill_on_drop: false }`
[INFO] [stderr]     Blocking waiting for file lock on package cache
[INFO] [stderr]     Updating crates.io index
[INFO] [stderr]      Locking 167 packages to highest compatible versions
[INFO] [stderr]       Adding generic-array v0.14.7 (available: v0.14.9)
[INFO] [stderr]       Adding wtransport v0.1.14 (available: v0.7.2)
[INFO] running `Command { std: CARGO_HOME="/workspace/cargo-home" RUSTUP_HOME="/workspace/rustup-home" "/workspace/cargo-home/bin/cargo" "+1.99.0-beta.8" "fetch" "--manifest-path" "Cargo.toml", kill_on_drop: false }`
[INFO] [stderr]     Blocking waiting for file lock on package cache
[INFO] [stderr]  Downloading crates ...
[INFO] [stderr]   Downloaded xwebtransport-core v0.2.0
[INFO] [stderr]   Downloaded wtransport-proto v0.1.14
[INFO] [stderr]   Downloaded xwebtransport-error v0.2.0
[INFO] [stderr]   Downloaded xwebtransport-tests v0.2.0
[INFO] [stderr]   Downloaded httlib-huffman v0.3.4
[INFO] [stderr]   Downloaded rustls-native-certs v0.7.3
[INFO] [stderr]   Downloaded octets v0.3.7
[INFO] [stderr]   Downloaded wtransport v0.1.14
[INFO] running `Command { std: "docker" "create" "-v" "/var/lib/crater-agent-workspace/builds/worker-3-tc1/source:/opt/rustwide/workdir:ro,Z" "-v" "/var/lib/crater-agent-workspace/builds/worker-3-tc1/target:/opt/rustwide/target:rw,Z" "-v" "/var/lib/crater-agent-workspace/cargo-home:/opt/rustwide/cargo-home:ro,Z" "-v" "/var/lib/crater-agent-workspace/rustup-home:/opt/rustwide/rustup-home:ro,Z" "-m" "1610612736" "--network" "none" "ghcr.io/rust-lang/crates-build-env/linux@sha256:77db811e55d90add9212f6832c23229e3de5f1c1f9905e8cb07319ea15df73ac" "sleep" "infinity", kill_on_drop: false }`
[INFO] [stdout] 13e9ddd99b5cf4f723f777859bb314fd2a988837bf59f4ebb3a8d13c6f23fd5e
[INFO] running `Command { std: "docker" "start" "13e9ddd99b5cf4f723f777859bb314fd2a988837bf59f4ebb3a8d13c6f23fd5e", kill_on_drop: false }`
[INFO] running `Command { std: "docker" "inspect" "13e9ddd99b5cf4f723f777859bb314fd2a988837bf59f4ebb3a8d13c6f23fd5e", kill_on_drop: false }`
[INFO] running `Command { std: "docker" "exec" "-e" "SOURCE_DIR=/opt/rustwide/workdir" "-e" "CARGO_HOME=/opt/rustwide/cargo-home" "-e" "RUSTUP_HOME=/opt/rustwide/rustup-home" "-e" "CARGO_TARGET_DIR=/opt/rustwide/target" "-w" "/opt/rustwide/workdir" "--user" "0:0" "13e9ddd99b5cf4f723f777859bb314fd2a988837bf59f4ebb3a8d13c6f23fd5e" "/opt/rustwide/cargo-home/bin/cargo" "+1.99.0-beta.8" "metadata" "--no-deps" "--format-version=1", kill_on_drop: false }`
[INFO] running `Command { std: "docker" "inspect" "13e9ddd99b5cf4f723f777859bb314fd2a988837bf59f4ebb3a8d13c6f23fd5e", kill_on_drop: false }`
[INFO] running `Command { std: "docker" "exec" "-e" "SOURCE_DIR=/opt/rustwide/workdir" "-e" "CARGO_HOME=/opt/rustwide/cargo-home" "-e" "RUSTUP_HOME=/opt/rustwide/rustup-home" "-e" "CARGO_TARGET_DIR=/opt/rustwide/target" "-e" "CARGO_INCREMENTAL=0" "-e" "RUST_BACKTRACE=full" "-e" "RUSTFLAGS=--cap-lints=warn" "-e" "RUSTDOCFLAGS=--cap-lints=warn" "-w" "/opt/rustwide/workdir" "--user" "0:0" "13e9ddd99b5cf4f723f777859bb314fd2a988837bf59f4ebb3a8d13c6f23fd5e" "/opt/rustwide/cargo-home/bin/cargo" "+1.99.0-beta.8" "build" "--frozen" "--message-format=json" "--release", kill_on_drop: false }`
[INFO] [stderr]    Compiling displaydoc v0.2.7
[INFO] [stderr]    Compiling syn v2.0.119
[INFO] [stderr]    Compiling time-macros v0.2.32
[INFO] [stderr]    Compiling deranged v0.5.9
[INFO] [stderr]    Compiling powerfmt v0.2.1
[INFO] [stderr]    Compiling ring v0.17.14
[INFO] [stderr]    Compiling nom v7.1.3
[INFO] [stderr]    Compiling ring v0.16.20
[INFO] [stderr]    Compiling zeroize v1.9.1
[INFO] [stderr]    Compiling openssl-probe v0.1.6
[INFO] [stderr]    Compiling rustls v0.21.12
[INFO] [stderr]    Compiling mio v1.2.4
[INFO] [stderr]    Compiling socket2 v0.6.5
[INFO] [stderr]    Compiling tokio-macros v2.7.2
[INFO] [stderr]    Compiling oid-registry v0.7.1
[INFO] [stderr]    Compiling socket2 v0.5.10
[INFO] [stderr]    Compiling rustls-pki-types v1.15.1
[INFO] [stderr]    Compiling rustls-native-certs v0.6.3
[INFO] [stderr]    Compiling tinyvec v1.13.3
[INFO] [stderr]    Compiling base64 v0.22.1
[INFO] [stderr]    Compiling digest v0.10.7
[INFO] [stderr]    Compiling httlib-huffman v0.3.4
[INFO] [stderr]    Compiling lazy_static v1.5.1
[INFO] [stderr]    Compiling pem v3.0.6
[INFO] [stderr]    Compiling tinystr v0.8.4
[INFO] [stderr]    Compiling zerotrie v0.2.5
[INFO] [stderr]    Compiling icu_locale_core v2.3.0
[INFO] [stderr]    Compiling icu_collections v2.3.0
[INFO] [stderr]    Compiling tokio v1.53.3
[INFO] [stderr]    Compiling rustls-pemfile v2.2.0
[INFO] [stderr]    Compiling octets v0.3.7
[INFO] [stderr]    Compiling rustls-native-certs v0.7.3
[INFO] [stderr]    Compiling sha2 v0.10.9
[INFO] [stderr]    Compiling async-trait v0.1.92
[INFO] [stderr]    Compiling time v0.3.55
[INFO] [stderr]    Compiling icu_provider v2.3.1
[INFO] [stderr]    Compiling icu_properties v2.3.0
[INFO] [stderr]    Compiling icu_normalizer v2.3.0
[INFO] [stderr]    Compiling rusticata-macros v4.1.0
[INFO] [stderr]    Compiling idna_adapter v1.2.2
[INFO] [stderr]    Compiling idna v1.1.0
[INFO] [stderr]    Compiling synstructure v0.13.2
[INFO] [stderr]    Compiling url v2.5.8
[INFO] [stderr]    Compiling thiserror-impl v1.0.69
[INFO] [stderr]    Compiling tracing-attributes v0.1.31
[INFO] [stderr]    Compiling asn1-rs-impl v0.2.0
[INFO] [stderr]    Compiling asn1-rs-derive v0.5.1
[INFO] [stderr]    Compiling tracing v0.1.44
[INFO] [stderr]    Compiling yasna v0.5.2
[INFO] [stderr]    Compiling thiserror v1.0.69
[INFO] [stderr]    Compiling quinn-udp v0.4.1
[INFO] [stderr]    Compiling asn1-rs v0.6.2
[INFO] [stderr]    Compiling wtransport-proto v0.1.14
[INFO] [stderr]    Compiling xwebtransport-core v0.2.0
[INFO] [stderr]    Compiling der-parser v9.0.0
[INFO] [stderr]    Compiling x509-parser v0.16.0
[INFO] [stderr]    Compiling sct v0.7.1
[INFO] [stderr]    Compiling rustls-webpki v0.101.7
[INFO] [stderr]    Compiling rcgen v0.13.2
[INFO] [stderr]    Compiling quinn-proto v0.10.6
[INFO] [stderr]    Compiling quinn v0.10.2
[INFO] [stderr]    Compiling wtransport v0.1.14
[INFO] [stderr]    Compiling xwebtransport-wtransport v0.2.0 (/opt/rustwide/workdir)
[INFO] [stderr]     Finished `release` profile [optimized] target(s) in 1m 10s
[INFO] running `Command { std: "docker" "inspect" "13e9ddd99b5cf4f723f777859bb314fd2a988837bf59f4ebb3a8d13c6f23fd5e", kill_on_drop: false }`
[INFO] running `Command { std: "docker" "exec" "-e" "SOURCE_DIR=/opt/rustwide/workdir" "-e" "CARGO_HOME=/opt/rustwide/cargo-home" "-e" "RUSTUP_HOME=/opt/rustwide/rustup-home" "-e" "CARGO_TARGET_DIR=/opt/rustwide/target" "-e" "CARGO_INCREMENTAL=0" "-e" "RUST_BACKTRACE=full" "-e" "RUSTFLAGS=--cap-lints=warn" "-e" "RUSTDOCFLAGS=--cap-lints=warn" "-w" "/opt/rustwide/workdir" "--user" "0:0" "13e9ddd99b5cf4f723f777859bb314fd2a988837bf59f4ebb3a8d13c6f23fd5e" "/opt/rustwide/cargo-home/bin/cargo" "+1.99.0-beta.8" "test" "--frozen" "--no-run" "--message-format=json" "--release", kill_on_drop: false }`
[INFO] [stderr]    Compiling xwebtransport-error v0.2.0
[INFO] [stderr]    Compiling xwebtransport-tests v0.2.0
[INFO] [stderr]    Compiling xwebtransport-wtransport v0.2.0 (/opt/rustwide/workdir)
[INFO] [stderr]     Finished `release` profile [optimized] target(s) in 2.96s
[INFO] running `Command { std: "docker" "inspect" "13e9ddd99b5cf4f723f777859bb314fd2a988837bf59f4ebb3a8d13c6f23fd5e", kill_on_drop: false }`
[INFO] running `Command { std: "docker" "exec" "-e" "SOURCE_DIR=/opt/rustwide/workdir" "-e" "CARGO_HOME=/opt/rustwide/cargo-home" "-e" "RUSTUP_HOME=/opt/rustwide/rustup-home" "-e" "CARGO_TARGET_DIR=/opt/rustwide/target" "-e" "CARGO_INCREMENTAL=0" "-e" "RUST_BACKTRACE=full" "-e" "RUSTFLAGS=--cap-lints=warn" "-e" "RUSTDOCFLAGS=--cap-lints=warn" "-w" "/opt/rustwide/workdir" "--user" "0:0" "13e9ddd99b5cf4f723f777859bb314fd2a988837bf59f4ebb3a8d13c6f23fd5e" "/opt/rustwide/cargo-home/bin/cargo" "+1.99.0-beta.8" "test" "--frozen" "--release", kill_on_drop: false }`
[INFO] [stderr]     Finished `release` profile [optimized] target(s) in 0.18s
[INFO] [stderr]      Running unittests src/lib.rs (/opt/rustwide/target/release/deps/xwebtransport_wtransport-7e9961a63f39667b)
[INFO] [stdout] 
[INFO] [stderr]      Running tests/test.rs (/opt/rustwide/target/release/deps/test-3cd80e23edd0474e)
[INFO] [stdout] running 0 tests
[INFO] [stdout] 
[INFO] [stdout] test result: ok. 0 passed; 0 failed; 0 ignored; 0 measured; 0 filtered out; finished in 0.00s
[INFO] [stdout] 
[INFO] [stdout] 
[INFO] [stdout] running 2 tests
[INFO] [stdout] test echo_streams ... FAILED
[INFO] [stdout] test echo_datagrams ... FAILED
[INFO] [stdout] 
[INFO] [stdout] failures:
[INFO] [stdout] 
[INFO] [stdout] ---- echo_streams stdout ----
[INFO] [stdout] 
[INFO] [stdout] thread 'echo_streams' (1676) panicked at tests/test.rs:15:54:
[INFO] [stdout] called `Result::unwrap()` on an `Err` value: Connect(Connect::Connect(DnsLookup(Custom { kind: Uncategorized, error: "failed to lookup address information: Temporary failure in name resolution" })))
[INFO] [stdout] stack backtrace:
[INFO] [stdout]    0:     0x5e6f663ee9f1 - <<std[70759c8f55707aa4]::sys::backtrace::BacktraceLock>::print::DisplayBacktrace as core[df12db4294e9bfd3]::fmt::Display>::fmt
[INFO] [stdout]    1:     0x5e6f6640575a - core[df12db4294e9bfd3]::fmt::write
[INFO] [stdout]    2:     0x5e6f663f379c - <alloc[2182bb758b4b3781]::vec::Vec<u8> as core[df12db4294e9bfd3]::io::write::Write>::write_fmt
[INFO] [stdout]    3:     0x5e6f663c9706 - std[70759c8f55707aa4]::panicking::default_hook::{closure#0}
[INFO] [stdout]    4:     0x5e6f663e6509 - std[70759c8f55707aa4]::panicking::default_hook
[INFO] [stdout]    5:     0x5e6f663696c0 - test[9d35eded1c95d3be]::test_main_inner::<test[9d35eded1c95d3be]::test_main_static::{closure#0}>::{closure#0}
[INFO] [stdout]    6:     0x5e6f663e6832 - std[70759c8f55707aa4]::panicking::panic_with_hook
[INFO] [stdout]    7:     0x5e6f663c97b2 - std[70759c8f55707aa4]::panicking::panic_handler::{closure#0}
[INFO] [stdout]    8:     0x5e6f663c21a9 - std[70759c8f55707aa4]::sys::backtrace::__rust_end_short_backtrace::<std[70759c8f55707aa4]::panicking::panic_handler::{closure#0}, !>
[INFO] [stdout]    9:     0x5e6f663ca7bd - __rustc[8fa7c3cbc660c2b3]::rust_begin_unwind
[INFO] [stdout]   10:     0x5e6f66405ebc - core[df12db4294e9bfd3]::panicking::panic_fmt
[INFO] [stdout]   11:     0x5e6f66405c92 - core[df12db4294e9bfd3]::result::unwrap_failed
[INFO] [stdout]   12:     0x5e6f661c53ca - test[c69911bc4e0c0a4f]::echo_streams::{closure#0}
[INFO] [stdout]   13:     0x5e6f661c6433 - <tokio[399ff716323ab765]::runtime::scheduler::current_thread::Context>::enter::<core[df12db4294e9bfd3]::task::poll::Poll<()>, <tokio[399ff716323ab765]::runtime::scheduler::current_thread::CoreGuard>::block_on<core[df12db4294e9bfd3]::pin::Pin<&mut core[df12db4294e9bfd3]::pin::Pin<&mut dyn core[df12db4294e9bfd3]::future::future::Future<Output = ()>>>>::{closure#0}::{closure#0}>
[INFO] [stdout]   14:     0x5e6f661c0d79 - <std[70759c8f55707aa4]::thread::local::LocalKey<tokio[399ff716323ab765]::runtime::context::Context>>::with::<tokio[399ff716323ab765]::runtime::context::set_scheduler<(alloc[2182bb758b4b3781]::boxed::Box<tokio[399ff716323ab765]::runtime::scheduler::current_thread::Core>, core[df12db4294e9bfd3]::option::Option<()>), <tokio[399ff716323ab765]::runtime::scheduler::current_thread::CoreGuard>::enter<<tokio[399ff716323ab765]::runtime::scheduler::current_thread::CoreGuard>::block_on<core[df12db4294e9bfd3]::pin::Pin<&mut core[df12db4294e9bfd3]::pin::Pin<&mut dyn core[df12db4294e9bfd3]::future::future::Future<Output = ()>>>>::{closure#0}, core[df12db4294e9bfd3]::option::Option<()>>::{closure#0}>::{closure#0}, (alloc[2182bb758b4b3781]::boxed::Box<tokio[399ff716323ab765]::runtime::scheduler::current_thread::Core>, core[df12db4294e9bfd3]::option::Option<()>)>
[INFO] [stdout]   15:     0x5e6f661c65a5 - <tokio[399ff716323ab765]::runtime::scheduler::current_thread::CoreGuard>::block_on::<core[df12db4294e9bfd3]::pin::Pin<&mut core[df12db4294e9bfd3]::pin::Pin<&mut dyn core[df12db4294e9bfd3]::future::future::Future<Output = ()>>>>
[INFO] [stdout]   16:     0x5e6f661c1ef3 - tokio[399ff716323ab765]::runtime::context::runtime::enter_runtime::<<tokio[399ff716323ab765]::runtime::scheduler::current_thread::CurrentThread>::block_on<core[df12db4294e9bfd3]::pin::Pin<&mut dyn core[df12db4294e9bfd3]::future::future::Future<Output = ()>>>::{closure#0}, ()>
[INFO] [stdout]   17:     0x5e6f661c0c4b - <tokio[399ff716323ab765]::runtime::runtime::Runtime>::block_on::<core[df12db4294e9bfd3]::pin::Pin<&mut dyn core[df12db4294e9bfd3]::future::future::Future<Output = ()>>>
[INFO] [stdout]   18:     0x5e6f661c613f - <test[c69911bc4e0c0a4f]::echo_streams::{closure#0} as core[df12db4294e9bfd3]::ops::function::FnOnce<()>>::call_once
[INFO] [stdout]   19:     0x5e6f6635c9ab - test[9d35eded1c95d3be]::__rust_begin_short_backtrace::<core[df12db4294e9bfd3]::result::Result<(), alloc[2182bb758b4b3781]::string::String>, fn() -> core[df12db4294e9bfd3]::result::Result<(), alloc[2182bb758b4b3781]::string::String>>
[INFO] [stdout]   20:     0x5e6f6636a015 - test[9d35eded1c95d3be]::run_test::{closure#0}
[INFO] [stdout]   21:     0x5e6f663638d4 - std[70759c8f55707aa4]::sys::backtrace::__rust_begin_short_backtrace::<test[9d35eded1c95d3be]::run_test::{closure#1}, ()>
[INFO] [stdout]   22:     0x5e6f6636d172 - <std[70759c8f55707aa4]::thread::lifecycle::spawn_unchecked<test[9d35eded1c95d3be]::run_test::{closure#1}, ()>::{closure#1} as core[df12db4294e9bfd3]::ops::function::FnOnce<()>>::call_once::{shim:vtable#0}
[INFO] [stdout]   23:     0x5e6f663edda9 - <std[70759c8f55707aa4]::sys::thread::unix::Thread>::new::thread_start
[INFO] [stdout]   24:     0x756488833dfa - <unknown>
[INFO] [stdout]   25:     0x7564888c73d4 - clone
[INFO] [stdout]   26:                0x0 - <unknown>
[INFO] [stdout] 
[INFO] [stdout] ---- echo_datagrams stdout ----
[INFO] [stdout] 
[INFO] [stdout] thread 'echo_datagrams' (1675) panicked at tests/test.rs:32:10:
[INFO] [stdout] called `Result::unwrap()` on an `Err` value: Connect(Connect::Connect(DnsLookup(Custom { kind: Uncategorized, error: "failed to lookup address information: Temporary failure in name resolution" })))
[INFO] [stdout] stack backtrace:
[INFO] [stdout]    0:     0x5e6f663ee9f1 - <<std[70759c8f55707aa4]::sys::backtrace::BacktraceLock>::print::DisplayBacktrace as core[df12db4294e9bfd3]::fmt::Display>::fmt
[INFO] [stdout]    1:     0x5e6f6640575a - core[df12db4294e9bfd3]::fmt::write
[INFO] [stdout]    2:     0x5e6f663f379c - <alloc[2182bb758b4b3781]::vec::Vec<u8> as core[df12db4294e9bfd3]::io::write::Write>::write_fmt
[INFO] [stdout]    3:     0x5e6f663c9706 - std[70759c8f55707aa4]::panicking::default_hook::{closure#0}
[INFO] [stdout]    4:     0x5e6f663e6509 - std[70759c8f55707aa4]::panicking::default_hook
[INFO] [stdout]    5:     0x5e6f663696c0 - test[9d35eded1c95d3be]::test_main_inner::<test[9d35eded1c95d3be]::test_main_static::{closure#0}>::{closure#0}
[INFO] [stdout]    6:     0x5e6f663e6832 - std[70759c8f55707aa4]::panicking::panic_with_hook
[INFO] [stdout]    7:     0x5e6f663c97b2 - std[70759c8f55707aa4]::panicking::panic_handler::{closure#0}
[INFO] [stdout]    8:     0x5e6f663c21a9 - std[70759c8f55707aa4]::sys::backtrace::__rust_end_short_backtrace::<std[70759c8f55707aa4]::panicking::panic_handler::{closure#0}, !>
[INFO] [stdout]    9:     0x5e6f663ca7bd - __rustc[8fa7c3cbc660c2b3]::rust_begin_unwind
[INFO] [stdout]   10:     0x5e6f66405ebc - core[df12db4294e9bfd3]::panicking::panic_fmt
[INFO] [stdout]   11:     0x5e6f66405c92 - core[df12db4294e9bfd3]::result::unwrap_failed
[INFO] [stdout]   12:     0x5e6f661c5d65 - test[c69911bc4e0c0a4f]::echo_datagrams::{closure#0}
[INFO] [stdout]   13:     0x5e6f661c6433 - <tokio[399ff716323ab765]::runtime::scheduler::current_thread::Context>::enter::<core[df12db4294e9bfd3]::task::poll::Poll<()>, <tokio[399ff716323ab765]::runtime::scheduler::current_thread::CoreGuard>::block_on<core[df12db4294e9bfd3]::pin::Pin<&mut core[df12db4294e9bfd3]::pin::Pin<&mut dyn core[df12db4294e9bfd3]::future::future::Future<Output = ()>>>>::{closure#0}::{closure#0}>
[INFO] [stdout]   14:     0x5e6f661c0d79 - <std[70759c8f55707aa4]::thread::local::LocalKey<tokio[399ff716323ab765]::runtime::context::Context>>::with::<tokio[399ff716323ab765]::runtime::context::set_scheduler<(alloc[2182bb758b4b3781]::boxed::Box<tokio[399ff716323ab765]::runtime::scheduler::current_thread::Core>, core[df12db4294e9bfd3]::option::Option<()>), <tokio[399ff716323ab765]::runtime::scheduler::current_thread::CoreGuard>::enter<<tokio[399ff716323ab765]::runtime::scheduler::current_thread::CoreGuard>::block_on<core[df12db4294e9bfd3]::pin::Pin<&mut core[df12db4294e9bfd3]::pin::Pin<&mut dyn core[df12db4294e9bfd3]::future::future::Future<Output = ()>>>>::{closure#0}, core[df12db4294e9bfd3]::option::Option<()>>::{closure#0}>::{closure#0}, (alloc[2182bb758b4b3781]::boxed::Box<tokio[399ff716323ab765]::runtime::scheduler::current_thread::Core>, core[df12db4294e9bfd3]::option::Option<()>)>
[INFO] [stdout]   15:     0x5e6f661c65a5 - <tokio[399ff716323ab765]::runtime::scheduler::current_thread::CoreGuard>::block_on::<core[df12db4294e9bfd3]::pin::Pin<&mut core[df12db4294e9bfd3]::pin::Pin<&mut dyn core[df12db4294e9bfd3]::future::future::Future<Output = ()>>>>
[INFO] [stdout]   16:     0x5e6f661c1ef3 - tokio[399ff716323ab765]::runtime::context::runtime::enter_runtime::<<tokio[399ff716323ab765]::runtime::scheduler::current_thread::CurrentThread>::block_on<core[df12db4294e9bfd3]::pin::Pin<&mut dyn core[df12db4294e9bfd3]::future::future::Future<Output = ()>>>::{closure#0}, ()>
[INFO] [stdout]   17:     0x5e6f661c0c4b - <tokio[399ff716323ab765]::runtime::runtime::Runtime>::block_on::<core[df12db4294e9bfd3]::pin::Pin<&mut dyn core[df12db4294e9bfd3]::future::future::Future<Output = ()>>>
[INFO] [stdout]   18:     0x5e6f661c629f - <test[c69911bc4e0c0a4f]::echo_datagrams::{closure#0} as core[df12db4294e9bfd3]::ops::function::FnOnce<()>>::call_once
[INFO] [stdout]   19:     0x5e6f6635c9ab - test[9d35eded1c95d3be]::__rust_begin_short_backtrace::<core[df12db4294e9bfd3]::result::Result<(), alloc[2182bb758b4b3781]::string::String>, fn() -> core[df12db4294e9bfd3]::result::Result<(), alloc[2182bb758b4b3781]::string::String>>
[INFO] [stdout]   20:     0x5e6f6636a015 - test[9d35eded1c95d3be]::run_test::{closure#0}
[INFO] [stdout]   21:     0x5e6f663638d4 - std[70759c8f55707aa4]::sys::backtrace::__rust_begin_short_backtrace::<test[9d35eded1c95d3be]::run_test::{closure#1}, ()>
[INFO] [stdout]   22:     0x5e6f6636d172 - <std[70759c8f55707aa4]::thread::lifecycle::spawn_unchecked<test[9d35eded1c95d3be]::run_test::{closure#1}, ()>::{closure#1} as core[df12db4294e9bfd3]::ops::function::FnOnce<()>>::call_once::{shim:vtable#0}
[INFO] [stdout]   23:     0x5e6f663edda9 - <std[70759c8f55707aa4]::sys::thread::unix::Thread>::new::thread_start
[INFO] [stdout]   24:     0x756488833dfa - <unknown>
[INFO] [stdout]   25:     0x7564888c73d4 - clone
[INFO] [stdout]   26:                0x0 - <unknown>
[INFO] [stdout] 
[INFO] [stdout] 
[INFO] [stdout] failures:
[INFO] [stdout]     echo_datagrams
[INFO] [stdout]     echo_streams
[INFO] [stdout] 
[INFO] [stdout] test result: FAILED. 0 passed; 2 failed; 0 ignored; 0 measured; 0 filtered out; finished in 0.09s
[INFO] [stdout] 
[INFO] [stderr] error: test failed, to rerun pass `--test test`
[INFO] running `Command { std: "docker" "inspect" "13e9ddd99b5cf4f723f777859bb314fd2a988837bf59f4ebb3a8d13c6f23fd5e", kill_on_drop: false }`
[INFO] running `Command { std: "docker" "rm" "-f" "13e9ddd99b5cf4f723f777859bb314fd2a988837bf59f4ebb3a8d13c6f23fd5e", kill_on_drop: false }`
[INFO] [stdout] 13e9ddd99b5cf4f723f777859bb314fd2a988837bf59f4ebb3a8d13c6f23fd5e
