[INFO] fetching crate xsshend 0.5.2...
[INFO] testing xsshend-0.5.2 against 1.99.0-beta.8+cargoflags=--release for beta-release-1.100-2
[INFO] extracting crate xsshend 0.5.2 into /workspace/builds/worker-1-tc1/source
[INFO] started tweaking crates.io crate xsshend 0.5.2
[INFO] removed 0 missing tests
[INFO] finished tweaking crates.io crate xsshend 0.5.2
[INFO] tweaked toml for crates.io crate xsshend 0.5.2 written to /workspace/builds/worker-1-tc1/source/Cargo.toml
[INFO] validating manifest of crates.io crate xsshend 0.5.2 on toolchain 1.99.0-beta.8
[INFO] running `Command { std: CARGO_HOME="/workspace/cargo-home" RUSTUP_HOME="/workspace/rustup-home" "/workspace/cargo-home/bin/cargo" "+1.99.0-beta.8" "metadata" "--manifest-path" "Cargo.toml" "--no-deps", kill_on_drop: false }`
[INFO] crate crates.io crate xsshend 0.5.2 already has a lockfile, it will not be regenerated
[INFO] running `Command { std: CARGO_HOME="/workspace/cargo-home" RUSTUP_HOME="/workspace/rustup-home" "/workspace/cargo-home/bin/cargo" "+1.99.0-beta.8" "fetch" "--manifest-path" "Cargo.toml", kill_on_drop: false }`
[INFO] [stderr]     Updating crates.io index
[INFO] [stderr]  Downloading crates ...
[INFO] [stderr]   Downloaded ssh-encoding v0.2.0
[INFO] [stderr]   Downloaded russh v0.54.6
[INFO] [stderr]   Downloaded russh-util v0.52.0
[INFO] [stderr]   Downloaded russh-sftp v2.1.1
[INFO] [stderr]   Downloaded seize v0.3.3
[INFO] [stderr]   Downloaded base64ct v1.6.0
[INFO] [stderr]   Downloaded flurry v0.5.2
[INFO] [stderr]   Downloaded russh-cryptovec v0.52.0
[INFO] [stderr]   Downloaded pageant v0.1.0
[INFO] [stderr]   Downloaded delegate v0.13.4
[INFO] [stderr]   Downloaded p521 v0.13.3
[INFO] [stderr]   Downloaded internal-russh-forked-ssh-key v0.6.11+upstream-0.6.7
[INFO] [stderr]   Downloaded hax-lib-macros v0.3.5
[INFO] [stderr]   Downloaded hax-lib-macros-types v0.3.5
[INFO] [stderr]   Downloaded libcrux-sha3 v0.0.3
[INFO] [stderr]   Downloaded libcrux-platform v0.0.2
[INFO] [stderr]   Downloaded libcrux-secrets v0.0.3
[INFO] [stderr]   Downloaded md5 v0.7.0
[INFO] [stderr]   Downloaded core-models v0.0.3
[INFO] [stderr]   Downloaded libcrux-intrinsics v0.0.3
[INFO] [stderr]   Downloaded hax-lib v0.3.5
[INFO] [stderr]   Downloaded blowfish v0.9.1
[INFO] [stderr]   Downloaded ssh-cipher v0.2.0
[INFO] [stderr]   Downloaded libcrux-ml-kem v0.0.3
[INFO] [stderr]   Downloaded bcrypt-pbkdf v0.10.0
[INFO] [stderr]   Downloaded hex-literal v0.4.1
[INFO] [stderr]   Downloaded regex v1.12.1
[INFO] [stderr]   Downloaded regex-syntax v0.8.7
[INFO] [stderr]   Downloaded regex-automata v0.4.12
[INFO] [stderr]   Downloaded aws-lc-sys v0.32.3
[INFO] running `Command { std: "docker" "create" "-v" "/var/lib/crater-agent-workspace/builds/worker-1-tc1/source:/opt/rustwide/workdir:ro,Z" "-v" "/var/lib/crater-agent-workspace/builds/worker-1-tc1/target:/opt/rustwide/target:rw,Z" "-v" "/var/lib/crater-agent-workspace/cargo-home:/opt/rustwide/cargo-home:ro,Z" "-v" "/var/lib/crater-agent-workspace/rustup-home:/opt/rustwide/rustup-home:ro,Z" "-m" "1610612736" "--network" "none" "ghcr.io/rust-lang/crates-build-env/linux@sha256:77db811e55d90add9212f6832c23229e3de5f1c1f9905e8cb07319ea15df73ac" "sleep" "infinity", kill_on_drop: false }`
[INFO] [stdout] f17547533a84bb949e7dfb658f8b0b15c1665f563a624a56b1681f27418e11f6
[INFO] running `Command { std: "docker" "start" "f17547533a84bb949e7dfb658f8b0b15c1665f563a624a56b1681f27418e11f6", kill_on_drop: false }`
[INFO] running `Command { std: "docker" "inspect" "f17547533a84bb949e7dfb658f8b0b15c1665f563a624a56b1681f27418e11f6", kill_on_drop: false }`
[INFO] running `Command { std: "docker" "exec" "-e" "SOURCE_DIR=/opt/rustwide/workdir" "-e" "CARGO_HOME=/opt/rustwide/cargo-home" "-e" "RUSTUP_HOME=/opt/rustwide/rustup-home" "-e" "CARGO_TARGET_DIR=/opt/rustwide/target" "-w" "/opt/rustwide/workdir" "--user" "0:0" "f17547533a84bb949e7dfb658f8b0b15c1665f563a624a56b1681f27418e11f6" "/opt/rustwide/cargo-home/bin/cargo" "+1.99.0-beta.8" "metadata" "--no-deps" "--format-version=1", kill_on_drop: false }`
[INFO] running `Command { std: "docker" "inspect" "f17547533a84bb949e7dfb658f8b0b15c1665f563a624a56b1681f27418e11f6", kill_on_drop: false }`
[INFO] running `Command { std: "docker" "exec" "-e" "SOURCE_DIR=/opt/rustwide/workdir" "-e" "CARGO_HOME=/opt/rustwide/cargo-home" "-e" "RUSTUP_HOME=/opt/rustwide/rustup-home" "-e" "CARGO_TARGET_DIR=/opt/rustwide/target" "-e" "CARGO_INCREMENTAL=0" "-e" "RUST_BACKTRACE=full" "-e" "RUSTFLAGS=--cap-lints=warn" "-e" "RUSTDOCFLAGS=--cap-lints=warn" "-w" "/opt/rustwide/workdir" "--user" "0:0" "f17547533a84bb949e7dfb658f8b0b15c1665f563a624a56b1681f27418e11f6" "/opt/rustwide/cargo-home/bin/cargo" "+1.99.0-beta.8" "build" "--frozen" "--message-format=json" "--release", kill_on_drop: false }`
[INFO] [stderr]    Compiling libc v0.2.177
[INFO] [stderr]    Compiling cfg-if v1.0.3
[INFO] [stderr]    Compiling generic-array v0.14.9
[INFO] [stderr]    Compiling proc-macro2 v1.0.101
[INFO] [stderr]    Compiling quote v1.0.41
[INFO] [stderr]    Compiling unicode-ident v1.0.19
[INFO] [stderr]    Compiling base64ct v1.6.0
[INFO] [stderr]    Compiling zerocopy v0.8.27
[INFO] [stderr]    Compiling libm v0.2.15
[INFO] [stderr]    Compiling num-traits v0.2.19
[INFO] [stderr]    Compiling base16ct v0.2.0
[INFO] [stderr]    Compiling find-msvc-tools v0.1.4
[INFO] [stderr]    Compiling pem-rfc7468 v0.7.0
[INFO] [stderr]    Compiling tiny-keccak v2.0.2
[INFO] [stderr]    Compiling hax-lib v0.3.5
[INFO] [stderr]    Compiling crypto-common v0.1.6
[INFO] [stderr]    Compiling syn v2.0.106
[INFO] [stderr]    Compiling block-buffer v0.10.4
[INFO] [stderr]    Compiling block-padding v0.3.3
[INFO] [stderr]    Compiling digest v0.10.7
[INFO] [stderr]    Compiling inout v0.1.4
[INFO] [stderr]    Compiling cipher v0.4.4
[INFO] [stderr]    Compiling hmac v0.12.1
[INFO] [stderr]    Compiling sha2 v0.10.9
[INFO] [stderr]    Compiling pbkdf2 v0.12.2
[INFO] [stderr]    Compiling aes v0.8.4
[INFO] [stderr]    Compiling cbc v0.1.2
[INFO] [stderr]    Compiling salsa20 v0.10.2
[INFO] [stderr]    Compiling der v0.7.10
[INFO] [stderr]    Compiling scrypt v0.11.0
[INFO] [stderr]    Compiling getrandom v0.2.16
[INFO] [stderr]    Compiling rand_core v0.6.4
[INFO] [stderr]    Compiling hkdf v0.12.4
[INFO] [stderr]    Compiling jobserver v0.1.34
[INFO] [stderr]    Compiling ppv-lite86 v0.2.21
[INFO] [stderr]    Compiling ff v0.13.1
[INFO] [stderr]    Compiling signature v2.2.0
[INFO] [stderr]    Compiling crypto-bigint v0.5.5
[INFO] [stderr]    Compiling cc v1.2.41
[INFO] [stderr]    Compiling group v0.13.0
[INFO] [stderr]    Compiling parking_lot_core v0.9.12
[INFO] [stderr]    Compiling universal-hash v0.5.1
[INFO] [stderr]    Compiling spki v0.7.3
[INFO] [stderr]    Compiling rand_chacha v0.3.1
[INFO] [stderr]    Compiling pkcs5 v0.7.1
[INFO] [stderr]    Compiling parking_lot v0.12.5
[INFO] [stderr]    Compiling num-integer v0.1.46
[INFO] [stderr]    Compiling rfc6979 v0.4.0
[INFO] [stderr]    Compiling dunce v1.0.5
[INFO] [stderr]    Compiling fs_extra v1.3.0
[INFO] [stderr]    Compiling pkcs8 v0.10.2
[INFO] [stderr]    Compiling cmake v0.1.54
[INFO] [stderr]    Compiling sec1 v0.7.3
[INFO] [stderr]    Compiling aws-lc-sys v0.32.3
[INFO] [stderr]    Compiling elliptic-curve v0.13.8
[INFO] [stderr]    Compiling curve25519-dalek v4.1.3
[INFO] [stderr]    Compiling rand v0.8.5
[INFO] [stderr]    Compiling polyval v0.6.2
[INFO] [stderr]    Compiling mio v1.1.0
[INFO] [stderr]    Compiling primeorder v0.13.6
[INFO] [stderr]    Compiling ecdsa v0.16.9
[INFO] [stderr]    Compiling socket2 v0.6.1
[INFO] [stderr]    Compiling signal-hook-registry v1.4.6
[INFO] [stderr]    Compiling spin v0.9.8
[INFO] [stderr]    Compiling libcrux-intrinsics v0.0.3
[INFO] [stderr]    Compiling cfg_aliases v0.2.1
[INFO] [stderr]    Compiling num-bigint-dig v0.8.4
[INFO] [stderr]    Compiling serde_derive v1.0.228
[INFO] [stderr]    Compiling hax-lib-macros v0.3.5
[INFO] [stderr]    Compiling tokio-macros v2.6.0
[INFO] [stderr]    Compiling nix v0.29.0
[INFO] [stderr]    Compiling curve25519-dalek-derive v0.1.1
[INFO] [stderr]    Compiling tokio v1.48.0
[INFO] [stderr]    Compiling futures-macro v0.3.31
[INFO] [stderr]    Compiling lazy_static v1.5.0
[INFO] [stderr]    Compiling ghash v0.5.1
[INFO] [stderr]    Compiling const-random-macro v0.1.16
[INFO] [stderr]    Compiling num-iter v0.1.45
[INFO] [stderr]    Compiling futures-channel v0.3.31
[INFO] [stderr]    Compiling ssh-encoding v0.2.0
[INFO] [stderr]    Compiling ctr v0.9.2
[INFO] [stderr]    Compiling aead v0.5.2
[INFO] [stderr]    Compiling ahash v0.8.12
[INFO] [stderr]    Compiling libcrux-sha3 v0.0.3
[INFO] [stderr]    Compiling log v0.4.28
[INFO] [stderr]    Compiling rustix v1.1.2
[INFO] [stderr]    Compiling futures-util v0.3.31
[INFO] [stderr]    Compiling aes-gcm v0.10.3
[INFO] [stderr]    Compiling const-random v0.1.18
[INFO] [stderr]    Compiling blowfish v0.9.1
[INFO] [stderr]    Compiling ed25519 v2.2.3
[INFO] [stderr]    Compiling pkcs1 v0.7.5
[INFO] [stderr]    Compiling poly1305 v0.8.0
[INFO] [stderr]    Compiling password-hash v0.5.0
[INFO] [stderr]    Compiling libcrux-platform v0.0.2
[INFO] [stderr]    Compiling chacha20 v0.9.1
[INFO] [stderr]    Compiling blake2 v0.10.6
[INFO] [stderr]    Compiling serde v1.0.228
[INFO] [stderr]    Compiling aho-corasick v1.1.3
[INFO] [stderr]    Compiling anstyle v1.0.13
[INFO] [stderr]    Compiling bitflags v2.9.4
[INFO] [stderr]    Compiling regex-syntax v0.8.7
[INFO] [stderr]    Compiling libcrux-ml-kem v0.0.3
[INFO] [stderr]    Compiling simd-adler32 v0.3.7
[INFO] [stderr]    Compiling rand_core v0.9.3
[INFO] [stderr]    Compiling aws-lc-rs v1.14.1
[INFO] [stderr]    Compiling thiserror v2.0.17
[INFO] [stderr]    Compiling portable-atomic v1.11.1
[INFO] [stderr]    Compiling linux-raw-sys v0.11.0
[INFO] [stderr]    Compiling futures-executor v0.3.31
[INFO] [stderr]    Compiling rand v0.9.2
[INFO] [stderr]    Compiling regex-automata v0.4.12
[INFO] [stderr]    Compiling miniz_oxide v0.8.9
[INFO] [stderr]    Compiling anstream v0.6.21
[INFO] [stderr]    Compiling argon2 v0.5.3
[INFO] [stderr]    Compiling ssh-cipher v0.2.0
[INFO] [stderr]    Compiling rsa v0.9.8
[INFO] [stderr]    Compiling ed25519-dalek v2.2.0
[INFO] [stderr]    Compiling bcrypt-pbkdf v0.10.0
[INFO] [stderr]    Compiling getrandom v0.3.3
[INFO] [stderr]    Compiling crc32fast v1.5.0
[INFO] [stderr]    Compiling libcrux-secrets v0.0.3
[INFO] [stderr]    Compiling p256 v0.13.2
[INFO] [stderr]    Compiling p521 v0.13.3
[INFO] [stderr]    Compiling p384 v0.13.1
[INFO] [stderr]    Compiling thiserror-impl v1.0.69
[INFO] [stderr]    Compiling thiserror-impl v2.0.17
[INFO] [stderr]    Compiling num_cpus v1.17.0
[INFO] [stderr]    Compiling sha1 v0.10.6
[INFO] [stderr]    Compiling fastrand v2.3.0
[INFO] [stderr]    Compiling iana-time-zone v0.1.64
[INFO] [stderr]    Compiling seize v0.3.3
[INFO] [stderr]    Compiling serde_json v1.0.145
[INFO] [stderr]    Compiling internal-russh-forked-ssh-key v0.6.11+upstream-0.6.7
[INFO] [stderr]    Compiling clap_builder v4.5.48
[INFO] [stderr]    Compiling flurry v0.5.2
[INFO] [stderr]    Compiling chrono v0.4.42
[INFO] [stderr]    Compiling tempfile v3.23.0
[INFO] [stderr]    Compiling clap_derive v4.5.47
[INFO] [stderr]    Compiling dirs-sys v0.4.1
[INFO] [stderr]    Compiling thiserror v1.0.69
[INFO] [stderr]    Compiling flate2 v1.1.4
[INFO] [stderr]    Compiling regex v1.12.1
[INFO] [stderr]    Compiling russh-cryptovec v0.52.0
[INFO] [stderr]    Compiling russh-util v0.52.0
[INFO] [stderr]    Compiling tokio-util v0.7.16
[INFO] [stderr]    Compiling futures v0.3.31
[INFO] [stderr]    Compiling console v0.16.1
[INFO] [stderr]    Compiling console v0.15.11
[INFO] [stderr]    Compiling num-bigint v0.4.6
[INFO] [stderr]    Compiling delegate v0.13.4
[INFO] [stderr]    Compiling enum_dispatch v0.3.13
[INFO] [stderr]    Compiling is-terminal v0.4.16
[INFO] [stderr]    Compiling number_prefix v0.4.0
[INFO] [stderr]    Compiling data-encoding v2.9.0
[INFO] [stderr]    Compiling hex-literal v0.4.1
[INFO] [stderr]    Compiling humantime v2.3.0
[INFO] [stderr]    Compiling md5 v0.7.0
[INFO] [stderr]    Compiling home v0.5.11
[INFO] [stderr]    Compiling shell-words v1.1.0
[INFO] [stderr]    Compiling env_logger v0.10.2
[INFO] [stderr]    Compiling dialoguer v0.12.0
[INFO] [stderr]    Compiling indicatif v0.17.11
[INFO] [stderr]    Compiling russh-sftp v2.1.1
[INFO] [stderr]    Compiling clap v4.5.48
[INFO] [stderr]    Compiling dirs v5.0.1
[INFO] [stderr]    Compiling async-trait v0.1.89
[INFO] [stderr]    Compiling russh v0.54.6
[INFO] [stderr]    Compiling xsshend v0.5.2 (/opt/rustwide/workdir)
[INFO] [stderr]     Finished `release` profile [optimized] target(s) in 5m 52s
[INFO] [stderr] warning: the following packages contain code that will be rejected by a future version of Rust: num-bigint-dig v0.8.4, russh v0.54.6
[INFO] [stderr] note: to see what the problems were, use the option `--future-incompat-report`, or run `cargo report future-incompatibilities --id 3`
[INFO] running `Command { std: "docker" "inspect" "f17547533a84bb949e7dfb658f8b0b15c1665f563a624a56b1681f27418e11f6", kill_on_drop: false }`
[INFO] running `Command { std: "docker" "exec" "-e" "SOURCE_DIR=/opt/rustwide/workdir" "-e" "CARGO_HOME=/opt/rustwide/cargo-home" "-e" "RUSTUP_HOME=/opt/rustwide/rustup-home" "-e" "CARGO_TARGET_DIR=/opt/rustwide/target" "-e" "CARGO_INCREMENTAL=0" "-e" "RUST_BACKTRACE=full" "-e" "RUSTFLAGS=--cap-lints=warn" "-e" "RUSTDOCFLAGS=--cap-lints=warn" "-w" "/opt/rustwide/workdir" "--user" "0:0" "f17547533a84bb949e7dfb658f8b0b15c1665f563a624a56b1681f27418e11f6" "/opt/rustwide/cargo-home/bin/cargo" "+1.99.0-beta.8" "test" "--frozen" "--no-run" "--message-format=json" "--release", kill_on_drop: false }`
[INFO] [stderr]    Compiling zerocopy v0.8.27
[INFO] [stderr]    Compiling zerocopy-derive v0.8.27
[INFO] [stderr]    Compiling num-traits v0.2.19
[INFO] [stderr]    Compiling serde v1.0.228
[INFO] [stderr]    Compiling serde_json v1.0.145
[INFO] [stderr]    Compiling crossbeam-epoch v0.9.18
[INFO] [stderr]    Compiling ciborium-io v0.2.2
[INFO] [stderr]    Compiling plotters-backend v0.3.7
[INFO] [stderr]    Compiling plotters-svg v0.3.7
[INFO] [stderr]    Compiling itertools v0.10.5
[INFO] [stderr]    Compiling crossbeam-deque v0.8.6
[INFO] [stderr]    Compiling cast v0.3.0
[INFO] [stderr]    Compiling anes v0.1.6
[INFO] [stderr]    Compiling rayon-core v1.13.0
[INFO] [stderr]    Compiling oorandom v11.1.5
[INFO] [stderr]    Compiling bitflags v2.9.4
[INFO] [stderr]    Compiling num-integer v0.1.46
[INFO] [stderr]    Compiling chrono v0.4.42
[INFO] [stderr]    Compiling plotters v0.3.7
[INFO] [stderr]    Compiling num-iter v0.1.45
[INFO] [stderr]    Compiling nix v0.29.0
[INFO] [stderr]    Compiling rustix v1.1.2
[INFO] [stderr]    Compiling tinytemplate v1.2.1
[INFO] [stderr]    Compiling russh-cryptovec v0.52.0
[INFO] [stderr]    Compiling criterion-plot v0.5.0
[INFO] [stderr]    Compiling rayon v1.11.0
[INFO] [stderr]    Compiling ppv-lite86 v0.2.21
[INFO] [stderr]    Compiling ahash v0.8.12
[INFO] [stderr]    Compiling half v2.7.1
[INFO] [stderr]    Compiling flurry v0.5.2
[INFO] [stderr]    Compiling rand_chacha v0.3.1
[INFO] [stderr]    Compiling tempfile v3.23.0
[INFO] [stderr]    Compiling rand v0.8.5
[INFO] [stderr]    Compiling ciborium-ll v0.2.2
[INFO] [stderr]    Compiling dialoguer v0.12.0
[INFO] [stderr]    Compiling ciborium v0.2.2
[INFO] [stderr]    Compiling russh-sftp v2.1.1
[INFO] [stderr]    Compiling num-bigint-dig v0.8.4
[INFO] [stderr]    Compiling num-bigint v0.4.6
[INFO] [stderr]    Compiling criterion v0.5.1
[INFO] [stderr]    Compiling rsa v0.9.8
[INFO] [stderr]    Compiling internal-russh-forked-ssh-key v0.6.11+upstream-0.6.7
[INFO] [stderr]    Compiling russh v0.54.6
[INFO] [stderr]    Compiling xsshend v0.5.2 (/opt/rustwide/workdir)
[INFO] [stderr]     Finished `release` profile [optimized] target(s) in 1m 51s
[INFO] [stderr] warning: the following packages contain code that will be rejected by a future version of Rust: num-bigint-dig v0.8.4, russh v0.54.6
[INFO] [stderr] note: to see what the problems were, use the option `--future-incompat-report`, or run `cargo report future-incompatibilities --id 3`
[INFO] running `Command { std: "docker" "inspect" "f17547533a84bb949e7dfb658f8b0b15c1665f563a624a56b1681f27418e11f6", kill_on_drop: false }`
[INFO] running `Command { std: "docker" "exec" "-e" "SOURCE_DIR=/opt/rustwide/workdir" "-e" "CARGO_HOME=/opt/rustwide/cargo-home" "-e" "RUSTUP_HOME=/opt/rustwide/rustup-home" "-e" "CARGO_TARGET_DIR=/opt/rustwide/target" "-e" "CARGO_INCREMENTAL=0" "-e" "RUST_BACKTRACE=full" "-e" "RUSTFLAGS=--cap-lints=warn" "-e" "RUSTDOCFLAGS=--cap-lints=warn" "-w" "/opt/rustwide/workdir" "--user" "0:0" "f17547533a84bb949e7dfb658f8b0b15c1665f563a624a56b1681f27418e11f6" "/opt/rustwide/cargo-home/bin/cargo" "+1.99.0-beta.8" "test" "--frozen" "--release", kill_on_drop: false }`
[INFO] [stderr]     Finished `release` profile [optimized] target(s) in 0.32s
[INFO] [stderr] warning: the following packages contain code that will be rejected by a future version of Rust: num-bigint-dig v0.8.4, russh v0.54.6
[INFO] [stderr] note: to see what the problems were, use the option `--future-incompat-report`, or run `cargo report future-incompatibilities --id 3`
[INFO] [stderr]      Running unittests src/lib.rs (/opt/rustwide/target/release/deps/xsshend-21e8eed0b2cf0280)
[INFO] [stdout] 
[INFO] [stdout] running 15 tests
[INFO] [stdout] test config::hosts::tests::test_config_parsing ... ok
[INFO] [stdout] test core::executor::tests::test_executor_creation ... ok
[INFO] [stdout] test core::executor::tests::test_command_result_creation ... ok
[INFO] [stdout] test interactive::formatters::tests::test_format_environment ... ok
[INFO] [stdout] test interactive::formatters::tests::test_format_server_count ... ok
[INFO] [stdout] test core::validator::tests::test_file_validation ... ok
[INFO] [stdout] test config::hosts::tests::test_host_filtering ... ok
[INFO] [stdout] test core::validator::tests::test_file_size_formatting ... ok
[INFO] [stdout] test interactive::formatters::tests::test_format_file_size ... ok
[INFO] [stdout] test core::executor::tests::test_executor_default ... ok
[INFO] [stdout] test interactive::tests::test_should_prompt_with_value ... ok
[INFO] [stdout] test ssh::agent::tests::test_agent_connection_no_panic ... ok
[INFO] [stdout] test ssh::keys::tests::test_key_type_detection ... ok
[INFO] [stdout] test ssh::keys::tests::test_ssh_key_creation ... ok
[INFO] [stdout] test interactive::tests::test_should_prompt_non_interactive ... ok
[INFO] [stdout] 
[INFO] [stdout] test result: ok. 15 passed; 0 failed; 0 ignored; 0 measured; 0 filtered out; finished in 0.02s
[INFO] [stdout] 
[INFO] [stderr]      Running unittests src/main.rs (/opt/rustwide/target/release/deps/xsshend-5899a287c1e14a59)
[INFO] [stdout] 
[INFO] [stdout] running 15 tests
[INFO] [stdout] test core::executor::tests::test_executor_creation ... ok
[INFO] [stdout] test core::executor::tests::test_executor_default ... ok
[INFO] [stdout] test config::hosts::tests::test_config_parsing ... ok
[INFO] [stdout] test core::validator::tests::test_file_size_formatting ... ok
[INFO] [stdout] test interactive::formatters::tests::test_format_environment ... ok
[INFO] [stdout] test interactive::formatters::tests::test_format_file_size ... ok
[INFO] [stdout] test interactive::formatters::tests::test_format_server_count ... ok
[INFO] [stdout] test interactive::tests::test_should_prompt_non_interactive ... ok
[INFO] [stdout] test config::hosts::tests::test_host_filtering ... ok
[INFO] [stdout] test core::executor::tests::test_command_result_creation ... ok
[INFO] [stdout] test ssh::agent::tests::test_agent_connection_no_panic ... ok
[INFO] [stdout] test interactive::tests::test_should_prompt_with_value ... ok
[INFO] [stdout] test ssh::keys::tests::test_ssh_key_creation ... ok
[INFO] [stdout] test ssh::keys::tests::test_key_type_detection ... ok
[INFO] [stdout] test core::validator::tests::test_file_validation ... ok
[INFO] [stdout] 
[INFO] [stdout] test result: ok. 15 passed; 0 failed; 0 ignored; 0 measured; 0 filtered out; finished in 0.02s
[INFO] [stdout] 
[INFO] [stderr]      Running tests/cli_test.rs (/opt/rustwide/target/release/deps/cli_test-b475191f52ccbc39)
[INFO] [stdout] 
[INFO] [stdout] running 21 tests
[INFO] [stdout] test cli_tests::test_cli_init_help ... FAILED
[INFO] [stdout] test cli_tests::test_cli_invalid_command ... FAILED
[INFO] [stdout] test cli_tests::test_cli_list_command ... FAILED
[INFO] [stdout] test cli_tests::test_cli_destination_default ... FAILED
[INFO] [stdout] test cli_tests::test_cli_empty_file_upload ... FAILED
[INFO] [stdout] test cli_tests::test_cli_large_file_upload ... FAILED
[INFO] [stdout] test cli_tests::test_cli_list_help ... FAILED
[INFO] [stdout] test cli_tests::test_cli_special_characters_in_filename ... FAILED
[INFO] [stdout] test cli_tests::test_cli_ssh_key_options_removed ... FAILED
[INFO] [stdout] test cli_tests::test_cli_no_arguments ... FAILED
[INFO] [stdout] test cli_tests::test_cli_upload_invalid_filter ... FAILED
[INFO] [stdout] test cli_tests::test_cli_list_flag ... FAILED
[INFO] [stdout] test cli_tests::test_cli_help_command ... FAILED
[INFO] [stdout] test cli_tests::test_cli_upload_dry_run ... FAILED
[INFO] [stdout] test cli_tests::test_cli_upload_custom_destination ... FAILED
[INFO] [stdout] test cli_tests::test_cli_upload_nonexistent_file ... FAILED
[INFO] [stdout] test cli_tests::test_cli_upload_help ... FAILED
[INFO] [stdout] test cli_tests::test_cli_upload_multiple_files ... FAILED
[INFO] [stdout] test cli_tests::test_cli_version_command ... FAILED
[INFO] [stdout] test cli_tests::test_cli_upload_with_filters ... FAILED
[INFO] [stdout] test cli_tests::test_cli_upload_missing_files ... FAILED
[INFO] [stdout] 
[INFO] [stdout] failures:
[INFO] [stdout] 
[INFO] [stdout] ---- cli_tests::test_cli_init_help stdout ----
[INFO] [stdout] 
[INFO] [stdout] thread 'cli_tests::test_cli_init_help' (5211) panicked at tests/cli_test.rs:26:14:
[INFO] [stdout] Failed to execute xsshend: Os { code: 2, kind: NotFound, message: "No such file or directory" }
[INFO] [stdout] stack backtrace:
[INFO] [stdout]    0:     0x58d6454e13a1 - <<std[70759c8f55707aa4]::sys::backtrace::BacktraceLock>::print::DisplayBacktrace as core[df12db4294e9bfd3]::fmt::Display>::fmt
[INFO] [stdout]    1:     0x58d6454f5aba - core[df12db4294e9bfd3]::fmt::write
[INFO] [stdout]    2:     0x58d6454e5bec - <alloc[2182bb758b4b3781]::vec::Vec<u8> as core[df12db4294e9bfd3]::io::write::Write>::write_fmt
[INFO] [stdout]    3:     0x58d6454bbc16 - std[70759c8f55707aa4]::panicking::default_hook::{closure#0}
[INFO] [stdout]    4:     0x58d6454d8dd9 - std[70759c8f55707aa4]::panicking::default_hook
[INFO] [stdout]    5:     0x58d645450620 - test[9d35eded1c95d3be]::test_main_inner::<test[9d35eded1c95d3be]::test_main_static::{closure#0}>::{closure#0}
[INFO] [stdout]    6:     0x58d6454d8f92 - std[70759c8f55707aa4]::panicking::panic_with_hook
[INFO] [stdout]    7:     0x58d6454bbcc2 - std[70759c8f55707aa4]::panicking::panic_handler::{closure#0}
[INFO] [stdout]    8:     0x58d6454b4799 - std[70759c8f55707aa4]::sys::backtrace::__rust_end_short_backtrace::<std[70759c8f55707aa4]::panicking::panic_handler::{closure#0}, !>
[INFO] [stdout]    9:     0x58d6454bc8bd - __rustc[8fa7c3cbc660c2b3]::rust_begin_unwind
[INFO] [stdout]   10:     0x58d6454f621c - core[df12db4294e9bfd3]::panicking::panic_fmt
[INFO] [stdout]   11:     0x58d6454f5ff2 - core[df12db4294e9bfd3]::result::unwrap_failed
[INFO] [stdout]   12:     0x58d64543e4ab - cli_test[334579b1b6798cc7]::cli_tests::run_xsshend_with_args
[INFO] [stdout]   13:     0x58d6454398df - cli_test[334579b1b6798cc7]::cli_tests::test_cli_init_help::{closure#0}
[INFO] [stdout]   14:     0x58d645442363 - <tokio[4e52d7c3d0bfd1d4]::runtime::scheduler::current_thread::Context>::enter::<core[df12db4294e9bfd3]::task::poll::Poll<()>, <tokio[4e52d7c3d0bfd1d4]::runtime::scheduler::current_thread::CoreGuard>::block_on<core[df12db4294e9bfd3]::pin::Pin<&mut core[df12db4294e9bfd3]::pin::Pin<&mut dyn core[df12db4294e9bfd3]::future::future::Future<Output = ()>>>>::{closure#0}::{closure#0}>
[INFO] [stdout]   15:     0x58d6454434d9 - <std[70759c8f55707aa4]::thread::local::LocalKey<tokio[4e52d7c3d0bfd1d4]::runtime::context::Context>>::with::<tokio[4e52d7c3d0bfd1d4]::runtime::context::set_scheduler<(alloc[2182bb758b4b3781]::boxed::Box<tokio[4e52d7c3d0bfd1d4]::runtime::scheduler::current_thread::Core>, core[df12db4294e9bfd3]::option::Option<()>), <tokio[4e52d7c3d0bfd1d4]::runtime::scheduler::current_thread::CoreGuard>::enter<<tokio[4e52d7c3d0bfd1d4]::runtime::scheduler::current_thread::CoreGuard>::block_on<core[df12db4294e9bfd3]::pin::Pin<&mut core[df12db4294e9bfd3]::pin::Pin<&mut dyn core[df12db4294e9bfd3]::future::future::Future<Output = ()>>>>::{closure#0}, core[df12db4294e9bfd3]::option::Option<()>>::{closure#0}>::{closure#0}, (alloc[2182bb758b4b3781]::boxed::Box<tokio[4e52d7c3d0bfd1d4]::runtime::scheduler::current_thread::Core>, core[df12db4294e9bfd3]::option::Option<()>)>
[INFO] [stdout]   16:     0x58d645441fee - <tokio[4e52d7c3d0bfd1d4]::runtime::runtime::Runtime>::block_on::<core[df12db4294e9bfd3]::pin::Pin<&mut dyn core[df12db4294e9bfd3]::future::future::Future<Output = ()>>>
[INFO] [stdout]   17:     0x58d64543e575 - cli_test[334579b1b6798cc7]::cli_tests::test_cli_init_help
[INFO] [stdout]   18:     0x58d645441699 - <cli_test[334579b1b6798cc7]::cli_tests::test_cli_init_help::{closure#0} as core[df12db4294e9bfd3]::ops::function::FnOnce<()>>::call_once
[INFO] [stdout]   19:     0x58d64544390b - test[9d35eded1c95d3be]::__rust_begin_short_backtrace::<core[df12db4294e9bfd3]::result::Result<(), alloc[2182bb758b4b3781]::string::String>, fn() -> core[df12db4294e9bfd3]::result::Result<(), alloc[2182bb758b4b3781]::string::String>>
[INFO] [stdout]   20:     0x58d645450f75 - test[9d35eded1c95d3be]::run_test::{closure#0}
[INFO] [stdout]   21:     0x58d64544a834 - std[70759c8f55707aa4]::sys::backtrace::__rust_begin_short_backtrace::<test[9d35eded1c95d3be]::run_test::{closure#1}, ()>
[INFO] [stdout]   22:     0x58d6454540d2 - <std[70759c8f55707aa4]::thread::lifecycle::spawn_unchecked<test[9d35eded1c95d3be]::run_test::{closure#1}, ()>::{closure#1} as core[df12db4294e9bfd3]::ops::function::FnOnce<()>>::call_once::{shim:vtable#0}
[INFO] [stdout]   23:     0x58d6454e0719 - <std[70759c8f55707aa4]::sys::thread::unix::Thread>::new::thread_start
[INFO] [stdout]   24:     0x78d41beb7dfa - <unknown>
[INFO] [stdout]   25:     0x78d41bf4b3d4 - clone
[INFO] [stdout]   26:                0x0 - <unknown>
[INFO] [stdout] 
[INFO] [stdout] ---- cli_tests::test_cli_invalid_command stdout ----
[INFO] [stdout] 
[INFO] [stdout] thread 'cli_tests::test_cli_invalid_command' (5212) panicked at tests/cli_test.rs:26:14:
[INFO] [stdout] Failed to execute xsshend: Os { code: 2, kind: NotFound, message: "No such file or directory" }
[INFO] [stdout] stack backtrace:
[INFO] [stdout]    0:     0x58d6454e13a1 - <<std[70759c8f55707aa4]::sys::backtrace::BacktraceLock>::print::DisplayBacktrace as core[df12db4294e9bfd3]::fmt::Display>::fmt
[INFO] [stdout]    1:     0x58d6454f5aba - core[df12db4294e9bfd3]::fmt::write
[INFO] [stdout]    2:     0x58d6454e5bec - <alloc[2182bb758b4b3781]::vec::Vec<u8> as core[df12db4294e9bfd3]::io::write::Write>::write_fmt
[INFO] [stdout]    3:     0x58d6454bbc16 - std[70759c8f55707aa4]::panicking::default_hook::{closure#0}
[INFO] [stdout]    4:     0x58d6454d8dd9 - std[70759c8f55707aa4]::panicking::default_hook
[INFO] [stdout]    5:     0x58d645450620 - test[9d35eded1c95d3be]::test_main_inner::<test[9d35eded1c95d3be]::test_main_static::{closure#0}>::{closure#0}
[INFO] [stdout]    6:     0x58d6454d8f92 - std[70759c8f55707aa4]::panicking::panic_with_hook
[INFO] [stdout]    7:     0x58d6454bbcc2 - std[70759c8f55707aa4]::panicking::panic_handler::{closure#0}
[INFO] [stdout]    8:     0x58d6454b4799 - std[70759c8f55707aa4]::sys::backtrace::__rust_end_short_backtrace::<std[70759c8f55707aa4]::panicking::panic_handler::{closure#0}, !>
[INFO] [stdout]    9:     0x58d6454bc8bd - __rustc[8fa7c3cbc660c2b3]::rust_begin_unwind
[INFO] [stdout]   10:     0x58d6454f621c - core[df12db4294e9bfd3]::panicking::panic_fmt
[INFO] [stdout]   11:     0x58d6454f5ff2 - core[df12db4294e9bfd3]::result::unwrap_failed
[INFO] [stdout]   12:     0x58d64543e4ab - cli_test[334579b1b6798cc7]::cli_tests::run_xsshend_with_args
[INFO] [stdout]   13:     0x58d64543ade0 - cli_test[334579b1b6798cc7]::cli_tests::test_cli_invalid_command::{closure#0}
[INFO] [stdout]   14:     0x58d645442363 - <tokio[4e52d7c3d0bfd1d4]::runtime::scheduler::current_thread::Context>::enter::<core[df12db4294e9bfd3]::task::poll::Poll<()>, <tokio[4e52d7c3d0bfd1d4]::runtime::scheduler::current_thread::CoreGuard>::block_on<core[df12db4294e9bfd3]::pin::Pin<&mut core[df12db4294e9bfd3]::pin::Pin<&mut dyn core[df12db4294e9bfd3]::future::future::Future<Output = ()>>>>::{closure#0}::{closure#0}>
[INFO] [stdout]   15:     0x58d6454434d9 - <std[70759c8f55707aa4]::thread::local::LocalKey<tokio[4e52d7c3d0bfd1d4]::runtime::context::Context>>::with::<tokio[4e52d7c3d0bfd1d4]::runtime::context::set_scheduler<(alloc[2182bb758b4b3781]::boxed::Box<tokio[4e52d7c3d0bfd1d4]::runtime::scheduler::current_thread::Core>, core[df12db4294e9bfd3]::option::Option<()>), <tokio[4e52d7c3d0bfd1d4]::runtime::scheduler::current_thread::CoreGuard>::enter<<tokio[4e52d7c3d0bfd1d4]::runtime::scheduler::current_thread::CoreGuard>::block_on<core[df12db4294e9bfd3]::pin::Pin<&mut core[df12db4294e9bfd3]::pin::Pin<&mut dyn core[df12db4294e9bfd3]::future::future::Future<Output = ()>>>>::{closure#0}, core[df12db4294e9bfd3]::option::Option<()>>::{closure#0}>::{closure#0}, (alloc[2182bb758b4b3781]::boxed::Box<tokio[4e52d7c3d0bfd1d4]::runtime::scheduler::current_thread::Core>, core[df12db4294e9bfd3]::option::Option<()>)>
[INFO] [stdout]   16:     0x58d645441fee - <tokio[4e52d7c3d0bfd1d4]::runtime::runtime::Runtime>::block_on::<core[df12db4294e9bfd3]::pin::Pin<&mut dyn core[df12db4294e9bfd3]::future::future::Future<Output = ()>>>
[INFO] [stdout]   17:     0x58d64543eef5 - cli_test[334579b1b6798cc7]::cli_tests::test_cli_invalid_command
[INFO] [stdout]   18:     0x58d645441799 - <cli_test[334579b1b6798cc7]::cli_tests::test_cli_invalid_command::{closure#0} as core[df12db4294e9bfd3]::ops::function::FnOnce<()>>::call_once
[INFO] [stdout]   19:     0x58d64544390b - test[9d35eded1c95d3be]::__rust_begin_short_backtrace::<core[df12db4294e9bfd3]::result::Result<(), alloc[2182bb758b4b3781]::string::String>, fn() -> core[df12db4294e9bfd3]::result::Result<(), alloc[2182bb758b4b3781]::string::String>>
[INFO] [stdout]   20:     0x58d645450f75 - test[9d35eded1c95d3be]::run_test::{closure#0}
[INFO] [stdout]   21:     0x58d64544a834 - std[70759c8f55707aa4]::sys::backtrace::__rust_begin_short_backtrace::<test[9d35eded1c95d3be]::run_test::{closure#1}, ()>
[INFO] [stdout]   22:     0x58d6454540d2 - <std[70759c8f55707aa4]::thread::lifecycle::spawn_unchecked<test[9d35eded1c95d3be]::run_test::{closure#1}, ()>::{closure#1} as core[df12db4294e9bfd3]::ops::function::FnOnce<()>>::call_once::{shim:vtable#0}
[INFO] [stdout]   23:     0x58d6454e0719 - <std[70759c8f55707aa4]::sys::thread::unix::Thread>::new::thread_start
[INFO] [stdout]   24:     0x78d41beb7dfa - <unknown>
[INFO] [stdout]   25:     0x78d41bf4b3d4 - clone
[INFO] [stdout]   26:                0x0 - <unknown>
[INFO] [stdout] 
[INFO] [stdout] ---- cli_tests::test_cli_list_command stdout ----
[INFO] [stdout] 
[INFO] [stdout] thread 'cli_tests::test_cli_list_command' (5214) panicked at tests/cli_test.rs:26:14:
[INFO] [stdout] Failed to execute xsshend: Os { code: 2, kind: NotFound, message: "No such file or directory" }
[INFO] [stdout] stack backtrace:
[INFO] [stdout]    0:     0x58d6454e13a1 - <<std[70759c8f55707aa4]::sys::backtrace::BacktraceLock>::print::DisplayBacktrace as core[df12db4294e9bfd3]::fmt::Display>::fmt
[INFO] [stdout]    1:     0x58d6454f5aba - core[df12db4294e9bfd3]::fmt::write
[INFO] [stdout]    2:     0x58d6454e5bec - <alloc[2182bb758b4b3781]::vec::Vec<u8> as core[df12db4294e9bfd3]::io::write::Write>::write_fmt
[INFO] [stdout]    3:     0x58d6454bbc16 - std[70759c8f55707aa4]::panicking::default_hook::{closure#0}
[INFO] [stdout]    4:     0x58d6454d8dd9 - std[70759c8f55707aa4]::panicking::default_hook
[INFO] [stdout]    5:     0x58d645450620 - test[9d35eded1c95d3be]::test_main_inner::<test[9d35eded1c95d3be]::test_main_static::{closure#0}>::{closure#0}
[INFO] [stdout]    6:     0x58d6454d8f92 - std[70759c8f55707aa4]::panicking::panic_with_hook
[INFO] [stdout]    7:     0x58d6454bbcc2 - std[70759c8f55707aa4]::panicking::panic_handler::{closure#0}
[INFO] [stdout]    8:     0x58d6454b4799 - std[70759c8f55707aa4]::sys::backtrace::__rust_end_short_backtrace::<std[70759c8f55707aa4]::panicking::panic_handler::{closure#0}, !>
[INFO] [stdout]    9:     0x58d6454bc8bd - __rustc[8fa7c3cbc660c2b3]::rust_begin_unwind
[INFO] [stdout]   10:     0x58d6454f621c - core[df12db4294e9bfd3]::panicking::panic_fmt
[INFO] [stdout]   11:     0x58d6454f5ff2 - core[df12db4294e9bfd3]::result::unwrap_failed
[INFO] [stdout]   12:     0x58d64543e4ab - cli_test[334579b1b6798cc7]::cli_tests::run_xsshend_with_args
[INFO] [stdout]   13:     0x58d64543a53f - cli_test[334579b1b6798cc7]::cli_tests::test_cli_list_command::{closure#0}
[INFO] [stdout]   14:     0x58d645442363 - <tokio[4e52d7c3d0bfd1d4]::runtime::scheduler::current_thread::Context>::enter::<core[df12db4294e9bfd3]::task::poll::Poll<()>, <tokio[4e52d7c3d0bfd1d4]::runtime::scheduler::current_thread::CoreGuard>::block_on<core[df12db4294e9bfd3]::pin::Pin<&mut core[df12db4294e9bfd3]::pin::Pin<&mut dyn core[df12db4294e9bfd3]::future::future::Future<Output = ()>>>>::{closure#0}::{closure#0}>
[INFO] [stdout]   15:     0x58d6454434d9 - <std[70759c8f55707aa4]::thread::local::LocalKey<tokio[4e52d7c3d0bfd1d4]::runtime::context::Context>>::with::<tokio[4e52d7c3d0bfd1d4]::runtime::context::set_scheduler<(alloc[2182bb758b4b3781]::boxed::Box<tokio[4e52d7c3d0bfd1d4]::runtime::scheduler::current_thread::Core>, core[df12db4294e9bfd3]::option::Option<()>), <tokio[4e52d7c3d0bfd1d4]::runtime::scheduler::current_thread::CoreGuard>::enter<<tokio[4e52d7c3d0bfd1d4]::runtime::scheduler::current_thread::CoreGuard>::block_on<core[df12db4294e9bfd3]::pin::Pin<&mut core[df12db4294e9bfd3]::pin::Pin<&mut dyn core[df12db4294e9bfd3]::future::future::Future<Output = ()>>>>::{closure#0}, core[df12db4294e9bfd3]::option::Option<()>>::{closure#0}>::{closure#0}, (alloc[2182bb758b4b3781]::boxed::Box<tokio[4e52d7c3d0bfd1d4]::runtime::scheduler::current_thread::Core>, core[df12db4294e9bfd3]::option::Option<()>)>
[INFO] [stdout]   16:     0x58d645441fee - <tokio[4e52d7c3d0bfd1d4]::runtime::runtime::Runtime>::block_on::<core[df12db4294e9bfd3]::pin::Pin<&mut dyn core[df12db4294e9bfd3]::future::future::Future<Output = ()>>>
[INFO] [stdout]   17:     0x58d64543eb65 - cli_test[334579b1b6798cc7]::cli_tests::test_cli_list_command
[INFO] [stdout]   18:     0x58d645441739 - <cli_test[334579b1b6798cc7]::cli_tests::test_cli_list_command::{closure#0} as core[df12db4294e9bfd3]::ops::function::FnOnce<()>>::call_once
[INFO] [stdout]   19:     0x58d64544390b - test[9d35eded1c95d3be]::__rust_begin_short_backtrace::<core[df12db4294e9bfd3]::result::Result<(), alloc[2182bb758b4b3781]::string::String>, fn() -> core[df12db4294e9bfd3]::result::Result<(), alloc[2182bb758b4b3781]::string::String>>
[INFO] [stdout]   20:     0x58d645450f75 - test[9d35eded1c95d3be]::run_test::{closure#0}
[INFO] [stdout]   21:     0x58d64544a834 - std[70759c8f55707aa4]::sys::backtrace::__rust_begin_short_backtrace::<test[9d35eded1c95d3be]::run_test::{closure#1}, ()>
[INFO] [stdout]   22:     0x58d6454540d2 - <std[70759c8f55707aa4]::thread::lifecycle::spawn_unchecked<test[9d35eded1c95d3be]::run_test::{closure#1}, ()>::{closure#1} as core[df12db4294e9bfd3]::ops::function::FnOnce<()>>::call_once::{shim:vtable#0}
[INFO] [stdout]   23:     0x58d6454e0719 - <std[70759c8f55707aa4]::sys::thread::unix::Thread>::new::thread_start
[INFO] [stdout]   24:     0x78d41beb7dfa - <unknown>
[INFO] [stdout]   25:     0x78d41bf4b3d4 - clone
[INFO] [stdout]   26:                0x0 - <unknown>
[INFO] [stdout] 
[INFO] [stdout] ---- cli_tests::test_cli_destination_default stdout ----
[INFO] [stdout] 
[INFO] [stdout] thread 'cli_tests::test_cli_destination_default' (5208) panicked at tests/cli_test.rs:26:14:
[INFO] [stdout] Failed to execute xsshend: Os { code: 2, kind: NotFound, message: "No such file or directory" }
[INFO] [stdout] stack backtrace:
[INFO] [stdout]    0:     0x58d6454e13a1 - <<std[70759c8f55707aa4]::sys::backtrace::BacktraceLock>::print::DisplayBacktrace as core[df12db4294e9bfd3]::fmt::Display>::fmt
[INFO] [stdout]    1:     0x58d6454f5aba - core[df12db4294e9bfd3]::fmt::write
[INFO] [stdout]    2:     0x58d6454e5bec - <alloc[2182bb758b4b3781]::vec::Vec<u8> as core[df12db4294e9bfd3]::io::write::Write>::write_fmt
[INFO] [stdout]    3:     0x58d6454bbc16 - std[70759c8f55707aa4]::panicking::default_hook::{closure#0}
[INFO] [stdout]    4:     0x58d6454d8dd9 - std[70759c8f55707aa4]::panicking::default_hook
[INFO] [stdout]    5:     0x58d645450620 - test[9d35eded1c95d3be]::test_main_inner::<test[9d35eded1c95d3be]::test_main_static::{closure#0}>::{closure#0}
[INFO] [stdout]    6:     0x58d6454d8f92 - std[70759c8f55707aa4]::panicking::panic_with_hook
[INFO] [stdout]    7:     0x58d6454bbcc2 - std[70759c8f55707aa4]::panicking::panic_handler::{closure#0}
[INFO] [stdout]    8:     0x58d6454b4799 - std[70759c8f55707aa4]::sys::backtrace::__rust_end_short_backtrace::<std[70759c8f55707aa4]::panicking::panic_handler::{closure#0}, !>
[INFO] [stdout]    9:     0x58d6454bc8bd - __rustc[8fa7c3cbc660c2b3]::rust_begin_unwind
[INFO] [stdout]   10:     0x58d6454f621c - core[df12db4294e9bfd3]::panicking::panic_fmt
[INFO] [stdout]   11:     0x58d6454f5ff2 - core[df12db4294e9bfd3]::result::unwrap_failed
[INFO] [stdout]   12:     0x58d64543e4ab - cli_test[334579b1b6798cc7]::cli_tests::run_xsshend_with_args
[INFO] [stdout]   13:     0x58d64543c00c - cli_test[334579b1b6798cc7]::cli_tests::test_cli_destination_default::{closure#0}
[INFO] [stdout]   14:     0x58d645442363 - <tokio[4e52d7c3d0bfd1d4]::runtime::scheduler::current_thread::Context>::enter::<core[df12db4294e9bfd3]::task::poll::Poll<()>, <tokio[4e52d7c3d0bfd1d4]::runtime::scheduler::current_thread::CoreGuard>::block_on<core[df12db4294e9bfd3]::pin::Pin<&mut core[df12db4294e9bfd3]::pin::Pin<&mut dyn core[df12db4294e9bfd3]::future::future::Future<Output = ()>>>>::{closure#0}::{closure#0}>
[INFO] [stdout]   15:     0x58d6454434d9 - <std[70759c8f55707aa4]::thread::local::LocalKey<tokio[4e52d7c3d0bfd1d4]::runtime::context::Context>>::with::<tokio[4e52d7c3d0bfd1d4]::runtime::context::set_scheduler<(alloc[2182bb758b4b3781]::boxed::Box<tokio[4e52d7c3d0bfd1d4]::runtime::scheduler::current_thread::Core>, core[df12db4294e9bfd3]::option::Option<()>), <tokio[4e52d7c3d0bfd1d4]::runtime::scheduler::current_thread::CoreGuard>::enter<<tokio[4e52d7c3d0bfd1d4]::runtime::scheduler::current_thread::CoreGuard>::block_on<core[df12db4294e9bfd3]::pin::Pin<&mut core[df12db4294e9bfd3]::pin::Pin<&mut dyn core[df12db4294e9bfd3]::future::future::Future<Output = ()>>>>::{closure#0}, core[df12db4294e9bfd3]::option::Option<()>>::{closure#0}>::{closure#0}, (alloc[2182bb758b4b3781]::boxed::Box<tokio[4e52d7c3d0bfd1d4]::runtime::scheduler::current_thread::Core>, core[df12db4294e9bfd3]::option::Option<()>)>
[INFO] [stdout]   16:     0x58d645441fee - <tokio[4e52d7c3d0bfd1d4]::runtime::runtime::Runtime>::block_on::<core[df12db4294e9bfd3]::pin::Pin<&mut dyn core[df12db4294e9bfd3]::future::future::Future<Output = ()>>>
[INFO] [stdout]   17:     0x58d64543f3b5 - cli_test[334579b1b6798cc7]::cli_tests::test_cli_destination_default
[INFO] [stdout]   18:     0x58d645441819 - <cli_test[334579b1b6798cc7]::cli_tests::test_cli_destination_default::{closure#0} as core[df12db4294e9bfd3]::ops::function::FnOnce<()>>::call_once
[INFO] [stdout]   19:     0x58d64544390b - test[9d35eded1c95d3be]::__rust_begin_short_backtrace::<core[df12db4294e9bfd3]::result::Result<(), alloc[2182bb758b4b3781]::string::String>, fn() -> core[df12db4294e9bfd3]::result::Result<(), alloc[2182bb758b4b3781]::string::String>>
[INFO] [stdout]   20:     0x58d645450f75 - test[9d35eded1c95d3be]::run_test::{closure#0}
[INFO] [stdout]   21:     0x58d64544a834 - std[70759c8f55707aa4]::sys::backtrace::__rust_begin_short_backtrace::<test[9d35eded1c95d3be]::run_test::{closure#1}, ()>
[INFO] [stdout]   22:     0x58d6454540d2 - <std[70759c8f55707aa4]::thread::lifecycle::spawn_unchecked<test[9d35eded1c95d3be]::run_test::{closure#1}, ()>::{closure#1} as core[df12db4294e9bfd3]::ops::function::FnOnce<()>>::call_once::{shim:vtable#0}
[INFO] [stdout]   23:     0x58d6454e0719 - <std[70759c8f55707aa4]::sys::thread::unix::Thread>::new::thread_start
[INFO] [stdout]   24:     0x78d41beb7dfa - <unknown>
[INFO] [stdout]   25:     0x78d41bf4b3d4 - clone
[INFO] [stdout]   26:                0x0 - <unknown>
[INFO] [stdout] 
[INFO] [stdout] ---- cli_tests::test_cli_empty_file_upload stdout ----
[INFO] [stdout] 
[INFO] [stdout] thread 'cli_tests::test_cli_empty_file_upload' (5209) panicked at tests/cli_test.rs:26:14:
[INFO] [stdout] Failed to execute xsshend: Os { code: 2, kind: NotFound, message: "No such file or directory" }
[INFO] [stdout] stack backtrace:
[INFO] [stdout]    0:     0x58d6454e13a1 - <<std[70759c8f55707aa4]::sys::backtrace::BacktraceLock>::print::DisplayBacktrace as core[df12db4294e9bfd3]::fmt::Display>::fmt
[INFO] [stdout]    1:     0x58d6454f5aba - core[df12db4294e9bfd3]::fmt::write
[INFO] [stdout]    2:     0x58d6454e5bec - <alloc[2182bb758b4b3781]::vec::Vec<u8> as core[df12db4294e9bfd3]::io::write::Write>::write_fmt
[INFO] [stdout]    3:     0x58d6454bbc16 - std[70759c8f55707aa4]::panicking::default_hook::{closure#0}
[INFO] [stdout]    4:     0x58d6454d8dd9 - std[70759c8f55707aa4]::panicking::default_hook
[INFO] [stdout]    5:     0x58d645450620 - test[9d35eded1c95d3be]::test_main_inner::<test[9d35eded1c95d3be]::test_main_static::{closure#0}>::{closure#0}
[INFO] [stdout]    6:     0x58d6454d8f92 - std[70759c8f55707aa4]::panicking::panic_with_hook
[INFO] [stdout]    7:     0x58d6454bbcc2 - std[70759c8f55707aa4]::panicking::panic_handler::{closure#0}
[INFO] [stdout]    8:     0x58d6454b4799 - std[70759c8f55707aa4]::sys::backtrace::__rust_end_short_backtrace::<std[70759c8f55707aa4]::panicking::panic_handler::{closure#0}, !>
[INFO] [stdout]    9:     0x58d6454bc8bd - __rustc[8fa7c3cbc660c2b3]::rust_begin_unwind
[INFO] [stdout]   10:     0x58d6454f621c - core[df12db4294e9bfd3]::panicking::panic_fmt
[INFO] [stdout]   11:     0x58d6454f5ff2 - core[df12db4294e9bfd3]::result::unwrap_failed
[INFO] [stdout]   12:     0x58d64543e4ab - cli_test[334579b1b6798cc7]::cli_tests::run_xsshend_with_args
[INFO] [stdout]   13:     0x58d64543b63b - cli_test[334579b1b6798cc7]::cli_tests::test_cli_empty_file_upload::{closure#0}
[INFO] [stdout]   14:     0x58d645442363 - <tokio[4e52d7c3d0bfd1d4]::runtime::scheduler::current_thread::Context>::enter::<core[df12db4294e9bfd3]::task::poll::Poll<()>, <tokio[4e52d7c3d0bfd1d4]::runtime::scheduler::current_thread::CoreGuard>::block_on<core[df12db4294e9bfd3]::pin::Pin<&mut core[df12db4294e9bfd3]::pin::Pin<&mut dyn core[df12db4294e9bfd3]::future::future::Future<Output = ()>>>>::{closure#0}::{closure#0}>
[INFO] [stdout]   15:     0x58d6454434d9 - <std[70759c8f55707aa4]::thread::local::LocalKey<tokio[4e52d7c3d0bfd1d4]::runtime::context::Context>>::with::<tokio[4e52d7c3d0bfd1d4]::runtime::context::set_scheduler<(alloc[2182bb758b4b3781]::boxed::Box<tokio[4e52d7c3d0bfd1d4]::runtime::scheduler::current_thread::Core>, core[df12db4294e9bfd3]::option::Option<()>), <tokio[4e52d7c3d0bfd1d4]::runtime::scheduler::current_thread::CoreGuard>::enter<<tokio[4e52d7c3d0bfd1d4]::runtime::scheduler::current_thread::CoreGuard>::block_on<core[df12db4294e9bfd3]::pin::Pin<&mut core[df12db4294e9bfd3]::pin::Pin<&mut dyn core[df12db4294e9bfd3]::future::future::Future<Output = ()>>>>::{closure#0}, core[df12db4294e9bfd3]::option::Option<()>>::{closure#0}>::{closure#0}, (alloc[2182bb758b4b3781]::boxed::Box<tokio[4e52d7c3d0bfd1d4]::runtime::scheduler::current_thread::Core>, core[df12db4294e9bfd3]::option::Option<()>)>
[INFO] [stdout]   16:     0x58d645441fee - <tokio[4e52d7c3d0bfd1d4]::runtime::runtime::Runtime>::block_on::<core[df12db4294e9bfd3]::pin::Pin<&mut dyn core[df12db4294e9bfd3]::future::future::Future<Output = ()>>>
[INFO] [stdout]   17:     0x58d64543f155 - cli_test[334579b1b6798cc7]::cli_tests::test_cli_empty_file_upload
[INFO] [stdout]   18:     0x58d6454417d9 - <cli_test[334579b1b6798cc7]::cli_tests::test_cli_empty_file_upload::{closure#0} as core[df12db4294e9bfd3]::ops::function::FnOnce<()>>::call_once
[INFO] [stdout]   19:     0x58d64544390b - test[9d35eded1c95d3be]::__rust_begin_short_backtrace::<core[df12db4294e9bfd3]::result::Result<(), alloc[2182bb758b4b3781]::string::String>, fn() -> core[df12db4294e9bfd3]::result::Result<(), alloc[2182bb758b4b3781]::string::String>>
[INFO] [stdout]   20:     0x58d645450f75 - test[9d35eded1c95d3be]::run_test::{closure#0}
[INFO] [stdout]   21:     0x58d64544a834 - std[70759c8f55707aa4]::sys::backtrace::__rust_begin_short_backtrace::<test[9d35eded1c95d3be]::run_test::{closure#1}, ()>
[INFO] [stdout]   22:     0x58d6454540d2 - <std[70759c8f55707aa4]::thread::lifecycle::spawn_unchecked<test[9d35eded1c95d3be]::run_test::{closure#1}, ()>::{closure#1} as core[df12db4294e9bfd3]::ops::function::FnOnce<()>>::call_once::{shim:vtable#0}
[INFO] [stdout]   23:     0x58d6454e0719 - <std[70759c8f55707aa4]::sys::thread::unix::Thread>::new::thread_start
[INFO] [stdout]   24:     0x78d41beb7dfa - <unknown>
[INFO] [stdout]   25:     0x78d41bf4b3d4 - clone
[INFO] [stdout]   26:                0x0 - <unknown>
[INFO] [stdout] 
[INFO] [stdout] ---- cli_tests::test_cli_large_file_upload stdout ----
[INFO] [stdout] 
[INFO] [stdout] thread 'cli_tests::test_cli_large_file_upload' (5213) panicked at tests/cli_test.rs:26:14:
[INFO] [stdout] Failed to execute xsshend: Os { code: 2, kind: NotFound, message: "No such file or directory" }
[INFO] [stdout] stack backtrace:
[INFO] [stdout]    0:     0x58d6454e13a1 - <<std[70759c8f55707aa4]::sys::backtrace::BacktraceLock>::print::DisplayBacktrace as core[df12db4294e9bfd3]::fmt::Display>::fmt
[INFO] [stdout]    1:     0x58d6454f5aba - core[df12db4294e9bfd3]::fmt::write
[INFO] [stdout]    2:     0x58d6454e5bec - <alloc[2182bb758b4b3781]::vec::Vec<u8> as core[df12db4294e9bfd3]::io::write::Write>::write_fmt
[INFO] [stdout]    3:     0x58d6454bbc16 - std[70759c8f55707aa4]::panicking::default_hook::{closure#0}
[INFO] [stdout]    4:     0x58d6454d8dd9 - std[70759c8f55707aa4]::panicking::default_hook
[INFO] [stdout]    5:     0x58d645450620 - test[9d35eded1c95d3be]::test_main_inner::<test[9d35eded1c95d3be]::test_main_static::{closure#0}>::{closure#0}
[INFO] [stdout]    6:     0x58d6454d8f92 - std[70759c8f55707aa4]::panicking::panic_with_hook
[INFO] [stdout]    7:     0x58d6454bbcc2 - std[70759c8f55707aa4]::panicking::panic_handler::{closure#0}
[INFO] [stdout]    8:     0x58d6454b4799 - std[70759c8f55707aa4]::sys::backtrace::__rust_end_short_backtrace::<std[70759c8f55707aa4]::panicking::panic_handler::{closure#0}, !>
[INFO] [stdout]    9:     0x58d6454bc8bd - __rustc[8fa7c3cbc660c2b3]::rust_begin_unwind
[INFO] [stdout]   10:     0x58d6454f621c - core[df12db4294e9bfd3]::panicking::panic_fmt
[INFO] [stdout]   11:     0x58d6454f5ff2 - core[df12db4294e9bfd3]::result::unwrap_failed
[INFO] [stdout]   12:     0x58d64543e4ab - cli_test[334579b1b6798cc7]::cli_tests::run_xsshend_with_args
[INFO] [stdout]   13:     0x58d64543bbb8 - cli_test[334579b1b6798cc7]::cli_tests::test_cli_large_file_upload::{closure#0}
[INFO] [stdout]   14:     0x58d645442363 - <tokio[4e52d7c3d0bfd1d4]::runtime::scheduler::current_thread::Context>::enter::<core[df12db4294e9bfd3]::task::poll::Poll<()>, <tokio[4e52d7c3d0bfd1d4]::runtime::scheduler::current_thread::CoreGuard>::block_on<core[df12db4294e9bfd3]::pin::Pin<&mut core[df12db4294e9bfd3]::pin::Pin<&mut dyn core[df12db4294e9bfd3]::future::future::Future<Output = ()>>>>::{closure#0}::{closure#0}>
[INFO] [stdout]   15:     0x58d6454434d9 - <std[70759c8f55707aa4]::thread::local::LocalKey<tokio[4e52d7c3d0bfd1d4]::runtime::context::Context>>::with::<tokio[4e52d7c3d0bfd1d4]::runtime::context::set_scheduler<(alloc[2182bb758b4b3781]::boxed::Box<tokio[4e52d7c3d0bfd1d4]::runtime::scheduler::current_thread::Core>, core[df12db4294e9bfd3]::option::Option<()>), <tokio[4e52d7c3d0bfd1d4]::runtime::scheduler::current_thread::CoreGuard>::enter<<tokio[4e52d7c3d0bfd1d4]::runtime::scheduler::current_thread::CoreGuard>::block_on<core[df12db4294e9bfd3]::pin::Pin<&mut core[df12db4294e9bfd3]::pin::Pin<&mut dyn core[df12db4294e9bfd3]::future::future::Future<Output = ()>>>>::{closure#0}, core[df12db4294e9bfd3]::option::Option<()>>::{closure#0}>::{closure#0}, (alloc[2182bb758b4b3781]::boxed::Box<tokio[4e52d7c3d0bfd1d4]::runtime::scheduler::current_thread::Core>, core[df12db4294e9bfd3]::option::Option<()>)>
[INFO] [stdout]   16:     0x58d645441fee - <tokio[4e52d7c3d0bfd1d4]::runtime::runtime::Runtime>::block_on::<core[df12db4294e9bfd3]::pin::Pin<&mut dyn core[df12db4294e9bfd3]::future::future::Future<Output = ()>>>
[INFO] [stdout]   17:     0x58d64543f285 - cli_test[334579b1b6798cc7]::cli_tests::test_cli_large_file_upload
[INFO] [stdout]   18:     0x58d6454417f9 - <cli_test[334579b1b6798cc7]::cli_tests::test_cli_large_file_upload::{closure#0} as core[df12db4294e9bfd3]::ops::function::FnOnce<()>>::call_once
[INFO] [stdout]   19:     0x58d64544390b - test[9d35eded1c95d3be]::__rust_begin_short_backtrace::<core[df12db4294e9bfd3]::result::Result<(), alloc[2182bb758b4b3781]::string::String>, fn() -> core[df12db4294e9bfd3]::result::Result<(), alloc[2182bb758b4b3781]::string::String>>
[INFO] [stdout]   20:     0x58d645450f75 - test[9d35eded1c95d3be]::run_test::{closure#0}
[INFO] [stdout]   21:     0x58d64544a834 - std[70759c8f55707aa4]::sys::backtrace::__rust_begin_short_backtrace::<test[9d35eded1c95d3be]::run_test::{closure#1}, ()>
[INFO] [stdout]   22:     0x58d6454540d2 - <std[70759c8f55707aa4]::thread::lifecycle::spawn_unchecked<test[9d35eded1c95d3be]::run_test::{closure#1}, ()>::{closure#1} as core[df12db4294e9bfd3]::ops::function::FnOnce<()>>::call_once::{shim:vtable#0}
[INFO] [stdout]   23:     0x58d6454e0719 - <std[70759c8f55707aa4]::sys::thread::unix::Thread>::new::thread_start
[INFO] [stdout]   24:     0x78d41beb7dfa - <unknown>
[INFO] [stdout]   25:     0x78d41bf4b3d4 - clone
[INFO] [stdout]   26:                0x0 - <unknown>
[INFO] [stdout] 
[INFO] [stdout] ---- cli_tests::test_cli_list_help stdout ----
[INFO] [stdout] 
[INFO] [stdout] thread 'cli_tests::test_cli_list_help' (5221) panicked at tests/cli_test.rs:26:14:
[INFO] [stdout] Failed to execute xsshend: Os { code: 2, kind: NotFound, message: "No such file or directory" }
[INFO] [stdout] stack backtrace:
[INFO] [stdout]    0:     0x58d6454e13a1 - <<std[70759c8f55707aa4]::sys::backtrace::BacktraceLock>::print::DisplayBacktrace as core[df12db4294e9bfd3]::fmt::Display>::fmt
[INFO] [stdout]    1:     0x58d6454f5aba - core[df12db4294e9bfd3]::fmt::write
[INFO] [stdout]    2:     0x58d6454e5bec - <alloc[2182bb758b4b3781]::vec::Vec<u8> as core[df12db4294e9bfd3]::io::write::Write>::write_fmt
[INFO] [stdout]    3:     0x58d6454bbc16 - std[70759c8f55707aa4]::panicking::default_hook::{closure#0}
[INFO] [stdout]    4:     0x58d6454d8dd9 - std[70759c8f55707aa4]::panicking::default_hook
[INFO] [stdout]    5:     0x58d645450620 - test[9d35eded1c95d3be]::test_main_inner::<test[9d35eded1c95d3be]::test_main_static::{closure#0}>::{closure#0}
[INFO] [stdout]    6:     0x58d6454d8f92 - std[70759c8f55707aa4]::panicking::panic_with_hook
[INFO] [stdout]    7:     0x58d6454bbcc2 - std[70759c8f55707aa4]::panicking::panic_handler::{closure#0}
[INFO] [stdout]    8:     0x58d6454b4799 - std[70759c8f55707aa4]::sys::backtrace::__rust_end_short_backtrace::<std[70759c8f55707aa4]::panicking::panic_handler::{closure#0}, !>
[INFO] [stdout]    9:     0x58d6454bc8bd - __rustc[8fa7c3cbc660c2b3]::rust_begin_unwind
[INFO] [stdout]   10:     0x58d6454f621c - core[df12db4294e9bfd3]::panicking::panic_fmt
[INFO] [stdout]   11:     0x58d6454f5ff2 - core[df12db4294e9bfd3]::result::unwrap_failed
[INFO] [stdout]   12:     0x58d64543e4ab - cli_test[334579b1b6798cc7]::cli_tests::run_xsshend_with_args
[INFO] [stdout]   13:     0x58d645439cef - cli_test[334579b1b6798cc7]::cli_tests::test_cli_list_help::{closure#0}
[INFO] [stdout]   14:     0x58d645442363 - <tokio[4e52d7c3d0bfd1d4]::runtime::scheduler::current_thread::Context>::enter::<core[df12db4294e9bfd3]::task::poll::Poll<()>, <tokio[4e52d7c3d0bfd1d4]::runtime::scheduler::current_thread::CoreGuard>::block_on<core[df12db4294e9bfd3]::pin::Pin<&mut core[df12db4294e9bfd3]::pin::Pin<&mut dyn core[df12db4294e9bfd3]::future::future::Future<Output = ()>>>>::{closure#0}::{closure#0}>
[INFO] [stdout]   15:     0x58d6454434d9 - <std[70759c8f55707aa4]::thread::local::LocalKey<tokio[4e52d7c3d0bfd1d4]::runtime::context::Context>>::with::<tokio[4e52d7c3d0bfd1d4]::runtime::context::set_scheduler<(alloc[2182bb758b4b3781]::boxed::Box<tokio[4e52d7c3d0bfd1d4]::runtime::scheduler::current_thread::Core>, core[df12db4294e9bfd3]::option::Option<()>), <tokio[4e52d7c3d0bfd1d4]::runtime::scheduler::current_thread::CoreGuard>::enter<<tokio[4e52d7c3d0bfd1d4]::runtime::scheduler::current_thread::CoreGuard>::block_on<core[df12db4294e9bfd3]::pin::Pin<&mut core[df12db4294e9bfd3]::pin::Pin<&mut dyn core[df12db4294e9bfd3]::future::future::Future<Output = ()>>>>::{closure#0}, core[df12db4294e9bfd3]::option::Option<()>>::{closure#0}>::{closure#0}, (alloc[2182bb758b4b3781]::boxed::Box<tokio[4e52d7c3d0bfd1d4]::runtime::scheduler::current_thread::Core>, core[df12db4294e9bfd3]::option::Option<()>)>
[INFO] [stdout]   16:     0x58d645441fee - <tokio[4e52d7c3d0bfd1d4]::runtime::runtime::Runtime>::block_on::<core[df12db4294e9bfd3]::pin::Pin<&mut dyn core[df12db4294e9bfd3]::future::future::Future<Output = ()>>>
[INFO] [stdout]   17:     0x58d64543e7d5 - cli_test[334579b1b6798cc7]::cli_tests::test_cli_list_help
[INFO] [stdout]   18:     0x58d6454416d9 - <cli_test[334579b1b6798cc7]::cli_tests::test_cli_list_help::{closure#0} as core[df12db4294e9bfd3]::ops::function::FnOnce<()>>::call_once
[INFO] [stdout]   19:     0x58d64544390b - test[9d35eded1c95d3be]::__rust_begin_short_backtrace::<core[df12db4294e9bfd3]::result::Result<(), alloc[2182bb758b4b3781]::string::String>, fn() -> core[df12db4294e9bfd3]::result::Result<(), alloc[2182bb758b4b3781]::string::String>>
[INFO] [stdout]   20:     0x58d645450f75 - test[9d35eded1c95d3be]::run_test::{closure#0}
[INFO] [stdout]   21:     0x58d64544a834 - std[70759c8f55707aa4]::sys::backtrace::__rust_begin_short_backtrace::<test[9d35eded1c95d3be]::run_test::{closure#1}, ()>
[INFO] [stdout]   22:     0x58d6454540d2 - <std[70759c8f55707aa4]::thread::lifecycle::spawn_unchecked<test[9d35eded1c95d3be]::run_test::{closure#1}, ()>::{closure#1} as core[df12db4294e9bfd3]::ops::function::FnOnce<()>>::call_once::{shim:vtable#0}
[INFO] [stdout]   23:     0x58d6454e0719 - <std[70759c8f55707aa4]::sys::thread::unix::Thread>::new::thread_start
[INFO] [stdout]   24:     0x78d41beb7dfa - <unknown>
[INFO] [stdout]   25:     0x78d41bf4b3d4 - clone
[INFO] [stdout]   26:                0x0 - <unknown>
[INFO] [stdout] 
[INFO] [stdout] ---- cli_tests::test_cli_special_characters_in_filename stdout ----
[INFO] [stdout] 
[INFO] [stdout] thread 'cli_tests::test_cli_special_characters_in_filename' (5225) panicked at tests/cli_test.rs:26:14:
[INFO] [stdout] Failed to execute xsshend: Os { code: 2, kind: NotFound, message: "No such file or directory" }
[INFO] [stdout] stack backtrace:
[INFO] [stdout]    0:     0x58d6454e13a1 - <<std[70759c8f55707aa4]::sys::backtrace::BacktraceLock>::print::DisplayBacktrace as core[df12db4294e9bfd3]::fmt::Display>::fmt
[INFO] [stdout]    1:     0x58d6454f5aba - core[df12db4294e9bfd3]::fmt::write
[INFO] [stdout]    2:     0x58d6454e5bec - <alloc[2182bb758b4b3781]::vec::Vec<u8> as core[df12db4294e9bfd3]::io::write::Write>::write_fmt
[INFO] [stdout]    3:     0x58d6454bbc16 - std[70759c8f55707aa4]::panicking::default_hook::{closure#0}
[INFO] [stdout]    4:     0x58d6454d8dd9 - std[70759c8f55707aa4]::panicking::default_hook
[INFO] [stdout]    5:     0x58d645450620 - test[9d35eded1c95d3be]::test_main_inner::<test[9d35eded1c95d3be]::test_main_static::{closure#0}>::{closure#0}
[INFO] [stdout]    6:     0x58d6454d8f92 - std[70759c8f55707aa4]::panicking::panic_with_hook
[INFO] [stdout]    7:     0x58d6454bbcc2 - std[70759c8f55707aa4]::panicking::panic_handler::{closure#0}
[INFO] [stdout]    8:     0x58d6454b4799 - std[70759c8f55707aa4]::sys::backtrace::__rust_end_short_backtrace::<std[70759c8f55707aa4]::panicking::panic_handler::{closure#0}, !>
[INFO] [stdout]    9:     0x58d6454bc8bd - __rustc[8fa7c3cbc660c2b3]::rust_begin_unwind
[INFO] [stdout]   10:     0x58d6454f621c - core[df12db4294e9bfd3]::panicking::panic_fmt
[INFO] [stdout]   11:     0x58d6454f5ff2 - core[df12db4294e9bfd3]::result::unwrap_failed
[INFO] [stdout]   12:     0x58d64543e4ab - cli_test[334579b1b6798cc7]::cli_tests::run_xsshend_with_args
[INFO] [stdout]   13:     0x58d64543df2c - cli_test[334579b1b6798cc7]::cli_tests::test_cli_special_characters_in_filename::{closure#0}
[INFO] [stdout]   14:     0x58d645442363 - <tokio[4e52d7c3d0bfd1d4]::runtime::scheduler::current_thread::Context>::enter::<core[df12db4294e9bfd3]::task::poll::Poll<()>, <tokio[4e52d7c3d0bfd1d4]::runtime::scheduler::current_thread::CoreGuard>::block_on<core[df12db4294e9bfd3]::pin::Pin<&mut core[df12db4294e9bfd3]::pin::Pin<&mut dyn core[df12db4294e9bfd3]::future::future::Future<Output = ()>>>>::{closure#0}::{closure#0}>
[INFO] [stdout]   15:     0x58d6454434d9 - <std[70759c8f55707aa4]::thread::local::LocalKey<tokio[4e52d7c3d0bfd1d4]::runtime::context::Context>>::with::<tokio[4e52d7c3d0bfd1d4]::runtime::context::set_scheduler<(alloc[2182bb758b4b3781]::boxed::Box<tokio[4e52d7c3d0bfd1d4]::runtime::scheduler::current_thread::Core>, core[df12db4294e9bfd3]::option::Option<()>), <tokio[4e52d7c3d0bfd1d4]::runtime::scheduler::current_thread::CoreGuard>::enter<<tokio[4e52d7c3d0bfd1d4]::runtime::scheduler::current_thread::CoreGuard>::block_on<core[df12db4294e9bfd3]::pin::Pin<&mut core[df12db4294e9bfd3]::pin::Pin<&mut dyn core[df12db4294e9bfd3]::future::future::Future<Output = ()>>>>::{closure#0}, core[df12db4294e9bfd3]::option::Option<()>>::{closure#0}>::{closure#0}, (alloc[2182bb758b4b3781]::boxed::Box<tokio[4e52d7c3d0bfd1d4]::runtime::scheduler::current_thread::Core>, core[df12db4294e9bfd3]::option::Option<()>)>
[INFO] [stdout]   16:     0x58d645441fee - <tokio[4e52d7c3d0bfd1d4]::runtime::runtime::Runtime>::block_on::<core[df12db4294e9bfd3]::pin::Pin<&mut dyn core[df12db4294e9bfd3]::future::future::Future<Output = ()>>>
[INFO] [stdout]   17:     0x58d64543fd35 - cli_test[334579b1b6798cc7]::cli_tests::test_cli_special_characters_in_filename
[INFO] [stdout]   18:     0x58d645441919 - <cli_test[334579b1b6798cc7]::cli_tests::test_cli_special_characters_in_filename::{closure#0} as core[df12db4294e9bfd3]::ops::function::FnOnce<()>>::call_once
[INFO] [stdout]   19:     0x58d64544390b - test[9d35eded1c95d3be]::__rust_begin_short_backtrace::<core[df12db4294e9bfd3]::result::Result<(), alloc[2182bb758b4b3781]::string::String>, fn() -> core[df12db4294e9bfd3]::result::Result<(), alloc[2182bb758b4b3781]::string::String>>
[INFO] [stdout]   20:     0x58d645450f75 - test[9d35eded1c95d3be]::run_test::{closure#0}
[INFO] [stdout]   21:     0x58d64544a834 - std[70759c8f55707aa4]::sys::backtrace::__rust_begin_short_backtrace::<test[9d35eded1c95d3be]::run_test::{closure#1}, ()>
[INFO] [stdout]   22:     0x58d6454540d2 - <std[70759c8f55707aa4]::thread::lifecycle::spawn_unchecked<test[9d35eded1c95d3be]::run_test::{closure#1}, ()>::{closure#1} as core[df12db4294e9bfd3]::ops::function::FnOnce<()>>::call_once::{shim:vtable#0}
[INFO] [stdout]   23:     0x58d6454e0719 - <std[70759c8f55707aa4]::sys::thread::unix::Thread>::new::thread_start
[INFO] [stdout]   24:     0x78d41beb7dfa - <unknown>
[INFO] [stdout]   25:     0x78d41bf4b3d4 - clone
[INFO] [stdout]   26:                0x0 - <unknown>
[INFO] [stdout] 
[INFO] [stdout] ---- cli_tests::test_cli_ssh_key_options_removed stdout ----
[INFO] [stdout] 
[INFO] [stdout] thread 'cli_tests::test_cli_ssh_key_options_removed' (5226) panicked at tests/cli_test.rs:26:14:
[INFO] [stdout] Failed to execute xsshend: Os { code: 2, kind: NotFound, message: "No such file or directory" }
[INFO] [stdout] stack backtrace:
[INFO] [stdout]    0:     0x58d6454e13a1 - <<std[70759c8f55707aa4]::sys::backtrace::BacktraceLock>::print::DisplayBacktrace as core[df12db4294e9bfd3]::fmt::Display>::fmt
[INFO] [stdout]    1:     0x58d6454f5aba - core[df12db4294e9bfd3]::fmt::write
[INFO] [stdout]    2:     0x58d6454e5bec - <alloc[2182bb758b4b3781]::vec::Vec<u8> as core[df12db4294e9bfd3]::io::write::Write>::write_fmt
[INFO] [stdout]    3:     0x58d6454bbc16 - std[70759c8f55707aa4]::panicking::default_hook::{closure#0}
[INFO] [stdout]    4:     0x58d6454d8dd9 - std[70759c8f55707aa4]::panicking::default_hook
[INFO] [stdout]    5:     0x58d645450620 - test[9d35eded1c95d3be]::test_main_inner::<test[9d35eded1c95d3be]::test_main_static::{closure#0}>::{closure#0}
[INFO] [stdout]    6:     0x58d6454d8f92 - std[70759c8f55707aa4]::panicking::panic_with_hook
[INFO] [stdout]    7:     0x58d6454bbcc2 - std[70759c8f55707aa4]::panicking::panic_handler::{closure#0}
[INFO] [stdout]    8:     0x58d6454b4799 - std[70759c8f55707aa4]::sys::backtrace::__rust_end_short_backtrace::<std[70759c8f55707aa4]::panicking::panic_handler::{closure#0}, !>
[INFO] [stdout]    9:     0x58d6454bc8bd - __rustc[8fa7c3cbc660c2b3]::rust_begin_unwind
[INFO] [stdout]   10:     0x58d6454f621c - core[df12db4294e9bfd3]::panicking::panic_fmt
[INFO] [stdout]   11:     0x58d6454f5ff2 - core[df12db4294e9bfd3]::result::unwrap_failed
[INFO] [stdout]   12:     0x58d64543e4ab - cli_test[334579b1b6798cc7]::cli_tests::run_xsshend_with_args
[INFO] [stdout]   13:     0x58d64543d5d0 - cli_test[334579b1b6798cc7]::cli_tests::test_cli_ssh_key_options_removed::{closure#0}
[INFO] [stdout]   14:     0x58d645442363 - <tokio[4e52d7c3d0bfd1d4]::runtime::scheduler::current_thread::Context>::enter::<core[df12db4294e9bfd3]::task::poll::Poll<()>, <tokio[4e52d7c3d0bfd1d4]::runtime::scheduler::current_thread::CoreGuard>::block_on<core[df12db4294e9bfd3]::pin::Pin<&mut core[df12db4294e9bfd3]::pin::Pin<&mut dyn core[df12db4294e9bfd3]::future::future::Future<Output = ()>>>>::{closure#0}::{closure#0}>
[INFO] [stdout]   15:     0x58d6454434d9 - <std[70759c8f55707aa4]::thread::local::LocalKey<tokio[4e52d7c3d0bfd1d4]::runtime::context::Context>>::with::<tokio[4e52d7c3d0bfd1d4]::runtime::context::set_scheduler<(alloc[2182bb758b4b3781]::boxed::Box<tokio[4e52d7c3d0bfd1d4]::runtime::scheduler::current_thread::Core>, core[df12db4294e9bfd3]::option::Option<()>), <tokio[4e52d7c3d0bfd1d4]::runtime::scheduler::current_thread::CoreGuard>::enter<<tokio[4e52d7c3d0bfd1d4]::runtime::scheduler::current_thread::CoreGuard>::block_on<core[df12db4294e9bfd3]::pin::Pin<&mut core[df12db4294e9bfd3]::pin::Pin<&mut dyn core[df12db4294e9bfd3]::future::future::Future<Output = ()>>>>::{closure#0}, core[df12db4294e9bfd3]::option::Option<()>>::{closure#0}>::{closure#0}, (alloc[2182bb758b4b3781]::boxed::Box<tokio[4e52d7c3d0bfd1d4]::runtime::scheduler::current_thread::Core>, core[df12db4294e9bfd3]::option::Option<()>)>
[INFO] [stdout]   16:     0x58d645441fee - <tokio[4e52d7c3d0bfd1d4]::runtime::runtime::Runtime>::block_on::<core[df12db4294e9bfd3]::pin::Pin<&mut dyn core[df12db4294e9bfd3]::future::future::Future<Output = ()>>>
[INFO] [stdout]   17:     0x58d64543f9a5 - cli_test[334579b1b6798cc7]::cli_tests::test_cli_ssh_key_options_removed
[INFO] [stdout]   18:     0x58d6454418b9 - <cli_test[334579b1b6798cc7]::cli_tests::test_cli_ssh_key_options_removed::{closure#0} as core[df12db4294e9bfd3]::ops::function::FnOnce<()>>::call_once
[INFO] [stdout]   19:     0x58d64544390b - test[9d35eded1c95d3be]::__rust_begin_short_backtrace::<core[df12db4294e9bfd3]::result::Result<(), alloc[2182bb758b4b3781]::string::String>, fn() -> core[df12db4294e9bfd3]::result::Result<(), alloc[2182bb758b4b3781]::string::String>>
[INFO] [stdout]   20:     0x58d645450f75 - test[9d35eded1c95d3be]::run_test::{closure#0}
[INFO] [stdout]   21:     0x58d64544a834 - std[70759c8f55707aa4]::sys::backtrace::__rust_begin_short_backtrace::<test[9d35eded1c95d3be]::run_test::{closure#1}, ()>
[INFO] [stdout]   22:     0x58d6454540d2 - <std[70759c8f55707aa4]::thread::lifecycle::spawn_unchecked<test[9d35eded1c95d3be]::run_test::{closure#1}, ()>::{closure#1} as core[df12db4294e9bfd3]::ops::function::FnOnce<()>>::call_once::{shim:vtable#0}
[INFO] [stdout]   23:     0x58d6454e0719 - <std[70759c8f55707aa4]::sys::thread::unix::Thread>::new::thread_start
[INFO] [stdout]   24:     0x78d41beb7dfa - <unknown>
[INFO] [stdout]   25:     0x78d41bf4b3d4 - clone
[INFO] [stdout]   26:                0x0 - <unknown>
[INFO] [stdout] 
[INFO] [stdout] ---- cli_tests::test_cli_no_arguments stdout ----
[INFO] [stdout] 
[INFO] [stdout] thread 'cli_tests::test_cli_no_arguments' (5224) panicked at tests/cli_test.rs:26:14:
[INFO] [stdout] Failed to execute xsshend: Os { code: 2, kind: NotFound, message: "No such file or directory" }
[INFO] [stdout] stack backtrace:
[INFO] [stdout]    0:     0x58d6454e13a1 - <<std[70759c8f55707aa4]::sys::backtrace::BacktraceLock>::print::DisplayBacktrace as core[df12db4294e9bfd3]::fmt::Display>::fmt
[INFO] [stdout]    1:     0x58d6454f5aba - core[df12db4294e9bfd3]::fmt::write
[INFO] [stdout]    2:     0x58d6454e5bec - <alloc[2182bb758b4b3781]::vec::Vec<u8> as core[df12db4294e9bfd3]::io::write::Write>::write_fmt
[INFO] [stdout]    3:     0x58d6454bbc16 - std[70759c8f55707aa4]::panicking::default_hook::{closure#0}
[INFO] [stdout]    4:     0x58d6454d8dd9 - std[70759c8f55707aa4]::panicking::default_hook
[INFO] [stdout]    5:     0x58d645450620 - test[9d35eded1c95d3be]::test_main_inner::<test[9d35eded1c95d3be]::test_main_static::{closure#0}>::{closure#0}
[INFO] [stdout]    6:     0x58d6454d8f92 - std[70759c8f55707aa4]::panicking::panic_with_hook
[INFO] [stdout]    7:     0x58d6454bbcc2 - std[70759c8f55707aa4]::panicking::panic_handler::{closure#0}
[INFO] [stdout]    8:     0x58d6454b4799 - std[70759c8f55707aa4]::sys::backtrace::__rust_end_short_backtrace::<std[70759c8f55707aa4]::panicking::panic_handler::{closure#0}, !>
[INFO] [stdout]    9:     0x58d6454bc8bd - __rustc[8fa7c3cbc660c2b3]::rust_begin_unwind
[INFO] [stdout]   10:     0x58d6454f621c - core[df12db4294e9bfd3]::panicking::panic_fmt
[INFO] [stdout]   11:     0x58d6454f5ff2 - core[df12db4294e9bfd3]::result::unwrap_failed
[INFO] [stdout]   12:     0x58d64543e4ab - cli_test[334579b1b6798cc7]::cli_tests::run_xsshend_with_args
[INFO] [stdout]   13:     0x58d64543a77a - cli_test[334579b1b6798cc7]::cli_tests::test_cli_no_arguments::{closure#0}
[INFO] [stdout]   14:     0x58d645442363 - <tokio[4e52d7c3d0bfd1d4]::runtime::scheduler::current_thread::Context>::enter::<core[df12db4294e9bfd3]::task::poll::Poll<()>, <tokio[4e52d7c3d0bfd1d4]::runtime::scheduler::current_thread::CoreGuard>::block_on<core[df12db4294e9bfd3]::pin::Pin<&mut core[df12db4294e9bfd3]::pin::Pin<&mut dyn core[df12db4294e9bfd3]::future::future::Future<Output = ()>>>>::{closure#0}::{closure#0}>
[INFO] [stdout]   15:     0x58d6454434d9 - <std[70759c8f55707aa4]::thread::local::LocalKey<tokio[4e52d7c3d0bfd1d4]::runtime::context::Context>>::with::<tokio[4e52d7c3d0bfd1d4]::runtime::context::set_scheduler<(alloc[2182bb758b4b3781]::boxed::Box<tokio[4e52d7c3d0bfd1d4]::runtime::scheduler::current_thread::Core>, core[df12db4294e9bfd3]::option::Option<()>), <tokio[4e52d7c3d0bfd1d4]::runtime::scheduler::current_thread::CoreGuard>::enter<<tokio[4e52d7c3d0bfd1d4]::runtime::scheduler::current_thread::CoreGuard>::block_on<core[df12db4294e9bfd3]::pin::Pin<&mut core[df12db4294e9bfd3]::pin::Pin<&mut dyn core[df12db4294e9bfd3]::future::future::Future<Output = ()>>>>::{closure#0}, core[df12db4294e9bfd3]::option::Option<()>>::{closure#0}>::{closure#0}, (alloc[2182bb758b4b3781]::boxed::Box<tokio[4e52d7c3d0bfd1d4]::runtime::scheduler::current_thread::Core>, core[df12db4294e9bfd3]::option::Option<()>)>
[INFO] [stdout]   16:     0x58d645441fee - <tokio[4e52d7c3d0bfd1d4]::runtime::runtime::Runtime>::block_on::<core[df12db4294e9bfd3]::pin::Pin<&mut dyn core[df12db4294e9bfd3]::future::future::Future<Output = ()>>>
[INFO] [stdout]   17:     0x58d64543ec95 - cli_test[334579b1b6798cc7]::cli_tests::test_cli_no_arguments
[INFO] [stdout]   18:     0x58d645441759 - <cli_test[334579b1b6798cc7]::cli_tests::test_cli_no_arguments::{closure#0} as core[df12db4294e9bfd3]::ops::function::FnOnce<()>>::call_once
[INFO] [stdout]   19:     0x58d64544390b - test[9d35eded1c95d3be]::__rust_begin_short_backtrace::<core[df12db4294e9bfd3]::result::Result<(), alloc[2182bb758b4b3781]::string::String>, fn() -> core[df12db4294e9bfd3]::result::Result<(), alloc[2182bb758b4b3781]::string::String>>
[INFO] [stdout]   20:     0x58d645450f75 - test[9d35eded1c95d3be]::run_test::{closure#0}
[INFO] [stdout]   21:     0x58d64544a834 - std[70759c8f55707aa4]::sys::backtrace::__rust_begin_short_backtrace::<test[9d35eded1c95d3be]::run_test::{closure#1}, ()>
[INFO] [stdout]   22:     0x58d6454540d2 - <std[70759c8f55707aa4]::thread::lifecycle::spawn_unchecked<test[9d35eded1c95d3be]::run_test::{closure#1}, ()>::{closure#1} as core[df12db4294e9bfd3]::ops::function::FnOnce<()>>::call_once::{shim:vtable#0}
[INFO] [stdout]   23:     0x58d6454e0719 - <std[70759c8f55707aa4]::sys::thread::unix::Thread>::new::thread_start
[INFO] [stdout]   24:     0x78d41beb7dfa - <unknown>
[INFO] [stdout]   25:     0x78d41bf4b3d4 - clone
[INFO] [stdout]   26:                0x0 - <unknown>
[INFO] [stdout] 
[INFO] [stdout] ---- cli_tests::test_cli_upload_invalid_filter stdout ----
[INFO] [stdout] 
[INFO] [stdout] thread 'cli_tests::test_cli_upload_invalid_filter' (5235) panicked at tests/cli_test.rs:26:14:
[INFO] [stdout] Failed to execute xsshend: Os { code: 2, kind: NotFound, message: "No such file or directory" }
[INFO] [stdout] stack backtrace:
[INFO] [stdout]    0:     0x58d6454e13a1 - <<std[70759c8f55707aa4]::sys::backtrace::BacktraceLock>::print::DisplayBacktrace as core[df12db4294e9bfd3]::fmt::Display>::fmt
[INFO] [stdout]    1:     0x58d6454f5aba - core[df12db4294e9bfd3]::fmt::write
[INFO] [stdout]    2:     0x58d6454e5bec - <alloc[2182bb758b4b3781]::vec::Vec<u8> as core[df12db4294e9bfd3]::io::write::Write>::write_fmt
[INFO] [stdout]    3:     0x58d6454bbc16 - std[70759c8f55707aa4]::panicking::default_hook::{closure#0}
[INFO] [stdout]    4:     0x58d6454d8dd9 - std[70759c8f55707aa4]::panicking::default_hook
[INFO] [stdout]    5:     0x58d645450620 - test[9d35eded1c95d3be]::test_main_inner::<test[9d35eded1c95d3be]::test_main_static::{closure#0}>::{closure#0}
[INFO] [stdout]    6:     0x58d6454d8f92 - std[70759c8f55707aa4]::panicking::panic_with_hook
[INFO] [stdout]    7:     0x58d6454bbcc2 - std[70759c8f55707aa4]::panicking::panic_handler::{closure#0}
[INFO] [stdout]    8:     0x58d6454b4799 - std[70759c8f55707aa4]::sys::backtrace::__rust_end_short_backtrace::<std[70759c8f55707aa4]::panicking::panic_handler::{closure#0}, !>
[INFO] [stdout]    9:     0x58d6454bc8bd - __rustc[8fa7c3cbc660c2b3]::rust_begin_unwind
[INFO] [stdout]   10:     0x58d6454f621c - core[df12db4294e9bfd3]::panicking::panic_fmt
[INFO] [stdout]   11:     0x58d6454f5ff2 - core[df12db4294e9bfd3]::result::unwrap_failed
[INFO] [stdout]   12:     0x58d64543e4ab - cli_test[334579b1b6798cc7]::cli_tests::run_xsshend_with_args
[INFO] [stdout]   13:     0x58d64543caa1 - cli_test[334579b1b6798cc7]::cli_tests::test_cli_upload_invalid_filter::{closure#0}
[INFO] [stdout]   14:     0x58d645442363 - <tokio[4e52d7c3d0bfd1d4]::runtime::scheduler::current_thread::Context>::enter::<core[df12db4294e9bfd3]::task::poll::Poll<()>, <tokio[4e52d7c3d0bfd1d4]::runtime::scheduler::current_thread::CoreGuard>::block_on<core[df12db4294e9bfd3]::pin::Pin<&mut core[df12db4294e9bfd3]::pin::Pin<&mut dyn core[df12db4294e9bfd3]::future::future::Future<Output = ()>>>>::{closure#0}::{closure#0}>
[INFO] [stdout]   15:     0x58d6454434d9 - <std[70759c8f55707aa4]::thread::local::LocalKey<tokio[4e52d7c3d0bfd1d4]::runtime::context::Context>>::with::<tokio[4e52d7c3d0bfd1d4]::runtime::context::set_scheduler<(alloc[2182bb758b4b3781]::boxed::Box<tokio[4e52d7c3d0bfd1d4]::runtime::scheduler::current_thread::Core>, core[df12db4294e9bfd3]::option::Option<()>), <tokio[4e52d7c3d0bfd1d4]::runtime::scheduler::current_thread::CoreGuard>::enter<<tokio[4e52d7c3d0bfd1d4]::runtime::scheduler::current_thread::CoreGuard>::block_on<core[df12db4294e9bfd3]::pin::Pin<&mut core[df12db4294e9bfd3]::pin::Pin<&mut dyn core[df12db4294e9bfd3]::future::future::Future<Output = ()>>>>::{closure#0}, core[df12db4294e9bfd3]::option::Option<()>>::{closure#0}>::{closure#0}, (alloc[2182bb758b4b3781]::boxed::Box<tokio[4e52d7c3d0bfd1d4]::runtime::scheduler::current_thread::Core>, core[df12db4294e9bfd3]::option::Option<()>)>
[INFO] [stdout]   16:     0x58d645441fee - <tokio[4e52d7c3d0bfd1d4]::runtime::runtime::Runtime>::block_on::<core[df12db4294e9bfd3]::pin::Pin<&mut dyn core[df12db4294e9bfd3]::future::future::Future<Output = ()>>>
[INFO] [stdout]   17:     0x58d64543f745 - cli_test[334579b1b6798cc7]::cli_tests::test_cli_upload_invalid_filter
[INFO] [stdout]   18:     0x58d645441879 - <cli_test[334579b1b6798cc7]::cli_tests::test_cli_upload_invalid_filter::{closure#0} as core[df12db4294e9bfd3]::ops::function::FnOnce<()>>::call_once
[INFO] [stdout]   19:     0x58d64544390b - test[9d35eded1c95d3be]::__rust_begin_short_backtrace::<core[df12db4294e9bfd3]::result::Result<(), alloc[2182bb758b4b3781]::string::String>, fn() -> core[df12db4294e9bfd3]::result::Result<(), alloc[2182bb758b4b3781]::string::String>>
[INFO] [stdout]   20:     0x58d645450f75 - test[9d35eded1c95d3be]::run_test::{closure#0}
[INFO] [stdout]   21:     0x58d64544a834 - std[70759c8f55707aa4]::sys::backtrace::__rust_begin_short_backtrace::<test[9d35eded1c95d3be]::run_test::{closure#1}, ()>
[INFO] [stdout]   22:     0x58d6454540d2 - <std[70759c8f55707aa4]::thread::lifecycle::spawn_unchecked<test[9d35eded1c95d3be]::run_test::{closure#1}, ()>::{closure#1} as core[df12db4294e9bfd3]::ops::function::FnOnce<()>>::call_once::{shim:vtable#0}
[INFO] [stdout]   23:     0x58d6454e0719 - <std[70759c8f55707aa4]::sys::thread::unix::Thread>::new::thread_start
[INFO] [stdout]   24:     0x78d41beb7dfa - <unknown>
[INFO] [stdout]   25:     0x78d41bf4b3d4 - clone
[INFO] [stdout]   26:                0x0 - <unknown>
[INFO] [stdout] 
[INFO] [stdout] ---- cli_tests::test_cli_list_flag stdout ----
[INFO] [stdout] 
[INFO] [stdout] thread 'cli_tests::test_cli_list_flag' (5215) panicked at tests/cli_test.rs:26:14:
[INFO] [stdout] Failed to execute xsshend: Os { code: 2, kind: NotFound, message: "No such file or directory" }
[INFO] [stdout] stack backtrace:
[INFO] [stdout]    0:     0x58d6454e13a1 - <<std[70759c8f55707aa4]::sys::backtrace::BacktraceLock>::print::DisplayBacktrace as core[df12db4294e9bfd3]::fmt::Display>::fmt
[INFO] [stdout]    1:     0x58d6454f5aba - core[df12db4294e9bfd3]::fmt::write
[INFO] [stdout]    2:     0x58d6454e5bec - <alloc[2182bb758b4b3781]::vec::Vec<u8> as core[df12db4294e9bfd3]::io::write::Write>::write_fmt
[INFO] [stdout]    3:     0x58d6454bbc16 - std[70759c8f55707aa4]::panicking::default_hook::{closure#0}
[INFO] [stdout]    4:     0x58d6454d8dd9 - std[70759c8f55707aa4]::panicking::default_hook
[INFO] [stdout]    5:     0x58d645450620 - test[9d35eded1c95d3be]::test_main_inner::<test[9d35eded1c95d3be]::test_main_static::{closure#0}>::{closure#0}
[INFO] [stdout]    6:     0x58d6454d8f92 - std[70759c8f55707aa4]::panicking::panic_with_hook
[INFO] [stdout]    7:     0x58d6454bbcc2 - std[70759c8f55707aa4]::panicking::panic_handler::{closure#0}
[INFO] [stdout]    8:     0x58d6454b4799 - std[70759c8f55707aa4]::sys::backtrace::__rust_end_short_backtrace::<std[70759c8f55707aa4]::panicking::panic_handler::{closure#0}, !>
[INFO] [stdout]    9:     0x58d6454bc8bd - __rustc[8fa7c3cbc660c2b3]::rust_begin_unwind
[INFO] [stdout]   10:     0x58d6454f621c - core[df12db4294e9bfd3]::panicking::panic_fmt
[INFO] [stdout]   11:     0x58d6454f5ff2 - core[df12db4294e9bfd3]::result::unwrap_failed
[INFO] [stdout]   12:     0x58d64543e4ab - cli_test[334579b1b6798cc7]::cli_tests::run_xsshend_with_args
[INFO] [stdout]   13:     0x58d645439aff - cli_test[334579b1b6798cc7]::cli_tests::test_cli_list_flag::{closure#0}
[INFO] [stdout]   14:     0x58d645442363 - <tokio[4e52d7c3d0bfd1d4]::runtime::scheduler::current_thread::Context>::enter::<core[df12db4294e9bfd3]::task::poll::Poll<()>, <tokio[4e52d7c3d0bfd1d4]::runtime::scheduler::current_thread::CoreGuard>::block_on<core[df12db4294e9bfd3]::pin::Pin<&mut core[df12db4294e9bfd3]::pin::Pin<&mut dyn core[df12db4294e9bfd3]::future::future::Future<Output = ()>>>>::{closure#0}::{closure#0}>
[INFO] [stdout]   15:     0x58d6454434d9 - <std[70759c8f55707aa4]::thread::local::LocalKey<tokio[4e52d7c3d0bfd1d4]::runtime::context::Context>>::with::<tokio[4e52d7c3d0bfd1d4]::runtime::context::set_scheduler<(alloc[2182bb758b4b3781]::boxed::Box<tokio[4e52d7c3d0bfd1d4]::runtime::scheduler::current_thread::Core>, core[df12db4294e9bfd3]::option::Option<()>), <tokio[4e52d7c3d0bfd1d4]::runtime::scheduler::current_thread::CoreGuard>::enter<<tokio[4e52d7c3d0bfd1d4]::runtime::scheduler::current_thread::CoreGuard>::block_on<core[df12db4294e9bfd3]::pin::Pin<&mut core[df12db4294e9bfd3]::pin::Pin<&mut dyn core[df12db4294e9bfd3]::future::future::Future<Output = ()>>>>::{closure#0}, core[df12db4294e9bfd3]::option::Option<()>>::{closure#0}>::{closure#0}, (alloc[2182bb758b4b3781]::boxed::Box<tokio[4e52d7c3d0bfd1d4]::runtime::scheduler::current_thread::Core>, core[df12db4294e9bfd3]::option::Option<()>)>
[INFO] [stdout]   16:     0x58d645441fee - <tokio[4e52d7c3d0bfd1d4]::runtime::runtime::Runtime>::block_on::<core[df12db4294e9bfd3]::pin::Pin<&mut dyn core[df12db4294e9bfd3]::future::future::Future<Output = ()>>>
[INFO] [stdout]   17:     0x58d64543e6a5 - cli_test[334579b1b6798cc7]::cli_tests::test_cli_list_flag
[INFO] [stdout]   18:     0x58d6454416b9 - <cli_test[334579b1b6798cc7]::cli_tests::test_cli_list_flag::{closure#0} as core[df12db4294e9bfd3]::ops::function::FnOnce<()>>::call_once
[INFO] [stdout]   19:     0x58d64544390b - test[9d35eded1c95d3be]::__rust_begin_short_backtrace::<core[df12db4294e9bfd3]::result::Result<(), alloc[2182bb758b4b3781]::string::String>, fn() -> core[df12db4294e9bfd3]::result::Result<(), alloc[2182bb758b4b3781]::string::String>>
[INFO] [stdout]   20:     0x58d645450f75 - test[9d35eded1c95d3be]::run_test::{closure#0}
[INFO] [stdout]   21:     0x58d64544a834 - std[70759c8f55707aa4]::sys::backtrace::__rust_begin_short_backtrace::<test[9d35eded1c95d3be]::run_test::{closure#1}, ()>
[INFO] [stdout]   22:     0x58d6454540d2 - <std[70759c8f55707aa4]::thread::lifecycle::spawn_unchecked<test[9d35eded1c95d3be]::run_test::{closure#1}, ()>::{closure#1} as core[df12db4294e9bfd3]::ops::function::FnOnce<()>>::call_once::{shim:vtable#0}
[INFO] [stdout]   23:     0x58d6454e0719 - <std[70759c8f55707aa4]::sys::thread::unix::Thread>::new::thread_start
[INFO] [stdout]   24:     0x78d41beb7dfa - <unknown>
[INFO] [stdout]   25:     0x78d41bf4b3d4 - clone
[INFO] [stdout]   26:                0x0 - <unknown>
[INFO] [stdout] 
[INFO] [stdout] ---- cli_tests::test_cli_help_command stdout ----
[INFO] [stdout] 
[INFO] [stdout] thread 'cli_tests::test_cli_help_command' (5210) panicked at tests/cli_test.rs:26:14:
[INFO] [stdout] Failed to execute xsshend: Os { code: 2, kind: NotFound, message: "No such file or directory" }
[INFO] [stdout] stack backtrace:
[INFO] [stdout]    0:     0x58d6454e13a1 - <<std[70759c8f55707aa4]::sys::backtrace::BacktraceLock>::print::DisplayBacktrace as core[df12db4294e9bfd3]::fmt::Display>::fmt
[INFO] [stdout]    1:     0x58d6454f5aba - core[df12db4294e9bfd3]::fmt::write
[INFO] [stdout]    2:     0x58d6454e5bec - <alloc[2182bb758b4b3781]::vec::Vec<u8> as core[df12db4294e9bfd3]::io::write::Write>::write_fmt
[INFO] [stdout]    3:     0x58d6454bbc16 - std[70759c8f55707aa4]::panicking::default_hook::{closure#0}
[INFO] [stdout]    4:     0x58d6454d8dd9 - std[70759c8f55707aa4]::panicking::default_hook
[INFO] [stdout]    5:     0x58d645450620 - test[9d35eded1c95d3be]::test_main_inner::<test[9d35eded1c95d3be]::test_main_static::{closure#0}>::{closure#0}
[INFO] [stdout]    6:     0x58d6454d8f92 - std[70759c8f55707aa4]::panicking::panic_with_hook
[INFO] [stdout]    7:     0x58d6454bbcc2 - std[70759c8f55707aa4]::panicking::panic_handler::{closure#0}
[INFO] [stdout]    8:     0x58d6454b4799 - std[70759c8f55707aa4]::sys::backtrace::__rust_end_short_backtrace::<std[70759c8f55707aa4]::panicking::panic_handler::{closure#0}, !>
[INFO] [stdout]    9:     0x58d6454bc8bd - __rustc[8fa7c3cbc660c2b3]::rust_begin_unwind
[INFO] [stdout]   10:     0x58d6454f621c - core[df12db4294e9bfd3]::panicking::panic_fmt
[INFO] [stdout]   11:     0x58d6454f5ff2 - core[df12db4294e9bfd3]::result::unwrap_failed
[INFO] [stdout]   12:     0x58d64543e4ab - cli_test[334579b1b6798cc7]::cli_tests::run_xsshend_with_args
[INFO] [stdout]   13:     0x58d64543a28f - cli_test[334579b1b6798cc7]::cli_tests::test_cli_help_command::{closure#0}
[INFO] [stdout]   14:     0x58d645442363 - <tokio[4e52d7c3d0bfd1d4]::runtime::scheduler::current_thread::Context>::enter::<core[df12db4294e9bfd3]::task::poll::Poll<()>, <tokio[4e52d7c3d0bfd1d4]::runtime::scheduler::current_thread::CoreGuard>::block_on<core[df12db4294e9bfd3]::pin::Pin<&mut core[df12db4294e9bfd3]::pin::Pin<&mut dyn core[df12db4294e9bfd3]::future::future::Future<Output = ()>>>>::{closure#0}::{closure#0}>
[INFO] [stdout]   15:     0x58d6454434d9 - <std[70759c8f55707aa4]::thread::local::LocalKey<tokio[4e52d7c3d0bfd1d4]::runtime::context::Context>>::with::<tokio[4e52d7c3d0bfd1d4]::runtime::context::set_scheduler<(alloc[2182bb758b4b3781]::boxed::Box<tokio[4e52d7c3d0bfd1d4]::runtime::scheduler::current_thread::Core>, core[df12db4294e9bfd3]::option::Option<()>), <tokio[4e52d7c3d0bfd1d4]::runtime::scheduler::current_thread::CoreGuard>::enter<<tokio[4e52d7c3d0bfd1d4]::runtime::scheduler::current_thread::CoreGuard>::block_on<core[df12db4294e9bfd3]::pin::Pin<&mut core[df12db4294e9bfd3]::pin::Pin<&mut dyn core[df12db4294e9bfd3]::future::future::Future<Output = ()>>>>::{closure#0}, core[df12db4294e9bfd3]::option::Option<()>>::{closure#0}>::{closure#0}, (alloc[2182bb758b4b3781]::boxed::Box<tokio[4e52d7c3d0bfd1d4]::runtime::scheduler::current_thread::Core>, core[df12db4294e9bfd3]::option::Option<()>)>
[INFO] [stdout]   16:     0x58d645441fee - <tokio[4e52d7c3d0bfd1d4]::runtime::runtime::Runtime>::block_on::<core[df12db4294e9bfd3]::pin::Pin<&mut dyn core[df12db4294e9bfd3]::future::future::Future<Output = ()>>>
[INFO] [stdout]   17:     0x58d64543ea35 - cli_test[334579b1b6798cc7]::cli_tests::test_cli_help_command
[INFO] [stdout]   18:     0x58d645441719 - <cli_test[334579b1b6798cc7]::cli_tests::test_cli_help_command::{closure#0} as core[df12db4294e9bfd3]::ops::function::FnOnce<()>>::call_once
[INFO] [stdout]   19:     0x58d64544390b - test[9d35eded1c95d3be]::__rust_begin_short_backtrace::<core[df12db4294e9bfd3]::result::Result<(), alloc[2182bb758b4b3781]::string::String>, fn() -> core[df12db4294e9bfd3]::result::Result<(), alloc[2182bb758b4b3781]::string::String>>
[INFO] [stdout]   20:     0x58d645450f75 - test[9d35eded1c95d3be]::run_test::{closure#0}
[INFO] [stdout]   21:     0x58d64544a834 - std[70759c8f55707aa4]::sys::backtrace::__rust_begin_short_backtrace::<test[9d35eded1c95d3be]::run_test::{closure#1}, ()>
[INFO] [stdout]   22:     0x58d6454540d2 - <std[70759c8f55707aa4]::thread::lifecycle::spawn_unchecked<test[9d35eded1c95d3be]::run_test::{closure#1}, ()>::{closure#1} as core[df12db4294e9bfd3]::ops::function::FnOnce<()>>::call_once::{shim:vtable#0}
[INFO] [stdout]   23:     0x58d6454e0719 - <std[70759c8f55707aa4]::sys::thread::unix::Thread>::new::thread_start
[INFO] [stdout]   24:     0x78d41beb7dfa - <unknown>
[INFO] [stdout]   25:     0x78d41bf4b3d4 - clone
[INFO] [stdout]   26:                0x0 - <unknown>
[INFO] [stdout] 
[INFO] [stdout] ---- cli_tests::test_cli_upload_dry_run stdout ----
[INFO] [stdout] 
[INFO] [stdout] thread 'cli_tests::test_cli_upload_dry_run' (5233) panicked at tests/cli_test.rs:26:14:
[INFO] [stdout] Failed to execute xsshend: Os { code: 2, kind: NotFound, message: "No such file or directory" }
[INFO] [stdout] stack backtrace:
[INFO] [stdout]    0:     0x58d6454e13a1 - <<std[70759c8f55707aa4]::sys::backtrace::BacktraceLock>::print::DisplayBacktrace as core[df12db4294e9bfd3]::fmt::Display>::fmt
[INFO] [stdout]    1:     0x58d6454f5aba - core[df12db4294e9bfd3]::fmt::write
[INFO] [stdout]    2:     0x58d6454e5bec - <alloc[2182bb758b4b3781]::vec::Vec<u8> as core[df12db4294e9bfd3]::io::write::Write>::write_fmt
[INFO] [stdout]    3:     0x58d6454bbc16 - std[70759c8f55707aa4]::panicking::default_hook::{closure#0}
[INFO] [stdout]    4:     0x58d6454d8dd9 - std[70759c8f55707aa4]::panicking::default_hook
[INFO] [stdout]    5:     0x58d645450620 - test[9d35eded1c95d3be]::test_main_inner::<test[9d35eded1c95d3be]::test_main_static::{closure#0}>::{closure#0}
[INFO] [stdout]    6:     0x58d6454d8f92 - std[70759c8f55707aa4]::panicking::panic_with_hook
[INFO] [stdout]    7:     0x58d6454bbcc2 - std[70759c8f55707aa4]::panicking::panic_handler::{closure#0}
[INFO] [stdout]    8:     0x58d6454b4799 - std[70759c8f55707aa4]::sys::backtrace::__rust_end_short_backtrace::<std[70759c8f55707aa4]::panicking::panic_handler::{closure#0}, !>
[INFO] [stdout]    9:     0x58d6454bc8bd - __rustc[8fa7c3cbc660c2b3]::rust_begin_unwind
[INFO] [stdout]   10:     0x58d6454f621c - core[df12db4294e9bfd3]::panicking::panic_fmt
[INFO] [stdout]   11:     0x58d6454f5ff2 - core[df12db4294e9bfd3]::result::unwrap_failed
[INFO] [stdout]   12:     0x58d64543e4ab - cli_test[334579b1b6798cc7]::cli_tests::run_xsshend_with_args
[INFO] [stdout]   13:     0x58d64543aa9c - cli_test[334579b1b6798cc7]::cli_tests::test_cli_upload_dry_run::{closure#0}
[INFO] [stdout]   14:     0x58d645442363 - <tokio[4e52d7c3d0bfd1d4]::runtime::scheduler::current_thread::Context>::enter::<core[df12db4294e9bfd3]::task::poll::Poll<()>, <tokio[4e52d7c3d0bfd1d4]::runtime::scheduler::current_thread::CoreGuard>::block_on<core[df12db4294e9bfd3]::pin::Pin<&mut core[df12db4294e9bfd3]::pin::Pin<&mut dyn core[df12db4294e9bfd3]::future::future::Future<Output = ()>>>>::{closure#0}::{closure#0}>
[INFO] [stdout]   15:     0x58d6454434d9 - <std[70759c8f55707aa4]::thread::local::LocalKey<tokio[4e52d7c3d0bfd1d4]::runtime::context::Context>>::with::<tokio[4e52d7c3d0bfd1d4]::runtime::context::set_scheduler<(alloc[2182bb758b4b3781]::boxed::Box<tokio[4e52d7c3d0bfd1d4]::runtime::scheduler::current_thread::Core>, core[df12db4294e9bfd3]::option::Option<()>), <tokio[4e52d7c3d0bfd1d4]::runtime::scheduler::current_thread::CoreGuard>::enter<<tokio[4e52d7c3d0bfd1d4]::runtime::scheduler::current_thread::CoreGuard>::block_on<core[df12db4294e9bfd3]::pin::Pin<&mut core[df12db4294e9bfd3]::pin::Pin<&mut dyn core[df12db4294e9bfd3]::future::future::Future<Output = ()>>>>::{closure#0}, core[df12db4294e9bfd3]::option::Option<()>>::{closure#0}>::{closure#0}, (alloc[2182bb758b4b3781]::boxed::Box<tokio[4e52d7c3d0bfd1d4]::runtime::scheduler::current_thread::Core>, core[df12db4294e9bfd3]::option::Option<()>)>
[INFO] [stdout]   16:     0x58d645441fee - <tokio[4e52d7c3d0bfd1d4]::runtime::runtime::Runtime>::block_on::<core[df12db4294e9bfd3]::pin::Pin<&mut dyn core[df12db4294e9bfd3]::future::future::Future<Output = ()>>>
[INFO] [stdout]   17:     0x58d64543edc5 - cli_test[334579b1b6798cc7]::cli_tests::test_cli_upload_dry_run
[INFO] [stdout]   18:     0x58d645441779 - <cli_test[334579b1b6798cc7]::cli_tests::test_cli_upload_dry_run::{closure#0} as core[df12db4294e9bfd3]::ops::function::FnOnce<()>>::call_once
[INFO] [stdout]   19:     0x58d64544390b - test[9d35eded1c95d3be]::__rust_begin_short_backtrace::<core[df12db4294e9bfd3]::result::Result<(), alloc[2182bb758b4b3781]::string::String>, fn() -> core[df12db4294e9bfd3]::result::Result<(), alloc[2182bb758b4b3781]::string::String>>
[INFO] [stdout]   20:     0x58d645450f75 - test[9d35eded1c95d3be]::run_test::{closure#0}
[INFO] [stdout]   21:     0x58d64544a834 - std[70759c8f55707aa4]::sys::backtrace::__rust_begin_short_backtrace::<test[9d35eded1c95d3be]::run_test::{closure#1}, ()>
[INFO] [stdout]   22:     0x58d6454540d2 - <std[70759c8f55707aa4]::thread::lifecycle::spawn_unchecked<test[9d35eded1c95d3be]::run_test::{closure#1}, ()>::{closure#1} as core[df12db4294e9bfd3]::ops::function::FnOnce<()>>::call_once::{shim:vtable#0}
[INFO] [stdout]   23:     0x58d6454e0719 - <std[70759c8f55707aa4]::sys::thread::unix::Thread>::new::thread_start
[INFO] [stdout]   24:     0x78d41beb7dfa - <unknown>
[INFO] [stdout]   25:     0x78d41bf4b3d4 - clone
[INFO] [stdout]   26:                0x0 - <unknown>
[INFO] [stdout] 
[INFO] [stdout] ---- cli_tests::test_cli_upload_custom_destination stdout ----
[INFO] [stdout] 
[INFO] [stdout] thread 'cli_tests::test_cli_upload_custom_destination' (5229) panicked at tests/cli_test.rs:26:14:
[INFO] [stdout] Failed to execute xsshend: Os { code: 2, kind: NotFound, message: "No such file or directory" }
[INFO] [stdout] stack backtrace:
[INFO] [stdout]    0:     0x58d6454e13a1 - <<std[70759c8f55707aa4]::sys::backtrace::BacktraceLock>::print::DisplayBacktrace as core[df12db4294e9bfd3]::fmt::Display>::fmt
[INFO] [stdout]    1:     0x58d6454f5aba - core[df12db4294e9bfd3]::fmt::write
[INFO] [stdout]    2:     0x58d6454e5bec - <alloc[2182bb758b4b3781]::vec::Vec<u8> as core[df12db4294e9bfd3]::io::write::Write>::write_fmt
[INFO] [stdout]    3:     0x58d6454bbc16 - std[70759c8f55707aa4]::panicking::default_hook::{closure#0}
[INFO] [stdout]    4:     0x58d6454d8dd9 - std[70759c8f55707aa4]::panicking::default_hook
[INFO] [stdout]    5:     0x58d645450620 - test[9d35eded1c95d3be]::test_main_inner::<test[9d35eded1c95d3be]::test_main_static::{closure#0}>::{closure#0}
[INFO] [stdout]    6:     0x58d6454d8f92 - std[70759c8f55707aa4]::panicking::panic_with_hook
[INFO] [stdout]    7:     0x58d6454bbcc2 - std[70759c8f55707aa4]::panicking::panic_handler::{closure#0}
[INFO] [stdout]    8:     0x58d6454b4799 - std[70759c8f55707aa4]::sys::backtrace::__rust_end_short_backtrace::<std[70759c8f55707aa4]::panicking::panic_handler::{closure#0}, !>
[INFO] [stdout]    9:     0x58d6454bc8bd - __rustc[8fa7c3cbc660c2b3]::rust_begin_unwind
[INFO] [stdout]   10:     0x58d6454f621c - core[df12db4294e9bfd3]::panicking::panic_fmt
[INFO] [stdout]   11:     0x58d6454f5ff2 - core[df12db4294e9bfd3]::result::unwrap_failed
[INFO] [stdout]   12:     0x58d64543e4ab - cli_test[334579b1b6798cc7]::cli_tests::run_xsshend_with_args
[INFO] [stdout]   13:     0x58d64543db12 - cli_test[334579b1b6798cc7]::cli_tests::test_cli_upload_custom_destination::{closure#0}
[INFO] [stdout]   14:     0x58d645442363 - <tokio[4e52d7c3d0bfd1d4]::runtime::scheduler::current_thread::Context>::enter::<core[df12db4294e9bfd3]::task::poll::Poll<()>, <tokio[4e52d7c3d0bfd1d4]::runtime::scheduler::current_thread::CoreGuard>::block_on<core[df12db4294e9bfd3]::pin::Pin<&mut core[df12db4294e9bfd3]::pin::Pin<&mut dyn core[df12db4294e9bfd3]::future::future::Future<Output = ()>>>>::{closure#0}::{closure#0}>
[INFO] [stderr] error: test failed, to rerun pass `--test cli_test`
[INFO] [stdout]   15:     0x58d6454434d9 - <std[70759c8f55707aa4]::thread::local::LocalKey<tokio[4e52d7c3d0bfd1d4]::runtime::context::Context>>::with::<tokio[4e52d7c3d0bfd1d4]::runtime::context::set_scheduler<(alloc[2182bb758b4b3781]::boxed::Box<tokio[4e52d7c3d0bfd1d4]::runtime::scheduler::current_thread::Core>, core[df12db4294e9bfd3]::option::Option<()>), <tokio[4e52d7c3d0bfd1d4]::runtime::scheduler::current_thread::CoreGuard>::enter<<tokio[4e52d7c3d0bfd1d4]::runtime::scheduler::current_thread::CoreGuard>::block_on<core[df12db4294e9bfd3]::pin::Pin<&mut core[df12db4294e9bfd3]::pin::Pin<&mut dyn core[df12db4294e9bfd3]::future::future::Future<Output = ()>>>>::{closure#0}, core[df12db4294e9bfd3]::option::Option<()>>::{closure#0}>::{closure#0}, (alloc[2182bb758b4b3781]::boxed::Box<tokio[4e52d7c3d0bfd1d4]::runtime::scheduler::current_thread::Core>, core[df12db4294e9bfd3]::option::Option<()>)>
[INFO] [stdout]   16:     0x58d645441fee - <tokio[4e52d7c3d0bfd1d4]::runtime::runtime::Runtime>::block_on::<core[df12db4294e9bfd3]::pin::Pin<&mut dyn core[df12db4294e9bfd3]::future::future::Future<Output = ()>>>
[INFO] [stdout]   17:     0x58d64543fc05 - cli_test[334579b1b6798cc7]::cli_tests::test_cli_upload_custom_destination
[INFO] [stdout]   18:     0x58d6454418f9 - <cli_test[334579b1b6798cc7]::cli_tests::test_cli_upload_custom_destination::{closure#0} as core[df12db4294e9bfd3]::ops::function::FnOnce<()>>::call_once
[INFO] [stdout]   19:     0x58d64544390b - test[9d35eded1c95d3be]::__rust_begin_short_backtrace::<core[df12db4294e9bfd3]::result::Result<(), alloc[2182bb758b4b3781]::string::String>, fn() -> core[df12db4294e9bfd3]::result::Result<(), alloc[2182bb758b4b3781]::string::String>>
[INFO] [stdout]   20:     0x58d645450f75 - test[9d35eded1c95d3be]::run_test::{closure#0}
[INFO] [stdout]   21:     0x58d64544a834 - std[70759c8f55707aa4]::sys::backtrace::__rust_begin_short_backtrace::<test[9d35eded1c95d3be]::run_test::{closure#1}, ()>
[INFO] [stdout]   22:     0x58d6454540d2 - <std[70759c8f55707aa4]::thread::lifecycle::spawn_unchecked<test[9d35eded1c95d3be]::run_test::{closure#1}, ()>::{closure#1} as core[df12db4294e9bfd3]::ops::function::FnOnce<()>>::call_once::{shim:vtable#0}
[INFO] [stdout]   23:     0x58d6454e0719 - <std[70759c8f55707aa4]::sys::thread::unix::Thread>::new::thread_start
[INFO] [stdout]   24:     0x78d41beb7dfa - <unknown>
[INFO] [stdout]   25:     0x78d41bf4b3d4 - clone
[INFO] [stdout]   26:                0x0 - <unknown>
[INFO] [stdout] 
[INFO] [stdout] ---- cli_tests::test_cli_upload_nonexistent_file stdout ----
[INFO] [stdout] 
[INFO] [stdout] thread 'cli_tests::test_cli_upload_nonexistent_file' (5242) panicked at tests/cli_test.rs:26:14:
[INFO] [stdout] Failed to execute xsshend: Os { code: 2, kind: NotFound, message: "No such file or directory" }
[INFO] [stdout] stack backtrace:
[INFO] [stdout]    0:     0x58d6454e13a1 - <<std[70759c8f55707aa4]::sys::backtrace::BacktraceLock>::print::DisplayBacktrace as core[df12db4294e9bfd3]::fmt::Display>::fmt
[INFO] [stdout]    1:     0x58d6454f5aba - core[df12db4294e9bfd3]::fmt::write
[INFO] [stdout]    2:     0x58d6454e5bec - <alloc[2182bb758b4b3781]::vec::Vec<u8> as core[df12db4294e9bfd3]::io::write::Write>::write_fmt
[INFO] [stdout]    3:     0x58d6454bbc16 - std[70759c8f55707aa4]::panicking::default_hook::{closure#0}
[INFO] [stdout]    4:     0x58d6454d8dd9 - std[70759c8f55707aa4]::panicking::default_hook
[INFO] [stdout]    5:     0x58d645450620 - test[9d35eded1c95d3be]::test_main_inner::<test[9d35eded1c95d3be]::test_main_static::{closure#0}>::{closure#0}
[INFO] [stdout]    6:     0x58d6454d8f92 - std[70759c8f55707aa4]::panicking::panic_with_hook
[INFO] [stdout]    7:     0x58d6454bbcc2 - std[70759c8f55707aa4]::panicking::panic_handler::{closure#0}
[INFO] [stdout]    8:     0x58d6454b4799 - std[70759c8f55707aa4]::sys::backtrace::__rust_end_short_backtrace::<std[70759c8f55707aa4]::panicking::panic_handler::{closure#0}, !>
[INFO] [stdout]    9:     0x58d6454bc8bd - __rustc[8fa7c3cbc660c2b3]::rust_begin_unwind
[INFO] [stdout]   10:     0x58d6454f621c - core[df12db4294e9bfd3]::panicking::panic_fmt
[INFO] [stdout]   11:     0x58d6454f5ff2 - core[df12db4294e9bfd3]::result::unwrap_failed
[INFO] [stdout]   12:     0x58d64543e4ab - cli_test[334579b1b6798cc7]::cli_tests::run_xsshend_with_args
[INFO] [stdout]   13:     0x58d64543d905 - cli_test[334579b1b6798cc7]::cli_tests::test_cli_upload_nonexistent_file::{closure#0}
[INFO] [stdout]   14:     0x58d645442363 - <tokio[4e52d7c3d0bfd1d4]::runtime::scheduler::current_thread::Context>::enter::<core[df12db4294e9bfd3]::task::poll::Poll<()>, <tokio[4e52d7c3d0bfd1d4]::runtime::scheduler::current_thread::CoreGuard>::block_on<core[df12db4294e9bfd3]::pin::Pin<&mut core[df12db4294e9bfd3]::pin::Pin<&mut dyn core[df12db4294e9bfd3]::future::future::Future<Output = ()>>>>::{closure#0}::{closure#0}>
[INFO] [stdout]   15:     0x58d6454434d9 - <std[70759c8f55707aa4]::thread::local::LocalKey<tokio[4e52d7c3d0bfd1d4]::runtime::context::Context>>::with::<tokio[4e52d7c3d0bfd1d4]::runtime::context::set_scheduler<(alloc[2182bb758b4b3781]::boxed::Box<tokio[4e52d7c3d0bfd1d4]::runtime::scheduler::current_thread::Core>, core[df12db4294e9bfd3]::option::Option<()>), <tokio[4e52d7c3d0bfd1d4]::runtime::scheduler::current_thread::CoreGuard>::enter<<tokio[4e52d7c3d0bfd1d4]::runtime::scheduler::current_thread::CoreGuard>::block_on<core[df12db4294e9bfd3]::pin::Pin<&mut core[df12db4294e9bfd3]::pin::Pin<&mut dyn core[df12db4294e9bfd3]::future::future::Future<Output = ()>>>>::{closure#0}, core[df12db4294e9bfd3]::option::Option<()>>::{closure#0}>::{closure#0}, (alloc[2182bb758b4b3781]::boxed::Box<tokio[4e52d7c3d0bfd1d4]::runtime::scheduler::current_thread::Core>, core[df12db4294e9bfd3]::option::Option<()>)>
[INFO] [stdout]   16:     0x58d645441fee - <tokio[4e52d7c3d0bfd1d4]::runtime::runtime::Runtime>::block_on::<core[df12db4294e9bfd3]::pin::Pin<&mut dyn core[df12db4294e9bfd3]::future::future::Future<Output = ()>>>
[INFO] [stdout]   17:     0x58d64543fad5 - cli_test[334579b1b6798cc7]::cli_tests::test_cli_upload_nonexistent_file
[INFO] [stdout]   18:     0x58d6454418d9 - <cli_test[334579b1b6798cc7]::cli_tests::test_cli_upload_nonexistent_file::{closure#0} as core[df12db4294e9bfd3]::ops::function::FnOnce<()>>::call_once
[INFO] [stdout]   19:     0x58d64544390b - test[9d35eded1c95d3be]::__rust_begin_short_backtrace::<core[df12db4294e9bfd3]::result::Result<(), alloc[2182bb758b4b3781]::string::String>, fn() -> core[df12db4294e9bfd3]::result::Result<(), alloc[2182bb758b4b3781]::string::String>>
[INFO] [stdout]   20:     0x58d645450f75 - test[9d35eded1c95d3be]::run_test::{closure#0}
[INFO] [stdout]   21:     0x58d64544a834 - std[70759c8f55707aa4]::sys::backtrace::__rust_begin_short_backtrace::<test[9d35eded1c95d3be]::run_test::{closure#1}, ()>
[INFO] [stdout]   22:     0x58d6454540d2 - <std[70759c8f55707aa4]::thread::lifecycle::spawn_unchecked<test[9d35eded1c95d3be]::run_test::{closure#1}, ()>::{closure#1} as core[df12db4294e9bfd3]::ops::function::FnOnce<()>>::call_once::{shim:vtable#0}
[INFO] [stdout]   23:     0x58d6454e0719 - <std[70759c8f55707aa4]::sys::thread::unix::Thread>::new::thread_start
[INFO] [stdout]   24:     0x78d41beb7dfa - <unknown>
[INFO] [stdout]   25:     0x78d41bf4b3d4 - clone
[INFO] [stdout]   26:                0x0 - <unknown>
[INFO] [stdout] 
[INFO] [stdout] ---- cli_tests::test_cli_upload_help stdout ----
[INFO] [stdout] 
[INFO] [stdout] thread 'cli_tests::test_cli_upload_help' (5234) panicked at tests/cli_test.rs:26:14:
[INFO] [stdout] Failed to execute xsshend: Os { code: 2, kind: NotFound, message: "No such file or directory" }
[INFO] [stdout] stack backtrace:
[INFO] [stdout]    0:     0x58d6454e13a1 - <<std[70759c8f55707aa4]::sys::backtrace::BacktraceLock>::print::DisplayBacktrace as core[df12db4294e9bfd3]::fmt::Display>::fmt
[INFO] [stdout]    1:     0x58d6454f5aba - core[df12db4294e9bfd3]::fmt::write
[INFO] [stdout]    2:     0x58d6454e5bec - <alloc[2182bb758b4b3781]::vec::Vec<u8> as core[df12db4294e9bfd3]::io::write::Write>::write_fmt
[INFO] [stdout]    3:     0x58d6454bbc16 - std[70759c8f55707aa4]::panicking::default_hook::{closure#0}
[INFO] [stdout]    4:     0x58d6454d8dd9 - std[70759c8f55707aa4]::panicking::default_hook
[INFO] [stdout]    5:     0x58d645450620 - test[9d35eded1c95d3be]::test_main_inner::<test[9d35eded1c95d3be]::test_main_static::{closure#0}>::{closure#0}
[INFO] [stdout]    6:     0x58d6454d8f92 - std[70759c8f55707aa4]::panicking::panic_with_hook
[INFO] [stdout]    7:     0x58d6454bbcc2 - std[70759c8f55707aa4]::panicking::panic_handler::{closure#0}
[INFO] [stdout]    8:     0x58d6454b4799 - std[70759c8f55707aa4]::sys::backtrace::__rust_end_short_backtrace::<std[70759c8f55707aa4]::panicking::panic_handler::{closure#0}, !>
[INFO] [stdout]    9:     0x58d6454bc8bd - __rustc[8fa7c3cbc660c2b3]::rust_begin_unwind
[INFO] [stdout]   10:     0x58d6454f621c - core[df12db4294e9bfd3]::panicking::panic_fmt
[INFO] [stdout]   11:     0x58d6454f5ff2 - core[df12db4294e9bfd3]::result::unwrap_failed
[INFO] [stdout]   12:     0x58d64543e4ab - cli_test[334579b1b6798cc7]::cli_tests::run_xsshend_with_args
[INFO] [stdout]   13:     0x58d645439edf - cli_test[334579b1b6798cc7]::cli_tests::test_cli_upload_help::{closure#0}
[INFO] [stdout]   14:     0x58d645442363 - <tokio[4e52d7c3d0bfd1d4]::runtime::scheduler::current_thread::Context>::enter::<core[df12db4294e9bfd3]::task::poll::Poll<()>, <tokio[4e52d7c3d0bfd1d4]::runtime::scheduler::current_thread::CoreGuard>::block_on<core[df12db4294e9bfd3]::pin::Pin<&mut core[df12db4294e9bfd3]::pin::Pin<&mut dyn core[df12db4294e9bfd3]::future::future::Future<Output = ()>>>>::{closure#0}::{closure#0}>
[INFO] [stdout]   15:     0x58d6454434d9 - <std[70759c8f55707aa4]::thread::local::LocalKey<tokio[4e52d7c3d0bfd1d4]::runtime::context::Context>>::with::<tokio[4e52d7c3d0bfd1d4]::runtime::context::set_scheduler<(alloc[2182bb758b4b3781]::boxed::Box<tokio[4e52d7c3d0bfd1d4]::runtime::scheduler::current_thread::Core>, core[df12db4294e9bfd3]::option::Option<()>), <tokio[4e52d7c3d0bfd1d4]::runtime::scheduler::current_thread::CoreGuard>::enter<<tokio[4e52d7c3d0bfd1d4]::runtime::scheduler::current_thread::CoreGuard>::block_on<core[df12db4294e9bfd3]::pin::Pin<&mut core[df12db4294e9bfd3]::pin::Pin<&mut dyn core[df12db4294e9bfd3]::future::future::Future<Output = ()>>>>::{closure#0}, core[df12db4294e9bfd3]::option::Option<()>>::{closure#0}>::{closure#0}, (alloc[2182bb758b4b3781]::boxed::Box<tokio[4e52d7c3d0bfd1d4]::runtime::scheduler::current_thread::Core>, core[df12db4294e9bfd3]::option::Option<()>)>
[INFO] [stdout]   16:     0x58d645441fee - <tokio[4e52d7c3d0bfd1d4]::runtime::runtime::Runtime>::block_on::<core[df12db4294e9bfd3]::pin::Pin<&mut dyn core[df12db4294e9bfd3]::future::future::Future<Output = ()>>>
[INFO] [stdout]   17:     0x58d64543e905 - cli_test[334579b1b6798cc7]::cli_tests::test_cli_upload_help
[INFO] [stdout]   18:     0x58d6454416f9 - <cli_test[334579b1b6798cc7]::cli_tests::test_cli_upload_help::{closure#0} as core[df12db4294e9bfd3]::ops::function::FnOnce<()>>::call_once
[INFO] [stdout]   19:     0x58d64544390b - test[9d35eded1c95d3be]::__rust_begin_short_backtrace::<core[df12db4294e9bfd3]::result::Result<(), alloc[2182bb758b4b3781]::string::String>, fn() -> core[df12db4294e9bfd3]::result::Result<(), alloc[2182bb758b4b3781]::string::String>>
[INFO] [stdout]   20:     0x58d645450f75 - test[9d35eded1c95d3be]::run_test::{closure#0}
[INFO] [stdout]   21:     0x58d64544a834 - std[70759c8f55707aa4]::sys::backtrace::__rust_begin_short_backtrace::<test[9d35eded1c95d3be]::run_test::{closure#1}, ()>
[INFO] [stdout]   22:     0x58d6454540d2 - <std[70759c8f55707aa4]::thread::lifecycle::spawn_unchecked<test[9d35eded1c95d3be]::run_test::{closure#1}, ()>::{closure#1} as core[df12db4294e9bfd3]::ops::function::FnOnce<()>>::call_once::{shim:vtable#0}
[INFO] [stdout]   23:     0x58d6454e0719 - <std[70759c8f55707aa4]::sys::thread::unix::Thread>::new::thread_start
[INFO] [stdout]   24:     0x78d41beb7dfa - <unknown>
[INFO] [stdout]   25:     0x78d41bf4b3d4 - clone
[INFO] [stdout]   26:                0x0 - <unknown>
[INFO] [stdout] 
[INFO] [stdout] ---- cli_tests::test_cli_upload_multiple_files stdout ----
[INFO] [stdout] 
[INFO] [stdout] thread 'cli_tests::test_cli_upload_multiple_files' (5238) panicked at tests/cli_test.rs:26:14:
[INFO] [stdout] Failed to execute xsshend: Os { code: 2, kind: NotFound, message: "No such file or directory" }
[INFO] [stdout] stack backtrace:
[INFO] [stdout]    0:     0x58d6454e13a1 - <<std[70759c8f55707aa4]::sys::backtrace::BacktraceLock>::print::DisplayBacktrace as core[df12db4294e9bfd3]::fmt::Display>::fmt
[INFO] [stdout]    1:     0x58d6454f5aba - core[df12db4294e9bfd3]::fmt::write
[INFO] [stdout]    2:     0x58d6454e5bec - <alloc[2182bb758b4b3781]::vec::Vec<u8> as core[df12db4294e9bfd3]::io::write::Write>::write_fmt
[INFO] [stdout]    3:     0x58d6454bbc16 - std[70759c8f55707aa4]::panicking::default_hook::{closure#0}
[INFO] [stdout]    4:     0x58d6454d8dd9 - std[70759c8f55707aa4]::panicking::default_hook
[INFO] [stdout]    5:     0x58d645450620 - test[9d35eded1c95d3be]::test_main_inner::<test[9d35eded1c95d3be]::test_main_static::{closure#0}>::{closure#0}
[INFO] [stdout]    6:     0x58d6454d8f92 - std[70759c8f55707aa4]::panicking::panic_with_hook
[INFO] [stdout]    7:     0x58d6454bbcc2 - std[70759c8f55707aa4]::panicking::panic_handler::{closure#0}
[INFO] [stdout]    8:     0x58d6454b4799 - std[70759c8f55707aa4]::sys::backtrace::__rust_end_short_backtrace::<std[70759c8f55707aa4]::panicking::panic_handler::{closure#0}, !>
[INFO] [stdout]    9:     0x58d6454bc8bd - __rustc[8fa7c3cbc660c2b3]::rust_begin_unwind
[INFO] [stdout]   10:     0x58d6454f621c - core[df12db4294e9bfd3]::panicking::panic_fmt
[INFO] [stdout]   11:     0x58d6454f5ff2 - core[df12db4294e9bfd3]::result::unwrap_failed
[INFO] [stdout]   12:     0x58d64543e4ab - cli_test[334579b1b6798cc7]::cli_tests::run_xsshend_with_args
[INFO] [stdout]   13:     0x58d64543d0d0 - cli_test[334579b1b6798cc7]::cli_tests::test_cli_upload_multiple_files::{closure#0}
[INFO] [stdout]   14:     0x58d645442363 - <tokio[4e52d7c3d0bfd1d4]::runtime::scheduler::current_thread::Context>::enter::<core[df12db4294e9bfd3]::task::poll::Poll<()>, <tokio[4e52d7c3d0bfd1d4]::runtime::scheduler::current_thread::CoreGuard>::block_on<core[df12db4294e9bfd3]::pin::Pin<&mut core[df12db4294e9bfd3]::pin::Pin<&mut dyn core[df12db4294e9bfd3]::future::future::Future<Output = ()>>>>::{closure#0}::{closure#0}>
[INFO] [stdout]   15:     0x58d6454434d9 - <std[70759c8f55707aa4]::thread::local::LocalKey<tokio[4e52d7c3d0bfd1d4]::runtime::context::Context>>::with::<tokio[4e52d7c3d0bfd1d4]::runtime::context::set_scheduler<(alloc[2182bb758b4b3781]::boxed::Box<tokio[4e52d7c3d0bfd1d4]::runtime::scheduler::current_thread::Core>, core[df12db4294e9bfd3]::option::Option<()>), <tokio[4e52d7c3d0bfd1d4]::runtime::scheduler::current_thread::CoreGuard>::enter<<tokio[4e52d7c3d0bfd1d4]::runtime::scheduler::current_thread::CoreGuard>::block_on<core[df12db4294e9bfd3]::pin::Pin<&mut core[df12db4294e9bfd3]::pin::Pin<&mut dyn core[df12db4294e9bfd3]::future::future::Future<Output = ()>>>>::{closure#0}, core[df12db4294e9bfd3]::option::Option<()>>::{closure#0}>::{closure#0}, (alloc[2182bb758b4b3781]::boxed::Box<tokio[4e52d7c3d0bfd1d4]::runtime::scheduler::current_thread::Core>, core[df12db4294e9bfd3]::option::Option<()>)>
[INFO] [stdout]   16:     0x58d645441fee - <tokio[4e52d7c3d0bfd1d4]::runtime::runtime::Runtime>::block_on::<core[df12db4294e9bfd3]::pin::Pin<&mut dyn core[df12db4294e9bfd3]::future::future::Future<Output = ()>>>
[INFO] [stdout]   17:     0x58d64543f875 - cli_test[334579b1b6798cc7]::cli_tests::test_cli_upload_multiple_files
[INFO] [stdout]   18:     0x58d645441899 - <cli_test[334579b1b6798cc7]::cli_tests::test_cli_upload_multiple_files::{closure#0} as core[df12db4294e9bfd3]::ops::function::FnOnce<()>>::call_once
[INFO] [stdout]   19:     0x58d64544390b - test[9d35eded1c95d3be]::__rust_begin_short_backtrace::<core[df12db4294e9bfd3]::result::Result<(), alloc[2182bb758b4b3781]::string::String>, fn() -> core[df12db4294e9bfd3]::result::Result<(), alloc[2182bb758b4b3781]::string::String>>
[INFO] [stdout]   20:     0x58d645450f75 - test[9d35eded1c95d3be]::run_test::{closure#0}
[INFO] [stdout]   21:     0x58d64544a834 - std[70759c8f55707aa4]::sys::backtrace::__rust_begin_short_backtrace::<test[9d35eded1c95d3be]::run_test::{closure#1}, ()>
[INFO] [stdout]   22:     0x58d6454540d2 - <std[70759c8f55707aa4]::thread::lifecycle::spawn_unchecked<test[9d35eded1c95d3be]::run_test::{closure#1}, ()>::{closure#1} as core[df12db4294e9bfd3]::ops::function::FnOnce<()>>::call_once::{shim:vtable#0}
[INFO] [stdout]   23:     0x58d6454e0719 - <std[70759c8f55707aa4]::sys::thread::unix::Thread>::new::thread_start
[INFO] [stdout]   24:     0x78d41beb7dfa - <unknown>
[INFO] [stdout]   25:     0x78d41bf4b3d4 - clone
[INFO] [stdout]   26:                0x0 - <unknown>
[INFO] [stdout] 
[INFO] [stdout] ---- cli_tests::test_cli_version_command stdout ----
[INFO] [stdout] 
[INFO] [stdout] thread 'cli_tests::test_cli_version_command' (5244) panicked at tests/cli_test.rs:26:14:
[INFO] [stdout] Failed to execute xsshend: Os { code: 2, kind: NotFound, message: "No such file or directory" }
[INFO] [stdout] stack backtrace:
[INFO] [stdout]    0:     0x58d6454e13a1 - <<std[70759c8f55707aa4]::sys::backtrace::BacktraceLock>::print::DisplayBacktrace as core[df12db4294e9bfd3]::fmt::Display>::fmt
[INFO] [stdout]    1:     0x58d6454f5aba - core[df12db4294e9bfd3]::fmt::write
[INFO] [stdout]    2:     0x58d6454e5bec - <alloc[2182bb758b4b3781]::vec::Vec<u8> as core[df12db4294e9bfd3]::io::write::Write>::write_fmt
[INFO] [stdout]    3:     0x58d6454bbc16 - std[70759c8f55707aa4]::panicking::default_hook::{closure#0}
[INFO] [stdout]    4:     0x58d6454d8dd9 - std[70759c8f55707aa4]::panicking::default_hook
[INFO] [stdout]    5:     0x58d645450620 - test[9d35eded1c95d3be]::test_main_inner::<test[9d35eded1c95d3be]::test_main_static::{closure#0}>::{closure#0}
[INFO] [stdout]    6:     0x58d6454d8f92 - std[70759c8f55707aa4]::panicking::panic_with_hook
[INFO] [stdout]    7:     0x58d6454bbcc2 - std[70759c8f55707aa4]::panicking::panic_handler::{closure#0}
[INFO] [stdout]    8:     0x58d6454b4799 - std[70759c8f55707aa4]::sys::backtrace::__rust_end_short_backtrace::<std[70759c8f55707aa4]::panicking::panic_handler::{closure#0}, !>
[INFO] [stdout]    9:     0x58d6454bc8bd - __rustc[8fa7c3cbc660c2b3]::rust_begin_unwind
[INFO] [stdout]   10:     0x58d6454f621c - core[df12db4294e9bfd3]::panicking::panic_fmt
[INFO] [stdout]   11:     0x58d6454f5ff2 - core[df12db4294e9bfd3]::result::unwrap_failed
[INFO] [stdout]   12:     0x58d64543e4ab - cli_test[334579b1b6798cc7]::cli_tests::run_xsshend_with_args
[INFO] [stdout]   13:     0x58d64543aff5 - cli_test[334579b1b6798cc7]::cli_tests::test_cli_version_command::{closure#0}
[INFO] [stdout]   14:     0x58d645442363 - <tokio[4e52d7c3d0bfd1d4]::runtime::scheduler::current_thread::Context>::enter::<core[df12db4294e9bfd3]::task::poll::Poll<()>, <tokio[4e52d7c3d0bfd1d4]::runtime::scheduler::current_thread::CoreGuard>::block_on<core[df12db4294e9bfd3]::pin::Pin<&mut core[df12db4294e9bfd3]::pin::Pin<&mut dyn core[df12db4294e9bfd3]::future::future::Future<Output = ()>>>>::{closure#0}::{closure#0}>
[INFO] [stdout]   15:     0x58d6454434d9 - <std[70759c8f55707aa4]::thread::local::LocalKey<tokio[4e52d7c3d0bfd1d4]::runtime::context::Context>>::with::<tokio[4e52d7c3d0bfd1d4]::runtime::context::set_scheduler<(alloc[2182bb758b4b3781]::boxed::Box<tokio[4e52d7c3d0bfd1d4]::runtime::scheduler::current_thread::Core>, core[df12db4294e9bfd3]::option::Option<()>), <tokio[4e52d7c3d0bfd1d4]::runtime::scheduler::current_thread::CoreGuard>::enter<<tokio[4e52d7c3d0bfd1d4]::runtime::scheduler::current_thread::CoreGuard>::block_on<core[df12db4294e9bfd3]::pin::Pin<&mut core[df12db4294e9bfd3]::pin::Pin<&mut dyn core[df12db4294e9bfd3]::future::future::Future<Output = ()>>>>::{closure#0}, core[df12db4294e9bfd3]::option::Option<()>>::{closure#0}>::{closure#0}, (alloc[2182bb758b4b3781]::boxed::Box<tokio[4e52d7c3d0bfd1d4]::runtime::scheduler::current_thread::Core>, core[df12db4294e9bfd3]::option::Option<()>)>
[INFO] [stdout]   16:     0x58d645441fee - <tokio[4e52d7c3d0bfd1d4]::runtime::runtime::Runtime>::block_on::<core[df12db4294e9bfd3]::pin::Pin<&mut dyn core[df12db4294e9bfd3]::future::future::Future<Output = ()>>>
[INFO] [stdout]   17:     0x58d64543f025 - cli_test[334579b1b6798cc7]::cli_tests::test_cli_version_command
[INFO] [stdout]   18:     0x58d6454417b9 - <cli_test[334579b1b6798cc7]::cli_tests::test_cli_version_command::{closure#0} as core[df12db4294e9bfd3]::ops::function::FnOnce<()>>::call_once
[INFO] [stdout]   19:     0x58d64544390b - test[9d35eded1c95d3be]::__rust_begin_short_backtrace::<core[df12db4294e9bfd3]::result::Result<(), alloc[2182bb758b4b3781]::string::String>, fn() -> core[df12db4294e9bfd3]::result::Result<(), alloc[2182bb758b4b3781]::string::String>>
[INFO] [stdout]   20:     0x58d645450f75 - test[9d35eded1c95d3be]::run_test::{closure#0}
[INFO] [stdout]   21:     0x58d64544a834 - std[70759c8f55707aa4]::sys::backtrace::__rust_begin_short_backtrace::<test[9d35eded1c95d3be]::run_test::{closure#1}, ()>
[INFO] [stdout]   22:     0x58d6454540d2 - <std[70759c8f55707aa4]::thread::lifecycle::spawn_unchecked<test[9d35eded1c95d3be]::run_test::{closure#1}, ()>::{closure#1} as core[df12db4294e9bfd3]::ops::function::FnOnce<()>>::call_once::{shim:vtable#0}
[INFO] [stdout]   23:     0x58d6454e0719 - <std[70759c8f55707aa4]::sys::thread::unix::Thread>::new::thread_start
[INFO] [stdout]   24:     0x78d41beb7dfa - <unknown>
[INFO] [stdout]   25:     0x78d41bf4b3d4 - clone
[INFO] [stdout]   26:                0x0 - <unknown>
[INFO] [stdout] 
[INFO] [stdout] ---- cli_tests::test_cli_upload_with_filters stdout ----
[INFO] [stdout] 
[INFO] [stdout] thread 'cli_tests::test_cli_upload_with_filters' (5243) panicked at tests/cli_test.rs:26:14:
[INFO] [stdout] Failed to execute xsshend: Os { code: 2, kind: NotFound, message: "No such file or directory" }
[INFO] [stdout] stack backtrace:
[INFO] [stdout]    0:     0x58d6454e13a1 - <<std[70759c8f55707aa4]::sys::backtrace::BacktraceLock>::print::DisplayBacktrace as core[df12db4294e9bfd3]::fmt::Display>::fmt
[INFO] [stdout]    1:     0x58d6454f5aba - core[df12db4294e9bfd3]::fmt::write
[INFO] [stdout]    2:     0x58d6454e5bec - <alloc[2182bb758b4b3781]::vec::Vec<u8> as core[df12db4294e9bfd3]::io::write::Write>::write_fmt
[INFO] [stdout]    3:     0x58d6454bbc16 - std[70759c8f55707aa4]::panicking::default_hook::{closure#0}
[INFO] [stdout]    4:     0x58d6454d8dd9 - std[70759c8f55707aa4]::panicking::default_hook
[INFO] [stdout]    5:     0x58d645450620 - test[9d35eded1c95d3be]::test_main_inner::<test[9d35eded1c95d3be]::test_main_static::{closure#0}>::{closure#0}
[INFO] [stdout]    6:     0x58d6454d8f92 - std[70759c8f55707aa4]::panicking::panic_with_hook
[INFO] [stdout]    7:     0x58d6454bbcc2 - std[70759c8f55707aa4]::panicking::panic_handler::{closure#0}
[INFO] [stdout]    8:     0x58d6454b4799 - std[70759c8f55707aa4]::sys::backtrace::__rust_end_short_backtrace::<std[70759c8f55707aa4]::panicking::panic_handler::{closure#0}, !>
[INFO] [stdout]    9:     0x58d6454bc8bd - __rustc[8fa7c3cbc660c2b3]::rust_begin_unwind
[INFO] [stdout]   10:     0x58d6454f621c - core[df12db4294e9bfd3]::panicking::panic_fmt
[INFO] [stdout]   11:     0x58d6454f5ff2 - core[df12db4294e9bfd3]::result::unwrap_failed
[INFO] [stdout]   12:     0x58d64543e4ab - cli_test[334579b1b6798cc7]::cli_tests::run_xsshend_with_args
[INFO] [stdout]   13:     0x58d64543c48a - cli_test[334579b1b6798cc7]::cli_tests::test_cli_upload_with_filters::{closure#0}
[INFO] [stdout]   14:     0x58d645442363 - <tokio[4e52d7c3d0bfd1d4]::runtime::scheduler::current_thread::Context>::enter::<core[df12db4294e9bfd3]::task::poll::Poll<()>, <tokio[4e52d7c3d0bfd1d4]::runtime::scheduler::current_thread::CoreGuard>::block_on<core[df12db4294e9bfd3]::pin::Pin<&mut core[df12db4294e9bfd3]::pin::Pin<&mut dyn core[df12db4294e9bfd3]::future::future::Future<Output = ()>>>>::{closure#0}::{closure#0}>
[INFO] [stdout]   15:     0x58d6454434d9 - <std[70759c8f55707aa4]::thread::local::LocalKey<tokio[4e52d7c3d0bfd1d4]::runtime::context::Context>>::with::<tokio[4e52d7c3d0bfd1d4]::runtime::context::set_scheduler<(alloc[2182bb758b4b3781]::boxed::Box<tokio[4e52d7c3d0bfd1d4]::runtime::scheduler::current_thread::Core>, core[df12db4294e9bfd3]::option::Option<()>), <tokio[4e52d7c3d0bfd1d4]::runtime::scheduler::current_thread::CoreGuard>::enter<<tokio[4e52d7c3d0bfd1d4]::runtime::scheduler::current_thread::CoreGuard>::block_on<core[df12db4294e9bfd3]::pin::Pin<&mut core[df12db4294e9bfd3]::pin::Pin<&mut dyn core[df12db4294e9bfd3]::future::future::Future<Output = ()>>>>::{closure#0}, core[df12db4294e9bfd3]::option::Option<()>>::{closure#0}>::{closure#0}, (alloc[2182bb758b4b3781]::boxed::Box<tokio[4e52d7c3d0bfd1d4]::runtime::scheduler::current_thread::Core>, core[df12db4294e9bfd3]::option::Option<()>)>
[INFO] [stdout]   16:     0x58d645441fee - <tokio[4e52d7c3d0bfd1d4]::runtime::runtime::Runtime>::block_on::<core[df12db4294e9bfd3]::pin::Pin<&mut dyn core[df12db4294e9bfd3]::future::future::Future<Output = ()>>>
[INFO] [stdout]   17:     0x58d64543f4e5 - cli_test[334579b1b6798cc7]::cli_tests::test_cli_upload_with_filters
[INFO] [stdout]   18:     0x58d645441839 - <cli_test[334579b1b6798cc7]::cli_tests::test_cli_upload_with_filters::{closure#0} as core[df12db4294e9bfd3]::ops::function::FnOnce<()>>::call_once
[INFO] [stdout]   19:     0x58d64544390b - test[9d35eded1c95d3be]::__rust_begin_short_backtrace::<core[df12db4294e9bfd3]::result::Result<(), alloc[2182bb758b4b3781]::string::String>, fn() -> core[df12db4294e9bfd3]::result::Result<(), alloc[2182bb758b4b3781]::string::String>>
[INFO] [stdout]   20:     0x58d645450f75 - test[9d35eded1c95d3be]::run_test::{closure#0}
[INFO] [stdout]   21:     0x58d64544a834 - std[70759c8f55707aa4]::sys::backtrace::__rust_begin_short_backtrace::<test[9d35eded1c95d3be]::run_test::{closure#1}, ()>
[INFO] [stdout]   22:     0x58d6454540d2 - <std[70759c8f55707aa4]::thread::lifecycle::spawn_unchecked<test[9d35eded1c95d3be]::run_test::{closure#1}, ()>::{closure#1} as core[df12db4294e9bfd3]::ops::function::FnOnce<()>>::call_once::{shim:vtable#0}
[INFO] [stdout]   23:     0x58d6454e0719 - <std[70759c8f55707aa4]::sys::thread::unix::Thread>::new::thread_start
[INFO] [stdout]   24:     0x78d41beb7dfa - <unknown>
[INFO] [stdout]   25:     0x78d41bf4b3d4 - clone
[INFO] [stdout]   26:                0x0 - <unknown>
[INFO] [stdout] 
[INFO] [stdout] ---- cli_tests::test_cli_upload_missing_files stdout ----
[INFO] [stdout] 
[INFO] [stdout] thread 'cli_tests::test_cli_upload_missing_files' (5236) panicked at tests/cli_test.rs:26:14:
[INFO] [stdout] Failed to execute xsshend: Os { code: 2, kind: NotFound, message: "No such file or directory" }
[INFO] [stdout] stack backtrace:
[INFO] [stdout]    0:     0x58d6454e13a1 - <<std[70759c8f55707aa4]::sys::backtrace::BacktraceLock>::print::DisplayBacktrace as core[df12db4294e9bfd3]::fmt::Display>::fmt
[INFO] [stdout]    1:     0x58d6454f5aba - core[df12db4294e9bfd3]::fmt::write
[INFO] [stdout]    2:     0x58d6454e5bec - <alloc[2182bb758b4b3781]::vec::Vec<u8> as core[df12db4294e9bfd3]::io::write::Write>::write_fmt
[INFO] [stdout]    3:     0x58d6454bbc16 - std[70759c8f55707aa4]::panicking::default_hook::{closure#0}
[INFO] [stdout]    4:     0x58d6454d8dd9 - std[70759c8f55707aa4]::panicking::default_hook
[INFO] [stdout]    5:     0x58d645450620 - test[9d35eded1c95d3be]::test_main_inner::<test[9d35eded1c95d3be]::test_main_static::{closure#0}>::{closure#0}
[INFO] [stdout]    6:     0x58d6454d8f92 - std[70759c8f55707aa4]::panicking::panic_with_hook
[INFO] [stdout]    7:     0x58d6454bbcc2 - std[70759c8f55707aa4]::panicking::panic_handler::{closure#0}
[INFO] [stdout]    8:     0x58d6454b4799 - std[70759c8f55707aa4]::sys::backtrace::__rust_end_short_backtrace::<std[70759c8f55707aa4]::panicking::panic_handler::{closure#0}, !>
[INFO] [stdout]    9:     0x58d6454bc8bd - __rustc[8fa7c3cbc660c2b3]::rust_begin_unwind
[INFO] [stdout]   10:     0x58d6454f621c - core[df12db4294e9bfd3]::panicking::panic_fmt
[INFO] [stdout]   11:     0x58d6454f5ff2 - core[df12db4294e9bfd3]::result::unwrap_failed
[INFO] [stdout]   12:     0x58d64543e4ab - cli_test[334579b1b6798cc7]::cli_tests::run_xsshend_with_args
[INFO] [stdout]   13:     0x58d64543c780 - cli_test[334579b1b6798cc7]::cli_tests::test_cli_upload_missing_files::{closure#0}
[INFO] [stdout]   14:     0x58d645442363 - <tokio[4e52d7c3d0bfd1d4]::runtime::scheduler::current_thread::Context>::enter::<core[df12db4294e9bfd3]::task::poll::Poll<()>, <tokio[4e52d7c3d0bfd1d4]::runtime::scheduler::current_thread::CoreGuard>::block_on<core[df12db4294e9bfd3]::pin::Pin<&mut core[df12db4294e9bfd3]::pin::Pin<&mut dyn core[df12db4294e9bfd3]::future::future::Future<Output = ()>>>>::{closure#0}::{closure#0}>
[INFO] [stdout]   15:     0x58d6454434d9 - <std[70759c8f55707aa4]::thread::local::LocalKey<tokio[4e52d7c3d0bfd1d4]::runtime::context::Context>>::with::<tokio[4e52d7c3d0bfd1d4]::runtime::context::set_scheduler<(alloc[2182bb758b4b3781]::boxed::Box<tokio[4e52d7c3d0bfd1d4]::runtime::scheduler::current_thread::Core>, core[df12db4294e9bfd3]::option::Option<()>), <tokio[4e52d7c3d0bfd1d4]::runtime::scheduler::current_thread::CoreGuard>::enter<<tokio[4e52d7c3d0bfd1d4]::runtime::scheduler::current_thread::CoreGuard>::block_on<core[df12db4294e9bfd3]::pin::Pin<&mut core[df12db4294e9bfd3]::pin::Pin<&mut dyn core[df12db4294e9bfd3]::future::future::Future<Output = ()>>>>::{closure#0}, core[df12db4294e9bfd3]::option::Option<()>>::{closure#0}>::{closure#0}, (alloc[2182bb758b4b3781]::boxed::Box<tokio[4e52d7c3d0bfd1d4]::runtime::scheduler::current_thread::Core>, core[df12db4294e9bfd3]::option::Option<()>)>
[INFO] [stdout]   16:     0x58d645441fee - <tokio[4e52d7c3d0bfd1d4]::runtime::runtime::Runtime>::block_on::<core[df12db4294e9bfd3]::pin::Pin<&mut dyn core[df12db4294e9bfd3]::future::future::Future<Output = ()>>>
[INFO] [stdout]   17:     0x58d64543f615 - cli_test[334579b1b6798cc7]::cli_tests::test_cli_upload_missing_files
[INFO] [stdout]   18:     0x58d645441859 - <cli_test[334579b1b6798cc7]::cli_tests::test_cli_upload_missing_files::{closure#0} as core[df12db4294e9bfd3]::ops::function::FnOnce<()>>::call_once
[INFO] [stdout]   19:     0x58d64544390b - test[9d35eded1c95d3be]::__rust_begin_short_backtrace::<core[df12db4294e9bfd3]::result::Result<(), alloc[2182bb758b4b3781]::string::String>, fn() -> core[df12db4294e9bfd3]::result::Result<(), alloc[2182bb758b4b3781]::string::String>>
[INFO] [stdout]   20:     0x58d645450f75 - test[9d35eded1c95d3be]::run_test::{closure#0}
[INFO] [stdout]   21:     0x58d64544a834 - std[70759c8f55707aa4]::sys::backtrace::__rust_begin_short_backtrace::<test[9d35eded1c95d3be]::run_test::{closure#1}, ()>
[INFO] [stdout]   22:     0x58d6454540d2 - <std[70759c8f55707aa4]::thread::lifecycle::spawn_unchecked<test[9d35eded1c95d3be]::run_test::{closure#1}, ()>::{closure#1} as core[df12db4294e9bfd3]::ops::function::FnOnce<()>>::call_once::{shim:vtable#0}
[INFO] [stdout]   23:     0x58d6454e0719 - <std[70759c8f55707aa4]::sys::thread::unix::Thread>::new::thread_start
[INFO] [stdout]   24:     0x78d41beb7dfa - <unknown>
[INFO] [stdout]   25:     0x78d41bf4b3d4 - clone
[INFO] [stdout]   26:                0x0 - <unknown>
[INFO] [stdout] 
[INFO] [stdout] 
[INFO] [stdout] failures:
[INFO] [stdout]     cli_tests::test_cli_destination_default
[INFO] [stdout]     cli_tests::test_cli_empty_file_upload
[INFO] [stdout]     cli_tests::test_cli_help_command
[INFO] [stdout]     cli_tests::test_cli_init_help
[INFO] [stdout]     cli_tests::test_cli_invalid_command
[INFO] [stdout]     cli_tests::test_cli_large_file_upload
[INFO] [stdout]     cli_tests::test_cli_list_command
[INFO] [stdout]     cli_tests::test_cli_list_flag
[INFO] [stdout]     cli_tests::test_cli_list_help
[INFO] [stdout]     cli_tests::test_cli_no_arguments
[INFO] [stdout]     cli_tests::test_cli_special_characters_in_filename
[INFO] [stdout]     cli_tests::test_cli_ssh_key_options_removed
[INFO] [stdout]     cli_tests::test_cli_upload_custom_destination
[INFO] [stdout]     cli_tests::test_cli_upload_dry_run
[INFO] [stdout]     cli_tests::test_cli_upload_help
[INFO] [stdout]     cli_tests::test_cli_upload_invalid_filter
[INFO] [stdout]     cli_tests::test_cli_upload_missing_files
[INFO] [stdout]     cli_tests::test_cli_upload_multiple_files
[INFO] [stdout]     cli_tests::test_cli_upload_nonexistent_file
[INFO] [stdout]     cli_tests::test_cli_upload_with_filters
[INFO] [stdout]     cli_tests::test_cli_version_command
[INFO] [stdout] 
[INFO] [stdout] test result: FAILED. 0 passed; 21 failed; 0 ignored; 0 measured; 0 filtered out; finished in 0.01s
[INFO] [stdout] 
[INFO] running `Command { std: "docker" "inspect" "f17547533a84bb949e7dfb658f8b0b15c1665f563a624a56b1681f27418e11f6", kill_on_drop: false }`
[INFO] running `Command { std: "docker" "rm" "-f" "f17547533a84bb949e7dfb658f8b0b15c1665f563a624a56b1681f27418e11f6", kill_on_drop: false }`
[INFO] [stdout] f17547533a84bb949e7dfb658f8b0b15c1665f563a624a56b1681f27418e11f6
