[INFO] fetching crate xssan 0.3.0...
[INFO] testing xssan-0.3.0 against 1.100.0-beta.1+cargoflags=--release for beta-release-1.100-2
[INFO] extracting crate xssan 0.3.0 into /workspace/builds/worker-1-tc2/source
[INFO] started tweaking crates.io crate xssan 0.3.0
[INFO] finished tweaking crates.io crate xssan 0.3.0
[INFO] tweaked toml for crates.io crate xssan 0.3.0 written to /workspace/builds/worker-1-tc2/source/Cargo.toml
[INFO] validating manifest of crates.io crate xssan 0.3.0 on toolchain 1.100.0-beta.1
[INFO] running `Command { std: CARGO_HOME="/workspace/cargo-home" RUSTUP_HOME="/workspace/rustup-home" "/workspace/cargo-home/bin/cargo" "+1.100.0-beta.1" "metadata" "--manifest-path" "Cargo.toml" "--no-deps", kill_on_drop: false }`
[INFO] crate crates.io crate xssan 0.3.0 already has a lockfile, it will not be regenerated
[INFO] running `Command { std: CARGO_HOME="/workspace/cargo-home" RUSTUP_HOME="/workspace/rustup-home" "/workspace/cargo-home/bin/cargo" "+1.100.0-beta.1" "fetch" "--manifest-path" "Cargo.toml", kill_on_drop: false }`
[INFO] running `Command { std: "docker" "create" "-v" "/var/lib/crater-agent-workspace/builds/worker-1-tc2/source:/opt/rustwide/workdir:ro,Z" "-v" "/var/lib/crater-agent-workspace/builds/worker-1-tc2/target:/opt/rustwide/target:rw,Z" "-v" "/var/lib/crater-agent-workspace/cargo-home:/opt/rustwide/cargo-home:ro,Z" "-v" "/var/lib/crater-agent-workspace/rustup-home:/opt/rustwide/rustup-home:ro,Z" "-m" "1610612736" "--network" "none" "ghcr.io/rust-lang/crates-build-env/linux@sha256:77db811e55d90add9212f6832c23229e3de5f1c1f9905e8cb07319ea15df73ac" "sleep" "infinity", kill_on_drop: false }`
[INFO] [stdout] 775799104ef2a753a967265ac691e7078a512fdd414915cb7e1de74c34cf48f0
[INFO] running `Command { std: "docker" "start" "775799104ef2a753a967265ac691e7078a512fdd414915cb7e1de74c34cf48f0", kill_on_drop: false }`
[INFO] running `Command { std: "docker" "inspect" "775799104ef2a753a967265ac691e7078a512fdd414915cb7e1de74c34cf48f0", kill_on_drop: false }`
[INFO] running `Command { std: "docker" "exec" "-e" "SOURCE_DIR=/opt/rustwide/workdir" "-e" "CARGO_HOME=/opt/rustwide/cargo-home" "-e" "RUSTUP_HOME=/opt/rustwide/rustup-home" "-e" "CARGO_TARGET_DIR=/opt/rustwide/target" "-w" "/opt/rustwide/workdir" "--user" "0:0" "775799104ef2a753a967265ac691e7078a512fdd414915cb7e1de74c34cf48f0" "/opt/rustwide/cargo-home/bin/cargo" "+1.100.0-beta.1" "metadata" "--no-deps" "--format-version=1", kill_on_drop: false }`
[INFO] running `Command { std: "docker" "inspect" "775799104ef2a753a967265ac691e7078a512fdd414915cb7e1de74c34cf48f0", kill_on_drop: false }`
[INFO] running `Command { std: "docker" "exec" "-e" "SOURCE_DIR=/opt/rustwide/workdir" "-e" "CARGO_HOME=/opt/rustwide/cargo-home" "-e" "RUSTUP_HOME=/opt/rustwide/rustup-home" "-e" "CARGO_TARGET_DIR=/opt/rustwide/target" "-e" "CARGO_INCREMENTAL=0" "-e" "RUST_BACKTRACE=full" "-e" "RUSTFLAGS=--cap-lints=warn" "-e" "RUSTDOCFLAGS=--cap-lints=warn" "-w" "/opt/rustwide/workdir" "--user" "0:0" "775799104ef2a753a967265ac691e7078a512fdd414915cb7e1de74c34cf48f0" "/opt/rustwide/cargo-home/bin/cargo" "+1.100.0-beta.1" "build" "--frozen" "--message-format=json" "--release", kill_on_drop: false }`
[INFO] [stderr]    Compiling xssan v0.3.0 (/opt/rustwide/workdir)
[INFO] [stderr]     Finished `release` profile [optimized] target(s) in 0.30s
[INFO] running `Command { std: "docker" "inspect" "775799104ef2a753a967265ac691e7078a512fdd414915cb7e1de74c34cf48f0", kill_on_drop: false }`
[INFO] running `Command { std: "docker" "exec" "-e" "SOURCE_DIR=/opt/rustwide/workdir" "-e" "CARGO_HOME=/opt/rustwide/cargo-home" "-e" "RUSTUP_HOME=/opt/rustwide/rustup-home" "-e" "CARGO_TARGET_DIR=/opt/rustwide/target" "-e" "CARGO_INCREMENTAL=0" "-e" "RUST_BACKTRACE=full" "-e" "RUSTFLAGS=--cap-lints=warn" "-e" "RUSTDOCFLAGS=--cap-lints=warn" "-w" "/opt/rustwide/workdir" "--user" "0:0" "775799104ef2a753a967265ac691e7078a512fdd414915cb7e1de74c34cf48f0" "/opt/rustwide/cargo-home/bin/cargo" "+1.100.0-beta.1" "test" "--frozen" "--no-run" "--message-format=json" "--release", kill_on_drop: false }`
[INFO] [stderr]    Compiling xssan v0.3.0 (/opt/rustwide/workdir)
[INFO] [stderr]     Finished `release` profile [optimized] target(s) in 1.06s
[INFO] running `Command { std: "docker" "inspect" "775799104ef2a753a967265ac691e7078a512fdd414915cb7e1de74c34cf48f0", kill_on_drop: false }`
[INFO] running `Command { std: "docker" "exec" "-e" "SOURCE_DIR=/opt/rustwide/workdir" "-e" "CARGO_HOME=/opt/rustwide/cargo-home" "-e" "RUSTUP_HOME=/opt/rustwide/rustup-home" "-e" "CARGO_TARGET_DIR=/opt/rustwide/target" "-e" "CARGO_INCREMENTAL=0" "-e" "RUST_BACKTRACE=full" "-e" "RUSTFLAGS=--cap-lints=warn" "-e" "RUSTDOCFLAGS=--cap-lints=warn" "-w" "/opt/rustwide/workdir" "--user" "0:0" "775799104ef2a753a967265ac691e7078a512fdd414915cb7e1de74c34cf48f0" "/opt/rustwide/cargo-home/bin/cargo" "+1.100.0-beta.1" "test" "--frozen" "--release", kill_on_drop: false }`
[INFO] [stderr]     Finished `release` profile [optimized] target(s) in 0.02s
[INFO] [stderr]      Running unittests src/lib.rs (/opt/rustwide/target/release/build/xssan/6e6c36c238ad92b5/out/xssan-6e6c36c238ad92b5)
[INFO] [stdout] 
[INFO] [stdout] running 74 tests
[INFO] [stdout] test allocating::tests_allocating::allocating_sanitizer_sanitize_empty_string ... ok
[INFO] [stdout] test allocating::tests_allocating::allocating_sanitizer_sanitize_incomplete_tags ... ok
[INFO] [stdout] test allocating::tests_allocating::allocating_sanitizer_sanitize_already_sanitized ... ok
[INFO] [stdout] test allocating::tests_allocating::allocating_sanitizer_sanitize_multiple_tags ... ok
[INFO] [stdout] test allocating::tests_allocating::allocating_sanitizer_sanitize_no_tags ... ok
[INFO] [stdout] test allocating::tests_allocating::allocating_sanitizer_sanitize_numbers_and_symbols_in_tags ... ok
[INFO] [stdout] test allocating::tests_allocating::allocating_sanitizer_sanitize_mixed_case_tags ... ok
[INFO] [stdout] test allocating::tests_allocating::allocating_sanitizer_sanitize_only_closing_tags ... ok
[INFO] [stdout] test allocating::tests_allocating::allocating_sanitizer_sanitize_only_opening_tags ... ok
[INFO] [stdout] test allocating::tests_allocating::allocating_sanitizer_sanitize_only_html_tags ... ok
[INFO] [stdout] test allocating::tests_allocating::remove_html_tags_2 ... ok
[INFO] [stdout] test allocating::tests_allocating::allocating_sanitizer_sanitize_nested_html_tags ... ok
[INFO] [stdout] test allocating::tests_allocating::allocating_sanitizer_sanitize_tags_and_special_chars ... ok
[INFO] [stdout] test allocating::tests_allocating::allocating_sanitizer_sanitize_tags_at_beginning_and_end ... ok
[INFO] [stdout] test allocating::tests_allocating::remove_html_tags_6 ... ok
[INFO] [stdout] test allocating::tests_allocating::remove_html_tags_0 ... ok
[INFO] [stdout] test allocating::tests_allocating::remove_html_tags_1 ... ok
[INFO] [stdout] test allocating::tests_allocating::remove_html_tags_3 ... ok
[INFO] [stdout] test allocating::tests_allocating::remove_html_tags_7 ... ok
[INFO] [stdout] test allocating::tests_allocating::remove_html_tags_4 ... ok
[INFO] [stdout] test allocating::tests_allocating::remove_html_tags_5 ... ok
[INFO] [stdout] test allocating::tests_allocating::remove_html_tags_attribute_with_multiple_gt ... ok
[INFO] [stdout] test allocating::tests_allocating::remove_html_tags_empty_string ... ok
[INFO] [stdout] test allocating::tests_allocating::remove_html_tags_incomplete_tag_at_beginning ... ok
[INFO] [stdout] test allocating::tests_allocating::remove_html_tags_gt_in_unquoted_attribute_like_context ... ok
[INFO] [stdout] test allocating::tests_allocating::remove_html_tags_attributes_with_special_chars ... ok
[INFO] [stdout] test allocating::tests_allocating::remove_html_tags_mixed_incomplete_tags ... ok
[INFO] [stdout] test allocating::tests_allocating::remove_html_tags_attribute_with_gt_and_other_chars ... ok
[INFO] [stdout] test allocating::tests_allocating::remove_html_tags_multiple_gt_in_text_not_attributes ... ok
[INFO] [stdout] test allocating::tests_allocating::remove_html_tags_multiple_nested_sibling_tags ... ok
[INFO] [stdout] test allocating::tests_allocating::remove_html_tags_incomplete_tag_at_end ... ok
[INFO] [stdout] test allocating::tests_allocating::remove_html_tags_only_opening_tag ... ok
[INFO] [stdout] test allocating::tests_allocating::remove_html_tags_only_html_tags ... ok
[INFO] [stdout] test allocating::tests_allocating::remove_html_tags_mixed_valid_invalid_tags ... ok
[INFO] [stdout] test allocating::tests_allocating::remove_html_tags_incomplete_tag_around_valid_tag ... FAILED
[INFO] [stdout] test allocating::tests_allocating::remove_html_tags_standalone_br ... ok
[INFO] [stdout] test allocating::tests_allocating::remove_html_tags_tags_with_surrounding_whitespace ... ok
[INFO] [stdout] test allocating::tests_allocating::remove_html_tags_self_closing_tags ... ok
[INFO] [stdout] test allocating::tests_allocating::remove_html_tags_standalone_closing_br ... ok
[INFO] [stdout] test allocating::tests_allocating::remove_html_tags_text_with_standalone_closing_tag ... ok
[INFO] [stdout] test allocating::tests_allocating::remove_html_tags_multiple_attributes_with_gt ... ok
[INFO] [stdout] test allocating::tests_allocating::remove_html_tags_no_tags ... ok
[INFO] [stdout] test allocating::tests_allocating::remove_html_tags_only_closing_tag ... ok
[INFO] [stdout] test allocating::tests_allocating::remove_html_tags_tags_no_content ... ok
[INFO] [stdout] test allocating::tests_allocating::sanitize_string_mixed_case_tags ... ok
[INFO] [stdout] test allocating::tests_allocating::remove_html_tags_text_with_standalone_opening_tag ... ok
[INFO] [stdout] test allocating::tests_allocating::remove_html_tags_valid_tag_with_incomplete_tag_inside ... ok
[INFO] [stdout] test allocating::tests_allocating::sanitize_string_multiple_tags ... ok
[INFO] [stdout] test allocating::tests_allocating::sanitize_string_numbers_and_symbols_in_tags ... ok
[INFO] [stdout] test allocating::tests_allocating::sanitize_string_only_closing_tags ... ok
[INFO] [stdout] test allocating::tests_allocating::sanitize_string_0 ... ok
[INFO] [stdout] test allocating::tests_allocating::sanitize_string_already_sanitized ... ok
[INFO] [stdout] test allocating::tests_allocating::sanitize_string_empty_input ... ok
[INFO] [stdout] test allocating::tests_allocating::sanitize_string_only_html_tags ... ok
[INFO] [stdout] test allocating::tests_allocating::sanitize_string_incomplete_tags ... ok
[INFO] [stdout] test allocating::tests_allocating::sanitize_string_only_opening_tags ... ok
[INFO] [stdout] test allocating::tests_allocating::sanitize_string_tags_and_special_chars ... ok
[INFO] [stdout] test allocating::tests_allocating::sanitize_string_nested_html_tags ... ok
[INFO] [stdout] test allocating::tests_allocating::sanitize_string_no_tags ... ok
[INFO] [stdout] test fast::test_fast::remove_brackets_no_brackets ... ok
[INFO] [stdout] test fast::test_fast::remove_brackets_only_brackets ... ok
[INFO] [stdout] test fast::test_fast::remove_brackets_consecutive_at_end ... ok
[INFO] [stdout] test fast::test_fast::remove_brackets_consecutive_in_middle ... ok
[INFO] [stdout] test fast::test_fast::remove_brackets_empty_string ... ok
[INFO] [stdout] test allocating::tests_allocating::sanitize_string_tags_at_beginning_and_end ... ok
[INFO] [stdout] test fast::test_fast::remove_brackets_alternating_brackets_chars ... ok
[INFO] [stdout] test fast::test_fast::remove_brackets_consecutive_at_beginning ... ok
[INFO] [stdout] test fast::test_fast::remove_brackets_numbers_symbols_mixed ... ok
[INFO] [stdout] test fast::test_fast::remove_brackets_only_opening_brackets ... ok
[INFO] [stdout] test fast::test_fast::remove_brackets_unicode_chars ... ok
[INFO] [stdout] test fast::test_fast::remove_brackets_only_closing_brackets ... ok
[INFO] [stdout] test fast::test_fast::remove_brackets_with_special_chars ... ok
[INFO] [stdout] test fast::test_fast::sanitize_string_0 ... ok
[INFO] [stdout] test fast::test_fast::sanitize_string_1 ... ok
[INFO] [stdout] 
[INFO] [stdout] failures:
[INFO] [stdout] 
[INFO] [stdout] ---- allocating::tests_allocating::remove_html_tags_incomplete_tag_around_valid_tag stdout ----
[INFO] [stdout] 
[INFO] [stdout] thread 'allocating::tests_allocating::remove_html_tags_incomplete_tag_around_valid_tag' (167) panicked at src/allocating.rs:401:9:
[INFO] [stdout] assertion `left == right` failed
[INFO] [stdout]   left: ""
[INFO] [stdout]  right: "Hello"
[INFO] [stdout] stack backtrace:
[INFO] [stdout]    0:     0x561a749cac31 - <<std[617be2ca0a6fd877]::sys::backtrace::BacktraceLock>::print::DisplayBacktrace as core[a373ad73a504971]::fmt::Display>::fmt
[INFO] [stdout]    1:     0x561a749deb9a - core[a373ad73a504971]::fmt::write
[INFO] [stdout]    2:     0x561a749cee4c - <alloc[2e1b2a31b91974c5]::vec::Vec<u8> as core[a373ad73a504971]::io::write::Write>::write_fmt
[INFO] [stdout]    3:     0x561a749a7096 - std[617be2ca0a6fd877]::panicking::default_hook::{closure#0}
[INFO] [stdout]    4:     0x561a749c32c9 - std[617be2ca0a6fd877]::panicking::default_hook
[INFO] [stdout]    5:     0x561a7495f970 - test[aada8e7e76ba119b]::test_main_inner::{closure#0}
[INFO] [stdout]    6:     0x561a749c3482 - std[617be2ca0a6fd877]::panicking::panic_with_hook
[INFO] [stdout]    7:     0x561a749a7142 - std[617be2ca0a6fd877]::panicking::panic_handler::{closure#0}
[INFO] [stdout]    8:     0x561a7499fe59 - std[617be2ca0a6fd877]::sys::backtrace::__rust_end_short_backtrace::<std[617be2ca0a6fd877]::panicking::panic_handler::{closure#0}, !>
[INFO] [stdout]    9:     0x561a749a7d4d - __rustc[ea4f61d10b84890b]::rust_begin_unwind
[INFO] [stdout]   10:     0x561a749df2cc - core[a373ad73a504971]::panicking::panic_fmt
[INFO] [stdout]   11:     0x561a749df1e3 - core[a373ad73a504971]::panicking::assert_failed_inner
[INFO] [stdout]   12:     0x561a74951de4 - core[a373ad73a504971]::panicking::assert_failed::<alloc[2e1b2a31b91974c5]::string::String, alloc[2e1b2a31b91974c5]::string::String>
[INFO] [stdout]   13:     0x561a7495040c - <xssan[2f8a36ee519977b5]::allocating::tests_allocating::remove_html_tags_incomplete_tag_around_valid_tag::{closure#0} as core[a373ad73a504971]::ops::function::FnOnce<()>>::call_once
[INFO] [stdout]   14:     0x561a74952dbb - test[aada8e7e76ba119b]::__rust_begin_short_backtrace::<core[a373ad73a504971]::result::Result<(), alloc[2e1b2a31b91974c5]::string::String>, fn() -> core[a373ad73a504971]::result::Result<(), alloc[2e1b2a31b91974c5]::string::String>>
[INFO] [stdout]   15:     0x561a7495ff95 - test[aada8e7e76ba119b]::run_test::{closure#0}
[INFO] [stdout]   16:     0x561a74959884 - std[617be2ca0a6fd877]::sys::backtrace::__rust_begin_short_backtrace::<test[aada8e7e76ba119b]::run_test::{closure#1}, ()>
[INFO] [stdout]   17:     0x561a74963022 - <std[617be2ca0a6fd877]::thread::lifecycle::spawn_unchecked<test[aada8e7e76ba119b]::run_test::{closure#1}, ()>::{closure#1} as core[a373ad73a504971]::ops::function::FnOnce<()>>::call_once::{shim:vtable#0}
[INFO] [stdout]   18:     0x561a749ca48f - <std[617be2ca0a6fd877]::sys::thread::unix::Thread>::new::thread_start
[INFO] [stdout]   19:     0x70e4929aadfa - <unknown>
[INFO] [stdout]   20:     0x70e492a3e3d4 - clone
[INFO] [stdout]   21:                0x0 - <unknown>
[INFO] [stdout] 
[INFO] [stdout] 
[INFO] [stdout] failures:
[INFO] [stdout]     allocating::tests_allocating::remove_html_tags_incomplete_tag_around_valid_tag
[INFO] [stdout] 
[INFO] [stdout] test result: FAILED. 73 passed; 1 failed; 0 ignored; 0 measured; 0 filtered out; finished in 0.02s
[INFO] [stdout] 
[INFO] [stderr] error: test failed, to rerun pass `--lib`
[INFO] running `Command { std: "docker" "inspect" "775799104ef2a753a967265ac691e7078a512fdd414915cb7e1de74c34cf48f0", kill_on_drop: false }`
[INFO] running `Command { std: "docker" "rm" "-f" "775799104ef2a753a967265ac691e7078a512fdd414915cb7e1de74c34cf48f0", kill_on_drop: false }`
[INFO] [stdout] 775799104ef2a753a967265ac691e7078a512fdd414915cb7e1de74c34cf48f0
