[INFO] fetching crate xsil 0.2.15...
[INFO] testing xsil-0.2.15 against 1.99.0-beta.8+cargoflags=--release for beta-release-1.100-2
[INFO] extracting crate xsil 0.2.15 into /workspace/builds/worker-6-tc1/source
[INFO] started tweaking crates.io crate xsil 0.2.15
[INFO] finished tweaking crates.io crate xsil 0.2.15
[INFO] tweaked toml for crates.io crate xsil 0.2.15 written to /workspace/builds/worker-6-tc1/source/Cargo.toml
[INFO] validating manifest of crates.io crate xsil 0.2.15 on toolchain 1.99.0-beta.8
[INFO] running `Command { std: CARGO_HOME="/workspace/cargo-home" RUSTUP_HOME="/workspace/rustup-home" "/workspace/cargo-home/bin/cargo" "+1.99.0-beta.8" "metadata" "--manifest-path" "Cargo.toml" "--no-deps", kill_on_drop: false }`
[INFO] crate crates.io crate xsil 0.2.15 already has a lockfile, it will not be regenerated
[INFO] running `Command { std: CARGO_HOME="/workspace/cargo-home" RUSTUP_HOME="/workspace/rustup-home" "/workspace/cargo-home/bin/cargo" "+1.99.0-beta.8" "fetch" "--manifest-path" "Cargo.toml", kill_on_drop: false }`
[INFO] [stderr]     Blocking waiting for file lock on package cache
[INFO] [stderr]     Blocking waiting for file lock on package cache
[INFO] [stderr]  Downloading crates ...
[INFO] [stderr]   Downloaded reqwest v0.11.23
[INFO] [stderr]   Downloaded simplelog v0.12.1
[INFO] [stderr]   Downloaded rpassword v7.4.0
[INFO] [stderr]   Downloaded uuid v1.20.0
[INFO] running `Command { std: "docker" "create" "-v" "/var/lib/crater-agent-workspace/builds/worker-6-tc1/source:/opt/rustwide/workdir:ro,Z" "-v" "/var/lib/crater-agent-workspace/builds/worker-6-tc1/target:/opt/rustwide/target:rw,Z" "-v" "/var/lib/crater-agent-workspace/cargo-home:/opt/rustwide/cargo-home:ro,Z" "-v" "/var/lib/crater-agent-workspace/rustup-home:/opt/rustwide/rustup-home:ro,Z" "-m" "1610612736" "--network" "none" "ghcr.io/rust-lang/crates-build-env/linux@sha256:77db811e55d90add9212f6832c23229e3de5f1c1f9905e8cb07319ea15df73ac" "sleep" "infinity", kill_on_drop: false }`
[INFO] [stdout] bb70a3232482ad6528650d3c020015b6fc7ea6a60c7e901e0de88abea2d07819
[INFO] running `Command { std: "docker" "start" "bb70a3232482ad6528650d3c020015b6fc7ea6a60c7e901e0de88abea2d07819", kill_on_drop: false }`
[INFO] running `Command { std: "docker" "inspect" "bb70a3232482ad6528650d3c020015b6fc7ea6a60c7e901e0de88abea2d07819", kill_on_drop: false }`
[INFO] running `Command { std: "docker" "exec" "-e" "SOURCE_DIR=/opt/rustwide/workdir" "-e" "CARGO_HOME=/opt/rustwide/cargo-home" "-e" "RUSTUP_HOME=/opt/rustwide/rustup-home" "-e" "CARGO_TARGET_DIR=/opt/rustwide/target" "-w" "/opt/rustwide/workdir" "--user" "0:0" "bb70a3232482ad6528650d3c020015b6fc7ea6a60c7e901e0de88abea2d07819" "/opt/rustwide/cargo-home/bin/cargo" "+1.99.0-beta.8" "metadata" "--no-deps" "--format-version=1", kill_on_drop: false }`
[INFO] running `Command { std: "docker" "inspect" "bb70a3232482ad6528650d3c020015b6fc7ea6a60c7e901e0de88abea2d07819", kill_on_drop: false }`
[INFO] running `Command { std: "docker" "exec" "-e" "SOURCE_DIR=/opt/rustwide/workdir" "-e" "CARGO_HOME=/opt/rustwide/cargo-home" "-e" "RUSTUP_HOME=/opt/rustwide/rustup-home" "-e" "CARGO_TARGET_DIR=/opt/rustwide/target" "-e" "CARGO_INCREMENTAL=0" "-e" "RUST_BACKTRACE=full" "-e" "RUSTFLAGS=--cap-lints=warn" "-e" "RUSTDOCFLAGS=--cap-lints=warn" "-w" "/opt/rustwide/workdir" "--user" "0:0" "bb70a3232482ad6528650d3c020015b6fc7ea6a60c7e901e0de88abea2d07819" "/opt/rustwide/cargo-home/bin/cargo" "+1.99.0-beta.8" "build" "--frozen" "--message-format=json" "--release", kill_on_drop: false }`
[INFO] [stderr]    Compiling http v0.2.12
[INFO] [stderr]    Compiling hashbrown v0.14.5
[INFO] [stderr]    Compiling rustls v0.21.12
[INFO] [stderr]    Compiling getrandom v0.2.17
[INFO] [stderr]    Compiling tracing v0.1.44
[INFO] [stderr]    Compiling tokio v1.52.3
[INFO] [stderr]    Compiling futures-util v0.3.32
[INFO] [stderr]    Compiling rustix v1.1.4
[INFO] [stderr]    Compiling ring v0.17.14
[INFO] [stderr]    Compiling zstd-sys v2.0.16+zstd.1.5.7
[INFO] [stderr]    Compiling unicode-normalization v0.1.25
[INFO] [stderr]    Compiling socket2 v0.5.10
[INFO] [stderr]    Compiling unicode-bidi v0.3.18
[INFO] [stderr]    Compiling time-core v0.1.2
[INFO] [stderr]    Compiling getrandom v0.3.4
[INFO] [stderr]    Compiling anstream v0.6.21
[INFO] [stderr]    Compiling time-macros v0.2.18
[INFO] [stderr]    Compiling deranged v0.3.11
[INFO] [stderr]    Compiling serde v1.0.228
[INFO] [stderr]    Compiling crypto-common v0.1.7
[INFO] [stderr]    Compiling clap_lex v0.7.6
[INFO] [stderr]    Compiling simd-adler32 v0.3.9
[INFO] [stderr]    Compiling dirs-sys v0.4.1
[INFO] [stderr]    Compiling idna v0.4.0
[INFO] [stderr]    Compiling serde_urlencoded v0.7.1
[INFO] [stderr]    Compiling console v0.15.11
[INFO] [stderr]    Compiling clap_builder v4.5.53
[INFO] [stderr]    Compiling rustls-pemfile v1.0.4
[INFO] [stderr]    Compiling miniz_oxide v0.8.9
[INFO] [stderr]    Compiling indexmap v2.2.6
[INFO] [stderr]    Compiling time v0.3.36
[INFO] [stderr]    Compiling clap_derive v4.5.49
[INFO] [stderr]    Compiling http-body v0.4.6
[INFO] [stderr]    Compiling url v2.4.1
[INFO] [stderr]    Compiling digest v0.10.7
[INFO] [stderr]    Compiling rtoolbox v0.0.5
[INFO] [stderr]    Compiling filetime v0.2.29
[INFO] [stderr]    Compiling webpki-roots v0.25.4
[INFO] [stderr]    Compiling xattr v1.6.1
[INFO] [stderr]    Compiling termcolor v1.1.3
[INFO] [stderr]    Compiling number_prefix v0.4.0
[INFO] [stderr]    Compiling tar v0.4.46
[INFO] [stderr]    Compiling sha2 v0.10.9
[INFO] [stderr]    Compiling indicatif v0.17.11
[INFO] [stderr]    Compiling colored v2.2.0
[INFO] [stderr]    Compiling chrono v0.4.44
[INFO] [stderr]    Compiling rpassword v7.4.0
[INFO] [stderr]    Compiling simplelog v0.12.1
[INFO] [stderr]    Compiling flate2 v1.1.9
[INFO] [stderr]    Compiling uuid v1.20.0
[INFO] [stderr]    Compiling directories v5.0.1
[INFO] [stderr]    Compiling fs2 v0.4.3
[INFO] [stderr]    Compiling glob v0.3.3
[INFO] [stderr]    Compiling semver v1.0.28
[INFO] [stderr]    Compiling clap v4.5.53
[INFO] [stderr]    Compiling tokio-util v0.7.18
[INFO] [stderr]    Compiling h2 v0.3.27
[INFO] [stderr]    Compiling hyper v0.14.32
[INFO] [stderr]    Compiling rustls-webpki v0.101.7
[INFO] [stderr]    Compiling sct v0.7.1
[INFO] [stderr]    Compiling tokio-rustls v0.24.1
[INFO] [stderr]    Compiling hyper-rustls v0.24.2
[INFO] [stderr]    Compiling reqwest v0.11.23
[INFO] [stderr]    Compiling zstd-safe v7.2.4
[INFO] [stderr]    Compiling zstd v0.13.3
[INFO] [stderr]    Compiling xsil v0.2.15 (/opt/rustwide/workdir)
[INFO] [stderr]     Finished `release` profile [optimized] target(s) in 1m 56s
[INFO] running `Command { std: "docker" "inspect" "bb70a3232482ad6528650d3c020015b6fc7ea6a60c7e901e0de88abea2d07819", kill_on_drop: false }`
[INFO] running `Command { std: "docker" "exec" "-e" "SOURCE_DIR=/opt/rustwide/workdir" "-e" "CARGO_HOME=/opt/rustwide/cargo-home" "-e" "RUSTUP_HOME=/opt/rustwide/rustup-home" "-e" "CARGO_TARGET_DIR=/opt/rustwide/target" "-e" "CARGO_INCREMENTAL=0" "-e" "RUST_BACKTRACE=full" "-e" "RUSTFLAGS=--cap-lints=warn" "-e" "RUSTDOCFLAGS=--cap-lints=warn" "-w" "/opt/rustwide/workdir" "--user" "0:0" "bb70a3232482ad6528650d3c020015b6fc7ea6a60c7e901e0de88abea2d07819" "/opt/rustwide/cargo-home/bin/cargo" "+1.99.0-beta.8" "test" "--frozen" "--no-run" "--message-format=json" "--release", kill_on_drop: false }`
[INFO] [stderr]    Compiling rustix v1.1.4
[INFO] [stderr]    Compiling fastrand v2.4.1
[INFO] [stderr]    Compiling xattr v1.6.1
[INFO] [stderr]    Compiling tempfile v3.27.0
[INFO] [stderr]    Compiling tar v0.4.46
[INFO] [stderr]    Compiling xsil v0.2.15 (/opt/rustwide/workdir)
[INFO] [stderr]     Finished `release` profile [optimized] target(s) in 12.80s
[INFO] running `Command { std: "docker" "inspect" "bb70a3232482ad6528650d3c020015b6fc7ea6a60c7e901e0de88abea2d07819", kill_on_drop: false }`
[INFO] running `Command { std: "docker" "exec" "-e" "SOURCE_DIR=/opt/rustwide/workdir" "-e" "CARGO_HOME=/opt/rustwide/cargo-home" "-e" "RUSTUP_HOME=/opt/rustwide/rustup-home" "-e" "CARGO_TARGET_DIR=/opt/rustwide/target" "-e" "CARGO_INCREMENTAL=0" "-e" "RUST_BACKTRACE=full" "-e" "RUSTFLAGS=--cap-lints=warn" "-e" "RUSTDOCFLAGS=--cap-lints=warn" "-w" "/opt/rustwide/workdir" "--user" "0:0" "bb70a3232482ad6528650d3c020015b6fc7ea6a60c7e901e0de88abea2d07819" "/opt/rustwide/cargo-home/bin/cargo" "+1.99.0-beta.8" "test" "--frozen" "--release", kill_on_drop: false }`
[INFO] [stderr]     Finished `release` profile [optimized] target(s) in 0.15s
[INFO] [stderr]      Running unittests src/main.rs (/opt/rustwide/target/release/deps/xsil-58156fd3218b3e3d)
[INFO] [stdout] 
[INFO] [stdout] running 42 tests
[INFO] [stdout] test manager::tests::is_ignored_glob_pattern ... ok
[INFO] [stdout] test tests::info_conflicts_renders_shared_as_info_not_warning ... ok
[INFO] [stdout] test request::tests::rejects_structured_money_keys ... ok
[INFO] [stdout] test request::tests::allows_clean_body ... ok
[INFO] [stdout] test manager::tests::rvx_demo_payload_hash_order_snapshot ... FAILED
[INFO] [stdout] test request::tests::nested_money_key_rejected ... ok
[INFO] [stdout] test tests::info_conflicts_renders_shared_major_opcode_as_info_not_fatal ... ok
[INFO] [stdout] test tests::info_conflicts_none_known ... ok
[INFO] [stdout] test tests::info_conflicts_real_opcode_counts_as_confirmed ... ok
[INFO] [stdout] test tests::info_conflicts_shared_space_and_partial_are_not_confirmed ... ok
[INFO] [stdout] test wizard::tests::build_opcode_check_request_propagates_mnemonic ... ok
[INFO] [stdout] test request::tests::visibility_parse ... ok
[INFO] [stdout] test manager::tests::xsilignore_excludes_patterns ... ok
[INFO] [stdout] test manager::tests::negation_unignores_files ... ok
[INFO] [stdout] test wizard::tests::builds_opcode_candidate_with_funct12_for_i_singleton ... ok
[INFO] [stdout] test manager::tests::is_ignored_builtin ... ok
[INFO] [stdout] test wizard::tests::github_owner_slug_normalizes_author ... ok
[INFO] [stdout] test wizard::tests::builds_opcode_candidate_without_funct_for_u_type ... ok
[INFO] [stdout] test wizard::tests::opcode_check_request_serializes_funct12_when_set ... ok
[INFO] [stdout] test manager::tests::payload_hash_from_archive_bytes_matches_directory ... FAILED
[INFO] [stdout] test wizard::tests::builds_opcode_candidate_for_r_type ... ok
[INFO] [stdout] test init::tests::scaffold_passes_local_validation ... ok
[INFO] [stdout] test wizard::tests::rejects_missing_authority ... ok
[INFO] [stdout] test manager::tests::rvx_demo_payload_hash_golden ... FAILED
[INFO] [stdout] test wizard::tests::rejects_invalid_format ... ok
[INFO] [stdout] test wizard::tests::instructions_are_serialised_into_opcodes_json ... ok
[INFO] [stdout] test wizard::tests::rejects_missing_repository ... ok
[INFO] [stdout] test wizard::tests::rejects_reserved_slug ... ok
[INFO] [stdout] test wizard::tests::rejects_missing_standard_status ... ok
[INFO] [stdout] test wizard::tests::rejects_unknown_standard_status ... ok
[INFO] [stdout] test wizard::tests::persists_standard_status_and_authority ... ok
[INFO] [stdout] test wizard::tests::rejects_non_http_repository ... ok
[INFO] [stdout] test wizard::tests::opcodes_header_macro_per_instruction ... ok
[INFO] [stdout] test wizard::tests::invalid_opcode_skips_registry_check_candidate ... ok
[INFO] [stdout] test wizard::tests::persists_repository_in_manifest ... ok
[INFO] [stdout] test manager::tests::builtin_exclusions_always_apply ... ok
[INFO] [stdout] test wizard::tests::validate_http_url_rejects_whitespace ... ok
[INFO] [stdout] test wizard::tests::spike_extension_skeleton_registers_handlers ... ok
[INFO] [stdout] test wizard::tests::instructions_combined_test_lists_each_mnemonic ... ok
[INFO] [stdout] test wizard::tests::license_matches_known_spdx ... ok
[INFO] [stdout] test wizard::tests::skeleton_passes_local_validation ... ok
[INFO] [stdout] test wizard::tests::scaffolded_test_script_passes_in_demo_mode ... ok
[INFO] [stdout] 
[INFO] [stdout] failures:
[INFO] [stdout] 
[INFO] [stdout] ---- manager::tests::rvx_demo_payload_hash_order_snapshot stdout ----
[INFO] [stdout] 
[INFO] [stdout] thread 'manager::tests::rvx_demo_payload_hash_order_snapshot' (1718) panicked at src/manager.rs:806:40:
[INFO] [stdout] rvx-demo path: Os { code: 2, kind: NotFound, message: "No such file or directory" }
[INFO] [stdout] stack backtrace:
[INFO] [stdout]    0:     0x6386e298a5e1 - <<std[70759c8f55707aa4]::sys::backtrace::BacktraceLock>::print::DisplayBacktrace as core[df12db4294e9bfd3]::fmt::Display>::fmt
[INFO] [stdout]    1:     0x6386e29a1e8a - core[df12db4294e9bfd3]::fmt::write
[INFO] [stdout]    2:     0x6386e298f6ec - <alloc[2182bb758b4b3781]::vec::Vec<u8> as core[df12db4294e9bfd3]::io::write::Write>::write_fmt
[INFO] [stdout]    3:     0x6386e2962e26 - std[70759c8f55707aa4]::panicking::default_hook::{closure#0}
[INFO] [stdout]    4:     0x6386e29811d9 - std[70759c8f55707aa4]::panicking::default_hook
[INFO] [stdout]    5:     0x6386e28b3180 - test[9d35eded1c95d3be]::test_main_inner::<test[9d35eded1c95d3be]::test_main_static::{closure#0}>::{closure#0}
[INFO] [stdout]    6:     0x6386e2981502 - std[70759c8f55707aa4]::panicking::panic_with_hook
[INFO] [stdout]    7:     0x6386e2962ed2 - std[70759c8f55707aa4]::panicking::panic_handler::{closure#0}
[INFO] [stdout]    8:     0x6386e295b1f9 - std[70759c8f55707aa4]::sys::backtrace::__rust_end_short_backtrace::<std[70759c8f55707aa4]::panicking::panic_handler::{closure#0}, !>
[INFO] [stdout]    9:     0x6386e2963efd - __rustc[8fa7c3cbc660c2b3]::rust_begin_unwind
[INFO] [stdout]   10:     0x6386e29a25ec - core[df12db4294e9bfd3]::panicking::panic_fmt
[INFO] [stdout]   11:     0x6386e29a23c2 - core[df12db4294e9bfd3]::result::unwrap_failed
[INFO] [stdout]   12:     0x6386e289b518 - xsil[81c7e18447d4bad6]::manager::tests::rvx_demo_payload_hash_order_snapshot
[INFO] [stdout]   13:     0x6386e28823c9 - <xsil[81c7e18447d4bad6]::manager::tests::rvx_demo_payload_hash_order_snapshot::{closure#0} as core[df12db4294e9bfd3]::ops::function::FnOnce<()>>::call_once
[INFO] [stdout]   14:     0x6386e28a646b - test[9d35eded1c95d3be]::__rust_begin_short_backtrace::<core[df12db4294e9bfd3]::result::Result<(), alloc[2182bb758b4b3781]::string::String>, fn() -> core[df12db4294e9bfd3]::result::Result<(), alloc[2182bb758b4b3781]::string::String>>
[INFO] [stdout]   15:     0x6386e28b3ad5 - test[9d35eded1c95d3be]::run_test::{closure#0}
[INFO] [stdout]   16:     0x6386e28ad394 - std[70759c8f55707aa4]::sys::backtrace::__rust_begin_short_backtrace::<test[9d35eded1c95d3be]::run_test::{closure#1}, ()>
[INFO] [stdout]   17:     0x6386e28b6c32 - <std[70759c8f55707aa4]::thread::lifecycle::spawn_unchecked<test[9d35eded1c95d3be]::run_test::{closure#1}, ()>::{closure#1} as core[df12db4294e9bfd3]::ops::function::FnOnce<()>>::call_once::{shim:vtable#0}
[INFO] [stdout]   18:     0x6386e2989919 - <std[70759c8f55707aa4]::sys::thread::unix::Thread>::new::thread_start
[INFO] [stdout]   19:     0x7638049dedfa - <unknown>
[INFO] [stdout]   20:     0x763804a723d4 - clone
[INFO] [stdout]   21:                0x0 - <unknown>
[INFO] [stdout] 
[INFO] [stdout] ---- manager::tests::payload_hash_from_archive_bytes_matches_directory stdout ----
[INFO] [stdout] 
[INFO] [stdout] thread 'manager::tests::payload_hash_from_archive_bytes_matches_directory' (1716) panicked at src/manager.rs:782:40:
[INFO] [stdout] rvx-demo path: Os { code: 2, kind: NotFound, message: "No such file or directory" }
[INFO] [stdout] stack backtrace:
[INFO] [stdout]    0:     0x6386e298a5e1 - <<std[70759c8f55707aa4]::sys::backtrace::BacktraceLock>::print::DisplayBacktrace as core[df12db4294e9bfd3]::fmt::Display>::fmt
[INFO] [stdout]    1:     0x6386e29a1e8a - core[df12db4294e9bfd3]::fmt::write
[INFO] [stdout]    2:     0x6386e298f6ec - <alloc[2182bb758b4b3781]::vec::Vec<u8> as core[df12db4294e9bfd3]::io::write::Write>::write_fmt
[INFO] [stdout]    3:     0x6386e2962e26 - std[70759c8f55707aa4]::panicking::default_hook::{closure#0}
[INFO] [stdout]    4:     0x6386e29811d9 - std[70759c8f55707aa4]::panicking::default_hook
[INFO] [stdout]    5:     0x6386e28b3180 - test[9d35eded1c95d3be]::test_main_inner::<test[9d35eded1c95d3be]::test_main_static::{closure#0}>::{closure#0}
[INFO] [stdout]    6:     0x6386e2981502 - std[70759c8f55707aa4]::panicking::panic_with_hook
[INFO] [stdout]    7:     0x6386e2962ed2 - std[70759c8f55707aa4]::panicking::panic_handler::{closure#0}
[INFO] [stdout]    8:     0x6386e295b1f9 - std[70759c8f55707aa4]::sys::backtrace::__rust_end_short_backtrace::<std[70759c8f55707aa4]::panicking::panic_handler::{closure#0}, !>
[INFO] [stdout]    9:     0x6386e2963efd - __rustc[8fa7c3cbc660c2b3]::rust_begin_unwind
[INFO] [stdout]   10:     0x6386e29a25ec - core[df12db4294e9bfd3]::panicking::panic_fmt
[INFO] [stdout]   11:     0x6386e29a23c2 - core[df12db4294e9bfd3]::result::unwrap_failed
[INFO] [stdout]   12:     0x6386e289ba48 - xsil[81c7e18447d4bad6]::manager::tests::payload_hash_from_archive_bytes_matches_directory
[INFO] [stdout]   13:     0x6386e28823e9 - <xsil[81c7e18447d4bad6]::manager::tests::payload_hash_from_archive_bytes_matches_directory::{closure#0} as core[df12db4294e9bfd3]::ops::function::FnOnce<()>>::call_once
[INFO] [stdout]   14:     0x6386e28a646b - test[9d35eded1c95d3be]::__rust_begin_short_backtrace::<core[df12db4294e9bfd3]::result::Result<(), alloc[2182bb758b4b3781]::string::String>, fn() -> core[df12db4294e9bfd3]::result::Result<(), alloc[2182bb758b4b3781]::string::String>>
[INFO] [stdout]   15:     0x6386e28b3ad5 - test[9d35eded1c95d3be]::run_test::{closure#0}
[INFO] [stdout]   16:     0x6386e28ad394 - std[70759c8f55707aa4]::sys::backtrace::__rust_begin_short_backtrace::<test[9d35eded1c95d3be]::run_test::{closure#1}, ()>
[INFO] [stdout]   17:     0x6386e28b6c32 - <std[70759c8f55707aa4]::thread::lifecycle::spawn_unchecked<test[9d35eded1c95d3be]::run_test::{closure#1}, ()>::{closure#1} as core[df12db4294e9bfd3]::ops::function::FnOnce<()>>::call_once::{shim:vtable#0}
[INFO] [stdout]   18:     0x6386e2989919 - <std[70759c8f55707aa4]::sys::thread::unix::Thread>::new::thread_start
[INFO] [stdout]   19:     0x7638049dedfa - <unknown>
[INFO] [stdout]   20:     0x763804a723d4 - clone
[INFO] [stdout]   21:                0x0 - <unknown>
[INFO] [stdout] 
[INFO] [stdout] ---- manager::tests::rvx_demo_payload_hash_golden stdout ----
[INFO] [stdout] 
[INFO] [stdout] thread 'manager::tests::rvx_demo_payload_hash_golden' (1717) panicked at src/manager.rs:764:40:
[INFO] [stdout] rvx-demo path: Os { code: 2, kind: NotFound, message: "No such file or directory" }
[INFO] [stdout] stack backtrace:
[INFO] [stdout]    0:     0x6386e298a5e1 - <<std[70759c8f55707aa4]::sys::backtrace::BacktraceLock>::print::DisplayBacktrace as core[df12db4294e9bfd3]::fmt::Display>::fmt
[INFO] [stdout]    1:     0x6386e29a1e8a - core[df12db4294e9bfd3]::fmt::write
[INFO] [stdout]    2:     0x6386e298f6ec - <alloc[2182bb758b4b3781]::vec::Vec<u8> as core[df12db4294e9bfd3]::io::write::Write>::write_fmt
[INFO] [stdout]    3:     0x6386e2962e26 - std[70759c8f55707aa4]::panicking::default_hook::{closure#0}
[INFO] [stdout]    4:     0x6386e29811d9 - std[70759c8f55707aa4]::panicking::default_hook
[INFO] [stdout]    5:     0x6386e28b3180 - test[9d35eded1c95d3be]::test_main_inner::<test[9d35eded1c95d3be]::test_main_static::{closure#0}>::{closure#0}
[INFO] [stdout]    6:     0x6386e2981502 - std[70759c8f55707aa4]::panicking::panic_with_hook
[INFO] [stdout]    7:     0x6386e2962ed2 - std[70759c8f55707aa4]::panicking::panic_handler::{closure#0}
[INFO] [stdout]    8:     0x6386e295b1f9 - std[70759c8f55707aa4]::sys::backtrace::__rust_end_short_backtrace::<std[70759c8f55707aa4]::panicking::panic_handler::{closure#0}, !>
[INFO] [stdout]    9:     0x6386e2963efd - __rustc[8fa7c3cbc660c2b3]::rust_begin_unwind
[INFO] [stdout]   10:     0x6386e29a25ec - core[df12db4294e9bfd3]::panicking::panic_fmt
[INFO] [stdout]   11:     0x6386e29a23c2 - core[df12db4294e9bfd3]::result::unwrap_failed
[INFO] [stdout]   12:     0x6386e289a555 - xsil[81c7e18447d4bad6]::manager::tests::rvx_demo_payload_hash_golden
[INFO] [stdout]   13:     0x6386e2882369 - <xsil[81c7e18447d4bad6]::manager::tests::rvx_demo_payload_hash_golden::{closure#0} as core[df12db4294e9bfd3]::ops::function::FnOnce<()>>::call_once
[INFO] [stdout]   14:     0x6386e28a646b - test[9d35eded1c95d3be]::__rust_begin_short_backtrace::<core[df12db4294e9bfd3]::result::Result<(), alloc[2182bb758b4b3781]::string::String>, fn() -> core[df12db4294e9bfd3]::result::Result<(), alloc[2182bb758b4b3781]::string::String>>
[INFO] [stdout]   15:     0x6386e28b3ad5 - test[9d35eded1c95d3be]::run_test::{closure#0}
[INFO] [stdout]   16:     0x6386e28ad394 - std[70759c8f55707aa4]::sys::backtrace::__rust_begin_short_backtrace::<test[9d35eded1c95d3be]::run_test::{closure#1}, ()>
[INFO] [stdout]   17:     0x6386e28b6c32 - <std[70759c8f55707aa4]::thread::lifecycle::spawn_unchecked<test[9d35eded1c95d3be]::run_test::{closure#1}, ()>::{closure#1} as core[df12db4294e9bfd3]::ops::function::FnOnce<()>>::call_once::{shim:vtable#0}
[INFO] [stdout]   18:     0x6386e2989919 - <std[70759c8f55707aa4]::sys::thread::unix::Thread>::new::thread_start
[INFO] [stdout]   19:     0x7638049dedfa - <unknown>
[INFO] [stdout]   20:     0x763804a723d4 - clone
[INFO] [stdout]   21:                0x0 - <unknown>
[INFO] [stdout] 
[INFO] [stdout] 
[INFO] [stdout] failures:
[INFO] [stdout]     manager::tests::payload_hash_from_archive_bytes_matches_directory
[INFO] [stdout]     manager::tests::rvx_demo_payload_hash_golden
[INFO] [stdout]     manager::tests::rvx_demo_payload_hash_order_snapshot
[INFO] [stdout] 
[INFO] [stdout] test result: FAILED. 39 passed; 3 failed; 0 ignored; 0 measured; 0 filtered out; finished in 0.06s
[INFO] [stdout] 
[INFO] [stderr] error: test failed, to rerun pass `--bin xsil`
[INFO] running `Command { std: "docker" "inspect" "bb70a3232482ad6528650d3c020015b6fc7ea6a60c7e901e0de88abea2d07819", kill_on_drop: false }`
[INFO] running `Command { std: "docker" "rm" "-f" "bb70a3232482ad6528650d3c020015b6fc7ea6a60c7e901e0de88abea2d07819", kill_on_drop: false }`
[INFO] [stdout] bb70a3232482ad6528650d3c020015b6fc7ea6a60c7e901e0de88abea2d07819
