[INFO] fetching crate xsender 0.1.0...
[INFO] testing xsender-0.1.0 against 1.99.0-beta.8+cargoflags=--release for beta-release-1.100-2
[INFO] extracting crate xsender 0.1.0 into /workspace/builds/worker-6-tc1/source
[INFO] started tweaking crates.io crate xsender 0.1.0
[INFO] finished tweaking crates.io crate xsender 0.1.0
[INFO] tweaked toml for crates.io crate xsender 0.1.0 written to /workspace/builds/worker-6-tc1/source/Cargo.toml
[INFO] validating manifest of crates.io crate xsender 0.1.0 on toolchain 1.99.0-beta.8
[INFO] running `Command { std: CARGO_HOME="/workspace/cargo-home" RUSTUP_HOME="/workspace/rustup-home" "/workspace/cargo-home/bin/cargo" "+1.99.0-beta.8" "metadata" "--manifest-path" "Cargo.toml" "--no-deps", kill_on_drop: false }`
[INFO] running `Command { std: CARGO_HOME="/workspace/cargo-home" RUSTUP_HOME="/workspace/rustup-home" "/workspace/cargo-home/bin/cargo" "+1.99.0-beta.8" "generate-lockfile" "--manifest-path" "Cargo.toml", kill_on_drop: false }`
[INFO] [stderr]     Updating crates.io index
[INFO] [stderr]      Locking 252 packages to highest compatible versions
[INFO] [stderr]       Adding base64 v0.21.7 (available: v0.23.1)
[INFO] [stderr]       Adding generic-array v0.14.7 (available: v0.14.9)
[INFO] [stderr]       Adding psm v0.1.24 (available: v0.1.32)
[INFO] [stderr]       Adding reqwest v0.11.27 (available: v0.13.5)
[INFO] [stderr]       Adding serial_test v2.0.0 (available: v4.0.1)
[INFO] [stderr]       Adding tera v1.20.1 (available: v2.4.0)
[INFO] [stderr]       Adding xml v0.8.20 (available: v1.4.0)
[INFO] [stderr]       Adding zip v0.6.6 (available: v9.0.5)
[INFO] running `Command { std: CARGO_HOME="/workspace/cargo-home" RUSTUP_HOME="/workspace/rustup-home" "/workspace/cargo-home/bin/cargo" "+1.99.0-beta.8" "fetch" "--manifest-path" "Cargo.toml", kill_on_drop: false }`
[INFO] [stderr]  Downloading crates ...
[INFO] [stderr]   Downloaded parse-zoneinfo v0.3.1
[INFO] [stderr]   Downloaded chrono-tz-build v0.3.0
[INFO] [stderr]   Downloaded xml v0.8.20
[INFO] [stderr]   Downloaded serial_test v2.0.0
[INFO] [stderr]   Downloaded tera v1.20.1
[INFO] [stderr]   Downloaded serial_test_derive v2.0.0
[INFO] [stderr]   Downloaded chrono-tz v0.9.0
[INFO] running `Command { std: "docker" "create" "-v" "/var/lib/crater-agent-workspace/builds/worker-6-tc1/source:/opt/rustwide/workdir:ro,Z" "-v" "/var/lib/crater-agent-workspace/builds/worker-6-tc1/target:/opt/rustwide/target:rw,Z" "-v" "/var/lib/crater-agent-workspace/cargo-home:/opt/rustwide/cargo-home:ro,Z" "-v" "/var/lib/crater-agent-workspace/rustup-home:/opt/rustwide/rustup-home:ro,Z" "-m" "1610612736" "--network" "none" "ghcr.io/rust-lang/crates-build-env/linux@sha256:77db811e55d90add9212f6832c23229e3de5f1c1f9905e8cb07319ea15df73ac" "sleep" "infinity", kill_on_drop: false }`
[INFO] [stdout] 9ae1468cafc5acab5afc144bab7c959f1cac3d440a230baa1a18bdfb1cfd3a58
[INFO] running `Command { std: "docker" "start" "9ae1468cafc5acab5afc144bab7c959f1cac3d440a230baa1a18bdfb1cfd3a58", kill_on_drop: false }`
[INFO] running `Command { std: "docker" "inspect" "9ae1468cafc5acab5afc144bab7c959f1cac3d440a230baa1a18bdfb1cfd3a58", kill_on_drop: false }`
[INFO] running `Command { std: "docker" "exec" "-e" "SOURCE_DIR=/opt/rustwide/workdir" "-e" "CARGO_HOME=/opt/rustwide/cargo-home" "-e" "RUSTUP_HOME=/opt/rustwide/rustup-home" "-e" "CARGO_TARGET_DIR=/opt/rustwide/target" "-w" "/opt/rustwide/workdir" "--user" "0:0" "9ae1468cafc5acab5afc144bab7c959f1cac3d440a230baa1a18bdfb1cfd3a58" "/opt/rustwide/cargo-home/bin/cargo" "+1.99.0-beta.8" "metadata" "--no-deps" "--format-version=1", kill_on_drop: false }`
[INFO] running `Command { std: "docker" "inspect" "9ae1468cafc5acab5afc144bab7c959f1cac3d440a230baa1a18bdfb1cfd3a58", kill_on_drop: false }`
[INFO] running `Command { std: "docker" "exec" "-e" "SOURCE_DIR=/opt/rustwide/workdir" "-e" "CARGO_HOME=/opt/rustwide/cargo-home" "-e" "RUSTUP_HOME=/opt/rustwide/rustup-home" "-e" "CARGO_TARGET_DIR=/opt/rustwide/target" "-e" "CARGO_INCREMENTAL=0" "-e" "RUST_BACKTRACE=full" "-e" "RUSTFLAGS=--cap-lints=warn" "-e" "RUSTDOCFLAGS=--cap-lints=warn" "-w" "/opt/rustwide/workdir" "--user" "0:0" "9ae1468cafc5acab5afc144bab7c959f1cac3d440a230baa1a18bdfb1cfd3a58" "/opt/rustwide/cargo-home/bin/cargo" "+1.99.0-beta.8" "build" "--frozen" "--message-format=json" "--release", kill_on_drop: false }`
[INFO] [stderr]    Compiling siphasher v1.0.4
[INFO] [stderr]    Compiling regex-syntax v0.8.11
[INFO] [stderr]    Compiling rand_core v0.6.4
[INFO] [stderr]    Compiling subtle v2.6.1
[INFO] [stderr]    Compiling jobserver v0.1.35
[INFO] [stderr]    Compiling getrandom v0.2.17
[INFO] [stderr]    Compiling crossbeam-utils v0.8.23
[INFO] [stderr]    Compiling aho-corasick v1.1.5
[INFO] [stderr]    Compiling zerocopy v0.8.63
[INFO] [stderr]    Compiling crossbeam-epoch v0.9.21
[INFO] [stderr]    Compiling openssl-macros v0.1.1
[INFO] [stderr]    Compiling memchr v2.8.3
[INFO] [stderr]    Compiling crossbeam-deque v0.8.8
[INFO] [stderr]    Compiling serde_derive v1.0.229
[INFO] [stderr]    Compiling bstr v1.13.1
[INFO] [stderr]    Compiling digest v0.10.7
[INFO] [stderr]    Compiling zstd-safe v5.0.2+zstd.1.5.2
[INFO] [stderr]    Compiling rand v0.8.8
[INFO] [stderr]    Compiling cc v1.8.0
[INFO] [stderr]    Compiling phf_shared v0.11.3
[INFO] [stderr]    Compiling crc32fast v1.5.2
[INFO] [stderr]    Compiling inout v0.1.4
[INFO] [stderr]    Compiling simd-adler32 v0.3.10
[INFO] [stderr]    Compiling phf v0.11.3
[INFO] [stderr]    Compiling base64ct v1.8.3
[INFO] [stderr]    Compiling chrono v0.4.45
[INFO] [stderr]    Compiling cipher v0.4.4
[INFO] [stderr]    Compiling miniz_oxide v0.9.1
[INFO] [stderr]    Compiling sha2 v0.10.9
[INFO] [stderr]    Compiling password-hash v0.4.2
[INFO] [stderr]    Compiling hmac v0.12.1
[INFO] [stderr]    Compiling deunicode v1.6.2
[INFO] [stderr]    Compiling deranged v0.5.9
[INFO] [stderr]    Compiling phf_generator v0.11.3
[INFO] [stderr]    Compiling serde_json v1.0.154
[INFO] [stderr]    Compiling phf_codegen v0.11.3
[INFO] [stderr]    Compiling slug v0.1.6
[INFO] [stderr]    Compiling flate2 v1.1.10
[INFO] [stderr]    Compiling pbkdf2 v0.11.0
[INFO] [stderr]    Compiling humansize v2.1.3
[INFO] [stderr]    Compiling url v2.5.8
[INFO] [stderr]    Compiling aes v0.8.4
[INFO] [stderr]    Compiling regex-automata v0.4.18
[INFO] [stderr]    Compiling sha1 v0.10.7
[INFO] [stderr]    Compiling byteorder v1.5.0
[INFO] [stderr]    Compiling lazy_static v1.5.1
[INFO] [stderr]    Compiling constant_time_eq v0.1.5
[INFO] [stderr]    Compiling xml-rs v0.8.29
[INFO] [stderr]    Compiling unicode-segmentation v1.13.3
[INFO] [stderr]    Compiling time v0.3.55
[INFO] [stderr]    Compiling psm v0.1.24
[INFO] [stderr]    Compiling stacker v0.1.25
[INFO] [stderr]    Compiling openssl-sys v0.9.117
[INFO] [stderr]    Compiling zstd-sys v2.1.2+zstd.1.5.7
[INFO] [stderr]    Compiling pest v2.9.4
[INFO] [stderr]    Compiling bzip2-sys v0.1.13+1.0.8
[INFO] [stderr]    Compiling openssl v0.10.81
[INFO] [stderr]    Compiling native-tls v0.2.18
[INFO] [stderr]    Compiling bzip2 v0.4.4
[INFO] [stderr]    Compiling xml v0.8.20
[INFO] [stderr]    Compiling serde v1.0.229
[INFO] [stderr]    Compiling serde_urlencoded v0.7.1
[INFO] [stderr]    Compiling pest_meta v2.9.4
[INFO] [stderr]    Compiling regex v1.13.1
[INFO] [stderr]    Compiling parse-zoneinfo v0.3.1
[INFO] [stderr]    Compiling ppv-lite86 v0.2.21
[INFO] [stderr]    Compiling globset v0.4.20
[INFO] [stderr]    Compiling chrono-tz-build v0.3.0
[INFO] [stderr]    Compiling pest_generator v2.9.4
[INFO] [stderr]    Compiling rand_chacha v0.3.1
[INFO] [stderr]    Compiling ignore v0.4.33
[INFO] [stderr]    Compiling chrono-tz v0.9.0
[INFO] [stderr]    Compiling pest_derive v2.9.4
[INFO] [stderr]    Compiling globwalk v0.9.1
[INFO] [stderr]    Compiling tokio-native-tls v0.3.1
[INFO] [stderr]    Compiling hyper-tls v0.5.0
[INFO] [stderr]    Compiling reqwest v0.11.27
[INFO] [stderr]    Compiling tera v1.20.1
[INFO] [stderr]    Compiling zstd v0.11.2+zstd.1.5.2
[INFO] [stderr]    Compiling zip v0.6.6
[INFO] [stderr]    Compiling xsender v0.1.0 (/opt/rustwide/workdir)
[INFO] [stderr]     Finished `release` profile [optimized] target(s) in 1m 04s
[INFO] running `Command { std: "docker" "inspect" "9ae1468cafc5acab5afc144bab7c959f1cac3d440a230baa1a18bdfb1cfd3a58", kill_on_drop: false }`
[INFO] running `Command { std: "docker" "exec" "-e" "SOURCE_DIR=/opt/rustwide/workdir" "-e" "CARGO_HOME=/opt/rustwide/cargo-home" "-e" "RUSTUP_HOME=/opt/rustwide/rustup-home" "-e" "CARGO_TARGET_DIR=/opt/rustwide/target" "-e" "CARGO_INCREMENTAL=0" "-e" "RUST_BACKTRACE=full" "-e" "RUSTFLAGS=--cap-lints=warn" "-e" "RUSTDOCFLAGS=--cap-lints=warn" "-w" "/opt/rustwide/workdir" "--user" "0:0" "9ae1468cafc5acab5afc144bab7c959f1cac3d440a230baa1a18bdfb1cfd3a58" "/opt/rustwide/cargo-home/bin/cargo" "+1.99.0-beta.8" "test" "--frozen" "--no-run" "--message-format=json" "--release", kill_on_drop: false }`
[INFO] [stderr]    Compiling futures-channel v0.3.34
[INFO] [stderr]    Compiling futures-io v0.3.34
[INFO] [stderr]    Compiling futures-task v0.3.34
[INFO] [stderr]    Compiling tokio v1.53.3
[INFO] [stderr]    Compiling serde v1.0.229
[INFO] [stderr]    Compiling pest_generator v2.9.4
[INFO] [stderr]    Compiling dashmap v5.5.3
[INFO] [stderr]    Compiling serial_test_derive v2.0.0
[INFO] [stderr]    Compiling futures-util v0.3.34
[INFO] [stderr]    Compiling serde_urlencoded v0.7.1
[INFO] [stderr]    Compiling pest_derive v2.9.4
[INFO] [stderr]    Compiling tera v1.20.1
[INFO] [stderr]    Compiling futures-executor v0.3.34
[INFO] [stderr]    Compiling futures v0.3.34
[INFO] [stderr]    Compiling serial_test v2.0.0
[INFO] [stderr]    Compiling tokio-util v0.7.20
[INFO] [stderr]    Compiling tokio-native-tls v0.3.1
[INFO] [stderr]    Compiling h2 v0.3.27
[INFO] [stderr]    Compiling hyper v0.14.32
[INFO] [stderr]    Compiling hyper-tls v0.5.0
[INFO] [stderr]    Compiling reqwest v0.11.27
[INFO] [stderr]    Compiling xsender v0.1.0 (/opt/rustwide/workdir)
[INFO] [stderr]     Finished `release` profile [optimized] target(s) in 44.66s
[INFO] running `Command { std: "docker" "inspect" "9ae1468cafc5acab5afc144bab7c959f1cac3d440a230baa1a18bdfb1cfd3a58", kill_on_drop: false }`
[INFO] running `Command { std: "docker" "exec" "-e" "SOURCE_DIR=/opt/rustwide/workdir" "-e" "CARGO_HOME=/opt/rustwide/cargo-home" "-e" "RUSTUP_HOME=/opt/rustwide/rustup-home" "-e" "CARGO_TARGET_DIR=/opt/rustwide/target" "-e" "CARGO_INCREMENTAL=0" "-e" "RUST_BACKTRACE=full" "-e" "RUSTFLAGS=--cap-lints=warn" "-e" "RUSTDOCFLAGS=--cap-lints=warn" "-w" "/opt/rustwide/workdir" "--user" "0:0" "9ae1468cafc5acab5afc144bab7c959f1cac3d440a230baa1a18bdfb1cfd3a58" "/opt/rustwide/cargo-home/bin/cargo" "+1.99.0-beta.8" "test" "--frozen" "--release", kill_on_drop: false }`
[INFO] [stderr]     Finished `release` profile [optimized] target(s) in 0.26s
[INFO] [stderr]      Running unittests src/lib.rs (/opt/rustwide/target/release/deps/xsender-b6f5e46276e93a20)
[INFO] [stdout] 
[INFO] [stdout] running 23 tests
[INFO] [stdout] test analyzer::tests::despatch_advise ... ok
[INFO] [stdout] test analyzer::tests::debit_note ... ok
[INFO] [stdout] test analyzer::tests::credit_note ... ok
[INFO] [stdout] test analyzer::tests::voided_documents ... ok
[INFO] [stdout] test analyzer::tests::retention ... ok
[INFO] [stdout] test analyzer::tests::summary_documents ... ok
[INFO] [stdout] test analyzer::tests::perception ... ok
[INFO] [stdout] test soap::cdr::tests::read_cdr_without_notes ... ok
[INFO] [stdout] test analyzer::tests::unknown_document_type ... ok
[INFO] [stdout] test soap::send_file_response::tests::read_fault_response ... ok
[INFO] [stdout] test soap::cdr::tests::read_cdr_with_notes ... ok
[INFO] [stdout] test soap::envelope::tests::send_summary ... ok
[INFO] [stdout] test soap::envelope::tests::get_status_crd ... ok
[INFO] [stdout] test soap::envelope::tests::validate_cdp_criterios ... ok
[INFO] [stdout] test soap::envelope::tests::verify_ticket ... ok
[INFO] [stdout] test soap::envelope::tests::send_bill ... ok
[INFO] [stdout] test soap::verify_ticket_response::tests::read_ok_response ... ok
[INFO] [stdout] test soap::send_file_response::tests::read_ticket_response ... ok
[INFO] [stdout] test zip_manager::tests::read_base64_zip ... ok
[INFO] [stdout] test soap::send_file_response::tests::read_ok_response ... ok
[INFO] [stdout] test ubl_file::tests::metadata ... ok
[INFO] [stdout] test analyzer::tests::invoice ... ok
[INFO] [stdout] test soap::envelope::tests::validate_file ... ok
[INFO] [stdout] 
[INFO] [stdout] test result: ok. 23 passed; 0 failed; 0 ignored; 0 measured; 0 filtered out; finished in 0.01s
[INFO] [stdout] 
[INFO] [stderr]      Running tests/send_files.rs (/opt/rustwide/target/release/deps/send_files-5e30bc52f2678996)
[INFO] [stdout] 
[INFO] [stdout] running 2 tests
[INFO] [stdout] test send_invoice ... FAILED
[INFO] [stdout] test send_voided_documents ... FAILED
[INFO] [stdout] 
[INFO] [stdout] failures:
[INFO] [stdout] 
[INFO] [stdout] ---- send_invoice stdout ----
[INFO] [stdout] 
[INFO] [stdout] thread 'send_invoice' (2398) panicked at tests/send_files.rs:30:10:
[INFO] [stdout] Could not get a valid response: FileSenderError { message: "Error while sending the file", client_error: Some(ErrorClientSUNAT { kind: Request(reqwest::Error { kind: Request, url: Url { scheme: "https", cannot_be_a_base: false, username: "", password: None, host: Some(Domain("e-beta.sunat.gob.pe")), port: None, path: "/ol-ti-itcpfegem-beta/billService", query: None, fragment: None }, source: hyper::Error(Connect, ConnectError("dns error", Custom { kind: Uncategorized, error: "failed to lookup address information: Temporary failure in name resolution" })) }) }) }
[INFO] [stdout] stack backtrace:
[INFO] [stdout]    0:     0x6208c1bfd861 - <<std[70759c8f55707aa4]::sys::backtrace::BacktraceLock>::print::DisplayBacktrace as core[df12db4294e9bfd3]::fmt::Display>::fmt
[INFO] [stdout]    1:     0x6208c1c1639a - core[df12db4294e9bfd3]::fmt::write
[INFO] [stdout]    2:     0x6208c1c025fc - <alloc[2182bb758b4b3781]::vec::Vec<u8> as core[df12db4294e9bfd3]::io::write::Write>::write_fmt
[INFO] [stdout]    3:     0x6208c1bd7a66 - std[70759c8f55707aa4]::panicking::default_hook::{closure#0}
[INFO] [stdout]    4:     0x6208c1bf4d29 - std[70759c8f55707aa4]::panicking::default_hook
[INFO] [stdout]    5:     0x6208c174ca40 - test[9d35eded1c95d3be]::test_main_inner::<test[9d35eded1c95d3be]::test_main_static::{closure#0}>::{closure#0}
[INFO] [stdout]    6:     0x6208c1bf5052 - std[70759c8f55707aa4]::panicking::panic_with_hook
[INFO] [stdout]    7:     0x6208c1bd7b12 - std[70759c8f55707aa4]::panicking::panic_handler::{closure#0}
[INFO] [stdout]    8:     0x6208c1bd0589 - std[70759c8f55707aa4]::sys::backtrace::__rust_end_short_backtrace::<std[70759c8f55707aa4]::panicking::panic_handler::{closure#0}, !>
[INFO] [stdout]    9:     0x6208c1bd88fd - __rustc[8fa7c3cbc660c2b3]::rust_begin_unwind
[INFO] [stdout]   10:     0x6208c1c16bbc - core[df12db4294e9bfd3]::panicking::panic_fmt
[INFO] [stdout]   11:     0x6208c1c16992 - core[df12db4294e9bfd3]::result::unwrap_failed
[INFO] [stdout]   12:     0x6208c173561d - send_files[6e10638812be2b1c]::send_invoice::{closure#0}
[INFO] [stdout]   13:     0x6208c173adc3 - <tokio[9eacfc0d837996c8]::runtime::scheduler::current_thread::Context>::enter::<core[df12db4294e9bfd3]::task::poll::Poll<()>, <tokio[9eacfc0d837996c8]::runtime::scheduler::current_thread::CoreGuard>::block_on<core[df12db4294e9bfd3]::pin::Pin<&mut core[df12db4294e9bfd3]::pin::Pin<&mut dyn core[df12db4294e9bfd3]::future::future::Future<Output = ()>>>>::{closure#0}::{closure#0}>
[INFO] [stdout]   14:     0x6208c173dc5c - <tokio[9eacfc0d837996c8]::runtime::context::scoped::Scoped<tokio[9eacfc0d837996c8]::runtime::scheduler::Context>>::set::<<tokio[9eacfc0d837996c8]::runtime::scheduler::current_thread::CoreGuard>::enter<<tokio[9eacfc0d837996c8]::runtime::scheduler::current_thread::CoreGuard>::block_on<core[df12db4294e9bfd3]::pin::Pin<&mut core[df12db4294e9bfd3]::pin::Pin<&mut dyn core[df12db4294e9bfd3]::future::future::Future<Output = ()>>>>::{closure#0}, core[df12db4294e9bfd3]::option::Option<()>>::{closure#0}, (alloc[2182bb758b4b3781]::boxed::Box<tokio[9eacfc0d837996c8]::runtime::scheduler::current_thread::Core>, core[df12db4294e9bfd3]::option::Option<()>)>
[INFO] [stdout]   15:     0x6208c173af55 - <tokio[9eacfc0d837996c8]::runtime::scheduler::current_thread::CoreGuard>::block_on::<core[df12db4294e9bfd3]::pin::Pin<&mut core[df12db4294e9bfd3]::pin::Pin<&mut dyn core[df12db4294e9bfd3]::future::future::Future<Output = ()>>>>
[INFO] [stdout]   16:     0x6208c173f463 - tokio[9eacfc0d837996c8]::runtime::context::runtime::enter_runtime::<<tokio[9eacfc0d837996c8]::runtime::scheduler::current_thread::CurrentThread>::block_on<core[df12db4294e9bfd3]::pin::Pin<&mut dyn core[df12db4294e9bfd3]::future::future::Future<Output = ()>>>::{closure#0}, ()>
[INFO] [stdout]   17:     0x6208c173ea0b - <tokio[9eacfc0d837996c8]::runtime::runtime::Runtime>::block_on::<core[df12db4294e9bfd3]::pin::Pin<&mut dyn core[df12db4294e9bfd3]::future::future::Future<Output = ()>>>
[INFO] [stdout]   18:     0x6208c173a79b - <send_files[6e10638812be2b1c]::send_invoice::{closure#0} as core[df12db4294e9bfd3]::ops::function::FnOnce<()>>::call_once
[INFO] [stdout]   19:     0x6208c173fd2b - test[9d35eded1c95d3be]::__rust_begin_short_backtrace::<core[df12db4294e9bfd3]::result::Result<(), alloc[2182bb758b4b3781]::string::String>, fn() -> core[df12db4294e9bfd3]::result::Result<(), alloc[2182bb758b4b3781]::string::String>>
[INFO] [stdout]   20:     0x6208c174d395 - test[9d35eded1c95d3be]::run_test::{closure#0}
[INFO] [stdout]   21:     0x6208c1746c54 - std[70759c8f55707aa4]::sys::backtrace::__rust_begin_short_backtrace::<test[9d35eded1c95d3be]::run_test::{closure#1}, ()>
[INFO] [stdout]   22:     0x6208c17504f2 - <std[70759c8f55707aa4]::thread::lifecycle::spawn_unchecked<test[9d35eded1c95d3be]::run_test::{closure#1}, ()>::{closure#1} as core[df12db4294e9bfd3]::ops::function::FnOnce<()>>::call_once::{shim:vtable#0}
[INFO] [stdout]   23:     0x6208c1bfc6f9 - <std[70759c8f55707aa4]::sys::thread::unix::Thread>::new::thread_start
[INFO] [stdout]   24:     0x76c1965d7dfa - <unknown>
[INFO] [stdout]   25:     0x76c19666b3d4 - clone
[INFO] [stdout]   26:                0x0 - <unknown>
[INFO] [stdout] 
[INFO] [stdout] ---- send_voided_documents stdout ----
[INFO] [stdout] 
[INFO] [stdout] thread 'send_voided_documents' (2399) panicked at tests/send_files.rs:58:10:
[INFO] [stdout] Could not get a valid response: FileSenderError { message: "Error while sending the file", client_error: Some(ErrorClientSUNAT { kind: Request(reqwest::Error { kind: Request, url: Url { scheme: "https", cannot_be_a_base: false, username: "", password: None, host: Some(Domain("e-beta.sunat.gob.pe")), port: None, path: "/ol-ti-itcpfegem-beta/billService", query: None, fragment: None }, source: hyper::Error(Connect, ConnectError("dns error", Custom { kind: Uncategorized, error: "failed to lookup address information: Temporary failure in name resolution" })) }) }) }
[INFO] [stdout] stack backtrace:
[INFO] [stdout]    0:     0x6208c1bfd861 - <<std[70759c8f55707aa4]::sys::backtrace::BacktraceLock>::print::DisplayBacktrace as core[df12db4294e9bfd3]::fmt::Display>::fmt
[INFO] [stdout]    1:     0x6208c1c1639a - core[df12db4294e9bfd3]::fmt::write
[INFO] [stdout]    2:     0x6208c1c025fc - <alloc[2182bb758b4b3781]::vec::Vec<u8> as core[df12db4294e9bfd3]::io::write::Write>::write_fmt
[INFO] [stdout]    3:     0x6208c1bd7a66 - std[70759c8f55707aa4]::panicking::default_hook::{closure#0}
[INFO] [stdout]    4:     0x6208c1bf4d29 - std[70759c8f55707aa4]::panicking::default_hook
[INFO] [stdout]    5:     0x6208c174ca40 - test[9d35eded1c95d3be]::test_main_inner::<test[9d35eded1c95d3be]::test_main_static::{closure#0}>::{closure#0}
[INFO] [stdout]    6:     0x6208c1bf5052 - std[70759c8f55707aa4]::panicking::panic_with_hook
[INFO] [stdout]    7:     0x6208c1bd7b12 - std[70759c8f55707aa4]::panicking::panic_handler::{closure#0}
[INFO] [stdout]    8:     0x6208c1bd0589 - std[70759c8f55707aa4]::sys::backtrace::__rust_end_short_backtrace::<std[70759c8f55707aa4]::panicking::panic_handler::{closure#0}, !>
[INFO] [stdout]    9:     0x6208c1bd88fd - __rustc[8fa7c3cbc660c2b3]::rust_begin_unwind
[INFO] [stdout]   10:     0x6208c1c16bbc - core[df12db4294e9bfd3]::panicking::panic_fmt
[INFO] [stdout]   11:     0x6208c1c16992 - core[df12db4294e9bfd3]::result::unwrap_failed
[INFO] [stdout]   12:     0x6208c1736e9a - send_files[6e10638812be2b1c]::send_voided_documents::{closure#0}
[INFO] [stdout]   13:     0x6208c173adc3 - <tokio[9eacfc0d837996c8]::runtime::scheduler::current_thread::Context>::enter::<core[df12db4294e9bfd3]::task::poll::Poll<()>, <tokio[9eacfc0d837996c8]::runtime::scheduler::current_thread::CoreGuard>::block_on<core[df12db4294e9bfd3]::pin::Pin<&mut core[df12db4294e9bfd3]::pin::Pin<&mut dyn core[df12db4294e9bfd3]::future::future::Future<Output = ()>>>>::{closure#0}::{closure#0}>
[INFO] [stdout]   14:     0x6208c173dc5c - <tokio[9eacfc0d837996c8]::runtime::context::scoped::Scoped<tokio[9eacfc0d837996c8]::runtime::scheduler::Context>>::set::<<tokio[9eacfc0d837996c8]::runtime::scheduler::current_thread::CoreGuard>::enter<<tokio[9eacfc0d837996c8]::runtime::scheduler::current_thread::CoreGuard>::block_on<core[df12db4294e9bfd3]::pin::Pin<&mut core[df12db4294e9bfd3]::pin::Pin<&mut dyn core[df12db4294e9bfd3]::future::future::Future<Output = ()>>>>::{closure#0}, core[df12db4294e9bfd3]::option::Option<()>>::{closure#0}, (alloc[2182bb758b4b3781]::boxed::Box<tokio[9eacfc0d837996c8]::runtime::scheduler::current_thread::Core>, core[df12db4294e9bfd3]::option::Option<()>)>
[INFO] [stdout]   15:     0x6208c173af55 - <tokio[9eacfc0d837996c8]::runtime::scheduler::current_thread::CoreGuard>::block_on::<core[df12db4294e9bfd3]::pin::Pin<&mut core[df12db4294e9bfd3]::pin::Pin<&mut dyn core[df12db4294e9bfd3]::future::future::Future<Output = ()>>>>
[INFO] [stdout]   16:     0x6208c173f463 - tokio[9eacfc0d837996c8]::runtime::context::runtime::enter_runtime::<<tokio[9eacfc0d837996c8]::runtime::scheduler::current_thread::CurrentThread>::block_on<core[df12db4294e9bfd3]::pin::Pin<&mut dyn core[df12db4294e9bfd3]::future::future::Future<Output = ()>>>::{closure#0}, ()>
[INFO] [stdout]   17:     0x6208c173ea0b - <tokio[9eacfc0d837996c8]::runtime::runtime::Runtime>::block_on::<core[df12db4294e9bfd3]::pin::Pin<&mut dyn core[df12db4294e9bfd3]::future::future::Future<Output = ()>>>
[INFO] [stdout]   18:     0x6208c173a90b - <send_files[6e10638812be2b1c]::send_voided_documents::{closure#0} as core[df12db4294e9bfd3]::ops::function::FnOnce<()>>::call_once
[INFO] [stdout]   19:     0x6208c173fd2b - test[9d35eded1c95d3be]::__rust_begin_short_backtrace::<core[df12db4294e9bfd3]::result::Result<(), alloc[2182bb758b4b3781]::string::String>, fn() -> core[df12db4294e9bfd3]::result::Result<(), alloc[2182bb758b4b3781]::string::String>>
[INFO] [stdout]   20:     0x6208c174d395 - test[9d35eded1c95d3be]::run_test::{closure#0}
[INFO] [stdout]   21:     0x6208c1746c54 - std[70759c8f55707aa4]::sys::backtrace::__rust_begin_short_backtrace::<test[9d35eded1c95d3be]::run_test::{closure#1}, ()>
[INFO] [stdout]   22:     0x6208c17504f2 - <std[70759c8f55707aa4]::thread::lifecycle::spawn_unchecked<test[9d35eded1c95d3be]::run_test::{closure#1}, ()>::{closure#1} as core[df12db4294e9bfd3]::ops::function::FnOnce<()>>::call_once::{shim:vtable#0}
[INFO] [stdout]   23:     0x6208c1bfc6f9 - <std[70759c8f55707aa4]::sys::thread::unix::Thread>::new::thread_start
[INFO] [stdout]   24:     0x76c1965d7dfa - <unknown>
[INFO] [stdout]   25:     0x76c19666b3d4 - clone
[INFO] [stdout]   26:                0x0 - <unknown>
[INFO] [stdout] 
[INFO] [stdout] 
[INFO] [stdout] failures:
[INFO] [stdout]     send_invoice
[INFO] [stdout]     send_voided_documents
[INFO] [stdout] 
[INFO] [stdout] test result: FAILED. 0 passed; 2 failed; 0 ignored; 0 measured; 0 filtered out; finished in 0.11s
[INFO] [stdout] 
[INFO] [stderr] error: test failed, to rerun pass `--test send_files`
[INFO] running `Command { std: "docker" "inspect" "9ae1468cafc5acab5afc144bab7c959f1cac3d440a230baa1a18bdfb1cfd3a58", kill_on_drop: false }`
[INFO] running `Command { std: "docker" "rm" "-f" "9ae1468cafc5acab5afc144bab7c959f1cac3d440a230baa1a18bdfb1cfd3a58", kill_on_drop: false }`
[INFO] [stdout] 9ae1468cafc5acab5afc144bab7c959f1cac3d440a230baa1a18bdfb1cfd3a58
