[INFO] fetching crate xrpl_ws_client 0.16.7...
[INFO] testing xrpl_ws_client-0.16.7 against 1.100.0-beta.1+cargoflags=--release for beta-release-1.100-2
[INFO] extracting crate xrpl_ws_client 0.16.7 into /workspace/builds/worker-2-tc2/source
[INFO] started tweaking crates.io crate xrpl_ws_client 0.16.7
[INFO] finished tweaking crates.io crate xrpl_ws_client 0.16.7
[INFO] tweaked toml for crates.io crate xrpl_ws_client 0.16.7 written to /workspace/builds/worker-2-tc2/source/Cargo.toml
[INFO] validating manifest of crates.io crate xrpl_ws_client 0.16.7 on toolchain 1.100.0-beta.1
[INFO] running `Command { std: CARGO_HOME="/workspace/cargo-home" RUSTUP_HOME="/workspace/rustup-home" "/workspace/cargo-home/bin/cargo" "+1.100.0-beta.1" "metadata" "--manifest-path" "Cargo.toml" "--no-deps", kill_on_drop: false }`
[INFO] running `Command { std: CARGO_HOME="/workspace/cargo-home" RUSTUP_HOME="/workspace/rustup-home" "/workspace/cargo-home/bin/cargo" "+1.100.0-beta.1" "generate-lockfile" "--manifest-path" "Cargo.toml", kill_on_drop: false }`
[INFO] [stderr]     Updating crates.io index
[INFO] [stderr]      Locking 164 packages to highest compatible versions
[INFO] [stderr]       Adding generic-array v0.14.7 (available: v0.14.9)
[INFO] [stderr]       Adding thiserror v1.0.69 (available: v2.0.21)
[INFO] [stderr]       Adding tokio-tungstenite v0.20.1 (available: v0.30.0)
[INFO] running `Command { std: CARGO_HOME="/workspace/cargo-home" RUSTUP_HOME="/workspace/rustup-home" "/workspace/cargo-home/bin/cargo" "+1.100.0-beta.1" "fetch" "--manifest-path" "Cargo.toml", kill_on_drop: false }`
[INFO] running `Command { std: "docker" "create" "-v" "/var/lib/crater-agent-workspace/builds/worker-2-tc2/source:/opt/rustwide/workdir:ro,Z" "-v" "/var/lib/crater-agent-workspace/builds/worker-2-tc2/target:/opt/rustwide/target:rw,Z" "-v" "/var/lib/crater-agent-workspace/cargo-home:/opt/rustwide/cargo-home:ro,Z" "-v" "/var/lib/crater-agent-workspace/rustup-home:/opt/rustwide/rustup-home:ro,Z" "-m" "1610612736" "--network" "none" "ghcr.io/rust-lang/crates-build-env/linux@sha256:77db811e55d90add9212f6832c23229e3de5f1c1f9905e8cb07319ea15df73ac" "sleep" "infinity", kill_on_drop: false }`
[INFO] [stdout] 8c6bbf04bf2f89fe428b5cf678de07bd2822b39c59647db6bdc2710c33938c98
[INFO] running `Command { std: "docker" "start" "8c6bbf04bf2f89fe428b5cf678de07bd2822b39c59647db6bdc2710c33938c98", kill_on_drop: false }`
[INFO] running `Command { std: "docker" "inspect" "8c6bbf04bf2f89fe428b5cf678de07bd2822b39c59647db6bdc2710c33938c98", kill_on_drop: false }`
[INFO] running `Command { std: "docker" "exec" "-e" "SOURCE_DIR=/opt/rustwide/workdir" "-e" "CARGO_HOME=/opt/rustwide/cargo-home" "-e" "RUSTUP_HOME=/opt/rustwide/rustup-home" "-e" "CARGO_TARGET_DIR=/opt/rustwide/target" "-w" "/opt/rustwide/workdir" "--user" "0:0" "8c6bbf04bf2f89fe428b5cf678de07bd2822b39c59647db6bdc2710c33938c98" "/opt/rustwide/cargo-home/bin/cargo" "+1.100.0-beta.1" "metadata" "--no-deps" "--format-version=1", kill_on_drop: false }`
[INFO] running `Command { std: "docker" "inspect" "8c6bbf04bf2f89fe428b5cf678de07bd2822b39c59647db6bdc2710c33938c98", kill_on_drop: false }`
[INFO] running `Command { std: "docker" "exec" "-e" "SOURCE_DIR=/opt/rustwide/workdir" "-e" "CARGO_HOME=/opt/rustwide/cargo-home" "-e" "RUSTUP_HOME=/opt/rustwide/rustup-home" "-e" "CARGO_TARGET_DIR=/opt/rustwide/target" "-e" "CARGO_INCREMENTAL=0" "-e" "RUST_BACKTRACE=full" "-e" "RUSTFLAGS=--cap-lints=warn" "-e" "RUSTDOCFLAGS=--cap-lints=warn" "-w" "/opt/rustwide/workdir" "--user" "0:0" "8c6bbf04bf2f89fe428b5cf678de07bd2822b39c59647db6bdc2710c33938c98" "/opt/rustwide/cargo-home/bin/cargo" "+1.100.0-beta.1" "build" "--frozen" "--message-format=json" "--release", kill_on_drop: false }`
[INFO] [stderr]    Compiling generic-array v0.14.7
[INFO] [stderr]    Compiling digest v0.9.0
[INFO] [stderr]    Compiling rustls v0.21.12
[INFO] [stderr]    Compiling serde v1.0.229
[INFO] [stderr]    Compiling futures-sink v0.3.34
[INFO] [stderr]    Compiling sct v0.7.1
[INFO] [stderr]    Compiling serde_json v1.0.154
[INFO] [stderr]    Compiling rustls-webpki v0.101.7
[INFO] [stderr]    Compiling crypto-mac v0.8.0
[INFO] [stderr]    Compiling mio v1.2.4
[INFO] [stderr]    Compiling enumflags2_derive v0.7.12
[INFO] [stderr]    Compiling bs58 v0.5.1
[INFO] [stderr]    Compiling block-buffer v0.9.0
[INFO] [stderr]    Compiling idna v1.1.0
[INFO] [stderr]    Compiling sha1 v0.10.7
[INFO] [stderr]    Compiling base64 v0.22.1
[INFO] [stderr]    Compiling futures-channel v0.3.34
[INFO] [stderr]    Compiling libsecp256k1-core v0.3.0
[INFO] [stderr]    Compiling hashbrown v0.14.5
[INFO] [stderr]    Compiling async-stream-impl v0.3.6
[INFO] [stderr]    Compiling hmac v0.8.1
[INFO] [stderr]    Compiling sha2 v0.9.9
[INFO] [stderr]    Compiling hmac-drbg v0.3.0
[INFO] [stderr]    Compiling tracing v0.1.44
[INFO] [stderr]    Compiling futures-util v0.3.34
[INFO] [stderr]    Compiling uuid v1.28.0
[INFO] [stderr]    Compiling tokio v1.53.3
[INFO] [stderr]    Compiling async-stream v0.3.6
[INFO] [stderr]    Compiling url v2.5.8
[INFO] [stderr]    Compiling enumflags2 v0.7.12
[INFO] [stderr]    Compiling libsecp256k1-gen-ecmult v0.3.0
[INFO] [stderr]    Compiling libsecp256k1-gen-genmult v0.3.0
[INFO] [stderr]    Compiling libsecp256k1 v0.7.2
[INFO] [stderr]    Compiling xrpl_types v0.16.7
[INFO] [stderr]    Compiling xrpl_api v0.16.7
[INFO] [stderr]    Compiling tungstenite v0.20.1
[INFO] [stderr]    Compiling futures-executor v0.3.34
[INFO] [stderr]    Compiling futures v0.3.34
[INFO] [stderr]    Compiling tokio-rustls v0.24.1
[INFO] [stderr]    Compiling tokio-stream v0.1.19
[INFO] [stderr]    Compiling tokio-tungstenite v0.20.1
[INFO] [stderr]    Compiling xrpl_binary_codec v0.16.7
[INFO] [stderr]    Compiling xrpl_ws_client v0.16.7 (/opt/rustwide/workdir)
[INFO] [stderr] warning: unused dependency `async-stream`
[INFO] [stderr]  --> Cargo.toml:1:15
[INFO] [stderr]   |
[INFO] [stderr] 1 | [dependencies.async-stream]
[INFO] [stderr]   |               ^^^^^^^^^^^^^
[INFO] [stderr]   |
[INFO] [stderr]   = note: `cargo::unused_dependencies` is set to `warn` by default
[INFO] [stderr] help: consider removing the dependency on `async-stream`
[INFO] [stderr] warning: unused dependency `tracing`
[INFO] [stderr]   --> Cargo.toml:31:15
[INFO] [stderr]    |
[INFO] [stderr] 31 | [dependencies.tracing]
[INFO] [stderr]    |               ^^^^^^^^
[INFO] [stderr]    |
[INFO] [stderr] help: consider removing the dependency on `tracing`
[INFO] [stderr] warning: unused dependency `xrpl_binary_codec`
[INFO] [stderr]   --> Cargo.toml:41:15
[INFO] [stderr]    |
[INFO] [stderr] 41 | [dependencies.xrpl_binary_codec]
[INFO] [stderr]    |               ^^^^^^^^^^^^^^^^^^
[INFO] [stderr]    |
[INFO] [stderr] help: consider removing the dependency on `xrpl_binary_codec`
[INFO] [stderr] warning: `xrpl_ws_client` (manifest) generated 3 warnings
[INFO] [stderr]     Finished `release` profile [optimized] target(s) in 39.50s
[INFO] running `Command { std: "docker" "inspect" "8c6bbf04bf2f89fe428b5cf678de07bd2822b39c59647db6bdc2710c33938c98", kill_on_drop: false }`
[INFO] running `Command { std: "docker" "exec" "-e" "SOURCE_DIR=/opt/rustwide/workdir" "-e" "CARGO_HOME=/opt/rustwide/cargo-home" "-e" "RUSTUP_HOME=/opt/rustwide/rustup-home" "-e" "CARGO_TARGET_DIR=/opt/rustwide/target" "-e" "CARGO_INCREMENTAL=0" "-e" "RUST_BACKTRACE=full" "-e" "RUSTFLAGS=--cap-lints=warn" "-e" "RUSTDOCFLAGS=--cap-lints=warn" "-w" "/opt/rustwide/workdir" "--user" "0:0" "8c6bbf04bf2f89fe428b5cf678de07bd2822b39c59647db6bdc2710c33938c98" "/opt/rustwide/cargo-home/bin/cargo" "+1.100.0-beta.1" "test" "--frozen" "--no-run" "--message-format=json" "--release", kill_on_drop: false }`
[INFO] [stderr]    Compiling xrpl_ws_client v0.16.7 (/opt/rustwide/workdir)
[INFO] [stderr] warning: unused dependency `async-stream`
[INFO] [stderr]  --> Cargo.toml:1:15
[INFO] [stderr]   |
[INFO] [stderr] 1 | [dependencies.async-stream]
[INFO] [stderr]   |               ^^^^^^^^^^^^^
[INFO] [stderr]   |
[INFO] [stderr]   = note: `cargo::unused_dependencies` is set to `warn` by default
[INFO] [stderr] help: consider removing the dependency on `async-stream`
[INFO] [stderr] warning: unused dependency `tracing`
[INFO] [stderr]   --> Cargo.toml:31:15
[INFO] [stderr]    |
[INFO] [stderr] 31 | [dependencies.tracing]
[INFO] [stderr]    |               ^^^^^^^^
[INFO] [stderr]    |
[INFO] [stderr] help: consider removing the dependency on `tracing`
[INFO] [stderr] warning: unused dependency `xrpl_binary_codec`
[INFO] [stderr]   --> Cargo.toml:41:15
[INFO] [stderr]    |
[INFO] [stderr] 41 | [dependencies.xrpl_binary_codec]
[INFO] [stderr]    |               ^^^^^^^^^^^^^^^^^^
[INFO] [stderr]    |
[INFO] [stderr] help: consider removing the dependency on `xrpl_binary_codec`
[INFO] [stderr] warning: `xrpl_ws_client` (manifest) generated 3 warnings
[INFO] [stderr]     Finished `release` profile [optimized] target(s) in 3.52s
[INFO] running `Command { std: "docker" "inspect" "8c6bbf04bf2f89fe428b5cf678de07bd2822b39c59647db6bdc2710c33938c98", kill_on_drop: false }`
[INFO] running `Command { std: "docker" "exec" "-e" "SOURCE_DIR=/opt/rustwide/workdir" "-e" "CARGO_HOME=/opt/rustwide/cargo-home" "-e" "RUSTUP_HOME=/opt/rustwide/rustup-home" "-e" "CARGO_TARGET_DIR=/opt/rustwide/target" "-e" "CARGO_INCREMENTAL=0" "-e" "RUST_BACKTRACE=full" "-e" "RUSTFLAGS=--cap-lints=warn" "-e" "RUSTDOCFLAGS=--cap-lints=warn" "-w" "/opt/rustwide/workdir" "--user" "0:0" "8c6bbf04bf2f89fe428b5cf678de07bd2822b39c59647db6bdc2710c33938c98" "/opt/rustwide/cargo-home/bin/cargo" "+1.100.0-beta.1" "test" "--frozen" "--release", kill_on_drop: false }`
[INFO] [stderr] warning: unused dependency `async-stream`
[INFO] [stderr]  --> Cargo.toml:1:15
[INFO] [stderr]   |
[INFO] [stderr] 1 | [dependencies.async-stream]
[INFO] [stderr]   |               ^^^^^^^^^^^^^
[INFO] [stderr]   |
[INFO] [stderr]   = note: `cargo::unused_dependencies` is set to `warn` by default
[INFO] [stderr] help: consider removing the dependency on `async-stream`
[INFO] [stderr] warning: unused dependency `tracing`
[INFO] [stderr]   --> Cargo.toml:31:15
[INFO] [stderr]    |
[INFO] [stderr] 31 | [dependencies.tracing]
[INFO] [stderr]    |               ^^^^^^^^
[INFO] [stderr]    |
[INFO] [stderr] help: consider removing the dependency on `tracing`
[INFO] [stderr] warning: unused dependency `xrpl_binary_codec`
[INFO] [stderr]   --> Cargo.toml:41:15
[INFO] [stderr]    |
[INFO] [stderr] 41 | [dependencies.xrpl_binary_codec]
[INFO] [stderr]    |               ^^^^^^^^^^^^^^^^^^
[INFO] [stderr]    |
[INFO] [stderr] help: consider removing the dependency on `xrpl_binary_codec`
[INFO] [stderr] warning: `xrpl_ws_client` (manifest) generated 3 warnings
[INFO] [stderr]     Finished `release` profile [optimized] target(s) in 0.15s
[INFO] [stderr]      Running unittests src/lib.rs (/opt/rustwide/target/release/build/xrpl_ws_client/c24315b22c489cf8/out/xrpl_ws_client-c24315b22c489cf8)
[INFO] [stdout] 
[INFO] [stdout] running 3 tests
[INFO] [stdout] test client_tests::tests::client_can_request_account_info ... FAILED
[INFO] [stdout] test client_tests::tests::client_can_subscribe_to_streams ... FAILED
[INFO] [stdout] test client_tests::tests::client_can_subscribe_to_books ... FAILED
[INFO] [stdout] 
[INFO] [stderr] error: test failed, to rerun pass `--lib`
[INFO] [stdout] failures:
[INFO] [stdout] 
[INFO] [stdout] ---- client_tests::tests::client_can_request_account_info stdout ----
[INFO] [stdout] 
[INFO] [stdout] thread 'client_tests::tests::client_can_request_account_info' (803) panicked at src/client_tests.rs:12:14:
[INFO] [stdout] cannot connect: Internal("IO error: failed to lookup address information: Temporary failure in name resolution")
[INFO] [stdout] stack backtrace:
[INFO] [stdout]    0:     0x5d4113e5c701 - <<std[617be2ca0a6fd877]::sys::backtrace::BacktraceLock>::print::DisplayBacktrace as core[a373ad73a504971]::fmt::Display>::fmt
[INFO] [stdout]    1:     0x5d4113e7266a - core[a373ad73a504971]::fmt::write
[INFO] [stdout]    2:     0x5d4113e60f6c - <alloc[2e1b2a31b91974c5]::vec::Vec<u8> as core[a373ad73a504971]::io::write::Write>::write_fmt
[INFO] [stdout]    3:     0x5d4113e381b6 - std[617be2ca0a6fd877]::panicking::default_hook::{closure#0}
[INFO] [stdout]    4:     0x5d4113e549e9 - std[617be2ca0a6fd877]::panicking::default_hook
[INFO] [stdout]    5:     0x5d4113d06a80 - test[aada8e7e76ba119b]::test_main_inner::{closure#0}
[INFO] [stdout]    6:     0x5d4113e54ba2 - std[617be2ca0a6fd877]::panicking::panic_with_hook
[INFO] [stdout]    7:     0x5d4113e38262 - std[617be2ca0a6fd877]::panicking::panic_handler::{closure#0}
[INFO] [stdout]    8:     0x5d4113e30e99 - std[617be2ca0a6fd877]::sys::backtrace::__rust_end_short_backtrace::<std[617be2ca0a6fd877]::panicking::panic_handler::{closure#0}, !>
[INFO] [stdout]    9:     0x5d4113e3905d - __rustc[ea4f61d10b84890b]::rust_begin_unwind
[INFO] [stdout]   10:     0x5d4113e72dcc - core[a373ad73a504971]::panicking::panic_fmt
[INFO] [stdout]   11:     0x5d4113e72ba2 - core[a373ad73a504971]::result::unwrap_failed
[INFO] [stdout]   12:     0x5d4113ccc6a3 - xrpl_ws_client[bf68e8f47cecb1ee]::client_tests::tests::client_can_request_account_info::{closure#0}
[INFO] [stdout]   13:     0x5d4113cf7ce3 - <tokio[6d42b074fde3f578]::runtime::scheduler::current_thread::Context>::enter::<core[a373ad73a504971]::task::poll::Poll<()>, <tokio[6d42b074fde3f578]::runtime::scheduler::current_thread::CoreGuard>::block_on<core[a373ad73a504971]::pin::Pin<&mut core[a373ad73a504971]::pin::Pin<&mut dyn core[a373ad73a504971]::future::future::Future<Output = ()>>>>::{closure#0}::{closure#0}>
[INFO] [stdout]   14:     0x5d4113cea1fc - <tokio[6d42b074fde3f578]::runtime::context::scoped::Scoped<tokio[6d42b074fde3f578]::runtime::scheduler::Context>>::set::<<tokio[6d42b074fde3f578]::runtime::scheduler::current_thread::CoreGuard>::enter<<tokio[6d42b074fde3f578]::runtime::scheduler::current_thread::CoreGuard>::block_on<core[a373ad73a504971]::pin::Pin<&mut core[a373ad73a504971]::pin::Pin<&mut dyn core[a373ad73a504971]::future::future::Future<Output = ()>>>>::{closure#0}, core[a373ad73a504971]::option::Option<()>>::{closure#0}, (alloc[2e1b2a31b91974c5]::boxed::Box<tokio[6d42b074fde3f578]::runtime::scheduler::current_thread::Core>, core[a373ad73a504971]::option::Option<()>)>
[INFO] [stdout]   15:     0x5d4113cf7e87 - <tokio[6d42b074fde3f578]::runtime::scheduler::current_thread::CoreGuard>::block_on::<core[a373ad73a504971]::pin::Pin<&mut core[a373ad73a504971]::pin::Pin<&mut dyn core[a373ad73a504971]::future::future::Future<Output = ()>>>>
[INFO] [stdout]   16:     0x5d4113ccf7fd - tokio[6d42b074fde3f578]::runtime::context::runtime::enter_runtime::<<tokio[6d42b074fde3f578]::runtime::scheduler::current_thread::CurrentThread>::block_on<core[a373ad73a504971]::pin::Pin<&mut dyn core[a373ad73a504971]::future::future::Future<Output = ()>>>::{closure#0}, ()>
[INFO] [stdout]   17:     0x5d4113cea0d5 - <tokio[6d42b074fde3f578]::runtime::runtime::Runtime>::block_on::<core[a373ad73a504971]::pin::Pin<&mut dyn core[a373ad73a504971]::future::future::Future<Output = ()>>>
[INFO] [stdout]   18:     0x5d4113ccd54d - <xrpl_ws_client[bf68e8f47cecb1ee]::client_tests::tests::client_can_request_account_info::{closure#0} as core[a373ad73a504971]::ops::function::FnOnce<()>>::call_once
[INFO] [stdout]   19:     0x5d4113cf9ecb - test[aada8e7e76ba119b]::__rust_begin_short_backtrace::<core[a373ad73a504971]::result::Result<(), alloc[2e1b2a31b91974c5]::string::String>, fn() -> core[a373ad73a504971]::result::Result<(), alloc[2e1b2a31b91974c5]::string::String>>
[INFO] [stdout]   20:     0x5d4113d070a5 - test[aada8e7e76ba119b]::run_test::{closure#0}
[INFO] [stdout]   21:     0x5d4113d00994 - std[617be2ca0a6fd877]::sys::backtrace::__rust_begin_short_backtrace::<test[aada8e7e76ba119b]::run_test::{closure#1}, ()>
[INFO] [stdout]   22:     0x5d4113d0a132 - <std[617be2ca0a6fd877]::thread::lifecycle::spawn_unchecked<test[aada8e7e76ba119b]::run_test::{closure#1}, ()>::{closure#1} as core[a373ad73a504971]::ops::function::FnOnce<()>>::call_once::{shim:vtable#0}
[INFO] [stdout]   23:     0x5d4113e5bbef - <std[617be2ca0a6fd877]::sys::thread::unix::Thread>::new::thread_start
[INFO] [stdout]   24:     0x73b61f21adfa - <unknown>
[INFO] [stdout]   25:     0x73b61f2ae3d4 - clone
[INFO] [stdout]   26:                0x0 - <unknown>
[INFO] [stdout] 
[INFO] [stdout] ---- client_tests::tests::client_can_subscribe_to_streams stdout ----
[INFO] [stdout] 
[INFO] [stdout] thread 'client_tests::tests::client_can_subscribe_to_streams' (805) panicked at src/client_tests.rs:27:14:
[INFO] [stdout] cannot connect: Internal("IO error: failed to lookup address information: Temporary failure in name resolution")
[INFO] [stdout] stack backtrace:
[INFO] [stdout]    0:     0x5d4113e5c701 - <<std[617be2ca0a6fd877]::sys::backtrace::BacktraceLock>::print::DisplayBacktrace as core[a373ad73a504971]::fmt::Display>::fmt
[INFO] [stdout]    1:     0x5d4113e7266a - core[a373ad73a504971]::fmt::write
[INFO] [stdout]    2:     0x5d4113e60f6c - <alloc[2e1b2a31b91974c5]::vec::Vec<u8> as core[a373ad73a504971]::io::write::Write>::write_fmt
[INFO] [stdout]    3:     0x5d4113e381b6 - std[617be2ca0a6fd877]::panicking::default_hook::{closure#0}
[INFO] [stdout]    4:     0x5d4113e549e9 - std[617be2ca0a6fd877]::panicking::default_hook
[INFO] [stdout]    5:     0x5d4113d06a80 - test[aada8e7e76ba119b]::test_main_inner::{closure#0}
[INFO] [stdout]    6:     0x5d4113e54ba2 - std[617be2ca0a6fd877]::panicking::panic_with_hook
[INFO] [stdout]    7:     0x5d4113e38262 - std[617be2ca0a6fd877]::panicking::panic_handler::{closure#0}
[INFO] [stdout]    8:     0x5d4113e30e99 - std[617be2ca0a6fd877]::sys::backtrace::__rust_end_short_backtrace::<std[617be2ca0a6fd877]::panicking::panic_handler::{closure#0}, !>
[INFO] [stdout]    9:     0x5d4113e3905d - __rustc[ea4f61d10b84890b]::rust_begin_unwind
[INFO] [stdout]   10:     0x5d4113e72dcc - core[a373ad73a504971]::panicking::panic_fmt
[INFO] [stdout]   11:     0x5d4113e72ba2 - core[a373ad73a504971]::result::unwrap_failed
[INFO] [stdout]   12:     0x5d4113ccccfb - xrpl_ws_client[bf68e8f47cecb1ee]::client_tests::tests::client_can_subscribe_to_streams::{closure#0}
[INFO] [stdout]   13:     0x5d4113cf7ce3 - <tokio[6d42b074fde3f578]::runtime::scheduler::current_thread::Context>::enter::<core[a373ad73a504971]::task::poll::Poll<()>, <tokio[6d42b074fde3f578]::runtime::scheduler::current_thread::CoreGuard>::block_on<core[a373ad73a504971]::pin::Pin<&mut core[a373ad73a504971]::pin::Pin<&mut dyn core[a373ad73a504971]::future::future::Future<Output = ()>>>>::{closure#0}::{closure#0}>
[INFO] [stdout]   14:     0x5d4113cea1fc - <tokio[6d42b074fde3f578]::runtime::context::scoped::Scoped<tokio[6d42b074fde3f578]::runtime::scheduler::Context>>::set::<<tokio[6d42b074fde3f578]::runtime::scheduler::current_thread::CoreGuard>::enter<<tokio[6d42b074fde3f578]::runtime::scheduler::current_thread::CoreGuard>::block_on<core[a373ad73a504971]::pin::Pin<&mut core[a373ad73a504971]::pin::Pin<&mut dyn core[a373ad73a504971]::future::future::Future<Output = ()>>>>::{closure#0}, core[a373ad73a504971]::option::Option<()>>::{closure#0}, (alloc[2e1b2a31b91974c5]::boxed::Box<tokio[6d42b074fde3f578]::runtime::scheduler::current_thread::Core>, core[a373ad73a504971]::option::Option<()>)>
[INFO] [stdout]   15:     0x5d4113cf7e87 - <tokio[6d42b074fde3f578]::runtime::scheduler::current_thread::CoreGuard>::block_on::<core[a373ad73a504971]::pin::Pin<&mut core[a373ad73a504971]::pin::Pin<&mut dyn core[a373ad73a504971]::future::future::Future<Output = ()>>>>
[INFO] [stdout]   16:     0x5d4113ccf7fd - tokio[6d42b074fde3f578]::runtime::context::runtime::enter_runtime::<<tokio[6d42b074fde3f578]::runtime::scheduler::current_thread::CurrentThread>::block_on<core[a373ad73a504971]::pin::Pin<&mut dyn core[a373ad73a504971]::future::future::Future<Output = ()>>>::{closure#0}, ()>
[INFO] [stdout]   17:     0x5d4113cea0d5 - <tokio[6d42b074fde3f578]::runtime::runtime::Runtime>::block_on::<core[a373ad73a504971]::pin::Pin<&mut dyn core[a373ad73a504971]::future::future::Future<Output = ()>>>
[INFO] [stdout]   18:     0x5d4113ccd6ad - <xrpl_ws_client[bf68e8f47cecb1ee]::client_tests::tests::client_can_subscribe_to_streams::{closure#0} as core[a373ad73a504971]::ops::function::FnOnce<()>>::call_once
[INFO] [stdout]   19:     0x5d4113cf9ecb - test[aada8e7e76ba119b]::__rust_begin_short_backtrace::<core[a373ad73a504971]::result::Result<(), alloc[2e1b2a31b91974c5]::string::String>, fn() -> core[a373ad73a504971]::result::Result<(), alloc[2e1b2a31b91974c5]::string::String>>
[INFO] [stdout]   20:     0x5d4113d070a5 - test[aada8e7e76ba119b]::run_test::{closure#0}
[INFO] [stdout]   21:     0x5d4113d00994 - std[617be2ca0a6fd877]::sys::backtrace::__rust_begin_short_backtrace::<test[aada8e7e76ba119b]::run_test::{closure#1}, ()>
[INFO] [stdout]   22:     0x5d4113d0a132 - <std[617be2ca0a6fd877]::thread::lifecycle::spawn_unchecked<test[aada8e7e76ba119b]::run_test::{closure#1}, ()>::{closure#1} as core[a373ad73a504971]::ops::function::FnOnce<()>>::call_once::{shim:vtable#0}
[INFO] [stdout]   23:     0x5d4113e5bbef - <std[617be2ca0a6fd877]::sys::thread::unix::Thread>::new::thread_start
[INFO] [stdout]   24:     0x73b61f21adfa - <unknown>
[INFO] [stdout]   25:     0x73b61f2ae3d4 - clone
[INFO] [stdout]   26:                0x0 - <unknown>
[INFO] [stdout] 
[INFO] [stdout] ---- client_tests::tests::client_can_subscribe_to_books stdout ----
[INFO] [stdout] 
[INFO] [stdout] thread 'client_tests::tests::client_can_subscribe_to_books' (804) panicked at src/client_tests.rs:48:14:
[INFO] [stdout] cannot connect: Internal("IO error: failed to lookup address information: Temporary failure in name resolution")
[INFO] [stdout] stack backtrace:
[INFO] [stdout]    0:     0x5d4113e5c701 - <<std[617be2ca0a6fd877]::sys::backtrace::BacktraceLock>::print::DisplayBacktrace as core[a373ad73a504971]::fmt::Display>::fmt
[INFO] [stdout]    1:     0x5d4113e7266a - core[a373ad73a504971]::fmt::write
[INFO] [stdout]    2:     0x5d4113e60f6c - <alloc[2e1b2a31b91974c5]::vec::Vec<u8> as core[a373ad73a504971]::io::write::Write>::write_fmt
[INFO] [stdout]    3:     0x5d4113e381b6 - std[617be2ca0a6fd877]::panicking::default_hook::{closure#0}
[INFO] [stdout]    4:     0x5d4113e549e9 - std[617be2ca0a6fd877]::panicking::default_hook
[INFO] [stdout]    5:     0x5d4113d06a80 - test[aada8e7e76ba119b]::test_main_inner::{closure#0}
[INFO] [stdout]    6:     0x5d4113e54ba2 - std[617be2ca0a6fd877]::panicking::panic_with_hook
[INFO] [stdout]    7:     0x5d4113e38262 - std[617be2ca0a6fd877]::panicking::panic_handler::{closure#0}
[INFO] [stdout]    8:     0x5d4113e30e99 - std[617be2ca0a6fd877]::sys::backtrace::__rust_end_short_backtrace::<std[617be2ca0a6fd877]::panicking::panic_handler::{closure#0}, !>
[INFO] [stdout]    9:     0x5d4113e3905d - __rustc[ea4f61d10b84890b]::rust_begin_unwind
[INFO] [stdout]   10:     0x5d4113e72dcc - core[a373ad73a504971]::panicking::panic_fmt
[INFO] [stdout]   11:     0x5d4113e72ba2 - core[a373ad73a504971]::result::unwrap_failed
[INFO] [stdout]   12:     0x5d4113ccb6e3 - xrpl_ws_client[bf68e8f47cecb1ee]::client_tests::tests::client_can_subscribe_to_books::{closure#0}
[INFO] [stdout]   13:     0x5d4113cf7ce3 - <tokio[6d42b074fde3f578]::runtime::scheduler::current_thread::Context>::enter::<core[a373ad73a504971]::task::poll::Poll<()>, <tokio[6d42b074fde3f578]::runtime::scheduler::current_thread::CoreGuard>::block_on<core[a373ad73a504971]::pin::Pin<&mut core[a373ad73a504971]::pin::Pin<&mut dyn core[a373ad73a504971]::future::future::Future<Output = ()>>>>::{closure#0}::{closure#0}>
[INFO] [stdout]   14:     0x5d4113cea1fc - <tokio[6d42b074fde3f578]::runtime::context::scoped::Scoped<tokio[6d42b074fde3f578]::runtime::scheduler::Context>>::set::<<tokio[6d42b074fde3f578]::runtime::scheduler::current_thread::CoreGuard>::enter<<tokio[6d42b074fde3f578]::runtime::scheduler::current_thread::CoreGuard>::block_on<core[a373ad73a504971]::pin::Pin<&mut core[a373ad73a504971]::pin::Pin<&mut dyn core[a373ad73a504971]::future::future::Future<Output = ()>>>>::{closure#0}, core[a373ad73a504971]::option::Option<()>>::{closure#0}, (alloc[2e1b2a31b91974c5]::boxed::Box<tokio[6d42b074fde3f578]::runtime::scheduler::current_thread::Core>, core[a373ad73a504971]::option::Option<()>)>
[INFO] [stdout]   15:     0x5d4113cf7e87 - <tokio[6d42b074fde3f578]::runtime::scheduler::current_thread::CoreGuard>::block_on::<core[a373ad73a504971]::pin::Pin<&mut core[a373ad73a504971]::pin::Pin<&mut dyn core[a373ad73a504971]::future::future::Future<Output = ()>>>>
[INFO] [stdout]   16:     0x5d4113ccf7fd - tokio[6d42b074fde3f578]::runtime::context::runtime::enter_runtime::<<tokio[6d42b074fde3f578]::runtime::scheduler::current_thread::CurrentThread>::block_on<core[a373ad73a504971]::pin::Pin<&mut dyn core[a373ad73a504971]::future::future::Future<Output = ()>>>::{closure#0}, ()>
[INFO] [stdout]   17:     0x5d4113cea0d5 - <tokio[6d42b074fde3f578]::runtime::runtime::Runtime>::block_on::<core[a373ad73a504971]::pin::Pin<&mut dyn core[a373ad73a504971]::future::future::Future<Output = ()>>>
[INFO] [stdout]   18:     0x5d4113ccd36d - <xrpl_ws_client[bf68e8f47cecb1ee]::client_tests::tests::client_can_subscribe_to_books::{closure#0} as core[a373ad73a504971]::ops::function::FnOnce<()>>::call_once
[INFO] [stdout]   19:     0x5d4113cf9ecb - test[aada8e7e76ba119b]::__rust_begin_short_backtrace::<core[a373ad73a504971]::result::Result<(), alloc[2e1b2a31b91974c5]::string::String>, fn() -> core[a373ad73a504971]::result::Result<(), alloc[2e1b2a31b91974c5]::string::String>>
[INFO] [stdout]   20:     0x5d4113d070a5 - test[aada8e7e76ba119b]::run_test::{closure#0}
[INFO] [stdout]   21:     0x5d4113d00994 - std[617be2ca0a6fd877]::sys::backtrace::__rust_begin_short_backtrace::<test[aada8e7e76ba119b]::run_test::{closure#1}, ()>
[INFO] [stdout]   22:     0x5d4113d0a132 - <std[617be2ca0a6fd877]::thread::lifecycle::spawn_unchecked<test[aada8e7e76ba119b]::run_test::{closure#1}, ()>::{closure#1} as core[a373ad73a504971]::ops::function::FnOnce<()>>::call_once::{shim:vtable#0}
[INFO] [stdout]   23:     0x5d4113e5bbef - <std[617be2ca0a6fd877]::sys::thread::unix::Thread>::new::thread_start
[INFO] [stdout]   24:     0x73b61f21adfa - <unknown>
[INFO] [stdout]   25:     0x73b61f2ae3d4 - clone
[INFO] [stdout]   26:                0x0 - <unknown>
[INFO] [stdout] 
[INFO] [stdout] 
[INFO] [stdout] failures:
[INFO] [stdout]     client_tests::tests::client_can_request_account_info
[INFO] [stdout]     client_tests::tests::client_can_subscribe_to_books
[INFO] [stdout]     client_tests::tests::client_can_subscribe_to_streams
[INFO] [stdout] 
[INFO] [stdout] test result: FAILED. 0 passed; 3 failed; 0 ignored; 0 measured; 0 filtered out; finished in 0.00s
[INFO] [stdout] 
[INFO] running `Command { std: "docker" "inspect" "8c6bbf04bf2f89fe428b5cf678de07bd2822b39c59647db6bdc2710c33938c98", kill_on_drop: false }`
[INFO] running `Command { std: "docker" "rm" "-f" "8c6bbf04bf2f89fe428b5cf678de07bd2822b39c59647db6bdc2710c33938c98", kill_on_drop: false }`
[INFO] [stdout] 8c6bbf04bf2f89fe428b5cf678de07bd2822b39c59647db6bdc2710c33938c98
