[INFO] fetching crate xrpl_sdk_jsonrpc 0.12.0...
[INFO] testing xrpl_sdk_jsonrpc-0.12.0 against 1.99.0-beta.8+cargoflags=--release for beta-release-1.100-2
[INFO] extracting crate xrpl_sdk_jsonrpc 0.12.0 into /workspace/builds/worker-5-tc1/source
[INFO] started tweaking crates.io crate xrpl_sdk_jsonrpc 0.12.0
[INFO] finished tweaking crates.io crate xrpl_sdk_jsonrpc 0.12.0
[INFO] tweaked toml for crates.io crate xrpl_sdk_jsonrpc 0.12.0 written to /workspace/builds/worker-5-tc1/source/Cargo.toml
[INFO] validating manifest of crates.io crate xrpl_sdk_jsonrpc 0.12.0 on toolchain 1.99.0-beta.8
[INFO] running `Command { std: CARGO_HOME="/workspace/cargo-home" RUSTUP_HOME="/workspace/rustup-home" "/workspace/cargo-home/bin/cargo" "+1.99.0-beta.8" "metadata" "--manifest-path" "Cargo.toml" "--no-deps", kill_on_drop: false }`
[INFO] running `Command { std: CARGO_HOME="/workspace/cargo-home" RUSTUP_HOME="/workspace/rustup-home" "/workspace/cargo-home/bin/cargo" "+1.99.0-beta.8" "generate-lockfile" "--manifest-path" "Cargo.toml", kill_on_drop: false }`
[INFO] [stderr]     Updating crates.io index
[INFO] [stderr]      Locking 195 packages to highest compatible versions
[INFO] [stderr]       Adding generic-array v0.14.7 (available: v0.14.9)
[INFO] [stderr]       Adding reqwest v0.11.27 (available: v0.13.5)
[INFO] [stderr]       Adding sha2 v0.10.9 (available: v0.11.1)
[INFO] [stderr]       Adding thiserror v1.0.69 (available: v2.0.21)
[INFO] [stderr]       Adding xrpl_api v0.12.0 (available: v0.16.7)
[INFO] [stderr]       Adding xrpl_binary_codec v0.12.0 (available: v0.16.7)
[INFO] [stderr]       Adding xrpl_types v0.12.0 (available: v0.16.7)
[INFO] running `Command { std: CARGO_HOME="/workspace/cargo-home" RUSTUP_HOME="/workspace/rustup-home" "/workspace/cargo-home/bin/cargo" "+1.99.0-beta.8" "fetch" "--manifest-path" "Cargo.toml", kill_on_drop: false }`
[INFO] [stderr]  Downloading crates ...
[INFO] [stderr]   Downloaded xrpl_types v0.12.0
[INFO] [stderr]   Downloaded xrpl_binary_codec v0.12.0
[INFO] [stderr]   Downloaded sha2 v0.9.9
[INFO] [stderr]   Downloaded opaque-debug v0.3.1
[INFO] [stderr]   Downloaded libsecp256k1 v0.7.2
[INFO] [stderr]   Downloaded digest v0.9.0
[INFO] [stderr]   Downloaded arrayref v0.3.9
[INFO] [stderr]   Downloaded enumflags2_derive v0.7.12
[INFO] [stderr]   Downloaded system-configuration v0.5.1
[INFO] [stderr]   Downloaded http-body v0.4.6
[INFO] [stderr]   Downloaded libsecp256k1-gen-genmult v0.3.0
[INFO] [stderr]   Downloaded block-buffer v0.9.0
[INFO] [stderr]   Downloaded sync_wrapper v0.1.2
[INFO] [stderr]   Downloaded libsecp256k1-gen-ecmult v0.3.0
[INFO] [stderr]   Downloaded hmac v0.8.1
[INFO] [stderr]   Downloaded system-configuration-sys v0.5.0
[INFO] [stderr]   Downloaded hmac-drbg v0.3.0
[INFO] [stderr]   Downloaded crypto-mac v0.8.0
[INFO] [stderr]   Downloaded enumflags2 v0.7.12
[INFO] [stderr]   Downloaded rustls-pemfile v1.0.4
[INFO] [stderr]   Downloaded xrpl_api v0.12.0
[INFO] [stderr]   Downloaded winreg v0.50.0
[INFO] [stderr]   Downloaded native-tls v0.2.18
[INFO] [stderr]   Downloaded schannel v0.1.30
[INFO] [stderr]   Downloaded libsecp256k1-core v0.3.0
[INFO] [stderr]   Downloaded socket2 v0.5.10
[INFO] [stderr]   Downloaded zerocopy-derive v0.8.63
[INFO] [stderr]   Downloaded http v0.2.12
[INFO] [stderr]   Downloaded base64 v0.21.7
[INFO] [stderr]   Downloaded reqwest v0.11.27
[INFO] [stderr]   Downloaded h2 v0.3.27
[INFO] [stderr]   Downloaded hyper v0.14.32
[INFO] [stderr]   Downloaded openssl v0.10.81
[INFO] [stderr]   Downloaded zerocopy v0.8.63
[INFO] running `Command { std: "docker" "create" "-v" "/var/lib/crater-agent-workspace/builds/worker-5-tc1/source:/opt/rustwide/workdir:ro,Z" "-v" "/var/lib/crater-agent-workspace/builds/worker-5-tc1/target:/opt/rustwide/target:rw,Z" "-v" "/var/lib/crater-agent-workspace/cargo-home:/opt/rustwide/cargo-home:ro,Z" "-v" "/var/lib/crater-agent-workspace/rustup-home:/opt/rustwide/rustup-home:ro,Z" "-m" "1610612736" "--network" "none" "ghcr.io/rust-lang/crates-build-env/linux@sha256:77db811e55d90add9212f6832c23229e3de5f1c1f9905e8cb07319ea15df73ac" "sleep" "infinity", kill_on_drop: false }`
[INFO] [stdout] 0391dbde54e96a0efb1b743bf8ba20e148587b08b724007a3f7c3a5f0fbc2b4b
[INFO] running `Command { std: "docker" "start" "0391dbde54e96a0efb1b743bf8ba20e148587b08b724007a3f7c3a5f0fbc2b4b", kill_on_drop: false }`
[INFO] running `Command { std: "docker" "inspect" "0391dbde54e96a0efb1b743bf8ba20e148587b08b724007a3f7c3a5f0fbc2b4b", kill_on_drop: false }`
[INFO] running `Command { std: "docker" "exec" "-e" "SOURCE_DIR=/opt/rustwide/workdir" "-e" "CARGO_HOME=/opt/rustwide/cargo-home" "-e" "RUSTUP_HOME=/opt/rustwide/rustup-home" "-e" "CARGO_TARGET_DIR=/opt/rustwide/target" "-w" "/opt/rustwide/workdir" "--user" "0:0" "0391dbde54e96a0efb1b743bf8ba20e148587b08b724007a3f7c3a5f0fbc2b4b" "/opt/rustwide/cargo-home/bin/cargo" "+1.99.0-beta.8" "metadata" "--no-deps" "--format-version=1", kill_on_drop: false }`
[INFO] running `Command { std: "docker" "inspect" "0391dbde54e96a0efb1b743bf8ba20e148587b08b724007a3f7c3a5f0fbc2b4b", kill_on_drop: false }`
[INFO] running `Command { std: "docker" "exec" "-e" "SOURCE_DIR=/opt/rustwide/workdir" "-e" "CARGO_HOME=/opt/rustwide/cargo-home" "-e" "RUSTUP_HOME=/opt/rustwide/rustup-home" "-e" "CARGO_TARGET_DIR=/opt/rustwide/target" "-e" "CARGO_INCREMENTAL=0" "-e" "RUST_BACKTRACE=full" "-e" "RUSTFLAGS=--cap-lints=warn" "-e" "RUSTDOCFLAGS=--cap-lints=warn" "-w" "/opt/rustwide/workdir" "--user" "0:0" "0391dbde54e96a0efb1b743bf8ba20e148587b08b724007a3f7c3a5f0fbc2b4b" "/opt/rustwide/cargo-home/bin/cargo" "+1.99.0-beta.8" "build" "--frozen" "--message-format=json" "--release", kill_on_drop: false }`
[INFO] [stderr]    Compiling syn v3.0.9
[INFO] [stderr]    Compiling libc v0.2.191
[INFO] [stderr]    Compiling generic-array v0.14.7
[INFO] [stderr]    Compiling syn v2.0.119
[INFO] [stderr]    Compiling typenum v1.20.1
[INFO] [stderr]    Compiling stable_deref_trait v1.2.1
[INFO] [stderr]    Compiling smallvec v1.16.3
[INFO] [stderr]    Compiling crunchy v0.2.4
[INFO] [stderr]    Compiling find-msvc-tools v0.1.14
[INFO] [stderr]    Compiling shlex v2.0.1
[INFO] [stderr]    Compiling serde_core v1.0.229
[INFO] [stderr]    Compiling vcpkg v0.2.15
[INFO] [stderr]    Compiling pkg-config v0.3.34
[INFO] [stderr]    Compiling pin-project-lite v0.2.17
[INFO] [stderr]    Compiling parking_lot_core v0.9.12
[INFO] [stderr]    Compiling scopeguard v1.2.0
[INFO] [stderr]    Compiling bytes v1.12.1
[INFO] [stderr]    Compiling serde v1.0.229
[INFO] [stderr]    Compiling lock_api v0.4.14
[INFO] [stderr]    Compiling writeable v0.6.4
[INFO] [stderr]    Compiling litemap v0.8.3
[INFO] [stderr]    Compiling cc v1.8.0
[INFO] [stderr]    Compiling icu_properties_data v2.3.0
[INFO] [stderr]    Compiling zmij v1.0.23
[INFO] [stderr]    Compiling futures-core v0.3.34
[INFO] [stderr]    Compiling zerocopy v0.8.63
[INFO] [stderr]    Compiling subtle v2.6.1
[INFO] [stderr]    Compiling icu_normalizer_data v2.3.0
[INFO] [stderr]    Compiling utf8_iter v1.0.4
[INFO] [stderr]    Compiling once_cell v1.21.4
[INFO] [stderr]    Compiling rustversion v1.0.23
[INFO] [stderr]    Compiling foreign-types-shared v0.1.1
[INFO] [stderr]    Compiling fnv v1.0.7
[INFO] [stderr]    Compiling serde_json v1.0.154
[INFO] [stderr]    Compiling openssl v0.10.81
[INFO] [stderr]    Compiling foreign-types v0.3.2
[INFO] [stderr]    Compiling tracing-core v0.1.36
[INFO] [stderr]    Compiling memchr v2.8.3
[INFO] [stderr]    Compiling httparse v1.10.1
[INFO] [stderr]    Compiling cpufeatures v0.2.17
[INFO] [stderr]    Compiling native-tls v0.2.18
[INFO] [stderr]    Compiling futures-sink v0.3.34
[INFO] [stderr]    Compiling bitflags v2.13.2
[INFO] [stderr]    Compiling hashbrown v0.17.1
[INFO] [stderr]    Compiling futures-task v0.3.34
[INFO] [stderr]    Compiling http v0.2.12
[INFO] [stderr]    Compiling equivalent v1.0.3
[INFO] [stderr]    Compiling slab v0.4.12
[INFO] [stderr]    Compiling percent-encoding v2.3.2
[INFO] [stderr]    Compiling futures-util v0.3.34
[INFO] [stderr]    Compiling try-lock v0.2.5
[INFO] [stderr]    Compiling openssl-probe v0.2.1
[INFO] [stderr]    Compiling log v0.4.34
[INFO] [stderr]    Compiling errno v0.3.14
[INFO] [stderr]    Compiling signal-hook-registry v1.4.8
[INFO] [stderr]    Compiling mio v1.2.4
[INFO] [stderr]    Compiling socket2 v0.6.5
[INFO] [stderr]    Compiling getrandom v0.2.17
[INFO] [stderr]    Compiling rand_core v0.6.4
[INFO] [stderr]    Compiling parking_lot v0.12.5
[INFO] [stderr]    Compiling indexmap v2.14.2
[INFO] [stderr]    Compiling encoding_rs v0.8.42
[INFO] [stderr]    Compiling http-body v0.4.6
[INFO] [stderr]    Compiling socket2 v0.5.10
[INFO] [stderr]    Compiling form_urlencoded v1.2.2
[INFO] [stderr]    Compiling want v0.3.2
[INFO] [stderr]    Compiling futures-channel v0.3.34
[INFO] [stderr]    Compiling digest v0.9.0
[INFO] [stderr]    Compiling libsecp256k1-core v0.3.0
[INFO] [stderr]    Compiling opaque-debug v0.3.1
[INFO] [stderr]    Compiling httpdate v1.0.3
[INFO] [stderr]    Compiling tower-service v0.3.3
[INFO] [stderr]    Compiling block-buffer v0.10.4
[INFO] [stderr]    Compiling crypto-common v0.1.7
[INFO] [stderr]    Compiling crypto-mac v0.8.0
[INFO] [stderr]    Compiling openssl-sys v0.9.117
[INFO] [stderr]    Compiling block-buffer v0.9.0
[INFO] [stderr]    Compiling hmac v0.8.1
[INFO] [stderr]    Compiling digest v0.10.7
[INFO] [stderr]    Compiling sha2 v0.9.9
[INFO] [stderr]    Compiling hmac-drbg v0.3.0
[INFO] [stderr]    Compiling multiversion_no_op v1.0.0
[INFO] [stderr]    Compiling arrayref v0.3.9
[INFO] [stderr]    Compiling simdutf8 v0.1.5
[INFO] [stderr]    Compiling ryu v1.0.23
[INFO] [stderr]    Compiling core_detect v1.0.0
[INFO] [stderr]    Compiling sha2 v0.10.9
[INFO] [stderr]    Compiling base64 v0.22.1
[INFO] [stderr]    Compiling base64 v0.21.7
[INFO] [stderr]    Compiling hex v0.4.3
[INFO] [stderr]    Compiling rustls-pemfile v1.0.4
[INFO] [stderr]    Compiling bs58 v0.5.1
[INFO] [stderr]    Compiling libsecp256k1-gen-genmult v0.3.0
[INFO] [stderr]    Compiling libsecp256k1-gen-ecmult v0.3.0
[INFO] [stderr]    Compiling mime v0.3.17
[INFO] [stderr]    Compiling sync_wrapper v0.1.2
[INFO] [stderr]    Compiling libsecp256k1 v0.7.2
[INFO] [stderr]    Compiling ipnet v2.12.2
[INFO] [stderr]    Compiling synstructure v0.14.0
[INFO] [stderr]    Compiling openssl-macros v0.1.1
[INFO] [stderr]    Compiling tracing-attributes v0.1.31
[INFO] [stderr]    Compiling enumflags2_derive v0.7.12
[INFO] [stderr]    Compiling thiserror-impl v1.0.69
[INFO] [stderr]    Compiling zerovec-derive v0.11.6
[INFO] [stderr]    Compiling displaydoc v0.2.7
[INFO] [stderr]    Compiling serde_derive v1.0.229
[INFO] [stderr]    Compiling tokio-macros v2.7.2
[INFO] [stderr]    Compiling zerofrom-derive v0.1.8
[INFO] [stderr]    Compiling yoke-derive v0.8.4
[INFO] [stderr]    Compiling tracing v0.1.44
[INFO] [stderr]    Compiling ppv-lite86 v0.2.21
[INFO] [stderr]    Compiling thiserror v1.0.69
[INFO] [stderr]    Compiling tokio v1.53.3
[INFO] [stderr]    Compiling zerofrom v0.1.8
[INFO] [stderr]    Compiling rand_chacha v0.3.1
[INFO] [stderr]    Compiling yoke v0.8.3
[INFO] [stderr]    Compiling zerovec v0.11.8
[INFO] [stderr]    Compiling zerotrie v0.2.5
[INFO] [stderr]    Compiling rand v0.8.8
[INFO] [stderr]    Compiling tinystr v0.8.4
[INFO] [stderr]    Compiling potential_utf v0.1.6
[INFO] [stderr]    Compiling icu_collections v2.3.0
[INFO] [stderr]    Compiling icu_locale_core v2.3.0
[INFO] [stderr]    Compiling icu_provider v2.3.1
[INFO] [stderr]    Compiling xrpl_types v0.12.0
[INFO] [stderr]    Compiling enumflags2 v0.7.12
[INFO] [stderr]    Compiling serde_urlencoded v0.7.1
[INFO] [stderr]    Compiling icu_normalizer v2.3.0
[INFO] [stderr]    Compiling icu_properties v2.3.0
[INFO] [stderr]    Compiling xrpl_api v0.12.0
[INFO] [stderr]    Compiling idna_adapter v1.2.2
[INFO] [stderr]    Compiling idna v1.1.0
[INFO] [stderr]    Compiling url v2.5.8
[INFO] [stderr]    Compiling xrpl_binary_codec v0.12.0
[INFO] [stderr]    Compiling tokio-util v0.7.20
[INFO] [stderr]    Compiling tokio-native-tls v0.3.1
[INFO] [stderr]    Compiling h2 v0.3.27
[INFO] [stderr]    Compiling hyper v0.14.32
[INFO] [stderr]    Compiling hyper-tls v0.5.0
[INFO] [stderr]    Compiling reqwest v0.11.27
[INFO] [stderr]    Compiling xrpl_sdk_jsonrpc v0.12.0 (/opt/rustwide/workdir)
[INFO] [stderr]     Finished `release` profile [optimized] target(s) in 1m 32s
[INFO] running `Command { std: "docker" "inspect" "0391dbde54e96a0efb1b743bf8ba20e148587b08b724007a3f7c3a5f0fbc2b4b", kill_on_drop: false }`
[INFO] running `Command { std: "docker" "exec" "-e" "SOURCE_DIR=/opt/rustwide/workdir" "-e" "CARGO_HOME=/opt/rustwide/cargo-home" "-e" "RUSTUP_HOME=/opt/rustwide/rustup-home" "-e" "CARGO_TARGET_DIR=/opt/rustwide/target" "-e" "CARGO_INCREMENTAL=0" "-e" "RUST_BACKTRACE=full" "-e" "RUSTFLAGS=--cap-lints=warn" "-e" "RUSTDOCFLAGS=--cap-lints=warn" "-w" "/opt/rustwide/workdir" "--user" "0:0" "0391dbde54e96a0efb1b743bf8ba20e148587b08b724007a3f7c3a5f0fbc2b4b" "/opt/rustwide/cargo-home/bin/cargo" "+1.99.0-beta.8" "test" "--frozen" "--no-run" "--message-format=json" "--release", kill_on_drop: false }`
[INFO] [stderr]    Compiling xrpl_sdk_jsonrpc v0.12.0 (/opt/rustwide/workdir)
[INFO] [stderr]     Finished `release` profile [optimized] target(s) in 11.98s
[INFO] running `Command { std: "docker" "inspect" "0391dbde54e96a0efb1b743bf8ba20e148587b08b724007a3f7c3a5f0fbc2b4b", kill_on_drop: false }`
[INFO] running `Command { std: "docker" "exec" "-e" "SOURCE_DIR=/opt/rustwide/workdir" "-e" "CARGO_HOME=/opt/rustwide/cargo-home" "-e" "RUSTUP_HOME=/opt/rustwide/rustup-home" "-e" "CARGO_TARGET_DIR=/opt/rustwide/target" "-e" "CARGO_INCREMENTAL=0" "-e" "RUST_BACKTRACE=full" "-e" "RUSTFLAGS=--cap-lints=warn" "-e" "RUSTDOCFLAGS=--cap-lints=warn" "-w" "/opt/rustwide/workdir" "--user" "0:0" "0391dbde54e96a0efb1b743bf8ba20e148587b08b724007a3f7c3a5f0fbc2b4b" "/opt/rustwide/cargo-home/bin/cargo" "+1.99.0-beta.8" "test" "--frozen" "--release", kill_on_drop: false }`
[INFO] [stderr]     Finished `release` profile [optimized] target(s) in 0.17s
[INFO] [stderr]      Running unittests src/lib.rs (/opt/rustwide/target/release/deps/xrpl_sdk_jsonrpc-fa5f28af8dc6834f)
[INFO] [stdout] 
[INFO] [stdout] running 24 tests
[INFO] [stdout] test client_tests::tests::client_can_fetch_info_about_the_current_ledger ... ok
[INFO] [stdout] test client_tests::tests::client_can_fetch_fees ... ok
[INFO] [stdout] test client_tests::tests::client_can_fetch_account_channels ... ok
[INFO] [stdout] test client_tests::tests::client_can_fetch_account_nfts ... ok
[INFO] [stdout] test client_tests::tests::client_can_fetch_ledger_data ... ok
[INFO] [stdout] test client_tests::tests::client_can_fetch_account_currencies ... ok
[INFO] [stdout] test client_tests::tests::client_can_fetch_account_offers ... ok
[INFO] [stdout] test client_tests::tests::client_can_fetch_ledger_entries ... ok
[INFO] [stdout] test client_tests::tests::client_can_fetch_ledger ... ok
[INFO] [stdout] test client_tests::tests::client_can_fetch_information_about_the_server ... ok
[INFO] [stdout] test client_tests::tests::client_can_fetch_info_about_the_last_closed_ledger ... ok
[INFO] [stdout] test client_tests::tests::client_can_fetch_book_offers ... ok
[INFO] [stdout] test client_tests::tests::client_can_fetch_gateway_balances ... ok
[INFO] [stdout] test client_tests::tests::client_can_fetch_a_random_seed ... ok
[INFO] [stdout] test client_tests::tests::client_can_fetch_manifests ... ok
[INFO] [stdout] test client_tests::tests::client_can_check_if_deposit_is_authorized ... ok
[INFO] [stdout] test client_tests::tests::client_can_fetch_account_info ... ok
[INFO] [stdout] test client_tests::tests::client_can_fetch_transaction_entries ... ok
[INFO] [stdout] test client_tests::tests::client_can_fetch_account_lines ... ok
[INFO] [stdout] test client_tests::tests::client_can_fetch_account_transactions ... ok
[INFO] [stdout] test client_tests::tests::client_can_fetch_transactions ... FAILED
[INFO] [stdout] test client_tests::tests::client_can_get_an_offer_object ... ok
[INFO] [stdout] test client_tests::tests::client_can_fetch_the_server_state ... ok
[INFO] [stdout] test client_tests::tests::client_can_ping_the_server ... ok
[INFO] [stderr] error: test failed, to rerun pass `--lib`
[INFO] [stdout] 
[INFO] [stdout] failures:
[INFO] [stdout] 
[INFO] [stdout] ---- client_tests::tests::client_can_fetch_transactions stdout ----
[INFO] [stdout] 
[INFO] [stdout] thread 'client_tests::tests::client_can_fetch_transactions' (2647) panicked at src/client_tests.rs:284:25:
[INFO] [stdout] error response: Internal("error sending request for url (https://s1.ripple.com:51234/): error trying to connect: dns error: failed to lookup address information: Temporary failure in name resolution")
[INFO] [stdout] stack backtrace:
[INFO] [stdout]    0:     0x654ee39c9f41 - <<std[70759c8f55707aa4]::sys::backtrace::BacktraceLock>::print::DisplayBacktrace as core[df12db4294e9bfd3]::fmt::Display>::fmt
[INFO] [stdout]    1:     0x654ee39e064a - core[df12db4294e9bfd3]::fmt::write
[INFO] [stdout]    2:     0x654ee39cea5c - <alloc[2182bb758b4b3781]::vec::Vec<u8> as core[df12db4294e9bfd3]::io::write::Write>::write_fmt
[INFO] [stdout]    3:     0x654ee39a5436 - std[70759c8f55707aa4]::panicking::default_hook::{closure#0}
[INFO] [stdout]    4:     0x654ee39c1f69 - std[70759c8f55707aa4]::panicking::default_hook
[INFO] [stdout]    5:     0x654ee392beb0 - test[9d35eded1c95d3be]::test_main_inner::<test[9d35eded1c95d3be]::test_main_static::{closure#0}>::{closure#0}
[INFO] [stdout]    6:     0x654ee39c2292 - std[70759c8f55707aa4]::panicking::panic_with_hook
[INFO] [stdout]    7:     0x654ee39a54e2 - std[70759c8f55707aa4]::panicking::panic_handler::{closure#0}
[INFO] [stdout]    8:     0x654ee399e189 - std[70759c8f55707aa4]::sys::backtrace::__rust_end_short_backtrace::<std[70759c8f55707aa4]::panicking::panic_handler::{closure#0}, !>
[INFO] [stdout]    9:     0x654ee39a62cd - __rustc[8fa7c3cbc660c2b3]::rust_begin_unwind
[INFO] [stdout]   10:     0x654ee39e0dac - core[df12db4294e9bfd3]::panicking::panic_fmt
[INFO] [stdout]   11:     0x654ee39e0b82 - core[df12db4294e9bfd3]::result::unwrap_failed
[INFO] [stdout]   12:     0x654ee3776357 - xrpl_sdk_jsonrpc[1df9c8b0bdf02f44]::client_tests::tests::client_can_fetch_transactions::{closure#0}
[INFO] [stdout]   13:     0x654ee37fc5c3 - <tokio[5d84f36ac228d186]::runtime::scheduler::current_thread::Context>::enter::<core[df12db4294e9bfd3]::task::poll::Poll<()>, <tokio[5d84f36ac228d186]::runtime::scheduler::current_thread::CoreGuard>::block_on<core[df12db4294e9bfd3]::pin::Pin<&mut core[df12db4294e9bfd3]::pin::Pin<&mut dyn core[df12db4294e9bfd3]::future::future::Future<Output = ()>>>>::{closure#0}::{closure#0}>
[INFO] [stdout]   14:     0x654ee37dbf3c - <tokio[5d84f36ac228d186]::runtime::context::scoped::Scoped<tokio[5d84f36ac228d186]::runtime::scheduler::Context>>::set::<<tokio[5d84f36ac228d186]::runtime::scheduler::current_thread::CoreGuard>::enter<<tokio[5d84f36ac228d186]::runtime::scheduler::current_thread::CoreGuard>::block_on<core[df12db4294e9bfd3]::pin::Pin<&mut core[df12db4294e9bfd3]::pin::Pin<&mut dyn core[df12db4294e9bfd3]::future::future::Future<Output = ()>>>>::{closure#0}, core[df12db4294e9bfd3]::option::Option<()>>::{closure#0}, (alloc[2182bb758b4b3781]::boxed::Box<tokio[5d84f36ac228d186]::runtime::scheduler::current_thread::Core>, core[df12db4294e9bfd3]::option::Option<()>)>
[INFO] [stdout]   15:     0x654ee37fc2c0 - <tokio[5d84f36ac228d186]::runtime::scheduler::current_thread::CurrentThread>::block_on::<core[df12db4294e9bfd3]::pin::Pin<&mut dyn core[df12db4294e9bfd3]::future::future::Future<Output = ()>>>
[INFO] [stdout]   16:     0x654ee37f8f92 - <tokio[5d84f36ac228d186]::runtime::runtime::Runtime>::block_on::<core[df12db4294e9bfd3]::pin::Pin<&mut dyn core[df12db4294e9bfd3]::future::future::Future<Output = ()>>>
[INFO] [stdout]   17:     0x654ee378993b - xrpl_sdk_jsonrpc[1df9c8b0bdf02f44]::client_tests::tests::client_can_fetch_transactions
[INFO] [stdout]   18:     0x654ee37ff259 - <xrpl_sdk_jsonrpc[1df9c8b0bdf02f44]::client_tests::tests::client_can_fetch_transactions::{closure#0} as core[df12db4294e9bfd3]::ops::function::FnOnce<()>>::call_once
[INFO] [stdout]   19:     0x654ee391f19b - test[9d35eded1c95d3be]::__rust_begin_short_backtrace::<core[df12db4294e9bfd3]::result::Result<(), alloc[2182bb758b4b3781]::string::String>, fn() -> core[df12db4294e9bfd3]::result::Result<(), alloc[2182bb758b4b3781]::string::String>>
[INFO] [stdout]   20:     0x654ee392c805 - test[9d35eded1c95d3be]::run_test::{closure#0}
[INFO] [stdout]   21:     0x654ee39260c4 - std[70759c8f55707aa4]::sys::backtrace::__rust_begin_short_backtrace::<test[9d35eded1c95d3be]::run_test::{closure#1}, ()>
[INFO] [stdout]   22:     0x654ee392f962 - <std[70759c8f55707aa4]::thread::lifecycle::spawn_unchecked<test[9d35eded1c95d3be]::run_test::{closure#1}, ()>::{closure#1} as core[df12db4294e9bfd3]::ops::function::FnOnce<()>>::call_once::{shim:vtable#0}
[INFO] [stdout]   23:     0x654ee39c9469 - <std[70759c8f55707aa4]::sys::thread::unix::Thread>::new::thread_start
[INFO] [stdout]   24:     0x7806dbba7dfa - <unknown>
[INFO] [stdout]   25:     0x7806dbc3b3d4 - clone
[INFO] [stdout]   26:                0x0 - <unknown>
[INFO] [stdout] 
[INFO] [stdout] 
[INFO] [stdout] failures:
[INFO] [stdout]     client_tests::tests::client_can_fetch_transactions
[INFO] [stdout] 
[INFO] [stdout] test result: FAILED. 23 passed; 1 failed; 0 ignored; 0 measured; 0 filtered out; finished in 0.32s
[INFO] [stdout] 
[INFO] running `Command { std: "docker" "inspect" "0391dbde54e96a0efb1b743bf8ba20e148587b08b724007a3f7c3a5f0fbc2b4b", kill_on_drop: false }`
[INFO] running `Command { std: "docker" "rm" "-f" "0391dbde54e96a0efb1b743bf8ba20e148587b08b724007a3f7c3a5f0fbc2b4b", kill_on_drop: false }`
[INFO] [stdout] 0391dbde54e96a0efb1b743bf8ba20e148587b08b724007a3f7c3a5f0fbc2b4b
