[INFO] fetching crate xping 0.1.0...
[INFO] testing xping-0.1.0 against 1.100.0-beta.1+cargoflags=--release for beta-release-1.100-2
[INFO] extracting crate xping 0.1.0 into /workspace/builds/worker-4-tc2/source
[INFO] started tweaking crates.io crate xping 0.1.0
[INFO] finished tweaking crates.io crate xping 0.1.0
[INFO] tweaked toml for crates.io crate xping 0.1.0 written to /workspace/builds/worker-4-tc2/source/Cargo.toml
[INFO] validating manifest of crates.io crate xping 0.1.0 on toolchain 1.100.0-beta.1
[INFO] running `Command { std: CARGO_HOME="/workspace/cargo-home" RUSTUP_HOME="/workspace/rustup-home" "/workspace/cargo-home/bin/cargo" "+1.100.0-beta.1" "metadata" "--manifest-path" "Cargo.toml" "--no-deps", kill_on_drop: false }`
[INFO] crate crates.io crate xping 0.1.0 already has a lockfile, it will not be regenerated
[INFO] running `Command { std: CARGO_HOME="/workspace/cargo-home" RUSTUP_HOME="/workspace/rustup-home" "/workspace/cargo-home/bin/cargo" "+1.100.0-beta.1" "fetch" "--manifest-path" "Cargo.toml", kill_on_drop: false }`
[INFO] [stderr] warning: `package.homepage` is redundant with `package.repository`
[INFO] [stderr]   --> Cargo.toml:63:12
[INFO] [stderr]    |
[INFO] [stderr] 63 | homepage = "https://github.com/larsch/xping"
[INFO] [stderr]    |            ^^^^^^^^^^^^^^^^^^^^^^^^^^^^^^^^^
[INFO] [stderr] ...
[INFO] [stderr] 67 | repository = "https://github.com/larsch/xping"
[INFO] [stderr]    |              ---------------------------------
[INFO] [stderr]    |
[INFO] [stderr]    = note: `cargo::redundant_homepage` is set to `warn` by default
[INFO] [stderr] help: consider removing `package.homepage`
[INFO] [stderr] warning: `xping` (manifest) generated 1 warning
[INFO] running `Command { std: "docker" "create" "-v" "/var/lib/crater-agent-workspace/builds/worker-4-tc2/source:/opt/rustwide/workdir:ro,Z" "-v" "/var/lib/crater-agent-workspace/builds/worker-4-tc2/target:/opt/rustwide/target:rw,Z" "-v" "/var/lib/crater-agent-workspace/cargo-home:/opt/rustwide/cargo-home:ro,Z" "-v" "/var/lib/crater-agent-workspace/rustup-home:/opt/rustwide/rustup-home:ro,Z" "-m" "1610612736" "--network" "none" "ghcr.io/rust-lang/crates-build-env/linux@sha256:77db811e55d90add9212f6832c23229e3de5f1c1f9905e8cb07319ea15df73ac" "sleep" "infinity", kill_on_drop: false }`
[INFO] [stdout] 928895aab069d5e809d76d932bf3b77b3b3468c31fc6c679384d2f08829df3e7
[INFO] running `Command { std: "docker" "start" "928895aab069d5e809d76d932bf3b77b3b3468c31fc6c679384d2f08829df3e7", kill_on_drop: false }`
[INFO] running `Command { std: "docker" "inspect" "928895aab069d5e809d76d932bf3b77b3b3468c31fc6c679384d2f08829df3e7", kill_on_drop: false }`
[INFO] running `Command { std: "docker" "exec" "-e" "SOURCE_DIR=/opt/rustwide/workdir" "-e" "CARGO_HOME=/opt/rustwide/cargo-home" "-e" "RUSTUP_HOME=/opt/rustwide/rustup-home" "-e" "CARGO_TARGET_DIR=/opt/rustwide/target" "-w" "/opt/rustwide/workdir" "--user" "0:0" "928895aab069d5e809d76d932bf3b77b3b3468c31fc6c679384d2f08829df3e7" "/opt/rustwide/cargo-home/bin/cargo" "+1.100.0-beta.1" "metadata" "--no-deps" "--format-version=1", kill_on_drop: false }`
[INFO] running `Command { std: "docker" "inspect" "928895aab069d5e809d76d932bf3b77b3b3468c31fc6c679384d2f08829df3e7", kill_on_drop: false }`
[INFO] running `Command { std: "docker" "exec" "-e" "SOURCE_DIR=/opt/rustwide/workdir" "-e" "CARGO_HOME=/opt/rustwide/cargo-home" "-e" "RUSTUP_HOME=/opt/rustwide/rustup-home" "-e" "CARGO_TARGET_DIR=/opt/rustwide/target" "-e" "CARGO_INCREMENTAL=0" "-e" "RUST_BACKTRACE=full" "-e" "RUSTFLAGS=--cap-lints=warn" "-e" "RUSTDOCFLAGS=--cap-lints=warn" "-w" "/opt/rustwide/workdir" "--user" "0:0" "928895aab069d5e809d76d932bf3b77b3b3468c31fc6c679384d2f08829df3e7" "/opt/rustwide/cargo-home/bin/cargo" "+1.100.0-beta.1" "build" "--frozen" "--message-format=json" "--release", kill_on_drop: false }`
[INFO] [stderr] warning: `package.homepage` is redundant with `package.repository`
[INFO] [stderr]   --> Cargo.toml:63:12
[INFO] [stderr]    |
[INFO] [stderr] 63 | homepage = "https://github.com/larsch/xping"
[INFO] [stderr]    |            ^^^^^^^^^^^^^^^^^^^^^^^^^^^^^^^^^
[INFO] [stderr] ...
[INFO] [stderr] 67 | repository = "https://github.com/larsch/xping"
[INFO] [stderr]    |              ---------------------------------
[INFO] [stderr]    |
[INFO] [stderr]    = note: `cargo::redundant_homepage` is set to `warn` by default
[INFO] [stderr] help: consider removing `package.homepage`
[INFO] [stderr] warning: `xping` (manifest) generated 1 warning
[INFO] [stderr]    Compiling proc-macro2 v1.0.86
[INFO] [stderr]    Compiling unicode-ident v1.0.12
[INFO] [stderr]    Compiling libc v0.2.155
[INFO] [stderr]    Compiling version_check v0.9.4
[INFO] [stderr]    Compiling strsim v0.11.1
[INFO] [stderr]    Compiling autocfg v1.3.0
[INFO] [stderr]    Compiling ident_case v1.0.1
[INFO] [stderr]    Compiling signal-hook v0.3.17
[INFO] [stderr]    Compiling cfg_aliases v0.1.1
[INFO] [stderr]    Compiling parking_lot_core v0.9.10
[INFO] [stderr]    Compiling serde v1.0.204
[INFO] [stderr]    Compiling is_terminal_polyfill v1.70.0
[INFO] [stderr]    Compiling anstyle-query v1.1.0
[INFO] [stderr]    Compiling anstyle-parse v0.2.4
[INFO] [stderr]    Compiling anstyle v1.0.7
[INFO] [stderr]    Compiling colorchoice v1.0.1
[INFO] [stderr]    Compiling nix v0.28.0
[INFO] [stderr]    Compiling bitflags v2.6.0
[INFO] [stderr]    Compiling log v0.4.22
[INFO] [stderr]    Compiling smallvec v1.13.2
[INFO] [stderr]    Compiling clap_lex v0.7.1
[INFO] [stderr]    Compiling yansi v1.0.1
[INFO] [stderr]    Compiling serde_json v1.0.120
[INFO] [stderr]    Compiling ryu v1.0.18
[INFO] [stderr]    Compiling proc-macro2-diagnostics v0.10.1
[INFO] [stderr]    Compiling lock_api v0.4.12
[INFO] [stderr]    Compiling int-enum v1.1.2
[INFO] [stderr]    Compiling anstream v0.6.14
[INFO] [stderr]    Compiling itoa v1.0.11
[INFO] [stderr]    Compiling quote v1.0.36
[INFO] [stderr]    Compiling clap_builder v4.5.9
[INFO] [stderr]    Compiling syn v2.0.71
[INFO] [stderr]    Compiling signal-hook-registry v1.4.2
[INFO] [stderr]    Compiling mio v0.8.11
[INFO] [stderr]    Compiling socket2 v0.5.7
[INFO] [stderr]    Compiling parking_lot v0.12.3
[INFO] [stderr]    Compiling dns-lookup v2.0.4
[INFO] [stderr]    Compiling signal-hook-mio v0.2.3
[INFO] [stderr]    Compiling crossterm v0.27.0
[INFO] [stderr]    Compiling ctrlc v3.4.4
[INFO] [stderr]    Compiling darling_core v0.20.10
[INFO] [stderr]    Compiling serde_derive v1.0.204
[INFO] [stderr]    Compiling clap_derive v4.5.8
[INFO] [stderr]    Compiling darling_macro v0.20.10
[INFO] [stderr]    Compiling darling v0.20.10
[INFO] [stderr]    Compiling serde_with_macros v3.9.0
[INFO] [stderr]    Compiling clap v4.5.9
[INFO] [stderr]    Compiling serde_with v3.9.0
[INFO] [stderr]    Compiling xping v0.1.0 (/opt/rustwide/workdir)
[INFO] [stderr] warning: unused dependency `hex`
[INFO] [stderr]   --> Cargo.toml:22:15
[INFO] [stderr]    |
[INFO] [stderr] 22 | [dependencies.hex]
[INFO] [stderr]    |               ^^^^
[INFO] [stderr]    |
[INFO] [stderr]    = note: `cargo::unused_dependencies` is set to `warn` by default
[INFO] [stderr] help: consider removing the dependency on `hex`
[INFO] [stderr] warning: `xping` (manifest) generated 1 warning
[INFO] [stderr]     Finished `release` profile [optimized] target(s) in 34.95s
[INFO] [stderr] warning: the following packages contain code that will be rejected by a future version of Rust: nix v0.28.0
[INFO] [stderr] note: to see what the problems were, use the option `--future-incompat-report`, or run `cargo report future-incompatibilities --id 1`
[INFO] running `Command { std: "docker" "inspect" "928895aab069d5e809d76d932bf3b77b3b3468c31fc6c679384d2f08829df3e7", kill_on_drop: false }`
[INFO] running `Command { std: "docker" "exec" "-e" "SOURCE_DIR=/opt/rustwide/workdir" "-e" "CARGO_HOME=/opt/rustwide/cargo-home" "-e" "RUSTUP_HOME=/opt/rustwide/rustup-home" "-e" "CARGO_TARGET_DIR=/opt/rustwide/target" "-e" "CARGO_INCREMENTAL=0" "-e" "RUST_BACKTRACE=full" "-e" "RUSTFLAGS=--cap-lints=warn" "-e" "RUSTDOCFLAGS=--cap-lints=warn" "-w" "/opt/rustwide/workdir" "--user" "0:0" "928895aab069d5e809d76d932bf3b77b3b3468c31fc6c679384d2f08829df3e7" "/opt/rustwide/cargo-home/bin/cargo" "+1.100.0-beta.1" "test" "--frozen" "--no-run" "--message-format=json" "--release", kill_on_drop: false }`
[INFO] [stderr] warning: `package.homepage` is redundant with `package.repository`
[INFO] [stderr]   --> Cargo.toml:63:12
[INFO] [stderr]    |
[INFO] [stderr] 63 | homepage = "https://github.com/larsch/xping"
[INFO] [stderr]    |            ^^^^^^^^^^^^^^^^^^^^^^^^^^^^^^^^^
[INFO] [stderr] ...
[INFO] [stderr] 67 | repository = "https://github.com/larsch/xping"
[INFO] [stderr]    |              ---------------------------------
[INFO] [stderr]    |
[INFO] [stderr]    = note: `cargo::redundant_homepage` is set to `warn` by default
[INFO] [stderr] help: consider removing `package.homepage`
[INFO] [stderr] warning: `xping` (manifest) generated 1 warning
[INFO] [stderr]    Compiling lazy_static v1.5.0
[INFO] [stderr]    Compiling xping v0.1.0 (/opt/rustwide/workdir)
[INFO] [stderr] warning: unused dependency `hex`
[INFO] [stderr]   --> Cargo.toml:22:15
[INFO] [stderr]    |
[INFO] [stderr] 22 | [dependencies.hex]
[INFO] [stderr]    |               ^^^^
[INFO] [stderr]    |
[INFO] [stderr]    = note: `cargo::unused_dependencies` is set to `warn` by default
[INFO] [stderr] help: consider removing the dependency on `hex`
[INFO] [stderr] warning: `xping` (manifest) generated 1 warning
[INFO] [stderr]     Finished `release` profile [optimized] target(s) in 1.65s
[INFO] [stderr] warning: the following packages contain code that will be rejected by a future version of Rust: nix v0.28.0
[INFO] [stderr] note: to see what the problems were, use the option `--future-incompat-report`, or run `cargo report future-incompatibilities --id 1`
[INFO] running `Command { std: "docker" "inspect" "928895aab069d5e809d76d932bf3b77b3b3468c31fc6c679384d2f08829df3e7", kill_on_drop: false }`
[INFO] running `Command { std: "docker" "exec" "-e" "SOURCE_DIR=/opt/rustwide/workdir" "-e" "CARGO_HOME=/opt/rustwide/cargo-home" "-e" "RUSTUP_HOME=/opt/rustwide/rustup-home" "-e" "CARGO_TARGET_DIR=/opt/rustwide/target" "-e" "CARGO_INCREMENTAL=0" "-e" "RUST_BACKTRACE=full" "-e" "RUSTFLAGS=--cap-lints=warn" "-e" "RUSTDOCFLAGS=--cap-lints=warn" "-w" "/opt/rustwide/workdir" "--user" "0:0" "928895aab069d5e809d76d932bf3b77b3b3468c31fc6c679384d2f08829df3e7" "/opt/rustwide/cargo-home/bin/cargo" "+1.100.0-beta.1" "test" "--frozen" "--release", kill_on_drop: false }`
[INFO] [stderr] warning: `package.homepage` is redundant with `package.repository`
[INFO] [stderr]   --> Cargo.toml:63:12
[INFO] [stderr]    |
[INFO] [stderr] 63 | homepage = "https://github.com/larsch/xping"
[INFO] [stderr]    |            ^^^^^^^^^^^^^^^^^^^^^^^^^^^^^^^^^
[INFO] [stderr] ...
[INFO] [stderr] 67 | repository = "https://github.com/larsch/xping"
[INFO] [stderr]    |              ---------------------------------
[INFO] [stderr]    |
[INFO] [stderr]    = note: `cargo::redundant_homepage` is set to `warn` by default
[INFO] [stderr] help: consider removing `package.homepage`
[INFO] [stderr] warning: `xping` (manifest) generated 1 warning
[INFO] [stderr] warning: unused dependency `hex`
[INFO] [stderr]   --> Cargo.toml:22:15
[INFO] [stderr]    |
[INFO] [stderr] 22 | [dependencies.hex]
[INFO] [stderr]    |               ^^^^
[INFO] [stderr]    |
[INFO] [stderr]    = note: `cargo::unused_dependencies` is set to `warn` by default
[INFO] [stderr] help: consider removing the dependency on `hex`
[INFO] [stderr] warning: `xping` (manifest) generated 1 warning
[INFO] [stderr]     Finished `release` profile [optimized] target(s) in 0.09s
[INFO] [stderr] warning: the following packages contain code that will be rejected by a future version of Rust: nix v0.28.0
[INFO] [stderr] note: to see what the problems were, use the option `--future-incompat-report`, or run `cargo report future-incompatibilities --id 1`
[INFO] [stderr]      Running unittests src/main.rs (/opt/rustwide/target/release/build/xping/e64801ae941d89c4/out/xping-e64801ae941d89c4)
[INFO] [stdout] 
[INFO] [stdout] running 15 tests
[INFO] [stdout] test ping::linux::tests::test_from_octets_v6 ... ok
[INFO] [stdout] test ping::sockaddr::tests::test_sockaddr_tryinto ... ok
[INFO] [stdout] test tests::test_lookup_host_no_address ... ok
[INFO] [stdout] test ping::tests::test_ttl_ipv6_icmpsocket ... FAILED
[INFO] [stdout] test ping::tests::ping_google_ipv6_recvttl_icmpsocket ... FAILED
[INFO] [stdout] test ping::tests::test_ttl_ipv4_icmpsocket ... FAILED
[INFO] [stdout] test ping::sockaddr::tests::test_sockaddr_from ... ok
[INFO] [stdout] test ping::tests::test_ping_multiple_icmpsocket ... FAILED
[INFO] [stdout] test duration::tests::test_parse_duration ... ok
[INFO] [stdout] test ping::sockaddr::tests::tryfrom_sockaddr ... ok
[INFO] [stdout] test tests::test_lookup_host ... ok
[INFO] [stdout] test ping::tests::ping_google_ipv4_recvttl_icmpsocket ... FAILED
[INFO] [stdout] test ping::linux::tests::test_from_octets ... ok
[INFO] [stdout] test ping::tests::test_ping_ipv6_icmpsocket ... ok
[INFO] [stdout] test ping::tests::test_ping_icmpsocket ... ok
[INFO] [stdout] 
[INFO] [stdout] failures:
[INFO] [stdout] 
[INFO] [stdout] ---- ping::tests::test_ttl_ipv6_icmpsocket stdout ----
[INFO] [stdout] Error: Custom { kind: Other, error: "failed to lookup address information: Temporary failure in name resolution" }
[INFO] [stdout] 
[INFO] [stdout] ---- ping::tests::ping_google_ipv6_recvttl_icmpsocket stdout ----
[INFO] [stdout] 
[INFO] [stdout] thread 'ping::tests::ping_google_ipv6_recvttl_icmpsocket' (1168) panicked at src/ping/mod.rs:522:60:
[INFO] [stdout] called `Result::unwrap()` on an `Err` value: Custom { kind: Other, error: "failed to lookup address information: Temporary failure in name resolution" }
[INFO] [stdout] stack backtrace:
[INFO] [stdout]    0:     0x62e761909a11 - <<std[617be2ca0a6fd877]::sys::backtrace::BacktraceLock>::print::DisplayBacktrace as core[a373ad73a504971]::fmt::Display>::fmt
[INFO] [stdout]    1:     0x62e76191dc1a - core[a373ad73a504971]::fmt::write
[INFO] [stdout]    2:     0x62e76190dd2c - <alloc[2e1b2a31b91974c5]::vec::Vec<u8> as core[a373ad73a504971]::io::write::Write>::write_fmt
[INFO] [stdout]    3:     0x62e7618e5d36 - std[617be2ca0a6fd877]::panicking::default_hook::{closure#0}
[INFO] [stdout]    4:     0x62e761901f69 - std[617be2ca0a6fd877]::panicking::default_hook
[INFO] [stdout]    5:     0x62e76189e610 - test[aada8e7e76ba119b]::test_main_inner::{closure#0}
[INFO] [stdout]    6:     0x62e761902122 - std[617be2ca0a6fd877]::panicking::panic_with_hook
[INFO] [stdout]    7:     0x62e7618e5de2 - std[617be2ca0a6fd877]::panicking::panic_handler::{closure#0}
[INFO] [stdout]    8:     0x62e7618deaf9 - std[617be2ca0a6fd877]::sys::backtrace::__rust_end_short_backtrace::<std[617be2ca0a6fd877]::panicking::panic_handler::{closure#0}, !>
[INFO] [stdout]    9:     0x62e7618e69ed - __rustc[ea4f61d10b84890b]::rust_begin_unwind
[INFO] [stdout]   10:     0x62e76191e34c - core[a373ad73a504971]::panicking::panic_fmt
[INFO] [stdout]   11:     0x62e76191e122 - core[a373ad73a504971]::result::unwrap_failed
[INFO] [stdout]   12:     0x62e7618909cb - <xping[37bfe7144885e7e1]::ping::tests::ping_google_ipv6_recvttl_icmpsocket::{closure#0} as core[a373ad73a504971]::ops::function::FnOnce<()>>::call_once
[INFO] [stdout]   13:     0x62e761891a5b - test[aada8e7e76ba119b]::__rust_begin_short_backtrace::<core[a373ad73a504971]::result::Result<(), alloc[2e1b2a31b91974c5]::string::String>, fn() -> core[a373ad73a504971]::result::Result<(), alloc[2e1b2a31b91974c5]::string::String>>
[INFO] [stdout]   14:     0x62e76189ec35 - test[aada8e7e76ba119b]::run_test::{closure#0}
[INFO] [stdout]   15:     0x62e761898524 - std[617be2ca0a6fd877]::sys::backtrace::__rust_begin_short_backtrace::<test[aada8e7e76ba119b]::run_test::{closure#1}, ()>
[INFO] [stdout]   16:     0x62e7618a1cc2 - <std[617be2ca0a6fd877]::thread::lifecycle::spawn_unchecked<test[aada8e7e76ba119b]::run_test::{closure#1}, ()>::{closure#1} as core[a373ad73a504971]::ops::function::FnOnce<()>>::call_once::{shim:vtable#0}
[INFO] [stdout]   17:     0x62e76190926f - <std[617be2ca0a6fd877]::sys::thread::unix::Thread>::new::thread_start
[INFO] [stdout]   18:     0x72e0d4647dfa - <unknown>
[INFO] [stdout]   19:     0x72e0d46db3d4 - clone
[INFO] [stdout]   20:                0x0 - <unknown>
[INFO] [stdout] 
[INFO] [stdout] ---- ping::tests::test_ttl_ipv4_icmpsocket stdout ----
[INFO] [stdout] Error: Custom { kind: Other, error: "failed to lookup address information: Temporary failure in name resolution" }
[INFO] [stdout] 
[INFO] [stdout] ---- ping::tests::test_ping_multiple_icmpsocket stdout ----
[INFO] [stdout] Error: Custom { kind: Other, error: "failed to lookup address information: Temporary failure in name resolution" }
[INFO] [stdout] 
[INFO] [stdout] ---- ping::tests::ping_google_ipv4_recvttl_icmpsocket stdout ----
[INFO] [stdout] Error: Custom { kind: Other, error: "failed to lookup address information: Temporary failure in name resolution" }
[INFO] [stdout] 
[INFO] [stdout] 
[INFO] [stdout] failures:
[INFO] [stdout]     ping::tests::ping_google_ipv4_recvttl_icmpsocket
[INFO] [stdout]     ping::tests::ping_google_ipv6_recvttl_icmpsocket
[INFO] [stdout]     ping::tests::test_ping_multiple_icmpsocket
[INFO] [stdout]     ping::tests::test_ttl_ipv4_icmpsocket
[INFO] [stdout]     ping::tests::test_ttl_ipv6_icmpsocket
[INFO] [stdout] 
[INFO] [stdout] test result: FAILED. 10 passed; 5 failed; 0 ignored; 0 measured; 0 filtered out; finished in 1.02s
[INFO] [stdout] 
[INFO] [stderr] error: test failed, to rerun pass `--bin xping`
[INFO] running `Command { std: "docker" "inspect" "928895aab069d5e809d76d932bf3b77b3b3468c31fc6c679384d2f08829df3e7", kill_on_drop: false }`
[INFO] running `Command { std: "docker" "rm" "-f" "928895aab069d5e809d76d932bf3b77b3b3468c31fc6c679384d2f08829df3e7", kill_on_drop: false }`
[INFO] [stdout] 928895aab069d5e809d76d932bf3b77b3b3468c31fc6c679384d2f08829df3e7
