[INFO] fetching crate xml_nom_parse 0.3.2...
[INFO] testing xml_nom_parse-0.3.2 against 1.99.0-beta.8+cargoflags=--release for beta-release-1.100-2
[INFO] extracting crate xml_nom_parse 0.3.2 into /workspace/builds/worker-1-tc1/source
[INFO] removed /workspace/builds/worker-1-tc1/source/.cargo/config
[INFO] started tweaking crates.io crate xml_nom_parse 0.3.2
[INFO] finished tweaking crates.io crate xml_nom_parse 0.3.2
[INFO] tweaked toml for crates.io crate xml_nom_parse 0.3.2 written to /workspace/builds/worker-1-tc1/source/Cargo.toml
[INFO] validating manifest of crates.io crate xml_nom_parse 0.3.2 on toolchain 1.99.0-beta.8
[INFO] running `Command { std: CARGO_HOME="/workspace/cargo-home" RUSTUP_HOME="/workspace/rustup-home" "/workspace/cargo-home/bin/cargo" "+1.99.0-beta.8" "metadata" "--manifest-path" "Cargo.toml" "--no-deps", kill_on_drop: false }`
[INFO] crate crates.io crate xml_nom_parse 0.3.2 already has a lockfile, it will not be regenerated
[INFO] running `Command { std: CARGO_HOME="/workspace/cargo-home" RUSTUP_HOME="/workspace/rustup-home" "/workspace/cargo-home/bin/cargo" "+1.99.0-beta.8" "fetch" "--manifest-path" "Cargo.toml", kill_on_drop: false }`
[INFO] [stderr]  Downloading crates ...
[INFO] [stderr]   Downloaded zmij v1.0.0
[INFO] [stderr]   Downloaded memchr v2.7.1
[INFO] running `Command { std: "docker" "create" "-v" "/var/lib/crater-agent-workspace/builds/worker-1-tc1/source:/opt/rustwide/workdir:ro,Z" "-v" "/var/lib/crater-agent-workspace/builds/worker-1-tc1/target:/opt/rustwide/target:rw,Z" "-v" "/var/lib/crater-agent-workspace/cargo-home:/opt/rustwide/cargo-home:ro,Z" "-v" "/var/lib/crater-agent-workspace/rustup-home:/opt/rustwide/rustup-home:ro,Z" "-m" "1610612736" "--network" "none" "ghcr.io/rust-lang/crates-build-env/linux@sha256:77db811e55d90add9212f6832c23229e3de5f1c1f9905e8cb07319ea15df73ac" "sleep" "infinity", kill_on_drop: false }`
[INFO] [stdout] 98932edefa35033cc95c61aa6975b5612b1790010d4dd3daa977e85e6023ad27
[INFO] running `Command { std: "docker" "start" "98932edefa35033cc95c61aa6975b5612b1790010d4dd3daa977e85e6023ad27", kill_on_drop: false }`
[INFO] running `Command { std: "docker" "inspect" "98932edefa35033cc95c61aa6975b5612b1790010d4dd3daa977e85e6023ad27", kill_on_drop: false }`
[INFO] running `Command { std: "docker" "exec" "-e" "SOURCE_DIR=/opt/rustwide/workdir" "-e" "CARGO_HOME=/opt/rustwide/cargo-home" "-e" "RUSTUP_HOME=/opt/rustwide/rustup-home" "-e" "CARGO_TARGET_DIR=/opt/rustwide/target" "-w" "/opt/rustwide/workdir" "--user" "0:0" "98932edefa35033cc95c61aa6975b5612b1790010d4dd3daa977e85e6023ad27" "/opt/rustwide/cargo-home/bin/cargo" "+1.99.0-beta.8" "metadata" "--no-deps" "--format-version=1", kill_on_drop: false }`
[INFO] running `Command { std: "docker" "inspect" "98932edefa35033cc95c61aa6975b5612b1790010d4dd3daa977e85e6023ad27", kill_on_drop: false }`
[INFO] running `Command { std: "docker" "exec" "-e" "SOURCE_DIR=/opt/rustwide/workdir" "-e" "CARGO_HOME=/opt/rustwide/cargo-home" "-e" "RUSTUP_HOME=/opt/rustwide/rustup-home" "-e" "CARGO_TARGET_DIR=/opt/rustwide/target" "-e" "CARGO_INCREMENTAL=0" "-e" "RUST_BACKTRACE=full" "-e" "RUSTFLAGS=--cap-lints=warn" "-e" "RUSTDOCFLAGS=--cap-lints=warn" "-w" "/opt/rustwide/workdir" "--user" "0:0" "98932edefa35033cc95c61aa6975b5612b1790010d4dd3daa977e85e6023ad27" "/opt/rustwide/cargo-home/bin/cargo" "+1.99.0-beta.8" "build" "--frozen" "--message-format=json" "--release", kill_on_drop: false }`
[INFO] [stderr]    Compiling memchr v2.7.1
[INFO] [stderr]    Compiling foldhash v0.2.0
[INFO] [stderr]    Compiling nom v7.1.3
[INFO] [stderr]    Compiling xml_nom_parse v0.3.2 (/opt/rustwide/workdir)
[INFO] [stdout] warning: unused import: `take_while`
[INFO] [stdout]  --> src/parse.rs:3:68
[INFO] [stdout]   |
[INFO] [stdout] 3 |     bytes::complete::{escaped, is_not, tag, take_till1, take_till, take_while, take_while1},
[INFO] [stdout]   |                                                                    ^^^^^^^^^^
[INFO] [stdout]   |
[INFO] [stdout]   = note: `#[warn(unused_imports)]` (part of `#[warn(unused)]`) on by default
[INFO] [stdout] 
[INFO] [stdout] 
[INFO] [stderr]     Finished `release` profile [optimized] target(s) in 5.45s
[INFO] running `Command { std: "docker" "inspect" "98932edefa35033cc95c61aa6975b5612b1790010d4dd3daa977e85e6023ad27", kill_on_drop: false }`
[INFO] running `Command { std: "docker" "exec" "-e" "SOURCE_DIR=/opt/rustwide/workdir" "-e" "CARGO_HOME=/opt/rustwide/cargo-home" "-e" "RUSTUP_HOME=/opt/rustwide/rustup-home" "-e" "CARGO_TARGET_DIR=/opt/rustwide/target" "-e" "CARGO_INCREMENTAL=0" "-e" "RUST_BACKTRACE=full" "-e" "RUSTFLAGS=--cap-lints=warn" "-e" "RUSTDOCFLAGS=--cap-lints=warn" "-w" "/opt/rustwide/workdir" "--user" "0:0" "98932edefa35033cc95c61aa6975b5612b1790010d4dd3daa977e85e6023ad27" "/opt/rustwide/cargo-home/bin/cargo" "+1.99.0-beta.8" "test" "--frozen" "--no-run" "--message-format=json" "--release", kill_on_drop: false }`
[INFO] [stderr]    Compiling serde_core v1.0.228
[INFO] [stderr]    Compiling proc-macro2 v1.0.103
[INFO] [stderr]    Compiling quote v1.0.42
[INFO] [stderr]    Compiling serde v1.0.228
[INFO] [stderr]    Compiling libc v0.2.178
[INFO] [stderr]    Compiling serde_json v1.0.148
[INFO] [stderr]    Compiling zmij v1.0.0
[INFO] [stderr]    Compiling regex-automata v0.4.13
[INFO] [stderr]    Compiling textwrap v0.11.0
[INFO] [stderr]    Compiling itertools v0.10.5
[INFO] [stderr]    Compiling csv-core v0.1.13
[INFO] [stderr]    Compiling ryu v1.0.22
[INFO] [stderr]    Compiling half v1.8.3
[INFO] [stderr]    Compiling clap v2.34.0
[INFO] [stdout] warning: unused import: `take_while`
[INFO] [stdout]  --> src/parse.rs:3:68
[INFO] [stdout]   |
[INFO] [stdout] 3 |     bytes::complete::{escaped, is_not, tag, take_till1, take_till, take_while, take_while1},
[INFO] [stdout]   |                                                                    ^^^^^^^^^^
[INFO] [stdout]   |
[INFO] [stdout]   = note: `#[warn(unused_imports)]` (part of `#[warn(unused)]`) on by default
[INFO] [stdout] 
[INFO] [stdout] 
[INFO] [stderr]    Compiling syn v2.0.111
[INFO] [stderr]    Compiling atty v0.2.14
[INFO] [stderr]    Compiling criterion-plot v0.4.5
[INFO] [stderr]    Compiling regex v1.12.2
[INFO] [stderr]    Compiling csv v1.4.0
[INFO] [stderr]    Compiling serde_derive v1.0.228
[INFO] [stderr]    Compiling serde_cbor v0.11.2
[INFO] [stderr]    Compiling tinytemplate v1.2.1
[INFO] [stderr]    Compiling criterion v0.3.6
[INFO] [stderr]    Compiling xml_nom_parse v0.3.2 (/opt/rustwide/workdir)
[INFO] [stdout] warning: unused import: `take_while`
[INFO] [stdout]  --> src/parse.rs:3:68
[INFO] [stdout]   |
[INFO] [stdout] 3 |     bytes::complete::{escaped, is_not, tag, take_till1, take_till, take_while, take_while1},
[INFO] [stdout]   |                                                                    ^^^^^^^^^^
[INFO] [stdout]   |
[INFO] [stdout]   = note: `#[warn(unused_imports)]` (part of `#[warn(unused)]`) on by default
[INFO] [stdout] 
[INFO] [stdout] 
[INFO] [stderr]     Finished `release` profile [optimized] target(s) in 1m 09s
[INFO] running `Command { std: "docker" "inspect" "98932edefa35033cc95c61aa6975b5612b1790010d4dd3daa977e85e6023ad27", kill_on_drop: false }`
[INFO] running `Command { std: "docker" "exec" "-e" "SOURCE_DIR=/opt/rustwide/workdir" "-e" "CARGO_HOME=/opt/rustwide/cargo-home" "-e" "RUSTUP_HOME=/opt/rustwide/rustup-home" "-e" "CARGO_TARGET_DIR=/opt/rustwide/target" "-e" "CARGO_INCREMENTAL=0" "-e" "RUST_BACKTRACE=full" "-e" "RUSTFLAGS=--cap-lints=warn" "-e" "RUSTDOCFLAGS=--cap-lints=warn" "-w" "/opt/rustwide/workdir" "--user" "0:0" "98932edefa35033cc95c61aa6975b5612b1790010d4dd3daa977e85e6023ad27" "/opt/rustwide/cargo-home/bin/cargo" "+1.99.0-beta.8" "test" "--frozen" "--release", kill_on_drop: false }`
[INFO] [stderr] warning: unused import: `take_while`
[INFO] [stderr]  --> src/parse.rs:3:68
[INFO] [stderr]   |
[INFO] [stderr] 3 |     bytes::complete::{escaped, is_not, tag, take_till1, take_till, take_while, take_while1},
[INFO] [stderr]   |                                                                    ^^^^^^^^^^
[INFO] [stderr]   |
[INFO] [stderr]   = note: `#[warn(unused_imports)]` (part of `#[warn(unused)]`) on by default
[INFO] [stderr] 
[INFO] [stderr] warning: `xml_nom_parse` (lib) generated 1 warning (run `cargo fix --lib -p xml_nom_parse` to apply 1 suggestion)
[INFO] [stderr] warning: `xml_nom_parse` (lib test) generated 1 warning (1 duplicate)
[INFO] [stderr]     Finished `release` profile [optimized] target(s) in 0.10s
[INFO] [stderr]      Running unittests src/lib.rs (/opt/rustwide/target/release/deps/xml_nom_parse-40c466301da96795)
[INFO] [stdout] 
[INFO] [stdout] running 5 tests
[INFO] [stdout] test tests::serialize_xml ... ok
[INFO] [stdout] test tests::parses_xml ... ok
[INFO] [stdout] test tests::duplicate_tags_ok ... ok
[INFO] [stdout] test tests::multi_line_attributes ... ok
[INFO] [stdout] test tests::parses_xml_ref ... FAILED
[INFO] [stdout] 
[INFO] [stdout] failures:
[INFO] [stdout] 
[INFO] [stdout] ---- tests::parses_xml_ref stdout ----
[INFO] [stdout] 
[INFO] [stdout] thread 'tests::parses_xml_ref' (700) panicked at src/tests.rs:245:59:
[INFO] [stdout] called `Result::unwrap()` on an `Err` value: Os { code: 2, kind: NotFound, message: "No such file or directory" }
[INFO] [stdout] stack backtrace:
[INFO] [stdout]    0:     0x5d653f34c5a1 - <<std[70759c8f55707aa4]::sys::backtrace::BacktraceLock>::print::DisplayBacktrace as core[df12db4294e9bfd3]::fmt::Display>::fmt
[INFO] [stdout]    1:     0x5d653f360d2a - core[df12db4294e9bfd3]::fmt::write
[INFO] [stdout]    2:     0x5d653f350a3c - <alloc[2182bb758b4b3781]::vec::Vec<u8> as core[df12db4294e9bfd3]::io::write::Write>::write_fmt
[INFO] [stdout]    3:     0x5d653f328816 - std[70759c8f55707aa4]::panicking::default_hook::{closure#0}
[INFO] [stdout]    4:     0x5d653f3449e9 - std[70759c8f55707aa4]::panicking::default_hook
[INFO] [stdout]    5:     0x5d653f2e0370 - test[9d35eded1c95d3be]::test_main_inner::<test[9d35eded1c95d3be]::test_main_static::{closure#0}>::{closure#0}
[INFO] [stdout]    6:     0x5d653f344ba2 - std[70759c8f55707aa4]::panicking::panic_with_hook
[INFO] [stdout]    7:     0x5d653f3288c2 - std[70759c8f55707aa4]::panicking::panic_handler::{closure#0}
[INFO] [stdout]    8:     0x5d653f3214b9 - std[70759c8f55707aa4]::sys::backtrace::__rust_end_short_backtrace::<std[70759c8f55707aa4]::panicking::panic_handler::{closure#0}, !>
[INFO] [stdout]    9:     0x5d653f3294bd - __rustc[8fa7c3cbc660c2b3]::rust_begin_unwind
[INFO] [stdout]   10:     0x5d653f36145c - core[df12db4294e9bfd3]::panicking::panic_fmt
[INFO] [stdout]   11:     0x5d653f361232 - core[df12db4294e9bfd3]::result::unwrap_failed
[INFO] [stdout]   12:     0x5d653f2ccbaf - xml_nom_parse[c3141bc0a97f14e5]::tests::parses_xml_ref
[INFO] [stdout]   13:     0x5d653f2c9c89 - <xml_nom_parse[c3141bc0a97f14e5]::tests::parses_xml_ref::{closure#0} as core[df12db4294e9bfd3]::ops::function::FnOnce<()>>::call_once
[INFO] [stdout]   14:     0x5d653f2d365b - test[9d35eded1c95d3be]::__rust_begin_short_backtrace::<core[df12db4294e9bfd3]::result::Result<(), alloc[2182bb758b4b3781]::string::String>, fn() -> core[df12db4294e9bfd3]::result::Result<(), alloc[2182bb758b4b3781]::string::String>>
[INFO] [stdout]   15:     0x5d653f2e0cc5 - test[9d35eded1c95d3be]::run_test::{closure#0}
[INFO] [stdout]   16:     0x5d653f2da584 - std[70759c8f55707aa4]::sys::backtrace::__rust_begin_short_backtrace::<test[9d35eded1c95d3be]::run_test::{closure#1}, ()>
[INFO] [stdout]   17:     0x5d653f2e3e22 - <std[70759c8f55707aa4]::thread::lifecycle::spawn_unchecked<test[9d35eded1c95d3be]::run_test::{closure#1}, ()>::{closure#1} as core[df12db4294e9bfd3]::ops::function::FnOnce<()>>::call_once::{shim:vtable#0}
[INFO] [stdout]   18:     0x5d653f34bb59 - <std[70759c8f55707aa4]::sys::thread::unix::Thread>::new::thread_start
[INFO] [stdout]   19:     0x7246486d0dfa - <unknown>
[INFO] [stdout]   20:     0x7246487643d4 - clone
[INFO] [stdout]   21:                0x0 - <unknown>
[INFO] [stdout] 
[INFO] [stdout] 
[INFO] [stdout] failures:
[INFO] [stdout]     tests::parses_xml_ref
[INFO] [stdout] 
[INFO] [stdout] test result: FAILED. 4 passed; 1 failed; 0 ignored; 0 measured; 0 filtered out; finished in 0.00s
[INFO] [stdout] 
[INFO] [stderr] error: test failed, to rerun pass `--lib`
[INFO] running `Command { std: "docker" "inspect" "98932edefa35033cc95c61aa6975b5612b1790010d4dd3daa977e85e6023ad27", kill_on_drop: false }`
[INFO] running `Command { std: "docker" "rm" "-f" "98932edefa35033cc95c61aa6975b5612b1790010d4dd3daa977e85e6023ad27", kill_on_drop: false }`
[INFO] [stdout] 98932edefa35033cc95c61aa6975b5612b1790010d4dd3daa977e85e6023ad27
