[INFO] fetching crate xml1 0.1.6...
[INFO] testing xml1-0.1.6 against 1.100.0-beta.1+cargoflags=--release for beta-release-1.100-2
[INFO] extracting crate xml1 0.1.6 into /workspace/builds/worker-0-tc2/source
[INFO] started tweaking crates.io crate xml1 0.1.6
[INFO] finished tweaking crates.io crate xml1 0.1.6
[INFO] tweaked toml for crates.io crate xml1 0.1.6 written to /workspace/builds/worker-0-tc2/source/Cargo.toml
[INFO] validating manifest of crates.io crate xml1 0.1.6 on toolchain 1.100.0-beta.1
[INFO] running `Command { std: CARGO_HOME="/workspace/cargo-home" RUSTUP_HOME="/workspace/rustup-home" "/workspace/cargo-home/bin/cargo" "+1.100.0-beta.1" "metadata" "--manifest-path" "Cargo.toml" "--no-deps", kill_on_drop: false }`
[INFO] running `Command { std: CARGO_HOME="/workspace/cargo-home" RUSTUP_HOME="/workspace/rustup-home" "/workspace/cargo-home/bin/cargo" "+1.100.0-beta.1" "generate-lockfile" "--manifest-path" "Cargo.toml", kill_on_drop: false }`
[INFO] running `Command { std: CARGO_HOME="/workspace/cargo-home" RUSTUP_HOME="/workspace/rustup-home" "/workspace/cargo-home/bin/cargo" "+1.100.0-beta.1" "fetch" "--manifest-path" "Cargo.toml", kill_on_drop: false }`
[INFO] running `Command { std: "docker" "create" "-v" "/var/lib/crater-agent-workspace/builds/worker-0-tc2/source:/opt/rustwide/workdir:ro,Z" "-v" "/var/lib/crater-agent-workspace/builds/worker-0-tc2/target:/opt/rustwide/target:rw,Z" "-v" "/var/lib/crater-agent-workspace/cargo-home:/opt/rustwide/cargo-home:ro,Z" "-v" "/var/lib/crater-agent-workspace/rustup-home:/opt/rustwide/rustup-home:ro,Z" "-m" "1610612736" "--network" "none" "ghcr.io/rust-lang/crates-build-env/linux@sha256:77db811e55d90add9212f6832c23229e3de5f1c1f9905e8cb07319ea15df73ac" "sleep" "infinity", kill_on_drop: false }`
[INFO] [stdout] 706f14341a7e9f3a44cda150f814d37bc4b01a6fe31abaacbe5ba350056c670e
[INFO] running `Command { std: "docker" "start" "706f14341a7e9f3a44cda150f814d37bc4b01a6fe31abaacbe5ba350056c670e", kill_on_drop: false }`
[INFO] running `Command { std: "docker" "inspect" "706f14341a7e9f3a44cda150f814d37bc4b01a6fe31abaacbe5ba350056c670e", kill_on_drop: false }`
[INFO] running `Command { std: "docker" "exec" "-e" "SOURCE_DIR=/opt/rustwide/workdir" "-e" "CARGO_HOME=/opt/rustwide/cargo-home" "-e" "RUSTUP_HOME=/opt/rustwide/rustup-home" "-e" "CARGO_TARGET_DIR=/opt/rustwide/target" "-w" "/opt/rustwide/workdir" "--user" "0:0" "706f14341a7e9f3a44cda150f814d37bc4b01a6fe31abaacbe5ba350056c670e" "/opt/rustwide/cargo-home/bin/cargo" "+1.100.0-beta.1" "metadata" "--no-deps" "--format-version=1", kill_on_drop: false }`
[INFO] running `Command { std: "docker" "inspect" "706f14341a7e9f3a44cda150f814d37bc4b01a6fe31abaacbe5ba350056c670e", kill_on_drop: false }`
[INFO] running `Command { std: "docker" "exec" "-e" "SOURCE_DIR=/opt/rustwide/workdir" "-e" "CARGO_HOME=/opt/rustwide/cargo-home" "-e" "RUSTUP_HOME=/opt/rustwide/rustup-home" "-e" "CARGO_TARGET_DIR=/opt/rustwide/target" "-e" "CARGO_INCREMENTAL=0" "-e" "RUST_BACKTRACE=full" "-e" "RUSTFLAGS=--cap-lints=warn" "-e" "RUSTDOCFLAGS=--cap-lints=warn" "-w" "/opt/rustwide/workdir" "--user" "0:0" "706f14341a7e9f3a44cda150f814d37bc4b01a6fe31abaacbe5ba350056c670e" "/opt/rustwide/cargo-home/bin/cargo" "+1.100.0-beta.1" "build" "--frozen" "--message-format=json" "--release", kill_on_drop: false }`
[INFO] [stderr]    Compiling xml1 v0.1.6 (/opt/rustwide/workdir)
[INFO] [stderr]     Finished `release` profile [optimized] target(s) in 0.46s
[INFO] running `Command { std: "docker" "inspect" "706f14341a7e9f3a44cda150f814d37bc4b01a6fe31abaacbe5ba350056c670e", kill_on_drop: false }`
[INFO] running `Command { std: "docker" "exec" "-e" "SOURCE_DIR=/opt/rustwide/workdir" "-e" "CARGO_HOME=/opt/rustwide/cargo-home" "-e" "RUSTUP_HOME=/opt/rustwide/rustup-home" "-e" "CARGO_TARGET_DIR=/opt/rustwide/target" "-e" "CARGO_INCREMENTAL=0" "-e" "RUST_BACKTRACE=full" "-e" "RUSTFLAGS=--cap-lints=warn" "-e" "RUSTDOCFLAGS=--cap-lints=warn" "-w" "/opt/rustwide/workdir" "--user" "0:0" "706f14341a7e9f3a44cda150f814d37bc4b01a6fe31abaacbe5ba350056c670e" "/opt/rustwide/cargo-home/bin/cargo" "+1.100.0-beta.1" "test" "--frozen" "--no-run" "--message-format=json" "--release", kill_on_drop: false }`
[INFO] [stderr]    Compiling xml1 v0.1.6 (/opt/rustwide/workdir)
[INFO] [stderr]     Finished `release` profile [optimized] target(s) in 0.59s
[INFO] running `Command { std: "docker" "inspect" "706f14341a7e9f3a44cda150f814d37bc4b01a6fe31abaacbe5ba350056c670e", kill_on_drop: false }`
[INFO] running `Command { std: "docker" "exec" "-e" "SOURCE_DIR=/opt/rustwide/workdir" "-e" "CARGO_HOME=/opt/rustwide/cargo-home" "-e" "RUSTUP_HOME=/opt/rustwide/rustup-home" "-e" "CARGO_TARGET_DIR=/opt/rustwide/target" "-e" "CARGO_INCREMENTAL=0" "-e" "RUST_BACKTRACE=full" "-e" "RUSTFLAGS=--cap-lints=warn" "-e" "RUSTDOCFLAGS=--cap-lints=warn" "-w" "/opt/rustwide/workdir" "--user" "0:0" "706f14341a7e9f3a44cda150f814d37bc4b01a6fe31abaacbe5ba350056c670e" "/opt/rustwide/cargo-home/bin/cargo" "+1.100.0-beta.1" "test" "--frozen" "--release", kill_on_drop: false }`
[INFO] [stderr]     Finished `release` profile [optimized] target(s) in 0.01s
[INFO] [stderr]      Running unittests src/lib.rs (/opt/rustwide/target/release/build/xml1/72c4eaa3c338c931/out/xml1-72c4eaa3c338c931)
[INFO] [stdout] 
[INFO] [stdout] running 8 tests
[INFO] [stdout] test tests::full_utf8_support ... ok
[INFO] [stdout] test tests::is_counting_allocations ... ok
[INFO] [stdout] test tests::elements ... ok
[INFO] [stdout] test tests::attributes ... ok
[INFO] [stdout] test tests::comments ... FAILED
[INFO] [stdout] test tests::multiline_text ... ok
[INFO] [stdout] test chars::tests::iter ... ok
[INFO] [stdout] test tests::text ... ok
[INFO] [stdout] 
[INFO] [stdout] failures:
[INFO] [stdout] 
[INFO] [stdout] ---- tests::comments stdout ----
[INFO] [stdout] 
[INFO] [stdout] thread 'tests::comments' (147) panicked at src/lib.rs:451:9:
[INFO] [stdout] assertion `left == right` failed: allocated
[INFO] [stdout]   left: 8
[INFO] [stdout]  right: 0
[INFO] [stdout] stack backtrace:
[INFO] [stdout]    0:     0x62ff66210af1 - <<std[617be2ca0a6fd877]::sys::backtrace::BacktraceLock>::print::DisplayBacktrace as core[a373ad73a504971]::fmt::Display>::fmt
[INFO] [stdout]    1:     0x62ff66224aea - core[a373ad73a504971]::fmt::write
[INFO] [stdout]    2:     0x62ff66214d0c - <alloc[2e1b2a31b91974c5]::vec::Vec<u8> as core[a373ad73a504971]::io::write::Write>::write_fmt
[INFO] [stdout]    3:     0x62ff661ed106 - std[617be2ca0a6fd877]::panicking::default_hook::{closure#0}
[INFO] [stdout]    4:     0x62ff66209189 - std[617be2ca0a6fd877]::panicking::default_hook
[INFO] [stdout]    5:     0x62ff661a59e0 - test[aada8e7e76ba119b]::test_main_inner::{closure#0}
[INFO] [stdout]    6:     0x62ff66209342 - std[617be2ca0a6fd877]::panicking::panic_with_hook
[INFO] [stdout]    7:     0x62ff661ed1b2 - std[617be2ca0a6fd877]::panicking::panic_handler::{closure#0}
[INFO] [stdout]    8:     0x62ff661e5ec9 - std[617be2ca0a6fd877]::sys::backtrace::__rust_end_short_backtrace::<std[617be2ca0a6fd877]::panicking::panic_handler::{closure#0}, !>
[INFO] [stdout]    9:     0x62ff661edc9d - __rustc[ea4f61d10b84890b]::rust_begin_unwind
[INFO] [stdout]   10:     0x62ff6622521c - core[a373ad73a504971]::panicking::panic_fmt
[INFO] [stdout]   11:     0x62ff66225193 - core[a373ad73a504971]::panicking::assert_failed_inner
[INFO] [stdout]   12:     0x62ff662218e8 - core[a373ad73a504971]::panicking::assert_failed::<usize, usize>
[INFO] [stdout]   13:     0x62ff66198c16 - <xml1[e48d9903a45f9cb6]::tests::comments::{closure#0} as core[a373ad73a504971]::ops::function::FnOnce<()>>::call_once
[INFO] [stdout]   14:     0x62ff66198e2b - test[aada8e7e76ba119b]::__rust_begin_short_backtrace::<core[a373ad73a504971]::result::Result<(), alloc[2e1b2a31b91974c5]::string::String>, fn() -> core[a373ad73a504971]::result::Result<(), alloc[2e1b2a31b91974c5]::string::String>>
[INFO] [stdout]   15:     0x62ff661a6005 - test[aada8e7e76ba119b]::run_test::{closure#0}
[INFO] [stdout]   16:     0x62ff6619f8f4 - std[617be2ca0a6fd877]::sys::backtrace::__rust_begin_short_backtrace::<test[aada8e7e76ba119b]::run_test::{closure#1}, ()>
[INFO] [stdout]   17:     0x62ff661a9092 - <std[617be2ca0a6fd877]::thread::lifecycle::spawn_unchecked<test[aada8e7e76ba119b]::run_test::{closure#1}, ()>::{closure#1} as core[a373ad73a504971]::ops::function::FnOnce<()>>::call_once::{shim:vtable#0}
[INFO] [stdout]   18:     0x62ff6621034f - <std[617be2ca0a6fd877]::sys::thread::unix::Thread>::new::thread_start
[INFO] [stdout]   19:     0x77f529b65dfa - <unknown>
[INFO] [stdout]   20:     0x77f529bf93d4 - clone
[INFO] [stdout]   21:                0x0 - <unknown>
[INFO] [stdout] 
[INFO] [stdout] 
[INFO] [stdout] failures:
[INFO] [stdout]     tests::comments
[INFO] [stdout] 
[INFO] [stdout] test result: FAILED. 7 passed; 1 failed; 0 ignored; 0 measured; 0 filtered out; finished in 0.00s
[INFO] [stdout] 
[INFO] [stderr] error: test failed, to rerun pass `--lib`
[INFO] running `Command { std: "docker" "inspect" "706f14341a7e9f3a44cda150f814d37bc4b01a6fe31abaacbe5ba350056c670e", kill_on_drop: false }`
[INFO] running `Command { std: "docker" "rm" "-f" "706f14341a7e9f3a44cda150f814d37bc4b01a6fe31abaacbe5ba350056c670e", kill_on_drop: false }`
[INFO] [stdout] 706f14341a7e9f3a44cda150f814d37bc4b01a6fe31abaacbe5ba350056c670e
