[INFO] fetching crate xlq 0.2.1...
[INFO] testing xlq-0.2.1 against 1.99.0-beta.8+cargoflags=--release for beta-release-1.100-2
[INFO] extracting crate xlq 0.2.1 into /workspace/builds/worker-1-tc1/source
[INFO] started tweaking crates.io crate xlq 0.2.1
[INFO] removed 0 missing tests
[INFO] finished tweaking crates.io crate xlq 0.2.1
[INFO] tweaked toml for crates.io crate xlq 0.2.1 written to /workspace/builds/worker-1-tc1/source/Cargo.toml
[INFO] validating manifest of crates.io crate xlq 0.2.1 on toolchain 1.99.0-beta.8
[INFO] running `Command { std: CARGO_HOME="/workspace/cargo-home" RUSTUP_HOME="/workspace/rustup-home" "/workspace/cargo-home/bin/cargo" "+1.99.0-beta.8" "metadata" "--manifest-path" "Cargo.toml" "--no-deps", kill_on_drop: false }`
[INFO] crate crates.io crate xlq 0.2.1 already has a lockfile, it will not be regenerated
[INFO] running `Command { std: CARGO_HOME="/workspace/cargo-home" RUSTUP_HOME="/workspace/rustup-home" "/workspace/cargo-home/bin/cargo" "+1.99.0-beta.8" "fetch" "--manifest-path" "Cargo.toml", kill_on_drop: false }`
[INFO] [stderr]     Updating crates.io index
[INFO] [stderr]  Downloading crates ...
[INFO] [stderr]   Downloaded bitcode v0.6.9
[INFO] [stderr]   Downloaded bitcode_derive v0.6.9
[INFO] [stderr]   Downloaded arrayvec v0.7.7
[INFO] [stderr]   Downloaded xlq-ironcalc-base v0.7.1
[INFO] [stderr]   Downloaded glam v0.33.2
[INFO] [stderr]   Downloaded xlq-ironcalc v0.7.1
[INFO] running `Command { std: "docker" "create" "-v" "/var/lib/crater-agent-workspace/builds/worker-1-tc1/source:/opt/rustwide/workdir:ro,Z" "-v" "/var/lib/crater-agent-workspace/builds/worker-1-tc1/target:/opt/rustwide/target:rw,Z" "-v" "/var/lib/crater-agent-workspace/cargo-home:/opt/rustwide/cargo-home:ro,Z" "-v" "/var/lib/crater-agent-workspace/rustup-home:/opt/rustwide/rustup-home:ro,Z" "-m" "1610612736" "--network" "none" "ghcr.io/rust-lang/crates-build-env/linux@sha256:77db811e55d90add9212f6832c23229e3de5f1c1f9905e8cb07319ea15df73ac" "sleep" "infinity", kill_on_drop: false }`
[INFO] [stdout] 34595b4a3ffaab707f43eae2270f6d69cd14e96e19c016126425c44707512149
[INFO] running `Command { std: "docker" "start" "34595b4a3ffaab707f43eae2270f6d69cd14e96e19c016126425c44707512149", kill_on_drop: false }`
[INFO] running `Command { std: "docker" "inspect" "34595b4a3ffaab707f43eae2270f6d69cd14e96e19c016126425c44707512149", kill_on_drop: false }`
[INFO] running `Command { std: "docker" "exec" "-e" "SOURCE_DIR=/opt/rustwide/workdir" "-e" "CARGO_HOME=/opt/rustwide/cargo-home" "-e" "RUSTUP_HOME=/opt/rustwide/rustup-home" "-e" "CARGO_TARGET_DIR=/opt/rustwide/target" "-w" "/opt/rustwide/workdir" "--user" "0:0" "34595b4a3ffaab707f43eae2270f6d69cd14e96e19c016126425c44707512149" "/opt/rustwide/cargo-home/bin/cargo" "+1.99.0-beta.8" "metadata" "--no-deps" "--format-version=1", kill_on_drop: false }`
[INFO] running `Command { std: "docker" "inspect" "34595b4a3ffaab707f43eae2270f6d69cd14e96e19c016126425c44707512149", kill_on_drop: false }`
[INFO] running `Command { std: "docker" "exec" "-e" "SOURCE_DIR=/opt/rustwide/workdir" "-e" "CARGO_HOME=/opt/rustwide/cargo-home" "-e" "RUSTUP_HOME=/opt/rustwide/rustup-home" "-e" "CARGO_TARGET_DIR=/opt/rustwide/target" "-e" "CARGO_INCREMENTAL=0" "-e" "RUST_BACKTRACE=full" "-e" "RUSTFLAGS=--cap-lints=warn" "-e" "RUSTDOCFLAGS=--cap-lints=warn" "-w" "/opt/rustwide/workdir" "--user" "0:0" "34595b4a3ffaab707f43eae2270f6d69cd14e96e19c016126425c44707512149" "/opt/rustwide/cargo-home/bin/cargo" "+1.99.0-beta.8" "build" "--frozen" "--message-format=json" "--release", kill_on_drop: false }`
[INFO] [stderr]    Compiling libc v0.2.186
[INFO] [stderr]    Compiling proc-macro2 v1.0.106
[INFO] [stderr]    Compiling quote v1.0.46
[INFO] [stderr]    Compiling unicode-ident v1.0.24
[INFO] [stderr]    Compiling cfg-if v1.0.4
[INFO] [stderr]    Compiling version_check v0.9.5
[INFO] [stderr]    Compiling typenum v1.20.1
[INFO] [stderr]    Compiling shlex v2.0.1
[INFO] [stderr]    Compiling find-msvc-tools v0.1.9
[INFO] [stderr]    Compiling pkg-config v0.3.33
[INFO] [stderr]    Compiling memchr v2.8.2
[INFO] [stderr]    Compiling autocfg v1.5.1
[INFO] [stderr]    Compiling generic-array v0.14.7
[INFO] [stderr]    Compiling subtle v2.6.1
[INFO] [stderr]    Compiling num-traits v0.2.19
[INFO] [stderr]    Compiling serde_core v1.0.228
[INFO] [stderr]    Compiling zerocopy v0.8.52
[INFO] [stderr]    Compiling crc32fast v1.5.0
[INFO] [stderr]    Compiling cpufeatures v0.2.17
[INFO] [stderr]    Compiling simd-adler32 v0.3.9
[INFO] [stderr]    Compiling getrandom v0.2.17
[INFO] [stderr]    Compiling siphasher v1.0.3
[INFO] [stderr]    Compiling syn v2.0.118
[INFO] [stderr]    Compiling rand_core v0.6.4
[INFO] [stderr]    Compiling adler2 v2.0.1
[INFO] [stderr]    Compiling zstd-safe v5.0.2+zstd.1.5.2
[INFO] [stderr]    Compiling miniz_oxide v0.8.9
[INFO] [stderr]    Compiling phf_shared v0.12.1
[INFO] [stderr]    Compiling aho-corasick v1.1.4
[INFO] [stderr]    Compiling jobserver v0.1.34
[INFO] [stderr]    Compiling chrono-tz v0.10.4
[INFO] [stderr]    Compiling serde v1.0.228
[INFO] [stderr]    Compiling cc v1.2.65
[INFO] [stderr]    Compiling crypto-common v0.1.7
[INFO] [stderr]    Compiling block-buffer v0.10.4
[INFO] [stderr]    Compiling inout v0.1.4
[INFO] [stderr]    Compiling digest v0.10.7
[INFO] [stderr]    Compiling utf8parse v0.2.2
[INFO] [stderr]    Compiling base64ct v1.8.3
[INFO] [stderr]    Compiling regex-syntax v0.8.11
[INFO] [stderr]    Compiling itoa v1.0.18
[INFO] [stderr]    Compiling iana-time-zone v0.1.65
[INFO] [stderr]    Compiling zmij v1.0.21
[INFO] [stderr]    Compiling chrono v0.4.45
[INFO] [stderr]    Compiling password-hash v0.4.2
[INFO] [stderr]    Compiling sha2 v0.10.9
[INFO] [stderr]    Compiling zstd-sys v2.0.16+zstd.1.5.7
[INFO] [stderr]    Compiling bzip2-sys v0.1.13+1.0.8
[INFO] [stderr]    Compiling hmac v0.12.1
[INFO] [stderr]    Compiling anstyle-parse v1.0.0
[INFO] [stderr]    Compiling regex-automata v0.4.14
[INFO] [stderr]    Compiling flate2 v1.1.9
[INFO] [stderr]    Compiling cipher v0.4.4
[INFO] [stderr]    Compiling phf v0.12.1
[INFO] [stderr]    Compiling approx v0.5.1
[INFO] [stderr]    Compiling csv-core v0.1.13
[INFO] [stderr]    Compiling is_terminal_polyfill v1.70.2
[INFO] [stderr]    Compiling colorchoice v1.0.5
[INFO] [stderr]    Compiling serde_json v1.0.150
[INFO] [stderr]    Compiling deranged v0.5.8
[INFO] [stderr]    Compiling anstyle-query v1.1.5
[INFO] [stderr]    Compiling thiserror v2.0.18
[INFO] [stderr]    Compiling thiserror v1.0.69
[INFO] [stderr]    Compiling bytemuck v1.25.0
[INFO] [stderr]    Compiling anstyle v1.0.14
[INFO] [stderr]    Compiling time-core v0.1.9
[INFO] [stderr]    Compiling ryu v1.0.23
[INFO] [stderr]    Compiling ppv-lite86 v0.2.21
[INFO] [stderr]    Compiling powerfmt v0.2.0
[INFO] [stderr]    Compiling num-conv v0.2.2
[INFO] [stderr]    Compiling xlq-ironcalc-base v0.7.1
[INFO] [stderr]    Compiling csv v1.4.0
[INFO] [stderr]    Compiling anstream v1.0.0
[INFO] [stderr]    Compiling rand_chacha v0.3.1
[INFO] [stderr]    Compiling time v0.3.53
[INFO] [stderr]    Compiling rand v0.8.6
[INFO] [stderr]    Compiling serde_derive v1.0.228
[INFO] [stderr]    Compiling bitcode_derive v0.6.9
[INFO] [stderr]    Compiling thiserror-impl v2.0.18
[INFO] [stderr]    Compiling thiserror-impl v1.0.69
[INFO] [stderr]    Compiling statrs v0.18.0
[INFO] [stderr]    Compiling regex v1.12.4
[INFO] [stderr]    Compiling bitcode v0.6.9
[INFO] [stderr]    Compiling aes v0.8.4
[INFO] [stderr]    Compiling pbkdf2 v0.11.0
[INFO] [stderr]    Compiling bzip2 v0.4.4
[INFO] [stderr]    Compiling sha1 v0.10.6
[INFO] [stderr]    Compiling heck v0.5.0
[INFO] [stderr]    Compiling xlq-ironcalc v0.7.1
[INFO] [stderr]    Compiling either v1.16.0
[INFO] [stderr]    Compiling byteorder v1.5.0
[INFO] [stderr]    Compiling strsim v0.11.1
[INFO] [stderr]    Compiling log v0.4.33
[INFO] [stderr]    Compiling clap_lex v1.1.0
[INFO] [stderr]    Compiling bumpalo v3.20.3
[INFO] [stderr]    Compiling zip v2.4.2
[INFO] [stderr]    Compiling anyhow v1.0.103
[INFO] [stderr]    Compiling hashbrown v0.17.1
[INFO] [stderr]    Compiling equivalent v1.0.2
[INFO] [stderr]    Compiling roxmltree v0.19.0
[INFO] [stderr]    Compiling constant_time_eq v0.1.5
[INFO] [stderr]    Compiling zopfli v0.8.3
[INFO] [stderr]    Compiling clap_builder v4.6.0
[INFO] [stderr]    Compiling indexmap v2.14.0
[INFO] [stderr]    Compiling itertools v0.12.1
[INFO] [stderr]    Compiling clap_derive v4.6.1
[INFO] [stderr]    Compiling displaydoc v0.2.6
[INFO] [stderr]    Compiling quick-xml v0.41.0
[INFO] [stderr]    Compiling clap v4.6.1
[INFO] [stderr]    Compiling zstd v0.11.2+zstd.1.5.2
[INFO] [stderr]    Compiling zip v0.6.6
[INFO] [stderr]    Compiling xlq v0.2.1 (/opt/rustwide/workdir)
[INFO] [stderr]     Finished `release` profile [optimized] target(s) in 5m 28s
[INFO] running `Command { std: "docker" "inspect" "34595b4a3ffaab707f43eae2270f6d69cd14e96e19c016126425c44707512149", kill_on_drop: false }`
[INFO] running `Command { std: "docker" "exec" "-e" "SOURCE_DIR=/opt/rustwide/workdir" "-e" "CARGO_HOME=/opt/rustwide/cargo-home" "-e" "RUSTUP_HOME=/opt/rustwide/rustup-home" "-e" "CARGO_TARGET_DIR=/opt/rustwide/target" "-e" "CARGO_INCREMENTAL=0" "-e" "RUST_BACKTRACE=full" "-e" "RUSTFLAGS=--cap-lints=warn" "-e" "RUSTDOCFLAGS=--cap-lints=warn" "-w" "/opt/rustwide/workdir" "--user" "0:0" "34595b4a3ffaab707f43eae2270f6d69cd14e96e19c016126425c44707512149" "/opt/rustwide/cargo-home/bin/cargo" "+1.99.0-beta.8" "test" "--frozen" "--no-run" "--message-format=json" "--release", kill_on_drop: false }`
[INFO] [stderr]    Compiling xlq v0.2.1 (/opt/rustwide/workdir)
[INFO] [stderr]     Finished `release` profile [optimized] target(s) in 3m 23s
[INFO] running `Command { std: "docker" "inspect" "34595b4a3ffaab707f43eae2270f6d69cd14e96e19c016126425c44707512149", kill_on_drop: false }`
[INFO] running `Command { std: "docker" "exec" "-e" "SOURCE_DIR=/opt/rustwide/workdir" "-e" "CARGO_HOME=/opt/rustwide/cargo-home" "-e" "RUSTUP_HOME=/opt/rustwide/rustup-home" "-e" "CARGO_TARGET_DIR=/opt/rustwide/target" "-e" "CARGO_INCREMENTAL=0" "-e" "RUST_BACKTRACE=full" "-e" "RUSTFLAGS=--cap-lints=warn" "-e" "RUSTDOCFLAGS=--cap-lints=warn" "-w" "/opt/rustwide/workdir" "--user" "0:0" "34595b4a3ffaab707f43eae2270f6d69cd14e96e19c016126425c44707512149" "/opt/rustwide/cargo-home/bin/cargo" "+1.99.0-beta.8" "test" "--frozen" "--release", kill_on_drop: false }`
[INFO] [stderr]     Finished `release` profile [optimized] target(s) in 0.19s
[INFO] [stderr]      Running unittests src/main.rs (/opt/rustwide/target/release/deps/xlq-f7a3816e97e57f3d)
[INFO] [stdout] 
[INFO] [stdout] running 413 tests
[INFO] [stdout] test apply::tests::verify_output_catches_a_wrong_landed_value ... ok
[INFO] [stdout] test apply::tests::verify_output_passes_when_prediction_matches ... ok
[INFO] [stdout] test apply::tests::verify_output_catches_unloadable_output ... ok
[INFO] [stdout] test calc::tests::cell_reference_out_of_a1_range_falls_back_to_r1c1 ... ok
[INFO] [stdout] test calc::tests::cell_reference_labels ... ok
[INFO] [stdout] test apply::tests::real_apply_refuses_when_affected_uses_an_oracle_divergent_function ... ok
[INFO] [stdout] test calc::tests::non_volatile_formula_not_flagged ... ok
[INFO] [stdout] test calc::tests::now_formula_flagged_volatile ... ok
[INFO] [stdout] test calc::tests::drift_below_display_precision_is_still_a_change ... ok
[INFO] [stdout] test apply::tests::volatile_affected_write_is_refused ... ok
[INFO] [stdout] test apply::tests::dry_run_predicts_affected_set_without_writing ... ok
[INFO] [stdout] test calc::tests::stale_cached_number_reported_as_changed ... ok
[INFO] [stdout] test apply::tests::revision_mismatch_is_reported_and_writes_nothing ... ok
[INFO] [stdout] test calc::tests::run_errors_carry_basenames_only ... ok
[INFO] [stdout] test census::tests::census_tallies_volatile_and_policy_limited ... ok
[INFO] [stdout] test calc::tests::volatile_defined_name_reference_is_volatile ... ok
[INFO] [stdout] test calc::tests::volatility_propagates_to_dependent_cells ... ok
[INFO] [stdout] test census::tests::called_defined_name_is_user_defined ... ok
[INFO] [stdout] test census::tests::extracts_calls_uppercased_keeping_duplicates ... ok
[INFO] [stdout] test census::tests::extracts_nested_calls ... ok
[INFO] [stdout] test census::tests::function_names_with_dots ... ok
[INFO] [stdout] test census::tests::ignores_plain_references_and_defined_names ... ok
[INFO] [stdout] test census::tests::functions_inside_defined_name_formulas_are_counted ... ok
[INFO] [stdout] test census::tests::policy_limited_functions_carry_their_documented_literals ... ok
[INFO] [stdout] test census::tests::cube_carve_out_does_not_recognize_a_truly_unknown_name ... ok
[INFO] [stdout] test census::tests::lexer_illegal_token_stops_extraction_without_spinning ... ok
[INFO] [stdout] test census::tests::probe_recognizes_all_policy_limited_functions ... ok
[INFO] [stdout] test census::tests::probe_reports_unknown_functions_only ... ok
[INFO] [stdout] test census::tests::ignores_string_literals_and_quoted_sheet_names ... ok
[INFO] [stdout] test census::tests::probe_empty_input ... ok
[INFO] [stdout] test census::tests::reference_shaped_name_is_function_only_when_called ... ok
[INFO] [stdout] test census::tests::udf_calls_are_user_defined_not_functions ... ok
[INFO] [stdout] test calc::tests::policy_limited_functions_break_reliable_with_their_own_bucket ... ok
[INFO] [stdout] test certify::tests::attr_matches_whole_name_and_tolerates_eq_whitespace ... ok
[INFO] [stdout] test certify::tests::autofilter_ignores_filtercolumn_display_button_attrs ... ok
[INFO] [stdout] test apply::tests::real_apply_commits_rev_and_receipt_and_reloads ... ok
[INFO] [stdout] test apply::tests::external_edit_is_refused_then_reissue_proceeds ... ok
[INFO] [stdout] test certify::tests::builtin_numfmt_expanded_to_equivalent_custom_is_not_refused ... ok
[INFO] [stdout] test certify::tests::a_plain_two_sheet_workbook_has_no_unverified_construct ... ok
[INFO] [stdout] test certify::tests::caches_equal_type_and_value ... ok
[INFO] [stdout] test certify::tests::cell_info_function_sensitivity_scan ... ok
[INFO] [stdout] test certify::tests::bad_function_laundered_through_a_defined_name_is_excluded ... FAILED
[INFO] [stdout] test certify::tests::array_formula_flag_is_compared ... ok
[INFO] [stdout] test certify::tests::cell_metadata_binding_repoint_is_caught ... ok
[INFO] [stdout] test certify::tests::auto_sort_scope_and_root_captions_are_compared ... ok
[INFO] [stdout] test certify::tests::cell_referencing_an_unevaluable_defined_name_is_excluded ... FAILED
[INFO] [stdout] test certify::tests::cache_oracle_poison_diff_isolates_tainted_cells ... FAILED
[INFO] [stdout] test certify::tests::cell_prefix_and_width_backstops_catch_style_changes ... ok
[INFO] [stdout] test certify::tests::cell_prefix_via_named_style_inheritance_is_caught ... ok
[INFO] [stdout] test certify::tests::boundary_discriminating_dependent_of_divergent_source_is_excluded ... FAILED
[INFO] [stdout] test certify::tests::chart_ref_redundant_quotes_canonicalized ... ok
[INFO] [stdout] test certify::tests::chart_data_ref_is_compared_not_presence_refused ... ok
[INFO] [stdout] test certify::tests::comment_part_is_certify_safe ... ok
[INFO] [stdout] test certify::tests::chart_same_path_hyperlink_run_swap_is_caught ... ok
[INFO] [stdout] test certify::tests::connections_datasource_child_swap_is_caught ... ok
[INFO] [stdout] test certify::tests::cross_part_chart_series_swap_is_caught ... ok
[INFO] [stdout] test certify::tests::control_binding_repoint_is_caught ... ok
[INFO] [stdout] test certify::tests::autofilter_criteria_is_compared ... ok
[INFO] [stdout] test certify::tests::custom_ui_part_is_certify_safe ... ok
[INFO] [stdout] test certify::tests::control_binding_swap_between_controls_is_caught ... ok
[INFO] [stdout] test certify::tests::customui_autorun_callback_injection_is_refused ... ok
[INFO] [stdout] test certify::tests::custom_xml_part_is_certify_safe ... ok
[INFO] [stdout] test certify::tests::date1904_detection_is_namespace_aware ... ok
[INFO] [stdout] test certify::tests::cross_part_macro_and_textlink_swap_is_caught ... ok
[INFO] [stdout] test certify::tests::date_consumer_reading_a_plain_early_value_is_excluded ... FAILED
[INFO] [stdout] test certify::tests::date_consumer_reading_a_formula_produced_early_serial_is_excluded ... FAILED
[INFO] [stdout] test certify::tests::date_consumer_serial_argument_extraction ... ok
[INFO] [stdout] test certify::tests::date_producer_consuming_an_early_serial_is_excluded ... FAILED
[INFO] [stdout] test certify::tests::drawing_hover_hyperlink_swap_between_shapes_is_caught ... ok
[INFO] [stdout] test certify::tests::custom_xml_datamashup_repoint_is_caught ... ok
[INFO] [stdout] test certify::tests::chart_and_hover_hyperlink_external_targets_are_compared ... ok
[INFO] [stdout] test certify::tests::drawing_hyperlink_swap_between_shapes_is_caught ... ok
[INFO] [stdout] test certify::tests::chart_literal_data_point_tamper_is_caught ... ok
[INFO] [stdout] test certify::tests::drawing_hyperlink_swap_between_same_named_shapes_is_caught ... ok
[INFO] [stdout] test certify::tests::drawing_linked_image_external_target_repoint_is_caught ... ok
[INFO] [stdout] test certify::tests::dxf_numfmt_does_not_mask_the_cell_number_format ... ok
[INFO] [stdout] test certify::tests::chart_in_xml_hyperlink_repoint_is_caught ... ok
[INFO] [stdout] test certify::tests::early_date_consumer_boundary_discriminating_dependent_is_excluded ... FAILED
[INFO] [stdout] test certify::tests::early_date_consumer_excluded_but_modern_consumer_vouchable ... FAILED
[INFO] [stdout] test certify::tests::early_date_consumer_dependent_through_a_defined_name_is_excluded ... FAILED
[INFO] [stdout] test certify::tests::excel_precision_equality_is_sound ... ok
[INFO] [stdout] test certify::tests::engine_divergent_functions_excluded_from_oracle ... FAILED
[INFO] [stdout] test certify::tests::drawing_shape_macro_repoint_is_caught ... ok
[INFO] [stdout] test certify::tests::drawing_value_refs_compared_but_anchor_position_ignored ... ok
[INFO] [stdout] test certify::tests::drawing_shape_hyperlink_target_is_compared ... ok
[INFO] [stdout] test certify::tests::external_rels_parser_is_namespace_and_whitespace_robust ... ok
[INFO] [stdout] test certify::tests::format_diffs_disqualify_under_expected_side_pad ... ok
[INFO] [stdout] test certify::tests::formula_reading_a_t_d_date_cell_is_not_vouched ... FAILED
[INFO] [stdout] test certify::tests::external_rels_target_transposition_is_caught ... ok
[INFO] [stdout] test certify::tests::drawing_within_shape_run_hyperlink_swap_is_caught ... ok
[INFO] [stdout] test certify::tests::hidden_tokens_invariant_to_shared_formula_expansion ... ok
[INFO] [stdout] test certify::tests::external_rels_cross_part_transposition_is_caught ... ok
[INFO] [stdout] test certify::tests::external_data_source_repoint_is_refused ... ok
[INFO] [stdout] test certify::tests::hidden_row_under_subtotal_is_compared ... ok
[INFO] [stdout] test certify::tests::hyperlink_dest_sheet_quote_is_normalized ... ok
[INFO] [stdout] test certify::tests::external_links_are_compared_then_certify_safe ... ok
[INFO] [stdout] test certify::tests::hidden_row_without_excluding_aggregate_is_ignored ... ok
[INFO] [stdout] test certify::tests::inline_early_date_consumer_and_dependent_are_excluded ... FAILED
[INFO] [stdout] test certify::tests::hyperlink_self_file_target_folds_to_internal ... ok
[INFO] [stdout] test certify::tests::e2e_false_certify_computed_early_serial ... ok
[INFO] [stdout] test certify::tests::iso_date_value_change_is_refused ... ok
[INFO] [stdout] test certify::tests::hyperlink_internal_target_and_location_encodings_are_equivalent ... ok
[INFO] [stdout] test certify::tests::local_element_tag_is_namespace_prefix_agnostic ... ok
[INFO] [stdout] test certify::tests::named_style_lock_and_numfmt_inheritance_is_resolved ... ok
[INFO] [stdout] test certify::tests::near_zero_cache_is_not_snapped_to_zero ... ok
[INFO] [stdout] test certify::tests::number_format_code_change_is_detected ... ok
[INFO] [stdout] test certify::tests::legacy_conditional_formatting_is_compared_not_presence_refused ... ok
[INFO] [stdout] test certify::tests::normalized_tokens_compared_per_cell ... ok
[INFO] [stdout] test certify::tests::metadata_index_reindex_is_caught ... ok
[INFO] [stdout] test certify::tests::pivot_cache_field_grouping_and_shared_items_are_compared ... ok
[INFO] [stdout] test certify::tests::pivot_calculated_field_formula_is_compared ... ok
[INFO] [stdout] test certify::tests::intra_chart_series_ref_and_name_swap_is_caught ... ok
[INFO] [stdout] test certify::tests::pivot_datafield_and_refresh_are_compared ... ok
[INFO] [stdout] test certify::tests::pivot_filter_surface_is_compared ... ok
[INFO] [stdout] test certify::tests::multi_value_cell_is_refused ... ok
[INFO] [stdout] test certify::tests::internal_drawing_image_and_media_swap_is_caught ... ok
[INFO] [stdout] test certify::tests::pivot_olap_calculated_member_mdx_is_compared ... ok
[INFO] [stdout] test certify::tests::pivot_root_and_field_subtotal_toggles_are_compared ... ok
[INFO] [stdout] test certify::tests::pivot_axis_membership_and_measure_order_are_compared ... ok
[INFO] [stdout] test certify::tests::pivot_show_data_as_flip_is_compared ... ok
[INFO] [stdout] test certify::tests::pivot_item_custom_label_swap_across_fields_is_caught ... ok
[INFO] [stdout] test certify::tests::pivot_source_sheet_with_space_is_compared_whole ... ok
[INFO] [stdout] test certify::tests::poison_diff_excludes_a_probe_crafted_source_dependent ... FAILED
[INFO] [stdout] test certify::tests::pre_1900_date_serial_excluded_but_modern_date_vouchable ... FAILED
[INFO] [stdout] test certify::tests::opaque_part_namespace_prefix_rename_is_not_refused ... ok
[INFO] [stdout] test certify::tests::precision_as_displayed_reads_fullprecision ... ok
[INFO] [stdout] test certify::tests::pivot_workbook_is_compared_not_presence_refused ... ok
[INFO] [stdout] test certify::tests::pivot_value_filter_threshold_is_compared ... ok
[INFO] [stdout] test certify::tests::pivot_cross_part_cache_source_connection_swap_is_caught ... ok
[INFO] [stdout] test certify::tests::opaque_part_cross_part_content_swap_is_caught ... ok
[INFO] [stdout] test certify::tests::self_closed_numfmts_does_not_leak_the_dxf_map ... ok
[INFO] [stdout] test certify::tests::runtime_ref_cells_are_dropped_when_a_divergent_seed_exists ... FAILED
[INFO] [stdout] test certify::tests::slicer_timeline_parts_are_certify_safe ... ok
[INFO] [stdout] test certify::tests::structural_ref_attrs_captures_hyperlink_destination ... ok
[INFO] [stdout] test certify::tests::structural_ref_attrs_is_namespace_prefix_aware ... ok
[INFO] [stdout] test certify::tests::rich_data_value_rewrite_is_caught ... ok
[INFO] [stdout] test certify::tests::table_autofilter_criteria_is_compared ... ok
[INFO] [stdout] test certify::tests::protected_range_sqref_set_is_canonicalized ... ok
[INFO] [stdout] test certify::tests::rich_data_part_is_certify_safe ... ok
[INFO] [stdout] test certify::tests::row_column_style_surface_tamper_is_caught ... ok
[INFO] [stdout] test certify::tests::three_d_span_cell_vouched_when_the_engine_evaluates_it ... FAILED
[INFO] [stdout] test certify::tests::unverified_formula_caches_flags_present_not_dropped ... ok
[INFO] [stdout] test certify::tests::slicer_selection_deselect_is_caught ... ok
[INFO] [stdout] test certify::tests::volatile_dependencies_part_is_certify_safe ... ok
[INFO] [stdout] test certify::tests::table_filter_block_swap_is_caught ... ok
[INFO] [stdout] test certify::tests::timeline_range_and_slicer_cache_rebind_are_caught ... ok
[INFO] [stdout] test certify::tests::pivot_records_fingerprint_and_intra_pivot_filter_swap_are_caught ... ok
[INFO] [stdout] test certify::tests::volatile_taint_is_transitive ... FAILED
[INFO] [stdout] test certify::tests::web_publish_item_repoint_is_caught ... ok
[INFO] [stdout] test diff::tests::a1_notation_is_correct ... ok
[INFO] [stdout] test diff::tests::basename_falls_back_to_the_input_for_component_free_paths ... ok
[INFO] [stdout] test diff::tests::bool_literal_normalization ... ok
[INFO] [stdout] test certify::tests::width_defaults_and_hidden_columns_are_caught ... ok
[INFO] [stdout] test diff::tests::detects_value_formula_and_added_cell_changes ... ok
[INFO] [stdout] test certify::tests::x14_conditional_formatting_is_compared_not_presence_refused ... ok
[INFO] [stdout] test diff::tests::format_only_change_is_kind_format_not_value ... ok
[INFO] [stdout] test diff::tests::raw_value_drift_below_display_precision_is_a_value_change ... ok
[INFO] [stdout] test certify::tests::vml_macro_assignment_swap_is_caught ... ok
[INFO] [stdout] test diff::tests::load_errors_carry_basenames_only ... ok
[INFO] [stdout] test diff::tests::removed_cell_in_a_common_sheet_is_kind_removed ... ok
[INFO] [stdout] test diff::tests::reports_added_and_removed_sheets_with_counts_only ... ok
[INFO] [stdout] test diff::tests::same_formula_with_stale_cached_value_is_cached_value_not_changed ... ok
[INFO] [stdout] test diff::tests::stripped_formula_cache_is_kind_cached_value ... ok
[INFO] [stdout] test hash::tests::hashes_known_content_to_known_digest ... ok
[INFO] [stdout] test certify::tests::zzz_e2e_3d_span_defined_name_false_certify ... ok
[INFO] [stdout] test diff::tests::run_end_to_end_reports_shas_and_changes ... ok
[INFO] [stdout] test inspect::tests::corrupt_zip_fails_with_basename_only_error ... ok
[INFO] [stdout] test hash::tests::path_without_file_name_component_uses_placeholder_and_read_fails ... ok
[INFO] [stdout] test diff::tests::ref_error_canonicalization ... ok
[INFO] [stdout] test inspect::tests::empty_sheet_reports_zero_extent ... ok
[INFO] [stdout] test inspect::tests::load_error_payload_contains_no_directory_components ... ok
[INFO] [stdout] test certify::tests::table_reference_surface_is_compared_not_refused ... ok
[INFO] [stdout] test inspect::tests::load_with_cse_normalized_loads_a_stripped_copy ... ok
[INFO] [stdout] test inspect::tests::ooxml_parts_open_error_and_missing_file_name_component ... ok
[INFO] [stdout] test hash::tests::open_error_carries_basename_only ... ok
[INFO] [stdout] test inspect::tests::legacy_cse_array_formula_still_gets_a_census ... ok
[INFO] [stdout] test inspect::tests::policy_limited_cell_functions_get_their_own_bucket ... ok
[INFO] [stdout] test certify::tests::table_computed_column_formula_swap_is_caught ... ok
[INFO] [stdout] test inspect::tests::load_with_cse_normalized_rejects_a_non_zip_file ... ok
[INFO] [stdout] test inspect::tests::strip_cse_array_attrs_removes_only_the_array_attr_inside_f_tags ... ok
[INFO] [stdout] test inspect::tests::threaded_comments_count_as_comments ... ok
[INFO] [stdout] test inspect::tests::ooxml_part_flags_flip_when_parts_are_present ... ok
[INFO] [stdout] test inspect::tests::udf_names_never_leak_into_functions_and_redact_hides_them ... ok
[INFO] [stdout] test inspect::tests::policy_limited_function_inside_defined_name_breaks_reliable ... ok
[INFO] [stdout] test journal::tests::commit_refuses_to_overwrite_existing_rev ... ok
[INFO] [stdout] test inspect::tests::output_never_contains_values_formula_bodies_or_full_paths ... ok
[INFO] [stdout] test inspect::tests::reports_structure_and_redaction ... ok
[INFO] [stdout] test journal::tests::lock_is_exclusive ... ok
[INFO] [stdout] test journal::tests::genesis_commit_writes_rev1_and_journal_line ... ok
[INFO] [stdout] test journal::tests::next_rev_and_chain_status_on_missing_journal ... ok
[INFO] [stdout] test journal::tests::external_edit_detected_against_last_result_hash ... ok
[INFO] [stdout] test journal::tests::resolve_actor_precedence ... ok
[INFO] [stdout] test journal::tests::interior_corruption_fails_loudly ... ok
[INFO] [stdout] test journal::tests::complete_but_corrupt_tail_fails_loudly ... ok
[INFO] [stdout] test journal::tests::external_edit_marker_records_divergence_without_rev_file ... ok
[INFO] [stdout] test ooxml::tests::dimension_is_widened_to_cover_inserts ... ok
[INFO] [stdout] test ooxml::tests::formula_edit_preserves_style_and_writes_cached_value ... ok
[INFO] [stdout] test ooxml::tests::illegal_control_chars_are_stripped ... ok
[INFO] [stdout] test journal::tests::stale_lock_from_dead_pid_is_broken_but_live_pid_is_not ... ok
[INFO] [stdout] test ooxml::tests::inline_string_edit_leaves_shared_strings_untouched ... ok
[INFO] [stdout] test ooxml::tests::nonfinite_number_becomes_error_cell ... ok
[INFO] [stdout] test ooxml::tests::number_edit_preserves_all_other_parts_byte_identical ... ok
[INFO] [stdout] test ooxml::tests::inserted_cell_and_row_reload_in_ironcalc ... ok
[INFO] [stdout] test ooxml::tests::output_is_deterministic ... ok
[INFO] [stdout] test ooxml::tests::parse_and_build_refs_roundtrip ... ok
[INFO] [stdout] test journal::tests::second_commit_chains_to_rev2 ... ok
[INFO] [stdout] test journal::tests::next_rev_skips_orphan_rev_file ... ok
[INFO] [stdout] test ooxml::tests::positional_rless_cells_are_preserved ... ok
[INFO] [stdout] test ooxml::tests::prefixed_sheetdata_errors_instead_of_silent_drop ... ok
[INFO] [stdout] test ooxml::tests::read_entry_capped_enforces_total_across_parts ... ok
[INFO] [stdout] test ooxml::tests::read_entry_capped_reads_normal_and_debits_budget ... ok
[INFO] [stdout] test ooxml::tests::row_spans_widened_when_cell_added_beyond ... ok
[INFO] [stdout] test ooxml::tests::read_entry_capped_refuses_bomb ... ok
[INFO] [stdout] test ooxml::tests::vba_project_untouched ... ok
[INFO] [stdout] test journal::tests::recovery_commit_truncates_torn_tail_so_journal_stays_readable ... ok
[INFO] [stdout] test patch::tests::parse_a1_rejects_junk ... ok
[INFO] [stdout] test patch::tests::parse_a1_valid ... ok
[INFO] [stdout] test patch::tests::patch_defaults_are_optional ... ok
[INFO] [stdout] test patch::tests::schema_matches_the_deserializer ... ok
[INFO] [stdout] test patch::tests::value_to_input_all_kinds ... ok
[INFO] [stdout] test patch::tests::value_to_input_rejects_bad_wrappers ... ok
[INFO] [stdout] test refshift::tests::absolute_ref_still_shifts_structurally ... ok
[INFO] [stdout] test refshift::tests::col_letters ... ok
[INFO] [stdout] test refshift::tests::col_op_leaves_whole_row_ref_untouched ... ok
[INFO] [stdout] test refshift::tests::col_op_shifts_columns_only ... ok
[INFO] [stdout] test ooxml::tests::pivot_chart_reloads_after_calcchain_drop ... ok
[INFO] [stdout] test patch::tests::parses_patch_with_both_ops ... ok
[INFO] [stdout] test refshift::tests::cross_sheet_ref_to_edited_sheet_shifts ... ok
[INFO] [stdout] test refshift::tests::cross_sheet_ref_to_other_sheet_unchanged ... ok
[INFO] [stdout] test ooxml::tests::pivot_chart_parts_untouched ... ok
[INFO] [stdout] test refshift::tests::defined_name_cell_ref_collision_detection ... ok
[INFO] [stdout] test refshift::tests::delete_above_unchanged ... ok
[INFO] [stdout] test refshift::tests::delete_below_shifts_up ... ok
[INFO] [stdout] test refshift::tests::delete_clip_head_endpoint ... ok
[INFO] [stdout] test refshift::tests::delete_entirely_consumed_is_ref ... ok
[INFO] [stdout] test refshift::tests::delete_head_in_band_clamps_to_k ... ok
[INFO] [stdout] test refshift::tests::delete_tail_in_band_clamps_to_k_minus_1 ... ok
[INFO] [stdout] test refshift::tests::detects_array_and_shared_residual ... ok
[INFO] [stdout] test refshift::tests::detects_unquoted_non_ascii_qualifier ... ok
[INFO] [stdout] test refshift::tests::external_ref_never_shifts ... ok
[INFO] [stdout] test refshift::tests::delete_single_cell_in_band_is_ref ... ok
[INFO] [stdout] test refshift::tests::delete_straddle_shrinks ... ok
[INFO] [stdout] test refshift::tests::formula_counts_shifts ... ok
[INFO] [stdout] test refshift::tests::formula_delete_produces_ref_error ... ok
[INFO] [stdout] test refshift::tests::formula_does_not_touch_string_literals ... ok
[INFO] [stdout] test refshift::tests::formula_indirect_text_arg_not_shifted ... ok
[INFO] [stdout] test refshift::tests::formula_non_ascii_or_backslash_prefixed_name_suffix_not_shifted ... ok
[INFO] [stdout] test journal::tests::torn_trailing_line_is_dropped_and_recovers ... ok
[INFO] [stdout] test refshift::tests::formula_function_name_with_digits_not_shifted ... ok
[INFO] [stdout] test refshift::tests::formula_leaves_function_names_alone ... ok
[INFO] [stdout] test refshift::tests::formula_out_of_grid_tokens_not_shifted ... ok
[INFO] [stdout] test refshift::tests::formula_preserves_absolute_and_mixed ... ok
[INFO] [stdout] test refshift::tests::formula_quoted_sheet ... ok
[INFO] [stdout] test refshift::tests::formula_references_cell_covers_single_range_sheet_and_boundaries ... ok
[INFO] [stdout] test refshift::tests::formula_shifts_cross_sheet_and_scopes ... ok
[INFO] [stdout] test refshift::tests::formula_whole_column_delete_consumed_is_ref ... ok
[INFO] [stdout] test refshift::tests::formula_shifts_simple_range ... ok
[INFO] [stdout] test refshift::tests::formula_whole_column_under_col_op_shifts ... ok
[INFO] [stdout] test refshift::tests::function_endpoint_range_head_shifts ... ok
[INFO] [stdout] test refshift::tests::formula_whole_column_under_row_op_unchanged ... ok
[INFO] [stdout] test refshift::tests::formula_whole_row_under_row_op_shifts ... ok
[INFO] [stdout] test refshift::tests::fuzz_move_sigma_independent ... ok
[INFO] [stdout] test refshift::tests::insert_above_whole_range_unchanged ... ok
[INFO] [stdout] test refshift::tests::insert_at_head_boundary_shifts_not_grows ... ok
[INFO] [stdout] test refshift::tests::insert_inside_grows_range ... ok
[INFO] [stdout] test refshift::tests::insert_at_tail_boundary_grows ... ok
[INFO] [stdout] test refshift::tests::mixed_ref_preserves_dollars ... ok
[INFO] [stdout] test refshift::tests::insert_below_shifts_whole_range ... ok
[INFO] [stdout] test refshift::tests::move_formula_shifts_single_cells_and_detects_straddle ... ok
[INFO] [stdout] test refshift::tests::move_identity_leaves_refs_unchanged ... ok
[INFO] [stdout] test refshift::tests::move_range_within_block_or_gap_shifts_as_rectangle ... ok
[INFO] [stdout] test refshift::tests::move_range_straddling_boundary_is_ref ... ok
[INFO] [stdout] test refshift::tests::move_sigma_down_matches_hand ... ok
[INFO] [stdout] test refshift::tests::move_sigma_identity_when_adjacent ... ok
[INFO] [stdout] test refshift::tests::move_sigma_up_matches_hand ... ok
[INFO] [stdout] test refshift::tests::move_sigma_is_a_bijection_on_1_to_maxrow ... ok
[INFO] [stdout] test refshift::tests::move_single_cell_refs_follow_sigma_down ... ok
[INFO] [stdout] test refshift::tests::neutralizes_non_ascii_qualified_refs ... ok
[INFO] [stdout] test refshift::tests::move_single_cell_refs_follow_sigma_up ... ok
[INFO] [stdout] test refshift::tests::offset_keeps_absolute_fixed ... ok
[INFO] [stdout] test refshift::tests::is_plain_reference_distinguishes_plain_refs_from_unevaluable_names ... ok
[INFO] [stdout] test refshift::tests::offset_leaves_non_ascii_or_backslash_prefixed_name_intact ... ok
[INFO] [stdout] test refshift::tests::offset_leaves_strings_and_functions ... ok
[INFO] [stdout] test refshift::tests::move_sigma_preserves_block_order ... ok
[INFO] [stdout] test refshift::tests::offset_overflow_is_ref ... ok
[INFO] [stdout] test refshift::tests::offset_preserves_non_ascii_literals ... ok
[INFO] [stdout] test refshift::tests::fuzz_delete_against_set_oracle ... ok
[INFO] [stdout] test refshift::tests::offset_underflow_is_ref ... ok
[INFO] [stdout] test refshift::tests::offset_translates_relative_refs ... ok
[INFO] [stdout] test diff::tests::truncates_at_cap_but_summary_keeps_full_totals ... ok
[INFO] [stdout] test refshift::tests::offset_range_and_cross_sheet ... ok
[INFO] [stdout] test refshift::tests::other_sheet_formula_unqualified_does_not_shift ... ok
[INFO] [stdout] test refshift::tests::row_op_leaves_whole_column_ref_untouched ... ok
[INFO] [stdout] test refshift::tests::row_op_shifts_whole_row_ref ... ok
[INFO] [stdout] test refshift::tests::quoted_sheet_name_scoping ... ok
[INFO] [stdout] test refshift::tests::same_sheet_unqualified_shifts ... ok
[INFO] [stdout] test refshift::tests::three_d_span_including_edited_sheet_shifts ... ok
[INFO] [stdout] test restructure::tests::move_requires_dest ... ok
[INFO] [stdout] test restructure::tests::read_error_carries_basename_only ... ok
[INFO] [stdout] test refshift::tests::shift_preserves_non_ascii_literals ... ok
[INFO] [stdout] test refshift::tests::whitespace_range_and_grid_boundary ... ok
[INFO] [stdout] test structural::tests::array_formula_is_affect_based ... ok
[INFO] [stdout] test structural::tests::array_formula_non_ascii_qualifier_is_affect_based ... ok
[INFO] [stdout] test structural::tests::array_formula_still_refused ... ok
[INFO] [stdout] test structural::tests::autofilter_filter_column_colid_is_retargeted ... ok
[INFO] [stdout] test restructure::tests::table_edit_still_refused ... ok
[INFO] [stdout] test structural::tests::canonicalize_sheet_quotes_drops_only_redundant_quotes ... ok
[INFO] [stdout] test restructure::tests::dry_run_reports_shift_without_writing ... ok
[INFO] [stdout] test structural::tests::cf_and_dv_formula_bodies_shift ... ok
[INFO] [stdout] test structural::tests::chart_ref_shifts ... ok
[INFO] [stdout] test structural::tests::cols_shift_on_column_edits_and_empty_container_is_dropped ... ok
[INFO] [stdout] test structural::tests::canonical_sqref_coalesces_adjacent_ranges ... ok
[INFO] [stdout] test structural::tests::comment_and_vml_attachments_are_affect_based ... ok
[INFO] [stdout] test structural::tests::container_child_count_ignores_prefixed_x14_twin ... ok
[INFO] [stdout] test structural::tests::datatable_f_attrs_are_shifted ... ok
[INFO] [stdout] test structural::tests::datatable_f_attrs_are_shifted_under_move ... ok
[INFO] [stdout] test structural::tests::datatable_signature_includes_input_cells ... ok
[INFO] [stdout] test structural::tests::datatable_f_start_arm_is_shifted_under_move ... ok
[INFO] [stdout] test structural::tests::date_typed_value_cells_extracts_iso_dates ... ok
[INFO] [stdout] test structural::tests::defined_name_shifts ... ok
[INFO] [stdout] test structural::tests::defined_name_vba_flags_are_in_the_signature ... ok
[INFO] [stdout] test structural::tests::defined_names_is_namespace_and_entity_aware ... ok
[INFO] [stdout] test structural::tests::delete_cols_drops_deleted_cell_content ... ok
[INFO] [stdout] test structural::tests::delete_drops_a_fully_consumed_hyperlink_and_omits_empty_container ... ok
[INFO] [stdout] test structural::tests::detects_cdata_wrapped_formula_body ... ok
[INFO] [stdout] test restructure::tests::real_move_commits_and_recomputes ... ok
[INFO] [stdout] test structural::tests::drawing_textlink_and_xdrf_are_shifted ... ok
[INFO] [stdout] test structural::tests::dropped_part_relationship_and_override_are_pruned ... ok
[INFO] [stdout] test structural::tests::edited_sheet_attachment_whitelist_is_prefix_insensitive_and_fails_closed ... ok
[INFO] [stdout] test structural::tests::edited_sheet_body_unshifted_ref_is_an_affect_based_whitelist ... ok
[INFO] [stdout] test structural::tests::edited_sheet_delete_row_and_ref ... ok
[INFO] [stdout] test structural::tests::edited_sheet_insert_shifts_rows_cells_formulas ... ok
[INFO] [stdout] test structural::tests::element_text_semantics_captures_cdata_body ... ok
[INFO] [stdout] test restructure::tests::real_insert_commits_and_recomputes ... ok
[INFO] [stdout] test restructure::tests::shared_formula_edit_now_succeeds ... ok
[INFO] [stdout] test structural::tests::drawing_anchor_is_shifted_not_refused ... ok
[INFO] [stdout] test structural::tests::end_to_end_insert_row_recomputes_and_shifts_all_refs ... ok
[INFO] [stdout] test structural::tests::delete_drops_a_fully_consumed_mergecell ... ok
[INFO] [stdout] test structural::tests::extlst_affected_is_affect_based_not_presence_based ... ok
[INFO] [stdout] test structural::tests::foreign_cf_dv_formula_cross_ref_is_shifted_not_refused ... ok
[INFO] [stdout] test structural::tests::foreign_extlst_xmf_is_shifted_not_refused ... ok
[INFO] [stdout] test structural::tests::foreign_shared_dependent_crossing_boundary_is_detected ... ok
[INFO] [stdout] test structural::tests::foreign_sheet_control_binding_to_edited_sheet_is_flagged ... ok
[INFO] [stdout] test structural::tests::external_link_workbook_is_not_presence_refused ... ok
[INFO] [stdout] test structural::tests::foreign_ref_attr_crosses_detects_cross_sheet_dataref ... ok
[INFO] [stdout] test structural::tests::foreign_sheet_shifts_only_edited_sheet_refs ... ok
[INFO] [stdout] test structural::tests::formula_cache_map_keeps_present_drops_empty ... ok
[INFO] [stdout] test structural::tests::formula_hidden_tokens_are_per_cell ... ok
[INFO] [stdout] test structural::tests::hidden_row_exclusion_and_hidden_rows ... ok
[INFO] [stdout] test structural::tests::hyperlink_location_is_shifted_not_refused ... ok
[INFO] [stdout] test structural::tests::ignored_error_sqref_is_shifted_not_refused ... ok
[INFO] [stdout] test structural::tests::insert_overflows_grid_detects_boundary ... ok
[INFO] [stdout] test structural::tests::main_formula_entities_reassemble_and_shift ... ok
[INFO] [stdout] test structural::tests::malformed_secondary_xml_fails_closed_not_truncated ... ok
[INFO] [stdout] test structural::tests::move_cols_rejected_defensively ... ok
[INFO] [stdout] test structural::tests::move_path_entity_formula_shifts ... ok
[INFO] [stdout] test structural::tests::move_rows_reorders_relabels_and_shifts_formula ... ok
[INFO] [stdout] test structural::tests::move_rows_straddling_range_forces_residual ... ok
[INFO] [stdout] test structural::tests::namespace_prefixed_tableparts_are_detected ... ok
[INFO] [stdout] test structural::tests::non_ascii_qualifier_affect_check ... ok
[INFO] [stdout] test structural::tests::non_ascii_qualifier_edited_sheet_ascii_affect_based ... ok
[INFO] [stdout] test structural::tests::pivot_attachment_is_affect_based_not_presence_refused ... ok
[INFO] [stdout] test structural::tests::pivot_shifts_ref_and_preserves_following_sibling ... ok
[INFO] [stdout] test structural::tests::pivot_start_form_keeps_children ... ok
[INFO] [stdout] test structural::tests::comment_on_the_edited_sheet_is_refused ... ok
[INFO] [stdout] test structural::tests::preexisting_ref_error_not_counted_by_aux_shift_helpers ... ok
[INFO] [stdout] test structural::tests::prefixed_relationship_element_still_resolves_a_table ... ok
[INFO] [stdout] test structural::tests::foreign_sheet_drawing_textlink_is_shifted_end_to_end ... ok
[INFO] [stdout] test structural::tests::minimal_patch_only_coordinate_bytes_change ... ok
[INFO] [stdout] test structural::tests::prefixed_worksheet_grid_is_detected ... ok
[INFO] [stdout] test structural::tests::range_intersection_cells_are_detected ... ok
[INFO] [stdout] test structural::tests::repeated_value_cell_is_detected ... ok
[INFO] [stdout] test structural::tests::replace_attr_preserves_siblings ... ok
[INFO] [stdout] test structural::tests::rewrite_pivot_fails_closed_on_edited_sheet_consolidation_source ... ok
[INFO] [stdout] test structural::tests::row_without_r_attribute_is_detected ... ok
[INFO] [stdout] test structural::tests::scoped_defined_name_with_unqualified_body_shifts ... ok
[INFO] [stdout] test structural::tests::rel_target_resolution_handles_parent_segments ... ok
[INFO] [stdout] test structural::tests::shared_master_with_entity_expands_correctly ... ok
[INFO] [stdout] test structural::tests::shared_formula_expands_to_explicit ... ok
[INFO] [stdout] test structural::tests::sheet_declares_tables_is_the_authoritative_signal ... ok
[INFO] [stdout] test structural::tests::sheet_ref_construct_semantics_extracts_cf_dv_and_extlst ... ok
[INFO] [stdout] test structural::tests::shared_formula_no_longer_refused_end_to_end ... ok
[INFO] [stdout] test structural::tests::shift_col_range_clamps_at_the_last_column ... ok
[INFO] [stdout] test structural::tests::shift_col_range_handles_insert_and_delete_clamp ... ok
[INFO] [stdout] test structural::tests::sqref_tokeniser_keeps_quoted_space_names_whole ... ok
[INFO] [stdout] test structural::tests::structured_reference_in_a_formula_is_detected ... ok
[INFO] [stdout] test structural::tests::strip_formula_caches_drops_only_formula_results ... ok
[INFO] [stdout] test structural::tests::table_formula_crossing_edited_sheet_is_refused_affect_based ... ok
[INFO] [stdout] test structural::tests::table_part_forces_residual ... ok
[INFO] [stdout] test structural::tests::tables_attached_to_finds_only_the_owning_sheets_tables ... ok
[INFO] [stdout] test structural::tests::three_d_span_affect_and_order_aware ... ok
[INFO] [stdout] test structural::tests::unchanged_entity_formula_is_byte_identical ... ok
[INFO] [stdout] test refshift::tests::fuzz_move_against_set_oracle ... ok
[INFO] [stdout] test tests_algebra::insert_then_delete_restores_formula ... ok
[INFO] [stdout] test structural::tests::volatile_dependencies_is_dropped_like_calcchain ... ok
[INFO] [stdout] test tests_algebra::wellformed_detects_off_grid_and_duplicate ... ok
[INFO] [stdout] test structural::tests::volatile_formula_cells_detects_volatile ... ok
[INFO] [stdout] test structural::tests::whitespace_padded_range_colon_is_a_range ... ok
[INFO] [stdout] test tests_cache_soundness::poisoned_cache_is_detected ... ok
[INFO] [stdout] test structural::tests::table_on_an_unrelated_sheet_does_not_block_the_edit ... ok
[INFO] [stdout] test tests_corpus_lint::engine_faithful_corpus_baselines_are_clean ... ok
[INFO] [stdout] test tests_value_faithful::value_differential_detects_a_mis_shift ... ok
[INFO] [stdout] test tests_corpus_lint::every_corpus_fixture_ships_populated_caches ... ok
[INFO] [stdout] test structural::tests::real_pivot_workbook_stays_wellformed_after_structural_edit ... ok
[INFO] [stdout] test value::tests::invalid_sheet_index_is_an_error ... ok
[INFO] [stdout] test value::tests::maps_each_cell_value_variant_to_json ... ok
[INFO] [stdout] test value::tests::non_finite_numbers_fall_back_to_string_rendering ... ok
[INFO] [stdout] test structural::tests::scratch_fuzz_invalid_output ... ok
[INFO] [stdout] test tests_algebra::transform_output_is_wellformed_over_corpus ... ok
[INFO] [stdout] test tests_cache_soundness::output_formula_caches_are_blanked ... ok
[INFO] [stdout] test tests_cache_soundness::cache_soundness_holds_over_corpus_x_edits ... ok
[INFO] [stdout] test tests_value_faithful::values_relocate_under_sigma_over_corpus ... ok
[INFO] [stdout] test calc::tests::changed_list_truncates_at_cap_with_full_summary_totals ... ok
[INFO] [stdout] 
[INFO] [stdout] failures:
[INFO] [stdout] 
[INFO] [stdout] ---- certify::tests::bad_function_laundered_through_a_defined_name_is_excluded stdout ----
[INFO] [stdout] 
[INFO] [stdout] thread 'certify::tests::bad_function_laundered_through_a_defined_name_is_excluded' (2102) panicked at src/certify.rs:8787:10:
[INFO] [stdout] load udf-name workbook: write expected transform to temp
[INFO] [stdout] 
[INFO] [stdout] Caused by:
[INFO] [stdout]     Read-only file system (os error 30)
[INFO] [stdout] 
[INFO] [stdout] Stack backtrace:
[INFO] [stdout]    0: <unknown>
[INFO] [stdout]    1: <unknown>
[INFO] [stdout]    2: <unknown>
[INFO] [stdout]    3: <unknown>
[INFO] [stdout]    4: <unknown>
[INFO] [stdout]    5: <unknown>
[INFO] [stdout]    6: <unknown>
[INFO] [stdout]    7: <unknown>
[INFO] [stdout]    8: <unknown>
[INFO] [stdout]    9: clone
[INFO] [stdout] stack backtrace:
[INFO] [stdout]    0:     0x5f448f5e6b05 - <unknown>
[INFO] [stdout]    1:     0x5f448f2cfa2a - <unknown>
[INFO] [stdout]    2:     0x5f448f5e619b - <unknown>
[INFO] [stdout]    3:     0x5f448f5e5c7f - <unknown>
[INFO] [stdout]    4:     0x5f448f5e58aa - <unknown>
[INFO] [stdout]    5:     0x5f448f5e53e2 - <unknown>
[INFO] [stdout]    6:     0x5f448f60cb51 - <unknown>
[INFO] [stdout]    7:     0x5f448f60cb09 - <unknown>
[INFO] [stdout]    8:     0x5f448f60d01c - <unknown>
[INFO] [stdout]    9:     0x5f448f2cf8bb - <unknown>
[INFO] [stdout]   10:     0x5f448f2d4131 - <unknown>
[INFO] [stdout]   11:     0x5f448f270949 - <unknown>
[INFO] [stdout]   12:     0x5f448f62951b - <unknown>
[INFO] [stdout]   13:     0x5f448f624b0f - <unknown>
[INFO] [stdout]   14:     0x5f448f62458c - <unknown>
[INFO] [stdout]   15:     0x5f448f64176c - <unknown>
[INFO] [stdout]   16:     0x5f448f60e2e2 - <unknown>
[INFO] [stdout]   17:     0x761a0e1d3dfa - <unknown>
[INFO] [stdout]   18:     0x761a0e2673d4 - clone
[INFO] [stdout]   19:                0x0 - <unknown>
[INFO] [stdout] 
[INFO] [stdout] ---- certify::tests::cell_referencing_an_unevaluable_defined_name_is_excluded stdout ----
[INFO] [stdout] 
[INFO] [stdout] thread 'certify::tests::cell_referencing_an_unevaluable_defined_name_is_excluded' (2111) panicked at src/certify.rs:8827:10:
[INFO] [stdout] load unevaluable-name workbook: write expected transform to temp
[INFO] [stdout] 
[INFO] [stdout] Caused by:
[INFO] [stdout]     Read-only file system (os error 30)
[INFO] [stdout] 
[INFO] [stdout] Stack backtrace:
[INFO] [stdout]    0: <unknown>
[INFO] [stdout]    1: <unknown>
[INFO] [stdout]    2: <unknown>
[INFO] [stdout]    3: <unknown>
[INFO] [stdout]    4: <unknown>
[INFO] [stdout]    5: <unknown>
[INFO] [stdout]    6: <unknown>
[INFO] [stdout]    7: <unknown>
[INFO] [stdout]    8: <unknown>
[INFO] [stdout]    9: clone
[INFO] [stdout] stack backtrace:
[INFO] [stdout]    0:     0x5f448f5e6b05 - <unknown>
[INFO] [stdout]    1:     0x5f448f2cfa2a - <unknown>
[INFO] [stdout]    2:     0x5f448f5e619b - <unknown>
[INFO] [stdout]    3:     0x5f448f5e5c7f - <unknown>
[INFO] [stdout]    4:     0x5f448f5e58aa - <unknown>
[INFO] [stdout]    5:     0x5f448f5e53e2 - <unknown>
[INFO] [stdout]    6:     0x5f448f60cb51 - <unknown>
[INFO] [stdout]    7:     0x5f448f60cb09 - <unknown>
[INFO] [stdout]    8:     0x5f448f60d01c - <unknown>
[INFO] [stdout]    9:     0x5f448f2cf8bb - <unknown>
[INFO] [stdout]   10:     0x5f448f2d4131 - <unknown>
[INFO] [stdout]   11:     0x5f448f26f868 - <unknown>
[INFO] [stdout]   12:     0x5f448f62951b - <unknown>
[INFO] [stdout]   13:     0x5f448f624b0f - <unknown>
[INFO] [stdout]   14:     0x5f448f62458c - <unknown>
[INFO] [stdout]   15:     0x5f448f64176c - <unknown>
[INFO] [stdout]   16:     0x5f448f60e2e2 - <unknown>
[INFO] [stdout]   17:     0x761a0e1d3dfa - <unknown>
[INFO] [stdout]   18:     0x761a0e2673d4 - clone
[INFO] [stdout]   19:                0x0 - <unknown>
[INFO] [stdout] 
[INFO] [stdout] ---- certify::tests::cache_oracle_poison_diff_isolates_tainted_cells stdout ----
[INFO] [stdout] 
[INFO] [stdout] thread 'certify::tests::cache_oracle_poison_diff_isolates_tainted_cells' (2105) panicked at src/certify.rs:7160:10:
[INFO] [stdout] load rtd workbook: write expected transform to temp
[INFO] [stdout] 
[INFO] [stdout] Caused by:
[INFO] [stdout]     Read-only file system (os error 30)
[INFO] [stdout] 
[INFO] [stdout] Stack backtrace:
[INFO] [stdout]    0: <unknown>
[INFO] [stdout]    1: <unknown>
[INFO] [stdout]    2: <unknown>
[INFO] [stdout]    3: <unknown>
[INFO] [stdout]    4: <unknown>
[INFO] [stdout]    5: <unknown>
[INFO] [stdout]    6: <unknown>
[INFO] [stdout]    7: <unknown>
[INFO] [stdout]    8: <unknown>
[INFO] [stdout]    9: clone
[INFO] [stdout] stack backtrace:
[INFO] [stdout]    0:     0x5f448f5e6b05 - <unknown>
[INFO] [stdout]    1:     0x5f448f2cfa2a - <unknown>
[INFO] [stdout]    2:     0x5f448f5e619b - <unknown>
[INFO] [stdout]    3:     0x5f448f5e5c7f - <unknown>
[INFO] [stdout]    4:     0x5f448f5e58aa - <unknown>
[INFO] [stdout]    5:     0x5f448f5e53e2 - <unknown>
[INFO] [stdout]    6:     0x5f448f60cb51 - <unknown>
[INFO] [stdout]    7:     0x5f448f60cb09 - <unknown>
[INFO] [stdout]    8:     0x5f448f60d01c - <unknown>
[INFO] [stdout]    9:     0x5f448f2cf8bb - <unknown>
[INFO] [stdout]   10:     0x5f448f2d4131 - <unknown>
[INFO] [stdout]   11:     0x5f448f25ee2b - <unknown>
[INFO] [stdout]   12:     0x5f448f62951b - <unknown>
[INFO] [stdout]   13:     0x5f448f624b0f - <unknown>
[INFO] [stdout]   14:     0x5f448f62458c - <unknown>
[INFO] [stdout]   15:     0x5f448f64176c - <unknown>
[INFO] [stdout]   16:     0x5f448f60e2e2 - <unknown>
[INFO] [stdout]   17:     0x761a0e1d3dfa - <unknown>
[INFO] [stdout]   18:     0x761a0e2673d4 - clone
[INFO] [stdout]   19:                0x0 - <unknown>
[INFO] [stdout] 
[INFO] [stdout] ---- certify::tests::boundary_discriminating_dependent_of_divergent_source_is_excluded stdout ----
[INFO] [stdout] 
[INFO] [stdout] thread 'certify::tests::boundary_discriminating_dependent_of_divergent_source_is_excluded' (2103) panicked at src/certify.rs:8478:10:
[INFO] [stdout] load divergent-source workbook: write expected transform to temp
[INFO] [stdout] 
[INFO] [stdout] Caused by:
[INFO] [stdout]     Read-only file system (os error 30)
[INFO] [stdout] 
[INFO] [stdout] Stack backtrace:
[INFO] [stdout]    0: <unknown>
[INFO] [stdout]    1: <unknown>
[INFO] [stdout]    2: <unknown>
[INFO] [stdout]    3: <unknown>
[INFO] [stdout]    4: <unknown>
[INFO] [stdout]    5: <unknown>
[INFO] [stdout]    6: <unknown>
[INFO] [stdout]    7: <unknown>
[INFO] [stdout]    8: <unknown>
[INFO] [stdout]    9: clone
[INFO] [stdout] stack backtrace:
[INFO] [stdout]    0:     0x5f448f5e6b05 - <unknown>
[INFO] [stdout]    1:     0x5f448f2cfa2a - <unknown>
[INFO] [stdout]    2:     0x5f448f5e619b - <unknown>
[INFO] [stdout]    3:     0x5f448f5e5c7f - <unknown>
[INFO] [stdout]    4:     0x5f448f5e58aa - <unknown>
[INFO] [stdout]    5:     0x5f448f5e53e2 - <unknown>
[INFO] [stdout]    6:     0x5f448f60cb51 - <unknown>
[INFO] [stdout]    7:     0x5f448f60cb09 - <unknown>
[INFO] [stdout]    8:     0x5f448f60d01c - <unknown>
[INFO] [stdout]    9:     0x5f448f2cf8bb - <unknown>
[INFO] [stdout]   10:     0x5f448f2d4131 - <unknown>
[INFO] [stdout]   11:     0x5f448f273ab6 - <unknown>
[INFO] [stdout]   12:     0x5f448f62951b - <unknown>
[INFO] [stdout]   13:     0x5f448f624b0f - <unknown>
[INFO] [stdout]   14:     0x5f448f62458c - <unknown>
[INFO] [stdout]   15:     0x5f448f64176c - <unknown>
[INFO] [stdout]   16:     0x5f448f60e2e2 - <unknown>
[INFO] [stdout]   17:     0x761a0e1d3dfa - <unknown>
[INFO] [stdout]   18:     0x761a0e2673d4 - clone
[INFO] [stdout]   19:                0x0 - <unknown>
[INFO] [stdout] 
[INFO] [stdout] ---- certify::tests::date_consumer_reading_a_plain_early_value_is_excluded stdout ----
[INFO] [stdout] 
[INFO] [stdout] thread 'certify::tests::date_consumer_reading_a_plain_early_value_is_excluded' (2130) panicked at src/certify.rs:8228:10:
[INFO] [stdout] load early-value workbook: write expected transform to temp
[INFO] [stdout] 
[INFO] [stdout] Caused by:
[INFO] [stdout]     Read-only file system (os error 30)
[INFO] [stdout] 
[INFO] [stdout] Stack backtrace:
[INFO] [stdout]    0: <unknown>
[INFO] [stdout]    1: <unknown>
[INFO] [stdout]    2: <unknown>
[INFO] [stdout]    3: <unknown>
[INFO] [stdout]    4: <unknown>
[INFO] [stdout]    5: <unknown>
[INFO] [stdout]    6: <unknown>
[INFO] [stdout]    7: <unknown>
[INFO] [stdout]    8: <unknown>
[INFO] [stdout]    9: clone
[INFO] [stdout] stack backtrace:
[INFO] [stdout]    0:     0x5f448f5e6b05 - <unknown>
[INFO] [stdout]    1:     0x5f448f2cfa2a - <unknown>
[INFO] [stdout]    2:     0x5f448f5e619b - <unknown>
[INFO] [stdout]    3:     0x5f448f5e5c7f - <unknown>
[INFO] [stdout]    4:     0x5f448f5e58aa - <unknown>
[INFO] [stdout]    5:     0x5f448f5e53e2 - <unknown>
[INFO] [stdout]    6:     0x5f448f60cb51 - <unknown>
[INFO] [stdout]    7:     0x5f448f60cb09 - <unknown>
[INFO] [stdout]    8:     0x5f448f60d01c - <unknown>
[INFO] [stdout]    9:     0x5f448f2cf8bb - <unknown>
[INFO] [stdout]   10:     0x5f448f2d4131 - <unknown>
[INFO] [stdout]   11:     0x5f448f26b6e1 - <unknown>
[INFO] [stdout]   12:     0x5f448f62951b - <unknown>
[INFO] [stdout]   13:     0x5f448f624b0f - <unknown>
[INFO] [stdout]   14:     0x5f448f62458c - <unknown>
[INFO] [stdout]   15:     0x5f448f64176c - <unknown>
[INFO] [stdout]   16:     0x5f448f60e2e2 - <unknown>
[INFO] [stdout]   17:     0x761a0e1d3dfa - <unknown>
[INFO] [stdout]   18:     0x761a0e2673d4 - clone
[INFO] [stdout]   19:                0x0 - <unknown>
[INFO] [stdout] 
[INFO] [stdout] ---- certify::tests::date_consumer_reading_a_formula_produced_early_serial_is_excluded stdout ----
[INFO] [stdout] 
[INFO] [stdout] thread 'certify::tests::date_consumer_reading_a_formula_produced_early_serial_is_excluded' (2129) panicked at src/certify.rs:8257:10:
[INFO] [stdout] load formula-serial workbook: write expected transform to temp
[INFO] [stdout] 
[INFO] [stdout] Caused by:
[INFO] [stdout]     Read-only file system (os error 30)
[INFO] [stdout] 
[INFO] [stdout] Stack backtrace:
[INFO] [stdout]    0: <unknown>
[INFO] [stdout]    1: <unknown>
[INFO] [stdout]    2: <unknown>
[INFO] [stdout]    3: <unknown>
[INFO] [stdout]    4: <unknown>
[INFO] [stdout]    5: <unknown>
[INFO] [stdout]    6: <unknown>
[INFO] [stdout]    7: <unknown>
[INFO] [stdout]    8: <unknown>
[INFO] [stdout]    9: clone
[INFO] [stdout] stack backtrace:
[INFO] [stdout]    0:     0x5f448f5e6b05 - <unknown>
[INFO] [stdout]    1:     0x5f448f2cfa2a - <unknown>
[INFO] [stdout]    2:     0x5f448f5e619b - <unknown>
[INFO] [stdout]    3:     0x5f448f5e5c7f - <unknown>
[INFO] [stdout]    4:     0x5f448f5e58aa - <unknown>
[INFO] [stdout]    5:     0x5f448f5e53e2 - <unknown>
[INFO] [stdout]    6:     0x5f448f60cb51 - <unknown>
[INFO] [stdout]    7:     0x5f448f60cb09 - <unknown>
[INFO] [stdout]    8:     0x5f448f60d01c - <unknown>
[INFO] [stdout]    9:     0x5f448f2cf8bb - <unknown>
[INFO] [stdout]   10:     0x5f448f2d4131 - <unknown>
[INFO] [stdout]   11:     0x5f448f273f31 - <unknown>
[INFO] [stdout]   12:     0x5f448f62951b - <unknown>
[INFO] [stdout]   13:     0x5f448f624b0f - <unknown>
[INFO] [stdout]   14:     0x5f448f62458c - <unknown>
[INFO] [stdout]   15:     0x5f448f64176c - <unknown>
[INFO] [stdout]   16:     0x5f448f60e2e2 - <unknown>
[INFO] [stdout]   17:     0x761a0e1d3dfa - <unknown>
[INFO] [stdout]   18:     0x761a0e2673d4 - clone
[INFO] [stdout]   19:                0x0 - <unknown>
[INFO] [stdout] 
[INFO] [stdout] ---- certify::tests::date_producer_consuming_an_early_serial_is_excluded stdout ----
[INFO] [stdout] 
[INFO] [stdout] thread 'certify::tests::date_producer_consuming_an_early_serial_is_excluded' (2132) panicked at src/certify.rs:8556:10:
[INFO] [stdout] load producer-consumer workbook: write expected transform to temp
[INFO] [stdout] 
[INFO] [stdout] Caused by:
[INFO] [stdout]     Read-only file system (os error 30)
[INFO] [stdout] 
[INFO] [stdout] Stack backtrace:
[INFO] [stdout]    0: <unknown>
[INFO] [stdout]    1: <unknown>
[INFO] [stdout]    2: <unknown>
[INFO] [stdout]    3: <unknown>
[INFO] [stdout]    4: <unknown>
[INFO] [stdout]    5: <unknown>
[INFO] [stdout]    6: <unknown>
[INFO] [stdout]    7: <unknown>
[INFO] [stdout]    8: <unknown>
[INFO] [stdout]    9: clone
[INFO] [stdout] stack backtrace:
[INFO] [stdout]    0:     0x5f448f5e6b05 - <unknown>
[INFO] [stdout]    1:     0x5f448f2cfa2a - <unknown>
[INFO] [stdout]    2:     0x5f448f5e619b - <unknown>
[INFO] [stdout]    3:     0x5f448f5e5c7f - <unknown>
[INFO] [stdout]    4:     0x5f448f5e58aa - <unknown>
[INFO] [stdout]    5:     0x5f448f5e53e2 - <unknown>
[INFO] [stdout]    6:     0x5f448f60cb51 - <unknown>
[INFO] [stdout]    7:     0x5f448f60cb09 - <unknown>
[INFO] [stdout]    8:     0x5f448f60d01c - <unknown>
[INFO] [stdout]    9:     0x5f448f2cf8bb - <unknown>
[INFO] [stdout]   10:     0x5f448f2d4131 - <unknown>
[INFO] [stdout]   11:     0x5f448f2674b6 - <unknown>
[INFO] [stdout]   12:     0x5f448f62951b - <unknown>
[INFO] [stdout]   13:     0x5f448f624b0f - <unknown>
[INFO] [stdout]   14:     0x5f448f62458c - <unknown>
[INFO] [stdout]   15:     0x5f448f64176c - <unknown>
[INFO] [stdout]   16:     0x5f448f60e2e2 - <unknown>
[INFO] [stdout]   17:     0x761a0e1d3dfa - <unknown>
[INFO] [stdout]   18:     0x761a0e2673d4 - clone
[INFO] [stdout]   19:                0x0 - <unknown>
[INFO] [stdout] 
[INFO] [stdout] ---- certify::tests::early_date_consumer_boundary_discriminating_dependent_is_excluded stdout ----
[INFO] [stdout] 
[INFO] [stdout] thread 'certify::tests::early_date_consumer_boundary_discriminating_dependent_is_excluded' (2143) panicked at src/certify.rs:8404:10:
[INFO] [stdout] load boundary-discriminating workbook: write expected transform to temp
[INFO] [stdout] 
[INFO] [stdout] Caused by:
[INFO] [stdout]     Read-only file system (os error 30)
[INFO] [stdout] 
[INFO] [stdout] Stack backtrace:
[INFO] [stdout]    0: <unknown>
[INFO] [stdout]    1: <unknown>
[INFO] [stdout]    2: <unknown>
[INFO] [stdout]    3: <unknown>
[INFO] [stdout]    4: <unknown>
[INFO] [stdout]    5: <unknown>
[INFO] [stdout]    6: <unknown>
[INFO] [stdout]    7: <unknown>
[INFO] [stdout]    8: <unknown>
[INFO] [stdout]    9: clone
[INFO] [stdout] stack backtrace:
[INFO] [stdout]    0:     0x5f448f5e6b05 - <unknown>
[INFO] [stdout]    1:     0x5f448f2cfa2a - <unknown>
[INFO] [stdout]    2:     0x5f448f5e619b - <unknown>
[INFO] [stdout]    3:     0x5f448f5e5c7f - <unknown>
[INFO] [stdout]    4:     0x5f448f5e58aa - <unknown>
[INFO] [stdout]    5:     0x5f448f5e53e2 - <unknown>
[INFO] [stdout]    6:     0x5f448f60cb51 - <unknown>
[INFO] [stdout]    7:     0x5f448f60cb09 - <unknown>
[INFO] [stdout]    8:     0x5f448f60d01c - <unknown>
[INFO] [stdout]    9:     0x5f448f2cf8bb - <unknown>
[INFO] [stdout]   10:     0x5f448f2d4131 - <unknown>
[INFO] [stdout]   11:     0x5f448f2744bb - <unknown>
[INFO] [stdout]   12:     0x5f448f62951b - <unknown>
[INFO] [stdout]   13:     0x5f448f624b0f - <unknown>
[INFO] [stdout]   14:     0x5f448f62458c - <unknown>
[INFO] [stdout]   15:     0x5f448f64176c - <unknown>
[INFO] [stdout]   16:     0x5f448f60e2e2 - <unknown>
[INFO] [stdout]   17:     0x761a0e1d3dfa - <unknown>
[INFO] [stdout]   18:     0x761a0e2673d4 - clone
[INFO] [stdout]   19:                0x0 - <unknown>
[INFO] [stdout] 
[INFO] [stdout] ---- certify::tests::early_date_consumer_excluded_but_modern_consumer_vouchable stdout ----
[INFO] [stdout] 
[INFO] [stdout] thread 'certify::tests::early_date_consumer_excluded_but_modern_consumer_vouchable' (2145) panicked at src/certify.rs:8322:10:
[INFO] [stdout] load date-consumer workbook: write expected transform to temp
[INFO] [stdout] 
[INFO] [stdout] Caused by:
[INFO] [stdout]     Read-only file system (os error 30)
[INFO] [stdout] 
[INFO] [stdout] Stack backtrace:
[INFO] [stdout]    0: <unknown>
[INFO] [stdout]    1: <unknown>
[INFO] [stdout]    2: <unknown>
[INFO] [stdout]    3: <unknown>
[INFO] [stdout]    4: <unknown>
[INFO] [stdout]    5: <unknown>
[INFO] [stdout]    6: <unknown>
[INFO] [stdout]    7: <unknown>
[INFO] [stdout]    8: <unknown>
[INFO] [stdout]    9: clone
[INFO] [stdout] stack backtrace:
[INFO] [stdout]    0:     0x5f448f5e6b05 - <unknown>
[INFO] [stdout]    1:     0x5f448f2cfa2a - <unknown>
[INFO] [stdout]    2:     0x5f448f5e619b - <unknown>
[INFO] [stdout]    3:     0x5f448f5e5c7f - <unknown>
[INFO] [stdout]    4:     0x5f448f5e58aa - <unknown>
[INFO] [stdout]    5:     0x5f448f5e53e2 - <unknown>
[INFO] [stdout]    6:     0x5f448f60cb51 - <unknown>
[INFO] [stdout]    7:     0x5f448f60cb09 - <unknown>
[INFO] [stdout]    8:     0x5f448f60d01c - <unknown>
[INFO] [stdout]    9:     0x5f448f2cf8bb - <unknown>
[INFO] [stdout]   10:     0x5f448f2d4131 - <unknown>
[INFO] [stdout]   11:     0x5f448f2713f8 - <unknown>
[INFO] [stdout]   12:     0x5f448f62951b - <unknown>
[INFO] [stdout]   13:     0x5f448f624b0f - <unknown>
[INFO] [stdout]   14:     0x5f448f62458c - <unknown>
[INFO] [stdout]   15:     0x5f448f64176c - <unknown>
[INFO] [stdout]   16:     0x5f448f60e2e2 - <unknown>
[INFO] [stdout]   17:     0x761a0e1d3dfa - <unknown>
[INFO] [stdout]   18:     0x761a0e2673d4 - clone
[INFO] [stdout]   19:                0x0 - <unknown>
[INFO] [stdout] 
[INFO] [stdout] ---- certify::tests::early_date_consumer_dependent_through_a_defined_name_is_excluded stdout ----
[INFO] [stdout] 
[INFO] [stdout] thread 'certify::tests::early_date_consumer_dependent_through_a_defined_name_is_excluded' (2144) panicked at src/certify.rs:8444:10:
[INFO] [stdout] load name-mediated workbook: write expected transform to temp
[INFO] [stdout] 
[INFO] [stdout] Caused by:
[INFO] [stdout]     Read-only file system (os error 30)
[INFO] [stdout] 
[INFO] [stdout] Stack backtrace:
[INFO] [stdout]    0: <unknown>
[INFO] [stdout]    1: <unknown>
[INFO] [stdout]    2: <unknown>
[INFO] [stdout]    3: <unknown>
[INFO] [stdout]    4: <unknown>
[INFO] [stdout]    5: <unknown>
[INFO] [stdout]    6: <unknown>
[INFO] [stdout]    7: <unknown>
[INFO] [stdout]    8: <unknown>
[INFO] [stdout]    9: clone
[INFO] [stdout] stack backtrace:
[INFO] [stdout]    0:     0x5f448f5e6b05 - <unknown>
[INFO] [stdout]    1:     0x5f448f2cfa2a - <unknown>
[INFO] [stdout]    2:     0x5f448f5e619b - <unknown>
[INFO] [stdout]    3:     0x5f448f5e5c7f - <unknown>
[INFO] [stdout]    4:     0x5f448f5e58aa - <unknown>
[INFO] [stdout]    5:     0x5f448f5e53e2 - <unknown>
[INFO] [stdout]    6:     0x5f448f60cb51 - <unknown>
[INFO] [stdout]    7:     0x5f448f60cb09 - <unknown>
[INFO] [stdout]    8:     0x5f448f60d01c - <unknown>
[INFO] [stdout]    9:     0x5f448f2cf8bb - <unknown>
[INFO] [stdout]   10:     0x5f448f2d4131 - <unknown>
[INFO] [stdout]   11:     0x5f448f272cc3 - <unknown>
[INFO] [stdout]   12:     0x5f448f62951b - <unknown>
[INFO] [stdout]   13:     0x5f448f624b0f - <unknown>
[INFO] [stdout]   14:     0x5f448f62458c - <unknown>
[INFO] [stdout]   15:     0x5f448f64176c - <unknown>
[INFO] [stdout]   16:     0x5f448f60e2e2 - <unknown>
[INFO] [stdout]   17:     0x761a0e1d3dfa - <unknown>
[INFO] [stdout]   18:     0x761a0e2673d4 - clone
[INFO] [stdout]   19:                0x0 - <unknown>
[INFO] [stdout] 
[INFO] [stdout] ---- certify::tests::engine_divergent_functions_excluded_from_oracle stdout ----
[INFO] [stdout] 
[INFO] [stdout] thread 'certify::tests::engine_divergent_functions_excluded_from_oracle' (2146) panicked at src/certify.rs:7197:10:
[INFO] [stdout] load round workbook: write expected transform to temp
[INFO] [stdout] 
[INFO] [stdout] Caused by:
[INFO] [stdout]     Read-only file system (os error 30)
[INFO] [stdout] 
[INFO] [stdout] Stack backtrace:
[INFO] [stdout]    0: <unknown>
[INFO] [stdout]    1: <unknown>
[INFO] [stdout]    2: <unknown>
[INFO] [stdout]    3: <unknown>
[INFO] [stdout]    4: <unknown>
[INFO] [stdout]    5: <unknown>
[INFO] [stdout]    6: <unknown>
[INFO] [stdout]    7: <unknown>
[INFO] [stdout]    8: <unknown>
[INFO] [stdout]    9: clone
[INFO] [stdout] stack backtrace:
[INFO] [stdout]    0:     0x5f448f5e6b05 - <unknown>
[INFO] [stdout]    1:     0x5f448f2cfa2a - <unknown>
[INFO] [stdout]    2:     0x5f448f5e619b - <unknown>
[INFO] [stdout]    3:     0x5f448f5e5c7f - <unknown>
[INFO] [stdout]    4:     0x5f448f5e58aa - <unknown>
[INFO] [stdout]    5:     0x5f448f5e53e2 - <unknown>
[INFO] [stdout]    6:     0x5f448f60cb51 - <unknown>
[INFO] [stdout]    7:     0x5f448f60cb09 - <unknown>
[INFO] [stdout]    8:     0x5f448f60d01c - <unknown>
[INFO] [stdout]    9:     0x5f448f2cf8bb - <unknown>
[INFO] [stdout]   10:     0x5f448f2d4131 - <unknown>
[INFO] [stdout]   11:     0x5f448f260d63 - <unknown>
[INFO] [stdout]   12:     0x5f448f62951b - <unknown>
[INFO] [stdout]   13:     0x5f448f624b0f - <unknown>
[INFO] [stdout]   14:     0x5f448f62458c - <unknown>
[INFO] [stdout]   15:     0x5f448f64176c - <unknown>
[INFO] [stdout]   16:     0x5f448f60e2e2 - <unknown>
[INFO] [stdout]   17:     0x761a0e1d3dfa - <unknown>
[INFO] [stdout]   18:     0x761a0e2673d4 - clone
[INFO] [stdout]   19:                0x0 - <unknown>
[INFO] [stdout] 
[INFO] [stdout] ---- certify::tests::formula_reading_a_t_d_date_cell_is_not_vouched stdout ----
[INFO] [stdout] 
[INFO] [stdout] thread 'certify::tests::formula_reading_a_t_d_date_cell_is_not_vouched' (2154) panicked at src/certify.rs:8288:10:
[INFO] [stdout] load t=d workbook: write expected transform to temp
[INFO] [stdout] 
[INFO] [stdout] Caused by:
[INFO] [stdout]     Read-only file system (os error 30)
[INFO] [stdout] 
[INFO] [stdout] Stack backtrace:
[INFO] [stdout]    0: <unknown>
[INFO] [stdout]    1: <unknown>
[INFO] [stdout]    2: <unknown>
[INFO] [stdout]    3: <unknown>
[INFO] [stdout]    4: <unknown>
[INFO] [stdout]    5: <unknown>
[INFO] [stdout]    6: <unknown>
[INFO] [stdout]    7: <unknown>
[INFO] [stdout]    8: <unknown>
[INFO] [stdout]    9: clone
[INFO] [stdout] stack backtrace:
[INFO] [stdout]    0:     0x5f448f5e6b05 - <unknown>
[INFO] [stdout]    1:     0x5f448f2cfa2a - <unknown>
[INFO] [stdout]    2:     0x5f448f5e619b - <unknown>
[INFO] [stdout]    3:     0x5f448f5e5c7f - <unknown>
[INFO] [stdout]    4:     0x5f448f5e58aa - <unknown>
[INFO] [stdout]    5:     0x5f448f5e53e2 - <unknown>
[INFO] [stdout]    6:     0x5f448f60cb51 - <unknown>
[INFO] [stdout]    7:     0x5f448f60cb09 - <unknown>
[INFO] [stdout]    8:     0x5f448f60d01c - <unknown>
[INFO] [stdout]    9:     0x5f448f2cf8bb - <unknown>
[INFO] [stdout]   10:     0x5f448f2d4131 - <unknown>
[INFO] [stdout]   11:     0x5f448f25d936 - <unknown>
[INFO] [stdout]   12:     0x5f448f62951b - <unknown>
[INFO] [stdout]   13:     0x5f448f624b0f - <unknown>
[INFO] [stdout]   14:     0x5f448f62458c - <unknown>
[INFO] [stdout]   15:     0x5f448f64176c - <unknown>
[INFO] [stdout]   16:     0x5f448f60e2e2 - <unknown>
[INFO] [stdout]   17:     0x761a0e1d3dfa - <unknown>
[INFO] [stdout]   18:     0x761a0e2673d4 - clone
[INFO] [stdout]   19:                0x0 - <unknown>
[INFO] [stdout] 
[INFO] [stdout] ---- certify::tests::inline_early_date_consumer_and_dependent_are_excluded stdout ----
[INFO] [stdout] 
[INFO] [stdout] thread 'certify::tests::inline_early_date_consumer_and_dependent_are_excluded' (2161) panicked at src/certify.rs:8362:10:
[INFO] [stdout] load inline-date workbook: write expected transform to temp
[INFO] [stdout] 
[INFO] [stdout] Caused by:
[INFO] [stdout]     Read-only file system (os error 30)
[INFO] [stdout] 
[INFO] [stdout] Stack backtrace:
[INFO] [stdout]    0: <unknown>
[INFO] [stdout]    1: <unknown>
[INFO] [stdout]    2: <unknown>
[INFO] [stdout]    3: <unknown>
[INFO] [stdout]    4: <unknown>
[INFO] [stdout]    5: <unknown>
[INFO] [stdout]    6: <unknown>
[INFO] [stdout]    7: <unknown>
[INFO] [stdout]    8: <unknown>
[INFO] [stdout]    9: clone
[INFO] [stdout] stack backtrace:
[INFO] [stdout]    0:     0x5f448f5e6b05 - <unknown>
[INFO] [stdout]    1:     0x5f448f2cfa2a - <unknown>
[INFO] [stdout]    2:     0x5f448f5e619b - <unknown>
[INFO] [stdout]    3:     0x5f448f5e5c7f - <unknown>
[INFO] [stdout]    4:     0x5f448f5e58aa - <unknown>
[INFO] [stdout]    5:     0x5f448f5e53e2 - <unknown>
[INFO] [stdout]    6:     0x5f448f60cb51 - <unknown>
[INFO] [stdout]    7:     0x5f448f60cb09 - <unknown>
[INFO] [stdout]    8:     0x5f448f60d01c - <unknown>
[INFO] [stdout]    9:     0x5f448f2cf8bb - <unknown>
[INFO] [stdout]   10:     0x5f448f2d4131 - <unknown>
[INFO] [stdout]   11:     0x5f448f26c1ee - <unknown>
[INFO] [stdout]   12:     0x5f448f62951b - <unknown>
[INFO] [stdout]   13:     0x5f448f624b0f - <unknown>
[INFO] [stdout]   14:     0x5f448f62458c - <unknown>
[INFO] [stdout]   15:     0x5f448f64176c - <unknown>
[INFO] [stdout]   16:     0x5f448f60e2e2 - <unknown>
[INFO] [stdout]   17:     0x761a0e1d3dfa - <unknown>
[INFO] [stdout]   18:     0x761a0e2673d4 - clone
[INFO] [stdout]   19:                0x0 - <unknown>
[INFO] [stdout] 
[INFO] [stdout] ---- certify::tests::poison_diff_excludes_a_probe_crafted_source_dependent stdout ----
[INFO] [stdout] 
[INFO] [stdout] thread 'certify::tests::poison_diff_excludes_a_probe_crafted_source_dependent' (2189) panicked at src/certify.rs:8198:10:
[INFO] [stdout] load probe-craft workbook: write expected transform to temp
[INFO] [stdout] 
[INFO] [stdout] Caused by:
[INFO] [stdout]     Read-only file system (os error 30)
[INFO] [stdout] 
[INFO] [stdout] Stack backtrace:
[INFO] [stdout]    0: <unknown>
[INFO] [stdout]    1: <unknown>
[INFO] [stdout]    2: <unknown>
[INFO] [stdout]    3: <unknown>
[INFO] [stdout]    4: <unknown>
[INFO] [stdout]    5: <unknown>
[INFO] [stdout]    6: <unknown>
[INFO] [stdout]    7: <unknown>
[INFO] [stdout]    8: <unknown>
[INFO] [stdout]    9: clone
[INFO] [stdout] stack backtrace:
[INFO] [stdout]    0:     0x5f448f5e6b05 - <unknown>
[INFO] [stdout]    1:     0x5f448f2cfa2a - <unknown>
[INFO] [stdout]    2:     0x5f448f5e619b - <unknown>
[INFO] [stdout]    3:     0x5f448f5e5c7f - <unknown>
[INFO] [stdout]    4:     0x5f448f5e58aa - <unknown>
[INFO] [stdout]    5:     0x5f448f5e53e2 - <unknown>
[INFO] [stdout]    6:     0x5f448f60cb51 - <unknown>
[INFO] [stdout]    7:     0x5f448f60cb09 - <unknown>
[INFO] [stdout]    8:     0x5f448f60d01c - <unknown>
[INFO] [stdout]    9:     0x5f448f2cf8bb - <unknown>
[INFO] [stdout]   10:     0x5f448f2d4131 - <unknown>
[INFO] [stdout]   11:     0x5f448f26c6f1 - <unknown>
[INFO] [stdout]   12:     0x5f448f62951b - <unknown>
[INFO] [stdout]   13:     0x5f448f624b0f - <unknown>
[INFO] [stdout]   14:     0x5f448f62458c - <unknown>
[INFO] [stdout]   15:     0x5f448f64176c - <unknown>
[INFO] [stdout]   16:     0x5f448f60e2e2 - <unknown>
[INFO] [stdout]   17:     0x761a0e1d3dfa - <unknown>
[INFO] [stdout]   18:     0x761a0e2673d4 - clone
[INFO] [stdout]   19:                0x0 - <unknown>
[INFO] [stdout] 
[INFO] [stdout] ---- certify::tests::pre_1900_date_serial_excluded_but_modern_date_vouchable stdout ----
[INFO] [stdout] 
[INFO] [stdout] thread 'certify::tests::pre_1900_date_serial_excluded_but_modern_date_vouchable' (2190) panicked at src/certify.rs:7239:10:
[INFO] [stdout] load date workbook: write expected transform to temp
[INFO] [stdout] 
[INFO] [stdout] Caused by:
[INFO] [stdout]     Read-only file system (os error 30)
[INFO] [stdout] 
[INFO] [stdout] Stack backtrace:
[INFO] [stdout]    0: <unknown>
[INFO] [stdout]    1: <unknown>
[INFO] [stdout]    2: <unknown>
[INFO] [stdout]    3: <unknown>
[INFO] [stdout]    4: <unknown>
[INFO] [stdout]    5: <unknown>
[INFO] [stdout]    6: <unknown>
[INFO] [stdout]    7: <unknown>
[INFO] [stdout]    8: <unknown>
[INFO] [stdout]    9: clone
[INFO] [stdout] stack backtrace:
[INFO] [stdout]    0:     0x5f448f5e6b05 - <unknown>
[INFO] [stdout]    1:     0x5f448f2cfa2a - <unknown>
[INFO] [stdout]    2:     0x5f448f5e619b - <unknown>
[INFO] [stdout]    3:     0x5f448f5e5c7f - <unknown>
[INFO] [stdout]    4:     0x5f448f5e58aa - <unknown>
[INFO] [stdout]    5:     0x5f448f5e53e2 - <unknown>
[INFO] [stdout]    6:     0x5f448f60cb51 - <unknown>
[INFO] [stdout]    7:     0x5f448f60cb09 - <unknown>
[INFO] [stdout]    8:     0x5f448f60d01c - <unknown>
[INFO] [stdout]    9:     0x5f448f2cf8bb - <unknown>
[INFO] [stdout]   10:     0x5f448f2d4131 - <unknown>
[INFO] [stdout]   11:     0x5f448f26f285 - <unknown>
[INFO] [stdout]   12:     0x5f448f62951b - <unknown>
[INFO] [stdout]   13:     0x5f448f624b0f - <unknown>
[INFO] [stdout]   14:     0x5f448f62458c - <unknown>
[INFO] [stdout]   15:     0x5f448f64176c - <unknown>
[INFO] [stdout]   16:     0x5f448f60e2e2 - <unknown>
[INFO] [stdout]   17:     0x761a0e1d3dfa - <unknown>
[INFO] [stdout]   18:     0x761a0e2673d4 - clone
[INFO] [stdout]   19:                0x0 - <unknown>
[INFO] [stdout] 
[INFO] [stdout] ---- certify::tests::runtime_ref_cells_are_dropped_when_a_divergent_seed_exists stdout ----
[INFO] [stdout] 
[INFO] [stdout] thread 'certify::tests::runtime_ref_cells_are_dropped_when_a_divergent_seed_exists' (2196) panicked at src/certify.rs:8512:14:
[INFO] [stdout] load: write expected transform to temp
[INFO] [stdout] 
[INFO] [stdout] Caused by:
[INFO] [stdout]     Read-only file system (os error 30)
[INFO] [stdout] 
[INFO] [stdout] Stack backtrace:
[INFO] [stdout]    0: <unknown>
[INFO] [stdout]    1: <unknown>
[INFO] [stdout]    2: <unknown>
[INFO] [stdout]    3: <unknown>
[INFO] [stdout]    4: <unknown>
[INFO] [stdout]    5: <unknown>
[INFO] [stdout]    6: <unknown>
[INFO] [stdout]    7: <unknown>
[INFO] [stdout]    8: <unknown>
[INFO] [stdout]    9: <unknown>
[INFO] [stdout]   10: clone
[INFO] [stdout] stack backtrace:
[INFO] [stdout]    0:     0x5f448f5e6b05 - <unknown>
[INFO] [stdout]    1:     0x5f448f2cfa2a - <unknown>
[INFO] [stdout]    2:     0x5f448f5e619b - <unknown>
[INFO] [stdout]    3:     0x5f448f5e5c7f - <unknown>
[INFO] [stdout]    4:     0x5f448f5e58aa - <unknown>
[INFO] [stdout]    5:     0x5f448f5e53e2 - <unknown>
[INFO] [stdout]    6:     0x5f448f60cb51 - <unknown>
[INFO] [stdout]    7:     0x5f448f60cb09 - <unknown>
[INFO] [stdout]    8:     0x5f448f60d01c - <unknown>
[INFO] [stdout]    9:     0x5f448f2cf8bb - <unknown>
[INFO] [stdout]   10:     0x5f448f2d4131 - <unknown>
[INFO] [stdout]   11:     0x5f448f6f5925 - <unknown>
[INFO] [stdout]   12:     0x5f448f271609 - <unknown>
[INFO] [stdout]   13:     0x5f448f62951b - <unknown>
[INFO] [stdout]   14:     0x5f448f624b0f - <unknown>
[INFO] [stdout]   15:     0x5f448f62458c - <unknown>
[INFO] [stdout]   16:     0x5f448f64176c - <unknown>
[INFO] [stdout]   17:     0x5f448f60e2e2 - <unknown>
[INFO] [stdout]   18:     0x761a0e1d3dfa - <unknown>
[INFO] [stdout]   19:     0x761a0e2673d4 - clone
[INFO] [stdout]   20:                0x0 - <unknown>
[INFO] [stdout] 
[INFO] [stdout] ---- certify::tests::three_d_span_cell_vouched_when_the_engine_evaluates_it stdout ----
[INFO] [stdout] 
[INFO] [stdout] thread 'certify::tests::three_d_span_cell_vouched_when_the_engine_evaluates_it' (2206) panicked at src/certify.rs:8864:10:
[INFO] [stdout] load 3d-span workbook: write expected transform to temp
[INFO] [stdout] 
[INFO] [stdout] Caused by:
[INFO] [stdout]     Read-only file system (os error 30)
[INFO] [stdout] 
[INFO] [stdout] Stack backtrace:
[INFO] [stdout]    0: <unknown>
[INFO] [stdout]    1: <unknown>
[INFO] [stdout]    2: <unknown>
[INFO] [stdout]    3: <unknown>
[INFO] [stdout]    4: <unknown>
[INFO] [stdout]    5: <unknown>
[INFO] [stdout]    6: <unknown>
[INFO] [stderr] error: test failed, to rerun pass `--bin xlq`
[INFO] [stdout]    7: <unknown>
[INFO] [stdout]    8: <unknown>
[INFO] [stdout]    9: clone
[INFO] [stdout] stack backtrace:
[INFO] [stdout]    0:     0x5f448f5e6b05 - <unknown>
[INFO] [stdout]    1:     0x5f448f2cfa2a - <unknown>
[INFO] [stdout]    2:     0x5f448f5e619b - <unknown>
[INFO] [stdout]    3:     0x5f448f5e5c7f - <unknown>
[INFO] [stdout]    4:     0x5f448f5e58aa - <unknown>
[INFO] [stdout]    5:     0x5f448f5e53e2 - <unknown>
[INFO] [stdout]    6:     0x5f448f60cb51 - <unknown>
[INFO] [stdout]    7:     0x5f448f60cb09 - <unknown>
[INFO] [stdout]    8:     0x5f448f60d01c - <unknown>
[INFO] [stdout]    9:     0x5f448f2cf8bb - <unknown>
[INFO] [stdout]   10:     0x5f448f2d4131 - <unknown>
[INFO] [stdout]   11:     0x5f448f26d284 - <unknown>
[INFO] [stdout]   12:     0x5f448f62951b - <unknown>
[INFO] [stdout]   13:     0x5f448f624b0f - <unknown>
[INFO] [stdout]   14:     0x5f448f62458c - <unknown>
[INFO] [stdout]   15:     0x5f448f64176c - <unknown>
[INFO] [stdout]   16:     0x5f448f60e2e2 - <unknown>
[INFO] [stdout]   17:     0x761a0e1d3dfa - <unknown>
[INFO] [stdout]   18:     0x761a0e2673d4 - clone
[INFO] [stdout]   19:                0x0 - <unknown>
[INFO] [stdout] 
[INFO] [stdout] ---- certify::tests::volatile_taint_is_transitive stdout ----
[INFO] [stdout] 
[INFO] [stdout] thread 'certify::tests::volatile_taint_is_transitive' (2211) panicked at src/certify.rs:9104:9:
[INFO] [stdout] NOW() cell is volatile-tainted
[INFO] [stdout] stack backtrace:
[INFO] [stdout]    0:     0x5f448f5e6b05 - <unknown>
[INFO] [stdout]    1:     0x5f448f2cfa2a - <unknown>
[INFO] [stdout]    2:     0x5f448f5e619b - <unknown>
[INFO] [stdout]    3:     0x5f448f5e5c7f - <unknown>
[INFO] [stdout]    4:     0x5f448f5e58aa - <unknown>
[INFO] [stdout]    5:     0x5f448f5e53e2 - <unknown>
[INFO] [stdout]    6:     0x5f448f60cb82 - <unknown>
[INFO] [stdout]    7:     0x5f448f60cb09 - <unknown>
[INFO] [stdout]    8:     0x5f448f60d01c - <unknown>
[INFO] [stdout]    9:     0x5f448f2cf8bb - <unknown>
[INFO] [stdout]   10:     0x5f448f2452d1 - <unknown>
[INFO] [stdout]   11:     0x5f448f62951b - <unknown>
[INFO] [stdout]   12:     0x5f448f624b0f - <unknown>
[INFO] [stdout]   13:     0x5f448f62458c - <unknown>
[INFO] [stdout]   14:     0x5f448f64176c - <unknown>
[INFO] [stdout]   15:     0x5f448f60e2e2 - <unknown>
[INFO] [stdout]   16:     0x761a0e1d3dfa - <unknown>
[INFO] [stdout]   17:     0x761a0e2673d4 - clone
[INFO] [stdout]   18:                0x0 - <unknown>
[INFO] [stdout] 
[INFO] [stdout] 
[INFO] [stdout] failures:
[INFO] [stdout]     certify::tests::bad_function_laundered_through_a_defined_name_is_excluded
[INFO] [stdout]     certify::tests::boundary_discriminating_dependent_of_divergent_source_is_excluded
[INFO] [stdout]     certify::tests::cache_oracle_poison_diff_isolates_tainted_cells
[INFO] [stdout]     certify::tests::cell_referencing_an_unevaluable_defined_name_is_excluded
[INFO] [stdout]     certify::tests::date_consumer_reading_a_formula_produced_early_serial_is_excluded
[INFO] [stdout]     certify::tests::date_consumer_reading_a_plain_early_value_is_excluded
[INFO] [stdout]     certify::tests::date_producer_consuming_an_early_serial_is_excluded
[INFO] [stdout]     certify::tests::early_date_consumer_boundary_discriminating_dependent_is_excluded
[INFO] [stdout]     certify::tests::early_date_consumer_dependent_through_a_defined_name_is_excluded
[INFO] [stdout]     certify::tests::early_date_consumer_excluded_but_modern_consumer_vouchable
[INFO] [stdout]     certify::tests::engine_divergent_functions_excluded_from_oracle
[INFO] [stdout]     certify::tests::formula_reading_a_t_d_date_cell_is_not_vouched
[INFO] [stdout]     certify::tests::inline_early_date_consumer_and_dependent_are_excluded
[INFO] [stdout]     certify::tests::poison_diff_excludes_a_probe_crafted_source_dependent
[INFO] [stdout]     certify::tests::pre_1900_date_serial_excluded_but_modern_date_vouchable
[INFO] [stdout]     certify::tests::runtime_ref_cells_are_dropped_when_a_divergent_seed_exists
[INFO] [stdout]     certify::tests::three_d_span_cell_vouched_when_the_engine_evaluates_it
[INFO] [stdout]     certify::tests::volatile_taint_is_transitive
[INFO] [stdout] 
[INFO] [stdout] test result: FAILED. 395 passed; 18 failed; 0 ignored; 0 measured; 0 filtered out; finished in 1.17s
[INFO] [stdout] 
[INFO] running `Command { std: "docker" "inspect" "34595b4a3ffaab707f43eae2270f6d69cd14e96e19c016126425c44707512149", kill_on_drop: false }`
[INFO] running `Command { std: "docker" "rm" "-f" "34595b4a3ffaab707f43eae2270f6d69cd14e96e19c016126425c44707512149", kill_on_drop: false }`
[INFO] [stdout] 34595b4a3ffaab707f43eae2270f6d69cd14e96e19c016126425c44707512149
