[INFO] fetching crate xlq-ironcalc 0.7.1...
[INFO] testing xlq-ironcalc-0.7.1 against 1.100.0-beta.1+cargoflags=--release for beta-release-1.100-2
[INFO] extracting crate xlq-ironcalc 0.7.1 into /workspace/builds/worker-5-tc2/source
[INFO] started tweaking crates.io crate xlq-ironcalc 0.7.1
[INFO] removed 0 missing examples
[INFO] removed 0 missing tests
[INFO] finished tweaking crates.io crate xlq-ironcalc 0.7.1
[INFO] tweaked toml for crates.io crate xlq-ironcalc 0.7.1 written to /workspace/builds/worker-5-tc2/source/Cargo.toml
[INFO] validating manifest of crates.io crate xlq-ironcalc 0.7.1 on toolchain 1.100.0-beta.1
[INFO] running `Command { std: CARGO_HOME="/workspace/cargo-home" RUSTUP_HOME="/workspace/rustup-home" "/workspace/cargo-home/bin/cargo" "+1.100.0-beta.1" "metadata" "--manifest-path" "Cargo.toml" "--no-deps", kill_on_drop: false }`
[INFO] crate crates.io crate xlq-ironcalc 0.7.1 already has a lockfile, it will not be regenerated
[INFO] running `Command { std: CARGO_HOME="/workspace/cargo-home" RUSTUP_HOME="/workspace/rustup-home" "/workspace/cargo-home/bin/cargo" "+1.100.0-beta.1" "fetch" "--manifest-path" "Cargo.toml", kill_on_drop: false }`
[INFO] running `Command { std: "docker" "create" "-v" "/var/lib/crater-agent-workspace/builds/worker-5-tc2/source:/opt/rustwide/workdir:ro,Z" "-v" "/var/lib/crater-agent-workspace/builds/worker-5-tc2/target:/opt/rustwide/target:rw,Z" "-v" "/var/lib/crater-agent-workspace/cargo-home:/opt/rustwide/cargo-home:ro,Z" "-v" "/var/lib/crater-agent-workspace/rustup-home:/opt/rustwide/rustup-home:ro,Z" "-m" "1610612736" "--network" "none" "ghcr.io/rust-lang/crates-build-env/linux@sha256:77db811e55d90add9212f6832c23229e3de5f1c1f9905e8cb07319ea15df73ac" "sleep" "infinity", kill_on_drop: false }`
[INFO] [stdout] 2b96def5fe17cb47522a677e4d0c6c1a90dae8a23f7114b42dde8445305d479d
[INFO] running `Command { std: "docker" "start" "2b96def5fe17cb47522a677e4d0c6c1a90dae8a23f7114b42dde8445305d479d", kill_on_drop: false }`
[INFO] running `Command { std: "docker" "inspect" "2b96def5fe17cb47522a677e4d0c6c1a90dae8a23f7114b42dde8445305d479d", kill_on_drop: false }`
[INFO] running `Command { std: "docker" "exec" "-e" "SOURCE_DIR=/opt/rustwide/workdir" "-e" "CARGO_HOME=/opt/rustwide/cargo-home" "-e" "RUSTUP_HOME=/opt/rustwide/rustup-home" "-e" "CARGO_TARGET_DIR=/opt/rustwide/target" "-w" "/opt/rustwide/workdir" "--user" "0:0" "2b96def5fe17cb47522a677e4d0c6c1a90dae8a23f7114b42dde8445305d479d" "/opt/rustwide/cargo-home/bin/cargo" "+1.100.0-beta.1" "metadata" "--no-deps" "--format-version=1", kill_on_drop: false }`
[INFO] running `Command { std: "docker" "inspect" "2b96def5fe17cb47522a677e4d0c6c1a90dae8a23f7114b42dde8445305d479d", kill_on_drop: false }`
[INFO] running `Command { std: "docker" "exec" "-e" "SOURCE_DIR=/opt/rustwide/workdir" "-e" "CARGO_HOME=/opt/rustwide/cargo-home" "-e" "RUSTUP_HOME=/opt/rustwide/rustup-home" "-e" "CARGO_TARGET_DIR=/opt/rustwide/target" "-e" "CARGO_INCREMENTAL=0" "-e" "RUST_BACKTRACE=full" "-e" "RUSTFLAGS=--cap-lints=warn" "-e" "RUSTDOCFLAGS=--cap-lints=warn" "-w" "/opt/rustwide/workdir" "--user" "0:0" "2b96def5fe17cb47522a677e4d0c6c1a90dae8a23f7114b42dde8445305d479d" "/opt/rustwide/cargo-home/bin/cargo" "+1.100.0-beta.1" "build" "--frozen" "--message-format=json" "--release", kill_on_drop: false }`
[INFO] [stderr]    Compiling proc-macro2 v1.0.105
[INFO] [stderr]    Compiling quote v1.0.43
[INFO] [stderr]    Compiling cc v1.2.53
[INFO] [stderr]    Compiling serde_core v1.0.228
[INFO] [stderr]    Compiling zerocopy v0.8.33
[INFO] [stderr]    Compiling zstd-safe v5.0.2+zstd.1.5.2
[INFO] [stderr]    Compiling siphasher v1.0.1
[INFO] [stderr]    Compiling inout v0.1.4
[INFO] [stderr]    Compiling aho-corasick v1.1.4
[INFO] [stderr]    Compiling phf_shared v0.12.1
[INFO] [stderr]    Compiling regex-syntax v0.8.8
[INFO] [stderr]    Compiling zmij v1.0.16
[INFO] [stderr]    Compiling base64ct v1.8.3
[INFO] [stderr]    Compiling chrono-tz v0.10.4
[INFO] [stderr]    Compiling chrono v0.4.43
[INFO] [stderr]    Compiling password-hash v0.4.2
[INFO] [stderr]    Compiling syn v2.0.114
[INFO] [stderr]    Compiling phf v0.12.1
[INFO] [stderr]    Compiling deranged v0.5.5
[INFO] [stderr]    Compiling zstd-sys v2.0.16+zstd.1.5.7
[INFO] [stderr]    Compiling bzip2-sys v0.1.13+1.0.8
[INFO] [stderr]    Compiling ppv-lite86 v0.2.21
[INFO] [stderr]    Compiling regex-automata v0.4.13
[INFO] [stderr]    Compiling cipher v0.4.4
[INFO] [stderr]    Compiling rand_chacha v0.3.1
[INFO] [stderr]    Compiling hmac v0.12.1
[INFO] [stderr]    Compiling sha2 v0.10.9
[INFO] [stderr]    Compiling approx v0.5.1
[INFO] [stderr]    Compiling csv-core v0.1.13
[INFO] [stderr]    Compiling serde_derive v1.0.228
[INFO] [stderr]    Compiling bitcode_derive v0.6.9
[INFO] [stderr]    Compiling xlq-ironcalc-base v0.7.1
[INFO] [stderr]    Compiling bytemuck v1.24.0
[INFO] [stderr]    Compiling time v0.3.47
[INFO] [stderr]    Compiling bitcode v0.6.9
[INFO] [stderr]    Compiling csv v1.4.0
[INFO] [stderr]    Compiling thiserror-impl v1.0.69
[INFO] [stderr]    Compiling regex v1.12.2
[INFO] [stderr]    Compiling statrs v0.18.0
[INFO] [stderr]    Compiling pbkdf2 v0.11.0
[INFO] [stderr]    Compiling rand v0.8.5
[INFO] [stderr]    Compiling serde v1.0.228
[INFO] [stderr]    Compiling flate2 v1.1.8
[INFO] [stderr]    Compiling aes v0.8.4
[INFO] [stderr]    Compiling bzip2 v0.4.4
[INFO] [stderr]    Compiling sha1 v0.10.6
[INFO] [stderr]    Compiling xlq-ironcalc v0.7.1 (/opt/rustwide/workdir)
[INFO] [stderr]    Compiling constant_time_eq v0.1.5
[INFO] [stderr]    Compiling roxmltree v0.19.0
[INFO] [stderr]    Compiling serde_json v1.0.149
[INFO] [stderr]    Compiling thiserror v1.0.69
[INFO] [stderr]    Compiling zstd v0.11.2+zstd.1.5.2
[INFO] [stderr]    Compiling zip v0.6.6
[INFO] [stderr] warning: unused dependency `serde_json`
[INFO] [stderr]   --> Cargo.toml:30:15
[INFO] [stderr]    |
[INFO] [stderr] 30 | [dependencies.serde_json]
[INFO] [stderr]    |               ^^^^^^^^^^^
[INFO] [stderr]    |
[INFO] [stderr]    = note: `cargo::unused_dependencies` is set to `warn` by default
[INFO] [stderr] help: consider removing the dependency on `serde_json`
[INFO] [stderr] warning: `xlq-ironcalc` (manifest) generated 1 warning
[INFO] [stderr]     Finished `release` profile [optimized] target(s) in 4m 46s
[INFO] running `Command { std: "docker" "inspect" "2b96def5fe17cb47522a677e4d0c6c1a90dae8a23f7114b42dde8445305d479d", kill_on_drop: false }`
[INFO] running `Command { std: "docker" "exec" "-e" "SOURCE_DIR=/opt/rustwide/workdir" "-e" "CARGO_HOME=/opt/rustwide/cargo-home" "-e" "RUSTUP_HOME=/opt/rustwide/rustup-home" "-e" "CARGO_TARGET_DIR=/opt/rustwide/target" "-e" "CARGO_INCREMENTAL=0" "-e" "RUST_BACKTRACE=full" "-e" "RUSTFLAGS=--cap-lints=warn" "-e" "RUSTDOCFLAGS=--cap-lints=warn" "-w" "/opt/rustwide/workdir" "--user" "0:0" "2b96def5fe17cb47522a677e4d0c6c1a90dae8a23f7114b42dde8445305d479d" "/opt/rustwide/cargo-home/bin/cargo" "+1.100.0-beta.1" "test" "--frozen" "--no-run" "--message-format=json" "--release", kill_on_drop: false }`
[INFO] [stderr]    Compiling uuid v1.19.0
[INFO] [stderr]    Compiling xlq-ironcalc v0.7.1 (/opt/rustwide/workdir)
[INFO] [stderr] warning: unused dependency `serde_json`
[INFO] [stderr]   --> Cargo.toml:30:15
[INFO] [stderr]    |
[INFO] [stderr] 30 | [dependencies.serde_json]
[INFO] [stderr]    |               ^^^^^^^^^^^
[INFO] [stderr]    |
[INFO] [stderr]    = note: `cargo::unused_dependencies` is set to `warn` by default
[INFO] [stderr] help: consider removing the dependency on `serde_json`
[INFO] [stderr] warning: `xlq-ironcalc` (manifest) generated 1 warning
[INFO] [stderr]     Finished `release` profile [optimized] target(s) in 31.37s
[INFO] running `Command { std: "docker" "inspect" "2b96def5fe17cb47522a677e4d0c6c1a90dae8a23f7114b42dde8445305d479d", kill_on_drop: false }`
[INFO] running `Command { std: "docker" "exec" "-e" "SOURCE_DIR=/opt/rustwide/workdir" "-e" "CARGO_HOME=/opt/rustwide/cargo-home" "-e" "RUSTUP_HOME=/opt/rustwide/rustup-home" "-e" "CARGO_TARGET_DIR=/opt/rustwide/target" "-e" "CARGO_INCREMENTAL=0" "-e" "RUST_BACKTRACE=full" "-e" "RUSTFLAGS=--cap-lints=warn" "-e" "RUSTDOCFLAGS=--cap-lints=warn" "-w" "/opt/rustwide/workdir" "--user" "0:0" "2b96def5fe17cb47522a677e4d0c6c1a90dae8a23f7114b42dde8445305d479d" "/opt/rustwide/cargo-home/bin/cargo" "+1.100.0-beta.1" "test" "--frozen" "--release", kill_on_drop: false }`
[INFO] [stderr] warning: unused dependency `serde_json`
[INFO] [stderr]   --> Cargo.toml:30:15
[INFO] [stderr]    |
[INFO] [stderr] 30 | [dependencies.serde_json]
[INFO] [stderr]    |               ^^^^^^^^^^^
[INFO] [stderr]    |
[INFO] [stderr]    = note: `cargo::unused_dependencies` is set to `warn` by default
[INFO] [stderr] help: consider removing the dependency on `serde_json`
[INFO] [stderr] warning: `xlq-ironcalc` (manifest) generated 1 warning
[INFO] [stderr]     Finished `release` profile [optimized] target(s) in 0.11s
[INFO] [stderr]      Running unittests src/lib.rs (/opt/rustwide/target/release/build/xlq-ironcalc/1599035011ec4ab7/out/ironcalc-1599035011ec4ab7)
[INFO] [stdout] 
[INFO] [stdout] running 32 tests
[INFO] [stdout] test export::escape::tests::test_control_chars_roundtrip ... ok
[INFO] [stdout] test export::escape::tests::test_control_chars_encoded ... ok
[INFO] [stdout] test export::escape::tests::test_plain_underscore_not_encoded ... ok
[INFO] [stdout] test export::escape::tests::test_literal_escape_sequence_roundtrip ... ok
[INFO] [stdout] test export::test::test_escape::test_escape_xml ... ok
[INFO] [stdout] test export::escape::tests::test_plain_underscore_roundtrip ... ok
[INFO] [stdout] test export::test::test_cf::test_cf_custom_icon_set_round_trip ... FAILED
[INFO] [stdout] test export::test::test_export::frozen_columns ... FAILED
[INFO] [stdout] test export::test::test_export::frozen_rows ... FAILED
[INFO] [stdout] test export::test::test_cf::test_values ... FAILED
[INFO] [stdout] test export::test::test_export::frozen_rows_and_columns ... FAILED
[INFO] [stdout] test export::escape::tests::test_literal_escape_sequence_encoded ... ok
[INFO] [stdout] test compare::tests::compare_different_sheets ... ok
[INFO] [stdout] test export::test::test_export::test_existing_file ... FAILED
[INFO] [stdout] test export::test::test_export::test_values ... FAILED
[INFO] [stdout] test import::conditional_formatting::tests::test_priority_reversal_preserves_relative_order ... ok
[INFO] [stdout] test import::conditional_formatting::tests::test_priority_reversal_single_rule ... ok
[INFO] [stdout] test import::conditional_formatting::tests::test_priority_reversal_three_rules ... ok
[INFO] [stdout] test export::test::test_export::test_blocked_and_connect_errors_roundtrip ... FAILED
[INFO] [stdout] test export::test::test_export::test_formulas ... FAILED
[INFO] [stdout] test export::test::test_export::test_named_styles ... FAILED
[INFO] [stdout] test export::test::test_export::test_sheets ... FAILED
[INFO] [stdout] test import::theme::tests::resolve_applies_tint_via_existing_algorithm ... ok
[INFO] [stdout] test import::worksheets::test::test_parse_range ... ok
[INFO] [stdout] test import::shared_strings::tests::test_decode_xlsx_escapes_control_chars ... ok
[INFO] [stdout] test import::shared_strings::tests::test_decode_xlsx_escapes_non_patterns ... ok
[INFO] [stdout] test import::shared_strings::tests::test_decode_xlsx_escapes_nul ... ok
[INFO] [stdout] test import::worksheets::tests::parse_reference_works ... ok
[INFO] [stdout] test export::test::test_cf::test_cf_round_trip ... FAILED
[INFO] [stdout] test import::shared_strings::tests::test_decode_xlsx_escapes_literal_underscore ... ok
[INFO] [stdout] test import::shared_strings::tests::test_shared_strings ... ok
[INFO] [stdout] test import::theme::tests::resolve_default_palette_matches_legacy_array ... ok
[INFO] [stdout] 
[INFO] [stdout] failures:
[INFO] [stdout] 
[INFO] [stdout] ---- export::test::test_cf::test_cf_custom_icon_set_round_trip stdout ----
[INFO] [stdout] 
[INFO] [stdout] thread 'export::test::test_cf::test_cf_custom_icon_set_round_trip' (1597) panicked at src/export/mod.rs:69:44:
[INFO] [stdout] called `Result::unwrap()` on an `Err` value: Os { code: 30, kind: ReadOnlyFilesystem, message: "Read-only file system" }
[INFO] [stdout] stack backtrace:
[INFO] [stdout]    0:     0x5fd3570ab881 - <<std[617be2ca0a6fd877]::sys::backtrace::BacktraceLock>::print::DisplayBacktrace as core[a373ad73a504971]::fmt::Display>::fmt
[INFO] [stdout]    1:     0x5fd3570c344a - core[a373ad73a504971]::fmt::write
[INFO] [stdout]    2:     0x5fd3570afb8c - <alloc[2e1b2a31b91974c5]::vec::Vec<u8> as core[a373ad73a504971]::io::write::Write>::write_fmt
[INFO] [stdout]    3:     0x5fd357087816 - std[617be2ca0a6fd877]::panicking::default_hook::{closure#0}
[INFO] [stdout]    4:     0x5fd3570a3b29 - std[617be2ca0a6fd877]::panicking::default_hook
[INFO] [stdout]    5:     0x5fd356c48c90 - test[aada8e7e76ba119b]::test_main_inner::{closure#0}
[INFO] [stdout]    6:     0x5fd3570a3ce2 - std[617be2ca0a6fd877]::panicking::panic_with_hook
[INFO] [stdout]    7:     0x5fd3570878c2 - std[617be2ca0a6fd877]::panicking::panic_handler::{closure#0}
[INFO] [stdout]    8:     0x5fd357080399 - std[617be2ca0a6fd877]::sys::backtrace::__rust_end_short_backtrace::<std[617be2ca0a6fd877]::panicking::panic_handler::{closure#0}, !>
[INFO] [stdout]    9:     0x5fd3570884cd - __rustc[ea4f61d10b84890b]::rust_begin_unwind
[INFO] [stdout]   10:     0x5fd3570c3c6c - core[a373ad73a504971]::panicking::panic_fmt
[INFO] [stdout]   11:     0x5fd3570c3a42 - core[a373ad73a504971]::result::unwrap_failed
[INFO] [stdout]   12:     0x5fd356c2c2d5 - ironcalc[78c3780471153f00]::export::save_to_xlsx
[INFO] [stdout]   13:     0x5fd356be2bf2 - <ironcalc[78c3780471153f00]::export::test::test_cf::test_cf_custom_icon_set_round_trip::{closure#0} as core[a373ad73a504971]::ops::function::FnOnce<()>>::call_once
[INFO] [stdout]   14:     0x5fd356c3c0db - test[aada8e7e76ba119b]::__rust_begin_short_backtrace::<core[a373ad73a504971]::result::Result<(), alloc[2e1b2a31b91974c5]::string::String>, fn() -> core[a373ad73a504971]::result::Result<(), alloc[2e1b2a31b91974c5]::string::String>>
[INFO] [stdout]   15:     0x5fd356c492b5 - test[aada8e7e76ba119b]::run_test::{closure#0}
[INFO] [stdout]   16:     0x5fd356c42ba4 - std[617be2ca0a6fd877]::sys::backtrace::__rust_begin_short_backtrace::<test[aada8e7e76ba119b]::run_test::{closure#1}, ()>
[INFO] [stdout]   17:     0x5fd356c4c342 - <std[617be2ca0a6fd877]::thread::lifecycle::spawn_unchecked<test[aada8e7e76ba119b]::run_test::{closure#1}, ()>::{closure#1} as core[a373ad73a504971]::ops::function::FnOnce<()>>::call_once::{shim:vtable#0}
[INFO] [stdout]   18:     0x5fd3570aadcf - <std[617be2ca0a6fd877]::sys::thread::unix::Thread>::new::thread_start
[INFO] [stdout]   19:     0x7d39dea1fdfa - <unknown>
[INFO] [stdout]   20:     0x7d39deab33d4 - clone
[INFO] [stdout]   21:                0x0 - <unknown>
[INFO] [stdout] 
[INFO] [stdout] ---- export::test::test_export::frozen_columns stdout ----
[INFO] [stdout] 
[INFO] [stdout] thread 'export::test::test_export::frozen_columns' (1601) panicked at src/export/mod.rs:69:44:
[INFO] [stdout] called `Result::unwrap()` on an `Err` value: Os { code: 30, kind: ReadOnlyFilesystem, message: "Read-only file system" }
[INFO] [stdout] stack backtrace:
[INFO] [stdout]    0:     0x5fd3570ab881 - <<std[617be2ca0a6fd877]::sys::backtrace::BacktraceLock>::print::DisplayBacktrace as core[a373ad73a504971]::fmt::Display>::fmt
[INFO] [stdout]    1:     0x5fd3570c344a - core[a373ad73a504971]::fmt::write
[INFO] [stdout]    2:     0x5fd3570afb8c - <alloc[2e1b2a31b91974c5]::vec::Vec<u8> as core[a373ad73a504971]::io::write::Write>::write_fmt
[INFO] [stdout]    3:     0x5fd357087816 - std[617be2ca0a6fd877]::panicking::default_hook::{closure#0}
[INFO] [stdout]    4:     0x5fd3570a3b29 - std[617be2ca0a6fd877]::panicking::default_hook
[INFO] [stdout]    5:     0x5fd356c48c90 - test[aada8e7e76ba119b]::test_main_inner::{closure#0}
[INFO] [stdout]    6:     0x5fd3570a3ce2 - std[617be2ca0a6fd877]::panicking::panic_with_hook
[INFO] [stdout]    7:     0x5fd3570878c2 - std[617be2ca0a6fd877]::panicking::panic_handler::{closure#0}
[INFO] [stdout]    8:     0x5fd357080399 - std[617be2ca0a6fd877]::sys::backtrace::__rust_end_short_backtrace::<std[617be2ca0a6fd877]::panicking::panic_handler::{closure#0}, !>
[INFO] [stdout]    9:     0x5fd3570884cd - __rustc[ea4f61d10b84890b]::rust_begin_unwind
[INFO] [stdout]   10:     0x5fd3570c3c6c - core[a373ad73a504971]::panicking::panic_fmt
[INFO] [stdout]   11:     0x5fd3570c3a42 - core[a373ad73a504971]::result::unwrap_failed
[INFO] [stdout]   12:     0x5fd356c2c2d5 - ironcalc[78c3780471153f00]::export::save_to_xlsx
[INFO] [stdout]   13:     0x5fd356bea926 - <ironcalc[78c3780471153f00]::export::test::test_export::frozen_columns::{closure#0} as core[a373ad73a504971]::ops::function::FnOnce<()>>::call_once
[INFO] [stdout]   14:     0x5fd356c3c0db - test[aada8e7e76ba119b]::__rust_begin_short_backtrace::<core[a373ad73a504971]::result::Result<(), alloc[2e1b2a31b91974c5]::string::String>, fn() -> core[a373ad73a504971]::result::Result<(), alloc[2e1b2a31b91974c5]::string::String>>
[INFO] [stdout]   15:     0x5fd356c492b5 - test[aada8e7e76ba119b]::run_test::{closure#0}
[INFO] [stdout]   16:     0x5fd356c42ba4 - std[617be2ca0a6fd877]::sys::backtrace::__rust_begin_short_backtrace::<test[aada8e7e76ba119b]::run_test::{closure#1}, ()>
[INFO] [stdout]   17:     0x5fd356c4c342 - <std[617be2ca0a6fd877]::thread::lifecycle::spawn_unchecked<test[aada8e7e76ba119b]::run_test::{closure#1}, ()>::{closure#1} as core[a373ad73a504971]::ops::function::FnOnce<()>>::call_once::{shim:vtable#0}
[INFO] [stdout]   18:     0x5fd3570aadcf - <std[617be2ca0a6fd877]::sys::thread::unix::Thread>::new::thread_start
[INFO] [stdout]   19:     0x7d39dea1fdfa - <unknown>
[INFO] [stdout]   20:     0x7d39deab33d4 - clone
[INFO] [stdout]   21:                0x0 - <unknown>
[INFO] [stdout] 
[INFO] [stdout] ---- export::test::test_export::frozen_rows stdout ----
[INFO] [stdout] 
[INFO] [stdout] thread 'export::test::test_export::frozen_rows' (1602) panicked at src/export/mod.rs:69:44:
[INFO] [stdout] called `Result::unwrap()` on an `Err` value: Os { code: 30, kind: ReadOnlyFilesystem, message: "Read-only file system" }
[INFO] [stdout] stack backtrace:
[INFO] [stdout]    0:     0x5fd3570ab881 - <<std[617be2ca0a6fd877]::sys::backtrace::BacktraceLock>::print::DisplayBacktrace as core[a373ad73a504971]::fmt::Display>::fmt
[INFO] [stdout]    1:     0x5fd3570c344a - core[a373ad73a504971]::fmt::write
[INFO] [stdout]    2:     0x5fd3570afb8c - <alloc[2e1b2a31b91974c5]::vec::Vec<u8> as core[a373ad73a504971]::io::write::Write>::write_fmt
[INFO] [stdout]    3:     0x5fd357087816 - std[617be2ca0a6fd877]::panicking::default_hook::{closure#0}
[INFO] [stdout]    4:     0x5fd3570a3b29 - std[617be2ca0a6fd877]::panicking::default_hook
[INFO] [stdout]    5:     0x5fd356c48c90 - test[aada8e7e76ba119b]::test_main_inner::{closure#0}
[INFO] [stdout]    6:     0x5fd3570a3ce2 - std[617be2ca0a6fd877]::panicking::panic_with_hook
[INFO] [stdout]    7:     0x5fd3570878c2 - std[617be2ca0a6fd877]::panicking::panic_handler::{closure#0}
[INFO] [stdout]    8:     0x5fd357080399 - std[617be2ca0a6fd877]::sys::backtrace::__rust_end_short_backtrace::<std[617be2ca0a6fd877]::panicking::panic_handler::{closure#0}, !>
[INFO] [stdout]    9:     0x5fd3570884cd - __rustc[ea4f61d10b84890b]::rust_begin_unwind
[INFO] [stdout]   10:     0x5fd3570c3c6c - core[a373ad73a504971]::panicking::panic_fmt
[INFO] [stdout]   11:     0x5fd3570c3a42 - core[a373ad73a504971]::result::unwrap_failed
[INFO] [stdout]   12:     0x5fd356c2c2d5 - ironcalc[78c3780471153f00]::export::save_to_xlsx
[INFO] [stdout]   13:     0x5fd356be7c36 - <ironcalc[78c3780471153f00]::export::test::test_export::frozen_rows::{closure#0} as core[a373ad73a504971]::ops::function::FnOnce<()>>::call_once
[INFO] [stdout]   14:     0x5fd356c3c0db - test[aada8e7e76ba119b]::__rust_begin_short_backtrace::<core[a373ad73a504971]::result::Result<(), alloc[2e1b2a31b91974c5]::string::String>, fn() -> core[a373ad73a504971]::result::Result<(), alloc[2e1b2a31b91974c5]::string::String>>
[INFO] [stdout]   15:     0x5fd356c492b5 - test[aada8e7e76ba119b]::run_test::{closure#0}
[INFO] [stdout]   16:     0x5fd356c42ba4 - std[617be2ca0a6fd877]::sys::backtrace::__rust_begin_short_backtrace::<test[aada8e7e76ba119b]::run_test::{closure#1}, ()>
[INFO] [stdout]   17:     0x5fd356c4c342 - <std[617be2ca0a6fd877]::thread::lifecycle::spawn_unchecked<test[aada8e7e76ba119b]::run_test::{closure#1}, ()>::{closure#1} as core[a373ad73a504971]::ops::function::FnOnce<()>>::call_once::{shim:vtable#0}
[INFO] [stdout]   18:     0x5fd3570aadcf - <std[617be2ca0a6fd877]::sys::thread::unix::Thread>::new::thread_start
[INFO] [stdout]   19:     0x7d39dea1fdfa - <unknown>
[INFO] [stdout]   20:     0x7d39deab33d4 - clone
[INFO] [stdout]   21:                0x0 - <unknown>
[INFO] [stdout] 
[INFO] [stdout] ---- export::test::test_cf::test_values stdout ----
[INFO] [stdout] 
[INFO] [stdout] thread 'export::test::test_cf::test_values' (1599) panicked at src/export/mod.rs:69:44:
[INFO] [stdout] called `Result::unwrap()` on an `Err` value: Os { code: 30, kind: ReadOnlyFilesystem, message: "Read-only file system" }
[INFO] [stdout] stack backtrace:
[INFO] [stdout]    0:     0x5fd3570ab881 - <<std[617be2ca0a6fd877]::sys::backtrace::BacktraceLock>::print::DisplayBacktrace as core[a373ad73a504971]::fmt::Display>::fmt
[INFO] [stdout]    1:     0x5fd3570c344a - core[a373ad73a504971]::fmt::write
[INFO] [stdout]    2:     0x5fd3570afb8c - <alloc[2e1b2a31b91974c5]::vec::Vec<u8> as core[a373ad73a504971]::io::write::Write>::write_fmt
[INFO] [stdout]    3:     0x5fd357087816 - std[617be2ca0a6fd877]::panicking::default_hook::{closure#0}
[INFO] [stdout]    4:     0x5fd3570a3b29 - std[617be2ca0a6fd877]::panicking::default_hook
[INFO] [stdout]    5:     0x5fd356c48c90 - test[aada8e7e76ba119b]::test_main_inner::{closure#0}
[INFO] [stdout]    6:     0x5fd3570a3ce2 - std[617be2ca0a6fd877]::panicking::panic_with_hook
[INFO] [stdout]    7:     0x5fd3570878c2 - std[617be2ca0a6fd877]::panicking::panic_handler::{closure#0}
[INFO] [stdout]    8:     0x5fd357080399 - std[617be2ca0a6fd877]::sys::backtrace::__rust_end_short_backtrace::<std[617be2ca0a6fd877]::panicking::panic_handler::{closure#0}, !>
[INFO] [stdout]    9:     0x5fd3570884cd - __rustc[ea4f61d10b84890b]::rust_begin_unwind
[INFO] [stdout]   10:     0x5fd3570c3c6c - core[a373ad73a504971]::panicking::panic_fmt
[INFO] [stdout]   11:     0x5fd3570c3a42 - core[a373ad73a504971]::result::unwrap_failed
[INFO] [stdout]   12:     0x5fd356c2c2d5 - ironcalc[78c3780471153f00]::export::save_to_xlsx
[INFO] [stdout]   13:     0x5fd356be1209 - <ironcalc[78c3780471153f00]::export::test::test_cf::test_values::{closure#0} as core[a373ad73a504971]::ops::function::FnOnce<()>>::call_once
[INFO] [stdout]   14:     0x5fd356c3c0db - test[aada8e7e76ba119b]::__rust_begin_short_backtrace::<core[a373ad73a504971]::result::Result<(), alloc[2e1b2a31b91974c5]::string::String>, fn() -> core[a373ad73a504971]::result::Result<(), alloc[2e1b2a31b91974c5]::string::String>>
[INFO] [stdout]   15:     0x5fd356c492b5 - test[aada8e7e76ba119b]::run_test::{closure#0}
[INFO] [stdout]   16:     0x5fd356c42ba4 - std[617be2ca0a6fd877]::sys::backtrace::__rust_begin_short_backtrace::<test[aada8e7e76ba119b]::run_test::{closure#1}, ()>
[INFO] [stdout]   17:     0x5fd356c4c342 - <std[617be2ca0a6fd877]::thread::lifecycle::spawn_unchecked<test[aada8e7e76ba119b]::run_test::{closure#1}, ()>::{closure#1} as core[a373ad73a504971]::ops::function::FnOnce<()>>::call_once::{shim:vtable#0}
[INFO] [stdout]   18:     0x5fd3570aadcf - <std[617be2ca0a6fd877]::sys::thread::unix::Thread>::new::thread_start
[INFO] [stdout]   19:     0x7d39dea1fdfa - <unknown>
[INFO] [stdout]   20:     0x7d39deab33d4 - clone
[INFO] [stdout]   21:                0x0 - <unknown>
[INFO] [stdout] 
[INFO] [stdout] ---- export::test::test_export::frozen_rows_and_columns stdout ----
[INFO] [stdout] 
[INFO] [stdout] thread 'export::test::test_export::frozen_rows_and_columns' (1603) panicked at src/export/mod.rs:69:44:
[INFO] [stdout] called `Result::unwrap()` on an `Err` value: Os { code: 30, kind: ReadOnlyFilesystem, message: "Read-only file system" }
[INFO] [stdout] stack backtrace:
[INFO] [stdout]    0:     0x5fd3570ab881 - <<std[617be2ca0a6fd877]::sys::backtrace::BacktraceLock>::print::DisplayBacktrace as core[a373ad73a504971]::fmt::Display>::fmt
[INFO] [stdout]    1:     0x5fd3570c344a - core[a373ad73a504971]::fmt::write
[INFO] [stdout]    2:     0x5fd3570afb8c - <alloc[2e1b2a31b91974c5]::vec::Vec<u8> as core[a373ad73a504971]::io::write::Write>::write_fmt
[INFO] [stdout]    3:     0x5fd357087816 - std[617be2ca0a6fd877]::panicking::default_hook::{closure#0}
[INFO] [stdout]    4:     0x5fd3570a3b29 - std[617be2ca0a6fd877]::panicking::default_hook
[INFO] [stdout]    5:     0x5fd356c48c90 - test[aada8e7e76ba119b]::test_main_inner::{closure#0}
[INFO] [stdout]    6:     0x5fd3570a3ce2 - std[617be2ca0a6fd877]::panicking::panic_with_hook
[INFO] [stdout]    7:     0x5fd3570878c2 - std[617be2ca0a6fd877]::panicking::panic_handler::{closure#0}
[INFO] [stdout]    8:     0x5fd357080399 - std[617be2ca0a6fd877]::sys::backtrace::__rust_end_short_backtrace::<std[617be2ca0a6fd877]::panicking::panic_handler::{closure#0}, !>
[INFO] [stdout]    9:     0x5fd3570884cd - __rustc[ea4f61d10b84890b]::rust_begin_unwind
[INFO] [stdout]   10:     0x5fd3570c3c6c - core[a373ad73a504971]::panicking::panic_fmt
[INFO] [stdout]   11:     0x5fd3570c3a42 - core[a373ad73a504971]::result::unwrap_failed
[INFO] [stdout]   12:     0x5fd356c2c2d5 - ironcalc[78c3780471153f00]::export::save_to_xlsx
[INFO] [stdout]   13:     0x5fd356beb732 - <ironcalc[78c3780471153f00]::export::test::test_export::frozen_rows_and_columns::{closure#0} as core[a373ad73a504971]::ops::function::FnOnce<()>>::call_once
[INFO] [stdout]   14:     0x5fd356c3c0db - test[aada8e7e76ba119b]::__rust_begin_short_backtrace::<core[a373ad73a504971]::result::Result<(), alloc[2e1b2a31b91974c5]::string::String>, fn() -> core[a373ad73a504971]::result::Result<(), alloc[2e1b2a31b91974c5]::string::String>>
[INFO] [stdout]   15:     0x5fd356c492b5 - test[aada8e7e76ba119b]::run_test::{closure#0}
[INFO] [stdout]   16:     0x5fd356c42ba4 - std[617be2ca0a6fd877]::sys::backtrace::__rust_begin_short_backtrace::<test[aada8e7e76ba119b]::run_test::{closure#1}, ()>
[INFO] [stdout]   17:     0x5fd356c4c342 - <std[617be2ca0a6fd877]::thread::lifecycle::spawn_unchecked<test[aada8e7e76ba119b]::run_test::{closure#1}, ()>::{closure#1} as core[a373ad73a504971]::ops::function::FnOnce<()>>::call_once::{shim:vtable#0}
[INFO] [stdout]   18:     0x5fd3570aadcf - <std[617be2ca0a6fd877]::sys::thread::unix::Thread>::new::thread_start
[INFO] [stdout]   19:     0x7d39dea1fdfa - <unknown>
[INFO] [stdout]   20:     0x7d39deab33d4 - clone
[INFO] [stdout]   21:                0x0 - <unknown>
[INFO] [stdout] 
[INFO] [stdout] ---- export::test::test_export::test_existing_file stdout ----
[INFO] [stdout] 
[INFO] [stdout] thread 'export::test::test_export::test_existing_file' (1605) panicked at src/export/test/test_export.rs:210:33:
[INFO] [stdout] called `Result::unwrap()` on an `Err` value: Os { code: 30, kind: ReadOnlyFilesystem, message: "Read-only file system" }
[INFO] [stdout] stack backtrace:
[INFO] [stdout]    0:     0x5fd3570ab881 - <<std[617be2ca0a6fd877]::sys::backtrace::BacktraceLock>::print::DisplayBacktrace as core[a373ad73a504971]::fmt::Display>::fmt
[INFO] [stdout]    1:     0x5fd3570c344a - core[a373ad73a504971]::fmt::write
[INFO] [stdout]    2:     0x5fd3570afb8c - <alloc[2e1b2a31b91974c5]::vec::Vec<u8> as core[a373ad73a504971]::io::write::Write>::write_fmt
[INFO] [stdout]    3:     0x5fd357087816 - std[617be2ca0a6fd877]::panicking::default_hook::{closure#0}
[INFO] [stdout]    4:     0x5fd3570a3b29 - std[617be2ca0a6fd877]::panicking::default_hook
[INFO] [stdout]    5:     0x5fd356c48c90 - test[aada8e7e76ba119b]::test_main_inner::{closure#0}
[INFO] [stdout]    6:     0x5fd3570a3ce2 - std[617be2ca0a6fd877]::panicking::panic_with_hook
[INFO] [stdout]    7:     0x5fd3570878c2 - std[617be2ca0a6fd877]::panicking::panic_handler::{closure#0}
[INFO] [stdout]    8:     0x5fd357080399 - std[617be2ca0a6fd877]::sys::backtrace::__rust_end_short_backtrace::<std[617be2ca0a6fd877]::panicking::panic_handler::{closure#0}, !>
[INFO] [stdout]    9:     0x5fd3570884cd - __rustc[ea4f61d10b84890b]::rust_begin_unwind
[INFO] [stdout]   10:     0x5fd3570c3c6c - core[a373ad73a504971]::panicking::panic_fmt
[INFO] [stdout]   11:     0x5fd3570c3a42 - core[a373ad73a504971]::result::unwrap_failed
[INFO] [stdout]   12:     0x5fd356beb503 - <ironcalc[78c3780471153f00]::export::test::test_export::test_existing_file::{closure#0} as core[a373ad73a504971]::ops::function::FnOnce<()>>::call_once
[INFO] [stdout]   13:     0x5fd356c3c0db - test[aada8e7e76ba119b]::__rust_begin_short_backtrace::<core[a373ad73a504971]::result::Result<(), alloc[2e1b2a31b91974c5]::string::String>, fn() -> core[a373ad73a504971]::result::Result<(), alloc[2e1b2a31b91974c5]::string::String>>
[INFO] [stdout]   14:     0x5fd356c492b5 - test[aada8e7e76ba119b]::run_test::{closure#0}
[INFO] [stdout]   15:     0x5fd356c42ba4 - std[617be2ca0a6fd877]::sys::backtrace::__rust_begin_short_backtrace::<test[aada8e7e76ba119b]::run_test::{closure#1}, ()>
[INFO] [stdout]   16:     0x5fd356c4c342 - <std[617be2ca0a6fd877]::thread::lifecycle::spawn_unchecked<test[aada8e7e76ba119b]::run_test::{closure#1}, ()>::{closure#1} as core[a373ad73a504971]::ops::function::FnOnce<()>>::call_once::{shim:vtable#0}
[INFO] [stdout]   17:     0x5fd3570aadcf - <std[617be2ca0a6fd877]::sys::thread::unix::Thread>::new::thread_start
[INFO] [stdout]   18:     0x7d39dea1fdfa - <unknown>
[INFO] [stdout]   19:     0x7d39deab33d4 - clone
[INFO] [stdout]   20:                0x0 - <unknown>
[INFO] [stdout] 
[INFO] [stdout] ---- export::test::test_export::test_values stdout ----
[INFO] [stdout] 
[INFO] [stdout] thread 'export::test::test_export::test_values' (1609) panicked at src/export/mod.rs:69:44:
[INFO] [stdout] called `Result::unwrap()` on an `Err` value: Os { code: 30, kind: ReadOnlyFilesystem, message: "Read-only file system" }
[INFO] [stdout] stack backtrace:
[INFO] [stdout]    0:     0x5fd3570ab881 - <<std[617be2ca0a6fd877]::sys::backtrace::BacktraceLock>::print::DisplayBacktrace as core[a373ad73a504971]::fmt::Display>::fmt
[INFO] [stdout]    1:     0x5fd3570c344a - core[a373ad73a504971]::fmt::write
[INFO] [stdout]    2:     0x5fd3570afb8c - <alloc[2e1b2a31b91974c5]::vec::Vec<u8> as core[a373ad73a504971]::io::write::Write>::write_fmt
[INFO] [stdout]    3:     0x5fd357087816 - std[617be2ca0a6fd877]::panicking::default_hook::{closure#0}
[INFO] [stdout]    4:     0x5fd3570a3b29 - std[617be2ca0a6fd877]::panicking::default_hook
[INFO] [stdout]    5:     0x5fd356c48c90 - test[aada8e7e76ba119b]::test_main_inner::{closure#0}
[INFO] [stdout]    6:     0x5fd3570a3ce2 - std[617be2ca0a6fd877]::panicking::panic_with_hook
[INFO] [stdout]    7:     0x5fd3570878c2 - std[617be2ca0a6fd877]::panicking::panic_handler::{closure#0}
[INFO] [stdout]    8:     0x5fd357080399 - std[617be2ca0a6fd877]::sys::backtrace::__rust_end_short_backtrace::<std[617be2ca0a6fd877]::panicking::panic_handler::{closure#0}, !>
[INFO] [stdout]    9:     0x5fd3570884cd - __rustc[ea4f61d10b84890b]::rust_begin_unwind
[INFO] [stdout]   10:     0x5fd3570c3c6c - core[a373ad73a504971]::panicking::panic_fmt
[INFO] [stdout]   11:     0x5fd3570c3a42 - core[a373ad73a504971]::result::unwrap_failed
[INFO] [stdout]   12:     0x5fd356c2c2d5 - ironcalc[78c3780471153f00]::export::save_to_xlsx
[INFO] [stdout]   13:     0x5fd356be8a89 - <ironcalc[78c3780471153f00]::export::test::test_export::test_values::{closure#0} as core[a373ad73a504971]::ops::function::FnOnce<()>>::call_once
[INFO] [stdout]   14:     0x5fd356c3c0db - test[aada8e7e76ba119b]::__rust_begin_short_backtrace::<core[a373ad73a504971]::result::Result<(), alloc[2e1b2a31b91974c5]::string::String>, fn() -> core[a373ad73a504971]::result::Result<(), alloc[2e1b2a31b91974c5]::string::String>>
[INFO] [stdout]   15:     0x5fd356c492b5 - test[aada8e7e76ba119b]::run_test::{closure#0}
[INFO] [stdout]   16:     0x5fd356c42ba4 - std[617be2ca0a6fd877]::sys::backtrace::__rust_begin_short_backtrace::<test[aada8e7e76ba119b]::run_test::{closure#1}, ()>
[INFO] [stdout]   17:     0x5fd356c4c342 - <std[617be2ca0a6fd877]::thread::lifecycle::spawn_unchecked<test[aada8e7e76ba119b]::run_test::{closure#1}, ()>::{closure#1} as core[a373ad73a504971]::ops::function::FnOnce<()>>::call_once::{shim:vtable#0}
[INFO] [stdout]   18:     0x5fd3570aadcf - <std[617be2ca0a6fd877]::sys::thread::unix::Thread>::new::thread_start
[INFO] [stdout]   19:     0x7d39dea1fdfa - <unknown>
[INFO] [stdout]   20:     0x7d39deab33d4 - clone
[INFO] [stdout]   21:                0x0 - <unknown>
[INFO] [stdout] 
[INFO] [stdout] ---- export::test::test_export::test_blocked_and_connect_errors_roundtrip stdout ----
[INFO] [stdout] 
[INFO] [stdout] thread 'export::test::test_export::test_blocked_and_connect_errors_roundtrip' (1604) panicked at src/export/mod.rs:69:44:
[INFO] [stdout] called `Result::unwrap()` on an `Err` value: Os { code: 30, kind: ReadOnlyFilesystem, message: "Read-only file system" }
[INFO] [stdout] stack backtrace:
[INFO] [stdout]    0:     0x5fd3570ab881 - <<std[617be2ca0a6fd877]::sys::backtrace::BacktraceLock>::print::DisplayBacktrace as core[a373ad73a504971]::fmt::Display>::fmt
[INFO] [stdout]    1:     0x5fd3570c344a - core[a373ad73a504971]::fmt::write
[INFO] [stdout]    2:     0x5fd3570afb8c - <alloc[2e1b2a31b91974c5]::vec::Vec<u8> as core[a373ad73a504971]::io::write::Write>::write_fmt
[INFO] [stdout]    3:     0x5fd357087816 - std[617be2ca0a6fd877]::panicking::default_hook::{closure#0}
[INFO] [stdout]    4:     0x5fd3570a3b29 - std[617be2ca0a6fd877]::panicking::default_hook
[INFO] [stdout]    5:     0x5fd356c48c90 - test[aada8e7e76ba119b]::test_main_inner::{closure#0}
[INFO] [stdout]    6:     0x5fd3570a3ce2 - std[617be2ca0a6fd877]::panicking::panic_with_hook
[INFO] [stdout]    7:     0x5fd3570878c2 - std[617be2ca0a6fd877]::panicking::panic_handler::{closure#0}
[INFO] [stdout]    8:     0x5fd357080399 - std[617be2ca0a6fd877]::sys::backtrace::__rust_end_short_backtrace::<std[617be2ca0a6fd877]::panicking::panic_handler::{closure#0}, !>
[INFO] [stdout]    9:     0x5fd3570884cd - __rustc[ea4f61d10b84890b]::rust_begin_unwind
[INFO] [stdout]   10:     0x5fd3570c3c6c - core[a373ad73a504971]::panicking::panic_fmt
[INFO] [stdout]   11:     0x5fd3570c3a42 - core[a373ad73a504971]::result::unwrap_failed
[INFO] [stdout]   12:     0x5fd356c2c2d5 - ironcalc[78c3780471153f00]::export::save_to_xlsx
[INFO] [stdout]   13:     0x5fd356bec036 - <ironcalc[78c3780471153f00]::export::test::test_export::test_blocked_and_connect_errors_roundtrip::{closure#0} as core[a373ad73a504971]::ops::function::FnOnce<()>>::call_once
[INFO] [stdout]   14:     0x5fd356c3c0db - test[aada8e7e76ba119b]::__rust_begin_short_backtrace::<core[a373ad73a504971]::result::Result<(), alloc[2e1b2a31b91974c5]::string::String>, fn() -> core[a373ad73a504971]::result::Result<(), alloc[2e1b2a31b91974c5]::string::String>>
[INFO] [stdout]   15:     0x5fd356c492b5 - test[aada8e7e76ba119b]::run_test::{closure#0}
[INFO] [stdout]   16:     0x5fd356c42ba4 - std[617be2ca0a6fd877]::sys::backtrace::__rust_begin_short_backtrace::<test[aada8e7e76ba119b]::run_test::{closure#1}, ()>
[INFO] [stdout]   17:     0x5fd356c4c342 - <std[617be2ca0a6fd877]::thread::lifecycle::spawn_unchecked<test[aada8e7e76ba119b]::run_test::{closure#1}, ()>::{closure#1} as core[a373ad73a504971]::ops::function::FnOnce<()>>::call_once::{shim:vtable#0}
[INFO] [stdout]   18:     0x5fd3570aadcf - <std[617be2ca0a6fd877]::sys::thread::unix::Thread>::new::thread_start
[INFO] [stdout]   19:     0x7d39dea1fdfa - <unknown>
[INFO] [stdout]   20:     0x7d39deab33d4 - clone
[INFO] [stdout]   21:                0x0 - <unknown>
[INFO] [stdout] 
[INFO] [stdout] ---- export::test::test_export::test_formulas stdout ----
[INFO] [stdout] 
[INFO] [stdout] thread 'export::test::test_export::test_formulas' (1606) panicked at src/export/mod.rs:69:44:
[INFO] [stdout] called `Result::unwrap()` on an `Err` value: Os { code: 30, kind: ReadOnlyFilesystem, message: "Read-only file system" }
[INFO] [stdout] stack backtrace:
[INFO] [stdout]    0:     0x5fd3570ab881 - <<std[617be2ca0a6fd877]::sys::backtrace::BacktraceLock>::print::DisplayBacktrace as core[a373ad73a504971]::fmt::Display>::fmt
[INFO] [stdout]    1:     0x5fd3570c344a - core[a373ad73a504971]::fmt::write
[INFO] [stdout]    2:     0x5fd3570afb8c - <alloc[2e1b2a31b91974c5]::vec::Vec<u8> as core[a373ad73a504971]::io::write::Write>::write_fmt
[INFO] [stdout]    3:     0x5fd357087816 - std[617be2ca0a6fd877]::panicking::default_hook::{closure#0}
[INFO] [stdout]    4:     0x5fd3570a3b29 - std[617be2ca0a6fd877]::panicking::default_hook
[INFO] [stdout]    5:     0x5fd356c48c90 - test[aada8e7e76ba119b]::test_main_inner::{closure#0}
[INFO] [stdout]    6:     0x5fd3570a3ce2 - std[617be2ca0a6fd877]::panicking::panic_with_hook
[INFO] [stdout]    7:     0x5fd3570878c2 - std[617be2ca0a6fd877]::panicking::panic_handler::{closure#0}
[INFO] [stdout]    8:     0x5fd357080399 - std[617be2ca0a6fd877]::sys::backtrace::__rust_end_short_backtrace::<std[617be2ca0a6fd877]::panicking::panic_handler::{closure#0}, !>
[INFO] [stdout]    9:     0x5fd3570884cd - __rustc[ea4f61d10b84890b]::rust_begin_unwind
[INFO] [stdout]   10:     0x5fd3570c3c6c - core[a373ad73a504971]::panicking::panic_fmt
[INFO] [stdout]   11:     0x5fd3570c3a42 - core[a373ad73a504971]::result::unwrap_failed
[INFO] [stdout]   12:     0x5fd356c2c2d5 - ironcalc[78c3780471153f00]::export::save_to_xlsx
[INFO] [stdout]   13:     0x5fd356bea09e - <ironcalc[78c3780471153f00]::export::test::test_export::test_formulas::{closure#0} as core[a373ad73a504971]::ops::function::FnOnce<()>>::call_once
[INFO] [stdout]   14:     0x5fd356c3c0db - test[aada8e7e76ba119b]::__rust_begin_short_backtrace::<core[a373ad73a504971]::result::Result<(), alloc[2e1b2a31b91974c5]::string::String>, fn() -> core[a373ad73a504971]::result::Result<(), alloc[2e1b2a31b91974c5]::string::String>>
[INFO] [stdout]   15:     0x5fd356c492b5 - test[aada8e7e76ba119b]::run_test::{closure#0}
[INFO] [stdout]   16:     0x5fd356c42ba4 - std[617be2ca0a6fd877]::sys::backtrace::__rust_begin_short_backtrace::<test[aada8e7e76ba119b]::run_test::{closure#1}, ()>
[INFO] [stdout]   17:     0x5fd356c4c342 - <std[617be2ca0a6fd877]::thread::lifecycle::spawn_unchecked<test[aada8e7e76ba119b]::run_test::{closure#1}, ()>::{closure#1} as core[a373ad73a504971]::ops::function::FnOnce<()>>::call_once::{shim:vtable#0}
[INFO] [stdout]   18:     0x5fd3570aadcf - <std[617be2ca0a6fd877]::sys::thread::unix::Thread>::new::thread_start
[INFO] [stdout]   19:     0x7d39dea1fdfa - <unknown>
[INFO] [stdout]   20:     0x7d39deab33d4 - clone
[INFO] [stdout]   21:                0x0 - <unknown>
[INFO] [stdout] 
[INFO] [stdout] ---- export::test::test_export::test_named_styles stdout ----
[INFO] [stdout] 
[INFO] [stdout] thread 'export::test::test_export::test_named_styles' (1607) panicked at src/export/mod.rs:69:44:
[INFO] [stdout] called `Result::unwrap()` on an `Err` value: Os { code: 30, kind: ReadOnlyFilesystem, message: "Read-only file system" }
[INFO] [stdout] stack backtrace:
[INFO] [stdout]    0:     0x5fd3570ab881 - <<std[617be2ca0a6fd877]::sys::backtrace::BacktraceLock>::print::DisplayBacktrace as core[a373ad73a504971]::fmt::Display>::fmt
[INFO] [stdout]    1:     0x5fd3570c344a - core[a373ad73a504971]::fmt::write
[INFO] [stdout]    2:     0x5fd3570afb8c - <alloc[2e1b2a31b91974c5]::vec::Vec<u8> as core[a373ad73a504971]::io::write::Write>::write_fmt
[INFO] [stdout]    3:     0x5fd357087816 - std[617be2ca0a6fd877]::panicking::default_hook::{closure#0}
[INFO] [stdout]    4:     0x5fd3570a3b29 - std[617be2ca0a6fd877]::panicking::default_hook
[INFO] [stdout]    5:     0x5fd356c48c90 - test[aada8e7e76ba119b]::test_main_inner::{closure#0}
[INFO] [stdout]    6:     0x5fd3570a3ce2 - std[617be2ca0a6fd877]::panicking::panic_with_hook
[INFO] [stdout]    7:     0x5fd3570878c2 - std[617be2ca0a6fd877]::panicking::panic_handler::{closure#0}
[INFO] [stdout]    8:     0x5fd357080399 - std[617be2ca0a6fd877]::sys::backtrace::__rust_end_short_backtrace::<std[617be2ca0a6fd877]::panicking::panic_handler::{closure#0}, !>
[INFO] [stdout]    9:     0x5fd3570884cd - __rustc[ea4f61d10b84890b]::rust_begin_unwind
[INFO] [stdout]   10:     0x5fd3570c3c6c - core[a373ad73a504971]::panicking::panic_fmt
[INFO] [stdout]   11:     0x5fd3570c3a42 - core[a373ad73a504971]::result::unwrap_failed
[INFO] [stdout]   12:     0x5fd356c2c2d5 - ironcalc[78c3780471153f00]::export::save_to_xlsx
[INFO] [stdout]   13:     0x5fd356beae8d - <ironcalc[78c3780471153f00]::export::test::test_export::test_named_styles::{closure#0} as core[a373ad73a504971]::ops::function::FnOnce<()>>::call_once
[INFO] [stdout]   14:     0x5fd356c3c0db - test[aada8e7e76ba119b]::__rust_begin_short_backtrace::<core[a373ad73a504971]::result::Result<(), alloc[2e1b2a31b91974c5]::string::String>, fn() -> core[a373ad73a504971]::result::Result<(), alloc[2e1b2a31b91974c5]::string::String>>
[INFO] [stdout]   15:     0x5fd356c492b5 - test[aada8e7e76ba119b]::run_test::{closure#0}
[INFO] [stdout]   16:     0x5fd356c42ba4 - std[617be2ca0a6fd877]::sys::backtrace::__rust_begin_short_backtrace::<test[aada8e7e76ba119b]::run_test::{closure#1}, ()>
[INFO] [stdout]   17:     0x5fd356c4c342 - <std[617be2ca0a6fd877]::thread::lifecycle::spawn_unchecked<test[aada8e7e76ba119b]::run_test::{closure#1}, ()>::{closure#1} as core[a373ad73a504971]::ops::function::FnOnce<()>>::call_once::{shim:vtable#0}
[INFO] [stdout]   18:     0x5fd3570aadcf - <std[617be2ca0a6fd877]::sys::thread::unix::Thread>::new::thread_start
[INFO] [stdout]   19:     0x7d39dea1fdfa - <unknown>
[INFO] [stdout]   20:     0x7d39deab33d4 - clone
[INFO] [stdout]   21:                0x0 - <unknown>
[INFO] [stdout] 
[INFO] [stdout] ---- export::test::test_export::test_sheets stdout ----
[INFO] [stdout] 
[INFO] [stdout] thread 'export::test::test_export::test_sheets' (1608) panicked at src/export/mod.rs:69:44:
[INFO] [stdout] called `Result::unwrap()` on an `Err` value: Os { code: 30, kind: ReadOnlyFilesystem, message: "Read-only file system" }
[INFO] [stdout] stack backtrace:
[INFO] [stdout]    0:     0x5fd3570ab881 - <<std[617be2ca0a6fd877]::sys::backtrace::BacktraceLock>::print::DisplayBacktrace as core[a373ad73a504971]::fmt::Display>::fmt
[INFO] [stdout]    1:     0x5fd3570c344a - core[a373ad73a504971]::fmt::write
[INFO] [stdout]    2:     0x5fd3570afb8c - <alloc[2e1b2a31b91974c5]::vec::Vec<u8> as core[a373ad73a504971]::io::write::Write>::write_fmt
[INFO] [stdout]    3:     0x5fd357087816 - std[617be2ca0a6fd877]::panicking::default_hook::{closure#0}
[INFO] [stdout]    4:     0x5fd3570a3b29 - std[617be2ca0a6fd877]::panicking::default_hook
[INFO] [stdout]    5:     0x5fd356c48c90 - test[aada8e7e76ba119b]::test_main_inner::{closure#0}
[INFO] [stdout]    6:     0x5fd3570a3ce2 - std[617be2ca0a6fd877]::panicking::panic_with_hook
[INFO] [stdout]    7:     0x5fd3570878c2 - std[617be2ca0a6fd877]::panicking::panic_handler::{closure#0}
[INFO] [stdout]    8:     0x5fd357080399 - std[617be2ca0a6fd877]::sys::backtrace::__rust_end_short_backtrace::<std[617be2ca0a6fd877]::panicking::panic_handler::{closure#0}, !>
[INFO] [stdout]    9:     0x5fd3570884cd - __rustc[ea4f61d10b84890b]::rust_begin_unwind
[INFO] [stdout]   10:     0x5fd3570c3c6c - core[a373ad73a504971]::panicking::panic_fmt
[INFO] [stdout]   11:     0x5fd3570c3a42 - core[a373ad73a504971]::result::unwrap_failed
[INFO] [stdout]   12:     0x5fd356c2c2d5 - ironcalc[78c3780471153f00]::export::save_to_xlsx
[INFO] [stdout]   13:     0x5fd356be80da - <ironcalc[78c3780471153f00]::export::test::test_export::test_sheets::{closure#0} as core[a373ad73a504971]::ops::function::FnOnce<()>>::call_once
[INFO] [stdout]   14:     0x5fd356c3c0db - test[aada8e7e76ba119b]::__rust_begin_short_backtrace::<core[a373ad73a504971]::result::Result<(), alloc[2e1b2a31b91974c5]::string::String>, fn() -> core[a373ad73a504971]::result::Result<(), alloc[2e1b2a31b91974c5]::string::String>>
[INFO] [stdout]   15:     0x5fd356c492b5 - test[aada8e7e76ba119b]::run_test::{closure#0}
[INFO] [stdout]   16:     0x5fd356c42ba4 - std[617be2ca0a6fd877]::sys::backtrace::__rust_begin_short_backtrace::<test[aada8e7e76ba119b]::run_test::{closure#1}, ()>
[INFO] [stdout]   17:     0x5fd356c4c342 - <std[617be2ca0a6fd877]::thread::lifecycle::spawn_unchecked<test[aada8e7e76ba119b]::run_test::{closure#1}, ()>::{closure#1} as core[a373ad73a504971]::ops::function::FnOnce<()>>::call_once::{shim:vtable#0}
[INFO] [stdout]   18:     0x5fd3570aadcf - <std[617be2ca0a6fd877]::sys::thread::unix::Thread>::new::thread_start
[INFO] [stdout]   19:     0x7d39dea1fdfa - <unknown>
[INFO] [stdout]   20:     0x7d39deab33d4 - clone
[INFO] [stdout]   21:                0x0 - <unknown>
[INFO] [stdout] 
[INFO] [stdout] ---- export::test::test_cf::test_cf_round_trip stdout ----
[INFO] [stdout] 
[INFO] [stdout] thread 'export::test::test_cf::test_cf_round_trip' (1598) panicked at src/export/mod.rs:69:44:
[INFO] [stdout] called `Result::unwrap()` on an `Err` value: Os { code: 30, kind: ReadOnlyFilesystem, message: "Read-only file system" }
[INFO] [stdout] stack backtrace:
[INFO] [stdout]    0:     0x5fd3570ab881 - <<std[617be2ca0a6fd877]::sys::backtrace::BacktraceLock>::print::DisplayBacktrace as core[a373ad73a504971]::fmt::Display>::fmt
[INFO] [stdout]    1:     0x5fd3570c344a - core[a373ad73a504971]::fmt::write
[INFO] [stdout]    2:     0x5fd3570afb8c - <alloc[2e1b2a31b91974c5]::vec::Vec<u8> as core[a373ad73a504971]::io::write::Write>::write_fmt
[INFO] [stdout]    3:     0x5fd357087816 - std[617be2ca0a6fd877]::panicking::default_hook::{closure#0}
[INFO] [stdout]    4:     0x5fd3570a3b29 - std[617be2ca0a6fd877]::panicking::default_hook
[INFO] [stdout]    5:     0x5fd356c48c90 - test[aada8e7e76ba119b]::test_main_inner::{closure#0}
[INFO] [stdout]    6:     0x5fd3570a3ce2 - std[617be2ca0a6fd877]::panicking::panic_with_hook
[INFO] [stdout]    7:     0x5fd3570878c2 - std[617be2ca0a6fd877]::panicking::panic_handler::{closure#0}
[INFO] [stdout]    8:     0x5fd357080399 - std[617be2ca0a6fd877]::sys::backtrace::__rust_end_short_backtrace::<std[617be2ca0a6fd877]::panicking::panic_handler::{closure#0}, !>
[INFO] [stdout]    9:     0x5fd3570884cd - __rustc[ea4f61d10b84890b]::rust_begin_unwind
[INFO] [stdout]   10:     0x5fd3570c3c6c - core[a373ad73a504971]::panicking::panic_fmt
[INFO] [stdout]   11:     0x5fd3570c3a42 - core[a373ad73a504971]::result::unwrap_failed
[INFO] [stdout]   12:     0x5fd356c2c2d5 - ironcalc[78c3780471153f00]::export::save_to_xlsx
[INFO] [stdout]   13:     0x5fd356bdc378 - ironcalc[78c3780471153f00]::export::test::test_cf::test_cf_round_trip
[INFO] [stdout]   14:     0x5fd356be2409 - <ironcalc[78c3780471153f00]::export::test::test_cf::test_cf_round_trip::{closure#0} as core[a373ad73a504971]::ops::function::FnOnce<()>>::call_once
[INFO] [stdout]   15:     0x5fd356c3c0db - test[aada8e7e76ba119b]::__rust_begin_short_backtrace::<core[a373ad73a504971]::result::Result<(), alloc[2e1b2a31b91974c5]::string::String>, fn() -> core[a373ad73a504971]::result::Result<(), alloc[2e1b2a31b91974c5]::string::String>>
[INFO] [stdout]   16:     0x5fd356c492b5 - test[aada8e7e76ba119b]::run_test::{closure#0}
[INFO] [stdout]   17:     0x5fd356c42ba4 - std[617be2ca0a6fd877]::sys::backtrace::__rust_begin_short_backtrace::<test[aada8e7e76ba119b]::run_test::{closure#1}, ()>
[INFO] [stdout]   18:     0x5fd356c4c342 - <std[617be2ca0a6fd877]::thread::lifecycle::spawn_unchecked<test[aada8e7e76ba119b]::run_test::{closure#1}, ()>::{closure#1} as core[a373ad73a504971]::ops::function::FnOnce<()>>::call_once::{shim:vtable#0}
[INFO] [stdout]   19:     0x5fd3570aadcf - <std[617be2ca0a6fd877]::sys::thread::unix::Thread>::new::thread_start
[INFO] [stdout]   20:     0x7d39dea1fdfa - <unknown>
[INFO] [stdout]   21:     0x7d39deab33d4 - clone
[INFO] [stdout]   22:                0x0 - <unknown>
[INFO] [stdout] 
[INFO] [stdout] 
[INFO] [stdout] failures:
[INFO] [stdout]     export::test::test_cf::test_cf_custom_icon_set_round_trip
[INFO] [stdout]     export::test::test_cf::test_cf_round_trip
[INFO] [stdout]     export::test::test_cf::test_values
[INFO] [stdout]     export::test::test_export::frozen_columns
[INFO] [stdout]     export::test::test_export::frozen_rows
[INFO] [stdout]     export::test::test_export::frozen_rows_and_columns
[INFO] [stdout]     export::test::test_export::test_blocked_and_connect_errors_roundtrip
[INFO] [stdout]     export::test::test_export::test_existing_file
[INFO] [stdout]     export::test::test_export::test_formulas
[INFO] [stdout]     export::test::test_export::test_named_styles
[INFO] [stdout]     export::test::test_export::test_sheets
[INFO] [stdout]     export::test::test_export::test_values
[INFO] [stdout] 
[INFO] [stdout] test result: FAILED. 20 passed; 12 failed; 0 ignored; 0 measured; 0 filtered out; finished in 0.01s
[INFO] [stdout] 
[INFO] [stderr] error: test failed, to rerun pass `--lib`
[INFO] running `Command { std: "docker" "inspect" "2b96def5fe17cb47522a677e4d0c6c1a90dae8a23f7114b42dde8445305d479d", kill_on_drop: false }`
[INFO] running `Command { std: "docker" "rm" "-f" "2b96def5fe17cb47522a677e4d0c6c1a90dae8a23f7114b42dde8445305d479d", kill_on_drop: false }`
[INFO] [stdout] 2b96def5fe17cb47522a677e4d0c6c1a90dae8a23f7114b42dde8445305d479d
