[INFO] fetching crate xlink 0.1.0...
[INFO] testing xlink-0.1.0 against 1.100.0-beta.1+cargoflags=--release for beta-release-1.100-2
[INFO] extracting crate xlink 0.1.0 into /workspace/builds/worker-2-tc2/source
[INFO] started tweaking crates.io crate xlink 0.1.0
[INFO] removed 0 missing examples
[INFO] removed 0 missing tests
[INFO] finished tweaking crates.io crate xlink 0.1.0
[INFO] tweaked toml for crates.io crate xlink 0.1.0 written to /workspace/builds/worker-2-tc2/source/Cargo.toml
[INFO] validating manifest of crates.io crate xlink 0.1.0 on toolchain 1.100.0-beta.1
[INFO] running `Command { std: CARGO_HOME="/workspace/cargo-home" RUSTUP_HOME="/workspace/rustup-home" "/workspace/cargo-home/bin/cargo" "+1.100.0-beta.1" "metadata" "--manifest-path" "Cargo.toml" "--no-deps", kill_on_drop: false }`
[INFO] crate crates.io crate xlink 0.1.0 already has a lockfile, it will not be regenerated
[INFO] running `Command { std: CARGO_HOME="/workspace/cargo-home" RUSTUP_HOME="/workspace/rustup-home" "/workspace/cargo-home/bin/cargo" "+1.100.0-beta.1" "fetch" "--manifest-path" "Cargo.toml", kill_on_drop: false }`
[INFO] [stderr] warning: `package.homepage` is redundant with `package.repository`
[INFO] [stderr]    --> Cargo.toml:145:12
[INFO] [stderr]     |
[INFO] [stderr] 145 | homepage = "https://github.com/Kirky-X/xlink"
[INFO] [stderr]     |            ^^^^^^^^^^^^^^^^^^^^^^^^^^^^^^^^^^
[INFO] [stderr] ...
[INFO] [stderr] 149 | repository = "https://github.com/Kirky-X/xlink"
[INFO] [stderr]     |              ----------------------------------
[INFO] [stderr]     |
[INFO] [stderr]     = note: `cargo::redundant_homepage` is set to `warn` by default
[INFO] [stderr] help: consider removing `package.homepage`
[INFO] [stderr] warning: `xlink` (manifest) generated 1 warning
[INFO] running `Command { std: "docker" "create" "-v" "/var/lib/crater-agent-workspace/builds/worker-2-tc2/source:/opt/rustwide/workdir:ro,Z" "-v" "/var/lib/crater-agent-workspace/builds/worker-2-tc2/target:/opt/rustwide/target:rw,Z" "-v" "/var/lib/crater-agent-workspace/cargo-home:/opt/rustwide/cargo-home:ro,Z" "-v" "/var/lib/crater-agent-workspace/rustup-home:/opt/rustwide/rustup-home:ro,Z" "-m" "1610612736" "--network" "none" "ghcr.io/rust-lang/crates-build-env/linux@sha256:77db811e55d90add9212f6832c23229e3de5f1c1f9905e8cb07319ea15df73ac" "sleep" "infinity", kill_on_drop: false }`
[INFO] [stdout] 96dc9d41fff1835d5f36f4897632b7e6ef1fdd7794d0b21f95872f5ece4dde0d
[INFO] running `Command { std: "docker" "start" "96dc9d41fff1835d5f36f4897632b7e6ef1fdd7794d0b21f95872f5ece4dde0d", kill_on_drop: false }`
[INFO] running `Command { std: "docker" "inspect" "96dc9d41fff1835d5f36f4897632b7e6ef1fdd7794d0b21f95872f5ece4dde0d", kill_on_drop: false }`
[INFO] running `Command { std: "docker" "exec" "-e" "SOURCE_DIR=/opt/rustwide/workdir" "-e" "CARGO_HOME=/opt/rustwide/cargo-home" "-e" "RUSTUP_HOME=/opt/rustwide/rustup-home" "-e" "CARGO_TARGET_DIR=/opt/rustwide/target" "-w" "/opt/rustwide/workdir" "--user" "0:0" "96dc9d41fff1835d5f36f4897632b7e6ef1fdd7794d0b21f95872f5ece4dde0d" "/opt/rustwide/cargo-home/bin/cargo" "+1.100.0-beta.1" "metadata" "--no-deps" "--format-version=1", kill_on_drop: false }`
[INFO] running `Command { std: "docker" "inspect" "96dc9d41fff1835d5f36f4897632b7e6ef1fdd7794d0b21f95872f5ece4dde0d", kill_on_drop: false }`
[INFO] running `Command { std: "docker" "exec" "-e" "SOURCE_DIR=/opt/rustwide/workdir" "-e" "CARGO_HOME=/opt/rustwide/cargo-home" "-e" "RUSTUP_HOME=/opt/rustwide/rustup-home" "-e" "CARGO_TARGET_DIR=/opt/rustwide/target" "-e" "CARGO_INCREMENTAL=0" "-e" "RUST_BACKTRACE=full" "-e" "RUSTFLAGS=--cap-lints=warn" "-e" "RUSTDOCFLAGS=--cap-lints=warn" "-w" "/opt/rustwide/workdir" "--user" "0:0" "96dc9d41fff1835d5f36f4897632b7e6ef1fdd7794d0b21f95872f5ece4dde0d" "/opt/rustwide/cargo-home/bin/cargo" "+1.100.0-beta.1" "build" "--frozen" "--message-format=json" "--release", kill_on_drop: false }`
[INFO] [stderr] warning: `package.homepage` is redundant with `package.repository`
[INFO] [stderr]    --> Cargo.toml:145:12
[INFO] [stderr]     |
[INFO] [stderr] 145 | homepage = "https://github.com/Kirky-X/xlink"
[INFO] [stderr]     |            ^^^^^^^^^^^^^^^^^^^^^^^^^^^^^^^^^^
[INFO] [stderr] ...
[INFO] [stderr] 149 | repository = "https://github.com/Kirky-X/xlink"
[INFO] [stderr]     |              ----------------------------------
[INFO] [stderr]     |
[INFO] [stderr]     = note: `cargo::redundant_homepage` is set to `warn` by default
[INFO] [stderr] help: consider removing `package.homepage`
[INFO] [stderr] warning: `xlink` (manifest) generated 1 warning
[INFO] [stderr]    Compiling syn v2.0.111
[INFO] [stderr]    Compiling getrandom v0.2.16
[INFO] [stderr]    Compiling parking_lot_core v0.9.12
[INFO] [stderr]    Compiling cc v1.2.50
[INFO] [stderr]    Compiling signal-hook-registry v1.4.7
[INFO] [stderr]    Compiling futures-io v0.3.31
[INFO] [stderr]    Compiling futures-task v0.3.31
[INFO] [stderr]    Compiling serde_core v1.0.228
[INFO] [stderr]    Compiling rand_core v0.6.4
[INFO] [stderr]    Compiling tracing-core v0.1.36
[INFO] [stderr]    Compiling bitflags v2.10.0
[INFO] [stderr]    Compiling zerocopy v0.8.31
[INFO] [stderr]    Compiling crypto-common v0.1.7
[INFO] [stderr]    Compiling parking_lot v0.12.5
[INFO] [stderr]    Compiling syn v1.0.109
[INFO] [stderr]    Compiling digest v0.10.7
[INFO] [stderr]    Compiling serde v1.0.228
[INFO] [stderr]    Compiling crossbeam-epoch v0.9.18
[INFO] [stderr]    Compiling tracing v0.1.44
[INFO] [stderr]    Compiling curve25519-dalek v4.1.3
[INFO] [stderr]    Compiling socket2 v0.5.10
[INFO] [stderr]    Compiling zmij v1.0.2
[INFO] [stderr]    Compiling crossbeam-deque v0.8.6
[INFO] [stderr]    Compiling http-body v0.4.6
[INFO] [stderr]    Compiling openssl-sys v0.9.111
[INFO] [stderr]    Compiling polling v2.8.0
[INFO] [stderr]    Compiling serde_json v1.0.148
[INFO] [stderr]    Compiling httpdate v1.0.3
[INFO] [stderr]    Compiling regex-syntax v0.8.8
[INFO] [stderr]    Compiling either v1.15.0
[INFO] [stderr]    Compiling openssl v0.10.75
[INFO] [stderr]    Compiling native-tls v0.2.14
[INFO] [stderr]    Compiling rayon-core v1.13.0
[INFO] [stderr]    Compiling universal-hash v0.5.1
[INFO] [stderr]    Compiling spin v0.9.8
[INFO] [stderr]    Compiling no-std-net v0.6.0
[INFO] [stderr]    Compiling anyhow v1.0.100
[INFO] [stderr]    Compiling rustls-pemfile v1.0.4
[INFO] [stderr]    Compiling ppv-lite86 v0.2.21
[INFO] [stderr]    Compiling rayon v1.11.0
[INFO] [stderr]    Compiling rand_chacha v0.3.1
[INFO] [stderr]    Compiling poly1305 v0.8.0
[INFO] [stderr]    Compiling regex-automata v0.4.13
[INFO] [stderr]    Compiling pnet_base v0.34.0
[INFO] [stderr]    Compiling flume v0.11.1
[INFO] [stderr]    Compiling getrandom v0.3.4
[INFO] [stderr]    Compiling hmac v0.12.1
[INFO] [stderr]    Compiling synstructure v0.13.2
[INFO] [stderr]    Compiling sha2 v0.10.9
[INFO] [stderr]    Compiling aead v0.5.2
[INFO] [stderr]    Compiling pnet_sys v0.34.0
[INFO] [stderr]    Compiling is-terminal v0.4.17
[INFO] [stderr]    Compiling if-addrs v0.10.2
[INFO] [stderr]    Compiling hashbrown v0.14.5
[INFO] [stderr]    Compiling zerofrom-derive v0.1.6
[INFO] [stderr]    Compiling serde_derive v1.0.228
[INFO] [stderr]    Compiling yoke-derive v0.8.1
[INFO] [stderr]    Compiling zerovec-derive v0.11.2
[INFO] [stderr]    Compiling displaydoc v0.2.5
[INFO] [stderr]    Compiling zerofrom v0.1.6
[INFO] [stderr]    Compiling tokio-macros v2.6.0
[INFO] [stderr]    Compiling zeroize_derive v1.4.2
[INFO] [stderr]    Compiling futures-macro v0.3.31
[INFO] [stderr]    Compiling yoke v0.8.1
[INFO] [stderr]    Compiling openssl-macros v0.1.1
[INFO] [stderr]    Compiling zeroize v1.8.2
[INFO] [stderr]    Compiling zerovec v0.11.5
[INFO] [stderr]    Compiling zerotrie v0.2.3
[INFO] [stderr]    Compiling tokio v1.48.0
[INFO] [stderr]    Compiling futures-util v0.3.31
[INFO] [stderr]    Compiling tinystr v0.8.2
[INFO] [stderr]    Compiling potential_utf v0.1.4
[INFO] [stderr]    Compiling icu_locale_core v2.1.1
[INFO] [stderr]    Compiling icu_collections v2.1.1
[INFO] [stderr]    Compiling icu_provider v2.1.1
[INFO] [stderr]    Compiling icu_properties v2.1.2
[INFO] [stderr]    Compiling icu_normalizer v2.1.1
[INFO] [stderr]    Compiling idna_adapter v1.2.1
[INFO] [stderr]    Compiling curve25519-dalek-derive v0.1.1
[INFO] [stderr]    Compiling neli-proc-macros v0.1.4
[INFO] [stderr]    Compiling idna v1.1.0
[INFO] [stderr]    Compiling cipher v0.4.4
[INFO] [stderr]    Compiling thiserror-impl v1.0.69
[INFO] [stderr]    Compiling chacha20 v0.9.1
[INFO] [stderr]    Compiling neli v0.6.5
[INFO] [stderr]    Compiling url v2.5.7
[INFO] [stderr]    Compiling thiserror v1.0.69
[INFO] [stderr]    Compiling futures-executor v0.3.31
[INFO] [stderr]    Compiling tokio-util v0.7.17
[INFO] [stderr]    Compiling tokio-native-tls v0.3.1
[INFO] [stderr]    Compiling ed25519 v2.2.3
[INFO] [stderr]    Compiling h2 v0.3.27
[INFO] [stderr]    Compiling serde_urlencoded v0.7.1
[INFO] [stderr]    Compiling ipnetwork v0.20.0
[INFO] [stderr]    Compiling regex v1.12.2
[INFO] [stderr]    Compiling humantime v2.3.0
[INFO] [stderr]    Compiling sync_wrapper v0.1.2
[INFO] [stderr]    Compiling pnet_datalink v0.34.0
[INFO] [stderr]    Compiling env_logger v0.10.2
[INFO] [stderr]    Compiling ed25519-dalek v2.2.0
[INFO] [stderr]    Compiling local-ip-address v0.5.7
[INFO] [stderr]    Compiling tokio-stream v0.1.17
[INFO] [stderr]    Compiling futures v0.3.31
[INFO] [stderr]    Compiling x25519-dalek v2.0.1
[INFO] [stderr]    Compiling chacha20poly1305 v0.10.1
[INFO] [stderr]    Compiling chrono v0.4.42
[INFO] [stderr]    Compiling dashmap v5.5.3
[INFO] [stderr]    Compiling async-trait v0.1.89
[INFO] [stderr]    Compiling sysinfo v0.29.11
[INFO] [stderr]    Compiling mdns-sd v0.10.5
[INFO] [stderr]    Compiling hkdf v0.12.4
[INFO] [stderr]    Compiling hyper v0.14.32
[INFO] [stderr]    Compiling uuid v1.19.0
[INFO] [stderr]    Compiling rand v0.8.5
[INFO] [stderr]    Compiling hyper-tls v0.5.0
[INFO] [stderr]    Compiling reqwest v0.11.27
[INFO] [stderr]    Compiling xlink v0.1.0 (/opt/rustwide/workdir)
[INFO] [stderr] warning: unused dependency `anyhow`
[INFO] [stderr]  --> Cargo.toml:6:15
[INFO] [stderr]   |
[INFO] [stderr] 6 | [dependencies.anyhow]
[INFO] [stderr]   |               ^^^^^^^
[INFO] [stderr]   |
[INFO] [stderr]   = note: `cargo::unused_dependencies` is set to `warn` by default
[INFO] [stderr] help: consider removing the dependency on `anyhow`
[INFO] [stderr] warning: unused dependency `env_logger`
[INFO] [stderr]   --> Cargo.toml:29:15
[INFO] [stderr]    |
[INFO] [stderr] 29 | [dependencies.env_logger]
[INFO] [stderr]    |               ^^^^^^^^^^^
[INFO] [stderr]    |
[INFO] [stderr] help: consider removing the dependency on `env_logger`
[INFO] [stderr] warning: unused dependency `flate2`
[INFO] [stderr]   --> Cargo.toml:32:15
[INFO] [stderr]    |
[INFO] [stderr] 32 | [dependencies.flate2]
[INFO] [stderr]    |               ^^^^^^^
[INFO] [stderr]    |
[INFO] [stderr] help: consider removing the dependency on `flate2`
[INFO] [stderr] warning: unused dependency `tokio-stream`
[INFO] [stderr]   --> Cargo.toml:86:15
[INFO] [stderr]    |
[INFO] [stderr] 86 | [dependencies.tokio-stream]
[INFO] [stderr]    |               ^^^^^^^^^^^^^
[INFO] [stderr]    |
[INFO] [stderr] help: consider removing the dependency on `tokio-stream`
[INFO] [stderr] warning: `xlink` (manifest) generated 4 warnings
[INFO] [stderr]     Finished `release` profile [optimized] target(s) in 2m 07s
[INFO] running `Command { std: "docker" "inspect" "96dc9d41fff1835d5f36f4897632b7e6ef1fdd7794d0b21f95872f5ece4dde0d", kill_on_drop: false }`
[INFO] running `Command { std: "docker" "exec" "-e" "SOURCE_DIR=/opt/rustwide/workdir" "-e" "CARGO_HOME=/opt/rustwide/cargo-home" "-e" "RUSTUP_HOME=/opt/rustwide/rustup-home" "-e" "CARGO_TARGET_DIR=/opt/rustwide/target" "-e" "CARGO_INCREMENTAL=0" "-e" "RUST_BACKTRACE=full" "-e" "RUSTFLAGS=--cap-lints=warn" "-e" "RUSTDOCFLAGS=--cap-lints=warn" "-w" "/opt/rustwide/workdir" "--user" "0:0" "96dc9d41fff1835d5f36f4897632b7e6ef1fdd7794d0b21f95872f5ece4dde0d" "/opt/rustwide/cargo-home/bin/cargo" "+1.100.0-beta.1" "test" "--frozen" "--no-run" "--message-format=json" "--release", kill_on_drop: false }`
[INFO] [stderr] warning: `package.homepage` is redundant with `package.repository`
[INFO] [stderr]    --> Cargo.toml:145:12
[INFO] [stderr]     |
[INFO] [stderr] 145 | homepage = "https://github.com/Kirky-X/xlink"
[INFO] [stderr]     |            ^^^^^^^^^^^^^^^^^^^^^^^^^^^^^^^^^^
[INFO] [stderr] ...
[INFO] [stderr] 149 | repository = "https://github.com/Kirky-X/xlink"
[INFO] [stderr]     |              ----------------------------------
[INFO] [stderr]     |
[INFO] [stderr]     = note: `cargo::redundant_homepage` is set to `warn` by default
[INFO] [stderr] help: consider removing `package.homepage`
[INFO] [stderr] warning: `xlink` (manifest) generated 1 warning
[INFO] [stderr]    Compiling zerocopy v0.8.31
[INFO] [stderr]    Compiling zerocopy-derive v0.8.31
[INFO] [stderr]    Compiling tokio v1.48.0
[INFO] [stderr]    Compiling num-traits v0.2.19
[INFO] [stderr]    Compiling either v1.15.0
[INFO] [stderr]    Compiling clap_builder v4.5.53
[INFO] [stderr]    Compiling async-stream-impl v0.3.6
[INFO] [stderr]    Compiling tinytemplate v1.2.1
[INFO] [stderr]    Compiling rayon v1.11.0
[INFO] [stderr]    Compiling itertools v0.10.5
[INFO] [stderr]    Compiling async-stream v0.3.6
[INFO] [stderr]    Compiling plotters v0.3.7
[INFO] [stderr]    Compiling chrono v0.4.42
[INFO] [stderr]    Compiling criterion-plot v0.5.0
[INFO] [stderr]    Compiling clap v4.5.53
[INFO] [stderr]    Compiling half v2.7.1
[INFO] [stderr]    Compiling ppv-lite86 v0.2.21
[INFO] [stderr]    Compiling sysinfo v0.29.11
[INFO] [stderr]    Compiling ciborium-ll v0.2.2
[INFO] [stderr]    Compiling ciborium v0.2.2
[INFO] [stderr]    Compiling rand_chacha v0.3.1
[INFO] [stderr]    Compiling rand v0.8.5
[INFO] [stderr]    Compiling criterion v0.5.1
[INFO] [stderr]    Compiling tokio-util v0.7.17
[INFO] [stderr]    Compiling tokio-native-tls v0.3.1
[INFO] [stderr]    Compiling tokio-stream v0.1.17
[INFO] [stderr]    Compiling tokio-test v0.4.4
[INFO] [stderr]    Compiling h2 v0.3.27
[INFO] [stderr]    Compiling hyper v0.14.32
[INFO] [stderr]    Compiling hyper-tls v0.5.0
[INFO] [stderr]    Compiling reqwest v0.11.27
[INFO] [stderr]    Compiling xlink v0.1.0 (/opt/rustwide/workdir)
[INFO] [stderr] warning: unused dependency `anyhow`
[INFO] [stderr]  --> Cargo.toml:6:15
[INFO] [stderr]   |
[INFO] [stderr] 6 | [dependencies.anyhow]
[INFO] [stderr]   |               ^^^^^^^
[INFO] [stderr]   |
[INFO] [stderr]   = note: `cargo::unused_dependencies` is set to `warn` by default
[INFO] [stderr] help: consider removing the dependency on `anyhow`
[INFO] [stderr] warning: unused dependency `env_logger`
[INFO] [stderr]   --> Cargo.toml:29:15
[INFO] [stderr]    |
[INFO] [stderr] 29 | [dependencies.env_logger]
[INFO] [stderr]    |               ^^^^^^^^^^^
[INFO] [stderr]    |
[INFO] [stderr] help: consider removing the dependency on `env_logger`
[INFO] [stderr] help: to still use for development builds, move to `dev-dependencies`
[INFO] [stderr] warning: unused dependency `flate2`
[INFO] [stderr]   --> Cargo.toml:32:15
[INFO] [stderr]    |
[INFO] [stderr] 32 | [dependencies.flate2]
[INFO] [stderr]    |               ^^^^^^^
[INFO] [stderr]    |
[INFO] [stderr] help: consider removing the dependency on `flate2`
[INFO] [stderr] warning: unused dependency `tokio-stream`
[INFO] [stderr]   --> Cargo.toml:86:15
[INFO] [stderr]    |
[INFO] [stderr] 86 | [dependencies.tokio-stream]
[INFO] [stderr]    |               ^^^^^^^^^^^^^
[INFO] [stderr]    |
[INFO] [stderr] help: consider removing the dependency on `tokio-stream`
[INFO] [stderr] warning: `xlink` (manifest) generated 4 warnings
[INFO] [stderr]     Finished `release` profile [optimized] target(s) in 2m 22s
[INFO] running `Command { std: "docker" "inspect" "96dc9d41fff1835d5f36f4897632b7e6ef1fdd7794d0b21f95872f5ece4dde0d", kill_on_drop: false }`
[INFO] running `Command { std: "docker" "exec" "-e" "SOURCE_DIR=/opt/rustwide/workdir" "-e" "CARGO_HOME=/opt/rustwide/cargo-home" "-e" "RUSTUP_HOME=/opt/rustwide/rustup-home" "-e" "CARGO_TARGET_DIR=/opt/rustwide/target" "-e" "CARGO_INCREMENTAL=0" "-e" "RUST_BACKTRACE=full" "-e" "RUSTFLAGS=--cap-lints=warn" "-e" "RUSTDOCFLAGS=--cap-lints=warn" "-w" "/opt/rustwide/workdir" "--user" "0:0" "96dc9d41fff1835d5f36f4897632b7e6ef1fdd7794d0b21f95872f5ece4dde0d" "/opt/rustwide/cargo-home/bin/cargo" "+1.100.0-beta.1" "test" "--frozen" "--release", kill_on_drop: false }`
[INFO] [stderr] warning: `package.homepage` is redundant with `package.repository`
[INFO] [stderr]    --> Cargo.toml:145:12
[INFO] [stderr]     |
[INFO] [stderr] 145 | homepage = "https://github.com/Kirky-X/xlink"
[INFO] [stderr]     |            ^^^^^^^^^^^^^^^^^^^^^^^^^^^^^^^^^^
[INFO] [stderr] ...
[INFO] [stderr] 149 | repository = "https://github.com/Kirky-X/xlink"
[INFO] [stderr]     |              ----------------------------------
[INFO] [stderr]     |
[INFO] [stderr]     = note: `cargo::redundant_homepage` is set to `warn` by default
[INFO] [stderr] help: consider removing `package.homepage`
[INFO] [stderr] warning: `xlink` (manifest) generated 1 warning
[INFO] [stderr] warning: unused dependency `anyhow`
[INFO] [stderr]  --> Cargo.toml:6:15
[INFO] [stderr]   |
[INFO] [stderr] 6 | [dependencies.anyhow]
[INFO] [stderr]   |               ^^^^^^^
[INFO] [stderr]   |
[INFO] [stderr]   = note: `cargo::unused_dependencies` is set to `warn` by default
[INFO] [stderr] help: consider removing the dependency on `anyhow`
[INFO] [stderr] warning: unused dependency `env_logger`
[INFO] [stderr]   --> Cargo.toml:29:15
[INFO] [stderr]    |
[INFO] [stderr] 29 | [dependencies.env_logger]
[INFO] [stderr]    |               ^^^^^^^^^^^
[INFO] [stderr]    |
[INFO] [stderr] help: consider removing the dependency on `env_logger`
[INFO] [stderr] help: to still use for development builds, move to `dev-dependencies`
[INFO] [stderr] warning: unused dependency `flate2`
[INFO] [stderr]   --> Cargo.toml:32:15
[INFO] [stderr]    |
[INFO] [stderr] 32 | [dependencies.flate2]
[INFO] [stderr]    |               ^^^^^^^
[INFO] [stderr]    |
[INFO] [stderr] help: consider removing the dependency on `flate2`
[INFO] [stderr] warning: unused dependency `tokio-stream`
[INFO] [stderr]   --> Cargo.toml:86:15
[INFO] [stderr]    |
[INFO] [stderr] 86 | [dependencies.tokio-stream]
[INFO] [stderr]    |               ^^^^^^^^^^^^^
[INFO] [stderr]    |
[INFO] [stderr] help: consider removing the dependency on `tokio-stream`
[INFO] [stderr] warning: `xlink` (manifest) generated 4 warnings
[INFO] [stderr]     Finished `release` profile [optimized] target(s) in 0.15s
[INFO] [stderr]      Running unittests src/lib.rs (/opt/rustwide/target/release/build/xlink/555e340ad9b34103/out/xlink-555e340ad9b34103)
[INFO] [stdout] 
[INFO] [stdout] running 6 tests
[INFO] [stdout] test utils::dashmap::tests::test_remove_keys ... ok
[INFO] [stdout] test utils::dashmap::tests::test_get_all_values ... ok
[INFO] [stdout] test utils::dashmap::tests::test_clear_dashmap ... ok
[INFO] [stdout] test utils::dashmap::tests::test_get_all_keys ... ok
[INFO] [stdout] test channels::base::tests::test_base_channel_send_generic ... ok
[INFO] [stdout] test channels::base::tests::test_base_channel_add_remove_peer ... ok
[INFO] [stdout] 
[INFO] [stdout] test result: ok. 6 passed; 0 failed; 0 ignored; 0 measured; 0 filtered out; finished in 0.00s
[INFO] [stdout] 
[INFO] [stderr]      Running tests/dos_protection_tests.rs (/opt/rustwide/target/release/build/xlink/63ac283f91c91d10/out/dos_protection_tests-63ac283f91c91d10)
[INFO] [stdout] 
[INFO] [stdout] running 5 tests
[INFO] [stdout] test test_dos_protection_rate_limiting ... FAILED
[INFO] [stdout] test test_dos_protection_edge_cases ... FAILED
[INFO] [stdout] test test_uat_dos_protection_comprehensive ... FAILED
[INFO] [stdout] test test_dos_protection_sustained_attack ... FAILED
[INFO] [stdout] test test_dos_protection_recovery ... FAILED
[INFO] [stdout] 
[INFO] [stdout] failures:
[INFO] [stdout] 
[INFO] [stdout] ---- test_dos_protection_rate_limiting stdout ----
[INFO] [stdout] Starting UAT DoS protection rate limiting test...
[INFO] [stdout] 
[INFO] [stdout] thread 'test_dos_protection_rate_limiting' (3551) panicked at tests/dos_protection_tests.rs:164:14:
[INFO] [stdout] called `Result::unwrap()` on an `Err` value: XLinkError { code: ErrorCode(101), category: System, message: "IO操作失败", context: ErrorContext { location: "src/core/error/mod.rs", device_id: None, group_id: None, session_id: None, request_id: None, original_message: "IO error: Read-only file system (os error 30)", debug_info: None, timestamp: 2026-10-18T20:48:28.812811912Z, retry_suggestion: Some(Retryable { max_attempts: 3, base_delay_ms: 100 }), impact_scope: None }, source: None, documentation_url: None }
[INFO] [stdout] stack backtrace:
[INFO] [stdout]    0:     0x57f4b00ec991 - <<std[617be2ca0a6fd877]::sys::backtrace::BacktraceLock>::print::DisplayBacktrace as core[a373ad73a504971]::fmt::Display>::fmt
[INFO] [stdout]    1:     0x57f4b010352a - core[a373ad73a504971]::fmt::write
[INFO] [stdout]    2:     0x57f4b00f112c - <alloc[2e1b2a31b91974c5]::vec::Vec<u8> as core[a373ad73a504971]::io::write::Write>::write_fmt
[INFO] [stdout]    3:     0x57f4b00c69e6 - std[617be2ca0a6fd877]::panicking::default_hook::{closure#0}
[INFO] [stdout]    4:     0x57f4b00e4099 - std[617be2ca0a6fd877]::panicking::default_hook
[INFO] [stdout]    5:     0x57f4affd3a40 - test[aada8e7e76ba119b]::test_main_inner::{closure#0}
[INFO] [stdout]    6:     0x57f4b00e43c2 - std[617be2ca0a6fd877]::panicking::panic_with_hook
[INFO] [stdout]    7:     0x57f4b00c6a92 - std[617be2ca0a6fd877]::panicking::panic_handler::{closure#0}
[INFO] [stdout]    8:     0x57f4b00bf459 - std[617be2ca0a6fd877]::sys::backtrace::__rust_end_short_backtrace::<std[617be2ca0a6fd877]::panicking::panic_handler::{closure#0}, !>
[INFO] [stdout]    9:     0x57f4b00c769d - __rustc[ea4f61d10b84890b]::rust_begin_unwind
[INFO] [stdout]   10:     0x57f4b0103c8c - core[a373ad73a504971]::panicking::panic_fmt
[INFO] [stdout]   11:     0x57f4b0103a62 - core[a373ad73a504971]::result::unwrap_failed
[INFO] [stdout]   12:     0x57f4aff9f983 - dos_protection_tests[8adf4a408f54b357]::test_dos_protection_rate_limiting::{closure#0}
[INFO] [stdout]   13:     0x57f4affc4743 - <tokio[6d711b78b386cad7]::runtime::scheduler::current_thread::Context>::enter::<core[a373ad73a504971]::task::poll::Poll<()>, <tokio[6d711b78b386cad7]::runtime::scheduler::current_thread::CoreGuard>::block_on<core[a373ad73a504971]::pin::Pin<&mut core[a373ad73a504971]::pin::Pin<&mut dyn core[a373ad73a504971]::future::future::Future<Output = ()>>>>::{closure#0}::{closure#0}>
[INFO] [stdout]   14:     0x57f4affc33b9 - <std[617be2ca0a6fd877]::thread::local::LocalKey<tokio[6d711b78b386cad7]::runtime::context::Context>>::with::<tokio[6d711b78b386cad7]::runtime::context::set_scheduler<(alloc[2e1b2a31b91974c5]::boxed::Box<tokio[6d711b78b386cad7]::runtime::scheduler::current_thread::Core>, core[a373ad73a504971]::option::Option<()>), <tokio[6d711b78b386cad7]::runtime::scheduler::current_thread::CoreGuard>::enter<<tokio[6d711b78b386cad7]::runtime::scheduler::current_thread::CoreGuard>::block_on<core[a373ad73a504971]::pin::Pin<&mut core[a373ad73a504971]::pin::Pin<&mut dyn core[a373ad73a504971]::future::future::Future<Output = ()>>>>::{closure#0}, core[a373ad73a504971]::option::Option<()>>::{closure#0}>::{closure#0}, (alloc[2e1b2a31b91974c5]::boxed::Box<tokio[6d711b78b386cad7]::runtime::scheduler::current_thread::Core>, core[a373ad73a504971]::option::Option<()>)>
[INFO] [stdout]   15:     0x57f4affc4d77 - <tokio[6d711b78b386cad7]::runtime::scheduler::current_thread::CoreGuard>::block_on::<core[a373ad73a504971]::pin::Pin<&mut core[a373ad73a504971]::pin::Pin<&mut dyn core[a373ad73a504971]::future::future::Future<Output = ()>>>>
[INFO] [stdout]   16:     0x57f4affbf90d - tokio[6d711b78b386cad7]::runtime::context::runtime::enter_runtime::<<tokio[6d711b78b386cad7]::runtime::scheduler::current_thread::CurrentThread>::block_on<core[a373ad73a504971]::pin::Pin<&mut dyn core[a373ad73a504971]::future::future::Future<Output = ()>>>::{closure#0}, ()>
[INFO] [stdout]   17:     0x57f4affbd475 - <tokio[6d711b78b386cad7]::runtime::runtime::Runtime>::block_on::<core[a373ad73a504971]::pin::Pin<&mut dyn core[a373ad73a504971]::future::future::Future<Output = ()>>>
[INFO] [stdout]   18:     0x57f4affaa22e - <dos_protection_tests[8adf4a408f54b357]::test_dos_protection_rate_limiting::{closure#0} as core[a373ad73a504971]::ops::function::FnOnce<()>>::call_once
[INFO] [stdout]   19:     0x57f4affc6e8b - test[aada8e7e76ba119b]::__rust_begin_short_backtrace::<core[a373ad73a504971]::result::Result<(), alloc[2e1b2a31b91974c5]::string::String>, fn() -> core[a373ad73a504971]::result::Result<(), alloc[2e1b2a31b91974c5]::string::String>>
[INFO] [stdout]   20:     0x57f4affd4065 - test[aada8e7e76ba119b]::run_test::{closure#0}
[INFO] [stdout]   21:     0x57f4affcd954 - std[617be2ca0a6fd877]::sys::backtrace::__rust_begin_short_backtrace::<test[aada8e7e76ba119b]::run_test::{closure#1}, ()>
[INFO] [stdout]   22:     0x57f4affd70f2 - <std[617be2ca0a6fd877]::thread::lifecycle::spawn_unchecked<test[aada8e7e76ba119b]::run_test::{closure#1}, ()>::{closure#1} as core[a373ad73a504971]::ops::function::FnOnce<()>>::call_once::{shim:vtable#0}
[INFO] [stdout]   23:     0x57f4b00eb95f - <std[617be2ca0a6fd877]::sys::thread::unix::Thread>::new::thread_start
[INFO] [stdout]   24:     0x770462da8dfa - <unknown>
[INFO] [stdout]   25:     0x770462e3c3d4 - clone
[INFO] [stdout]   26:                0x0 - <unknown>
[INFO] [stdout] 
[INFO] [stdout] ---- test_dos_protection_edge_cases stdout ----
[INFO] [stdout] Starting DoS protection edge cases test...
[INFO] [stdout] 
[INFO] [stdout] thread 'test_dos_protection_edge_cases' (3550) panicked at tests/dos_protection_tests.rs:316:14:
[INFO] [stdout] called `Result::unwrap()` on an `Err` value: XLinkError { code: ErrorCode(101), category: System, message: "IO操作失败", context: ErrorContext { location: "src/core/error/mod.rs", device_id: None, group_id: None, session_id: None, request_id: None, original_message: "IO error: Read-only file system (os error 30)", debug_info: None, timestamp: 2026-10-18T20:48:28.812823442Z, retry_suggestion: Some(Retryable { max_attempts: 3, base_delay_ms: 100 }), impact_scope: None }, source: None, documentation_url: None }
[INFO] [stdout] stack backtrace:
[INFO] [stdout]    0:     0x57f4b00ec991 - <<std[617be2ca0a6fd877]::sys::backtrace::BacktraceLock>::print::DisplayBacktrace as core[a373ad73a504971]::fmt::Display>::fmt
[INFO] [stdout]    1:     0x57f4b010352a - core[a373ad73a504971]::fmt::write
[INFO] [stdout]    2:     0x57f4b00f112c - <alloc[2e1b2a31b91974c5]::vec::Vec<u8> as core[a373ad73a504971]::io::write::Write>::write_fmt
[INFO] [stdout]    3:     0x57f4b00c69e6 - std[617be2ca0a6fd877]::panicking::default_hook::{closure#0}
[INFO] [stdout]    4:     0x57f4b00e4099 - std[617be2ca0a6fd877]::panicking::default_hook
[INFO] [stdout]    5:     0x57f4affd3a40 - test[aada8e7e76ba119b]::test_main_inner::{closure#0}
[INFO] [stdout]    6:     0x57f4b00e43c2 - std[617be2ca0a6fd877]::panicking::panic_with_hook
[INFO] [stdout]    7:     0x57f4b00c6a92 - std[617be2ca0a6fd877]::panicking::panic_handler::{closure#0}
[INFO] [stdout]    8:     0x57f4b00bf459 - std[617be2ca0a6fd877]::sys::backtrace::__rust_end_short_backtrace::<std[617be2ca0a6fd877]::panicking::panic_handler::{closure#0}, !>
[INFO] [stdout]    9:     0x57f4b00c769d - __rustc[ea4f61d10b84890b]::rust_begin_unwind
[INFO] [stdout]   10:     0x57f4b0103c8c - core[a373ad73a504971]::panicking::panic_fmt
[INFO] [stdout]   11:     0x57f4b0103a62 - core[a373ad73a504971]::result::unwrap_failed
[INFO] [stdout]   12:     0x57f4aff9f0f5 - dos_protection_tests[8adf4a408f54b357]::test_dos_protection_edge_cases::{closure#0}
[INFO] [stdout]   13:     0x57f4affc4743 - <tokio[6d711b78b386cad7]::runtime::scheduler::current_thread::Context>::enter::<core[a373ad73a504971]::task::poll::Poll<()>, <tokio[6d711b78b386cad7]::runtime::scheduler::current_thread::CoreGuard>::block_on<core[a373ad73a504971]::pin::Pin<&mut core[a373ad73a504971]::pin::Pin<&mut dyn core[a373ad73a504971]::future::future::Future<Output = ()>>>>::{closure#0}::{closure#0}>
[INFO] [stdout]   14:     0x57f4affc33b9 - <std[617be2ca0a6fd877]::thread::local::LocalKey<tokio[6d711b78b386cad7]::runtime::context::Context>>::with::<tokio[6d711b78b386cad7]::runtime::context::set_scheduler<(alloc[2e1b2a31b91974c5]::boxed::Box<tokio[6d711b78b386cad7]::runtime::scheduler::current_thread::Core>, core[a373ad73a504971]::option::Option<()>), <tokio[6d711b78b386cad7]::runtime::scheduler::current_thread::CoreGuard>::enter<<tokio[6d711b78b386cad7]::runtime::scheduler::current_thread::CoreGuard>::block_on<core[a373ad73a504971]::pin::Pin<&mut core[a373ad73a504971]::pin::Pin<&mut dyn core[a373ad73a504971]::future::future::Future<Output = ()>>>>::{closure#0}, core[a373ad73a504971]::option::Option<()>>::{closure#0}>::{closure#0}, (alloc[2e1b2a31b91974c5]::boxed::Box<tokio[6d711b78b386cad7]::runtime::scheduler::current_thread::Core>, core[a373ad73a504971]::option::Option<()>)>
[INFO] [stdout]   15:     0x57f4affc4d77 - <tokio[6d711b78b386cad7]::runtime::scheduler::current_thread::CoreGuard>::block_on::<core[a373ad73a504971]::pin::Pin<&mut core[a373ad73a504971]::pin::Pin<&mut dyn core[a373ad73a504971]::future::future::Future<Output = ()>>>>
[INFO] [stdout]   16:     0x57f4affbf90d - tokio[6d711b78b386cad7]::runtime::context::runtime::enter_runtime::<<tokio[6d711b78b386cad7]::runtime::scheduler::current_thread::CurrentThread>::block_on<core[a373ad73a504971]::pin::Pin<&mut dyn core[a373ad73a504971]::future::future::Future<Output = ()>>>::{closure#0}, ()>
[INFO] [stdout]   17:     0x57f4affbd475 - <tokio[6d711b78b386cad7]::runtime::runtime::Runtime>::block_on::<core[a373ad73a504971]::pin::Pin<&mut dyn core[a373ad73a504971]::future::future::Future<Output = ()>>>
[INFO] [stdout]   18:     0x57f4affaa0ce - <dos_protection_tests[8adf4a408f54b357]::test_dos_protection_edge_cases::{closure#0} as core[a373ad73a504971]::ops::function::FnOnce<()>>::call_once
[INFO] [stdout]   19:     0x57f4affc6e8b - test[aada8e7e76ba119b]::__rust_begin_short_backtrace::<core[a373ad73a504971]::result::Result<(), alloc[2e1b2a31b91974c5]::string::String>, fn() -> core[a373ad73a504971]::result::Result<(), alloc[2e1b2a31b91974c5]::string::String>>
[INFO] [stdout]   20:     0x57f4affd4065 - test[aada8e7e76ba119b]::run_test::{closure#0}
[INFO] [stdout]   21:     0x57f4affcd954 - std[617be2ca0a6fd877]::sys::backtrace::__rust_begin_short_backtrace::<test[aada8e7e76ba119b]::run_test::{closure#1}, ()>
[INFO] [stdout]   22:     0x57f4affd70f2 - <std[617be2ca0a6fd877]::thread::lifecycle::spawn_unchecked<test[aada8e7e76ba119b]::run_test::{closure#1}, ()>::{closure#1} as core[a373ad73a504971]::ops::function::FnOnce<()>>::call_once::{shim:vtable#0}
[INFO] [stdout]   23:     0x57f4b00eb95f - <std[617be2ca0a6fd877]::sys::thread::unix::Thread>::new::thread_start
[INFO] [stdout]   24:     0x770462da8dfa - <unknown>
[INFO] [stdout]   25:     0x770462e3c3d4 - clone
[INFO] [stdout]   26:                0x0 - <unknown>
[INFO] [stdout] 
[INFO] [stdout] ---- test_uat_dos_protection_comprehensive stdout ----
[INFO] [stdout] Starting comprehensive UAT DoS protection test...
[INFO] [stdout] 
[INFO] [stdout] thread 'test_uat_dos_protection_comprehensive' (3554) panicked at tests/dos_protection_tests.rs:375:14:
[INFO] [stderr] error: test failed, to rerun pass `--test dos_protection_tests`
[INFO] [stdout] called `Result::unwrap()` on an `Err` value: XLinkError { code: ErrorCode(101), category: System, message: "IO操作失败", context: ErrorContext { location: "src/core/error/mod.rs", device_id: None, group_id: None, session_id: None, request_id: None, original_message: "IO error: Read-only file system (os error 30)", debug_info: None, timestamp: 2026-10-18T20:48:28.812834472Z, retry_suggestion: Some(Retryable { max_attempts: 3, base_delay_ms: 100 }), impact_scope: None }, source: None, documentation_url: None }
[INFO] [stdout] stack backtrace:
[INFO] [stdout]    0:     0x57f4b00ec991 - <<std[617be2ca0a6fd877]::sys::backtrace::BacktraceLock>::print::DisplayBacktrace as core[a373ad73a504971]::fmt::Display>::fmt
[INFO] [stdout]    1:     0x57f4b010352a - core[a373ad73a504971]::fmt::write
[INFO] [stdout]    2:     0x57f4b00f112c - <alloc[2e1b2a31b91974c5]::vec::Vec<u8> as core[a373ad73a504971]::io::write::Write>::write_fmt
[INFO] [stdout]    3:     0x57f4b00c69e6 - std[617be2ca0a6fd877]::panicking::default_hook::{closure#0}
[INFO] [stdout]    4:     0x57f4b00e4099 - std[617be2ca0a6fd877]::panicking::default_hook
[INFO] [stdout]    5:     0x57f4affd3a40 - test[aada8e7e76ba119b]::test_main_inner::{closure#0}
[INFO] [stdout]    6:     0x57f4b00e43c2 - std[617be2ca0a6fd877]::panicking::panic_with_hook
[INFO] [stdout]    7:     0x57f4b00c6a92 - std[617be2ca0a6fd877]::panicking::panic_handler::{closure#0}
[INFO] [stdout]    8:     0x57f4b00bf459 - std[617be2ca0a6fd877]::sys::backtrace::__rust_end_short_backtrace::<std[617be2ca0a6fd877]::panicking::panic_handler::{closure#0}, !>
[INFO] [stdout]    9:     0x57f4b00c769d - __rustc[ea4f61d10b84890b]::rust_begin_unwind
[INFO] [stdout]   10:     0x57f4b0103c8c - core[a373ad73a504971]::panicking::panic_fmt
[INFO] [stdout]   11:     0x57f4b0103a62 - core[a373ad73a504971]::result::unwrap_failed
[INFO] [stdout]   12:     0x57f4affa0ad6 - dos_protection_tests[8adf4a408f54b357]::test_uat_dos_protection_comprehensive::{closure#0}
[INFO] [stdout]   13:     0x57f4affc4743 - <tokio[6d711b78b386cad7]::runtime::scheduler::current_thread::Context>::enter::<core[a373ad73a504971]::task::poll::Poll<()>, <tokio[6d711b78b386cad7]::runtime::scheduler::current_thread::CoreGuard>::block_on<core[a373ad73a504971]::pin::Pin<&mut core[a373ad73a504971]::pin::Pin<&mut dyn core[a373ad73a504971]::future::future::Future<Output = ()>>>>::{closure#0}::{closure#0}>
[INFO] [stdout]   14:     0x57f4affc33b9 - <std[617be2ca0a6fd877]::thread::local::LocalKey<tokio[6d711b78b386cad7]::runtime::context::Context>>::with::<tokio[6d711b78b386cad7]::runtime::context::set_scheduler<(alloc[2e1b2a31b91974c5]::boxed::Box<tokio[6d711b78b386cad7]::runtime::scheduler::current_thread::Core>, core[a373ad73a504971]::option::Option<()>), <tokio[6d711b78b386cad7]::runtime::scheduler::current_thread::CoreGuard>::enter<<tokio[6d711b78b386cad7]::runtime::scheduler::current_thread::CoreGuard>::block_on<core[a373ad73a504971]::pin::Pin<&mut core[a373ad73a504971]::pin::Pin<&mut dyn core[a373ad73a504971]::future::future::Future<Output = ()>>>>::{closure#0}, core[a373ad73a504971]::option::Option<()>>::{closure#0}>::{closure#0}, (alloc[2e1b2a31b91974c5]::boxed::Box<tokio[6d711b78b386cad7]::runtime::scheduler::current_thread::Core>, core[a373ad73a504971]::option::Option<()>)>
[INFO] [stdout]   15:     0x57f4affc4d77 - <tokio[6d711b78b386cad7]::runtime::scheduler::current_thread::CoreGuard>::block_on::<core[a373ad73a504971]::pin::Pin<&mut core[a373ad73a504971]::pin::Pin<&mut dyn core[a373ad73a504971]::future::future::Future<Output = ()>>>>
[INFO] [stdout]   16:     0x57f4affbf90d - tokio[6d711b78b386cad7]::runtime::context::runtime::enter_runtime::<<tokio[6d711b78b386cad7]::runtime::scheduler::current_thread::CurrentThread>::block_on<core[a373ad73a504971]::pin::Pin<&mut dyn core[a373ad73a504971]::future::future::Future<Output = ()>>>::{closure#0}, ()>
[INFO] [stdout]   17:     0x57f4affbd475 - <tokio[6d711b78b386cad7]::runtime::runtime::Runtime>::block_on::<core[a373ad73a504971]::pin::Pin<&mut dyn core[a373ad73a504971]::future::future::Future<Output = ()>>>
[INFO] [stdout]   18:     0x57f4affaa4ee - <dos_protection_tests[8adf4a408f54b357]::test_uat_dos_protection_comprehensive::{closure#0} as core[a373ad73a504971]::ops::function::FnOnce<()>>::call_once
[INFO] [stdout]   19:     0x57f4affc6e8b - test[aada8e7e76ba119b]::__rust_begin_short_backtrace::<core[a373ad73a504971]::result::Result<(), alloc[2e1b2a31b91974c5]::string::String>, fn() -> core[a373ad73a504971]::result::Result<(), alloc[2e1b2a31b91974c5]::string::String>>
[INFO] [stdout]   20:     0x57f4affd4065 - test[aada8e7e76ba119b]::run_test::{closure#0}
[INFO] [stdout]   21:     0x57f4affcd954 - std[617be2ca0a6fd877]::sys::backtrace::__rust_begin_short_backtrace::<test[aada8e7e76ba119b]::run_test::{closure#1}, ()>
[INFO] [stdout]   22:     0x57f4affd70f2 - <std[617be2ca0a6fd877]::thread::lifecycle::spawn_unchecked<test[aada8e7e76ba119b]::run_test::{closure#1}, ()>::{closure#1} as core[a373ad73a504971]::ops::function::FnOnce<()>>::call_once::{shim:vtable#0}
[INFO] [stdout]   23:     0x57f4b00eb95f - <std[617be2ca0a6fd877]::sys::thread::unix::Thread>::new::thread_start
[INFO] [stdout]   24:     0x770462da8dfa - <unknown>
[INFO] [stdout]   25:     0x770462e3c3d4 - clone
[INFO] [stdout]   26:                0x0 - <unknown>
[INFO] [stdout] 
[INFO] [stdout] ---- test_dos_protection_sustained_attack stdout ----
[INFO] [stdout] Starting DoS protection sustained attack test...
[INFO] [stdout] 
[INFO] [stdout] thread 'test_dos_protection_sustained_attack' (3553) panicked at tests/dos_protection_tests.rs:218:14:
[INFO] [stdout] called `Result::unwrap()` on an `Err` value: XLinkError { code: ErrorCode(101), category: System, message: "IO操作失败", context: ErrorContext { location: "src/core/error/mod.rs", device_id: None, group_id: None, session_id: None, request_id: None, original_message: "IO error: Read-only file system (os error 30)", debug_info: None, timestamp: 2026-10-18T20:48:28.812885272Z, retry_suggestion: Some(Retryable { max_attempts: 3, base_delay_ms: 100 }), impact_scope: None }, source: None, documentation_url: None }
[INFO] [stdout] stack backtrace:
[INFO] [stdout]    0:     0x57f4b00ec991 - <<std[617be2ca0a6fd877]::sys::backtrace::BacktraceLock>::print::DisplayBacktrace as core[a373ad73a504971]::fmt::Display>::fmt
[INFO] [stdout]    1:     0x57f4b010352a - core[a373ad73a504971]::fmt::write
[INFO] [stdout]    2:     0x57f4b00f112c - <alloc[2e1b2a31b91974c5]::vec::Vec<u8> as core[a373ad73a504971]::io::write::Write>::write_fmt
[INFO] [stdout]    3:     0x57f4b00c69e6 - std[617be2ca0a6fd877]::panicking::default_hook::{closure#0}
[INFO] [stdout]    4:     0x57f4b00e4099 - std[617be2ca0a6fd877]::panicking::default_hook
[INFO] [stdout]    5:     0x57f4affd3a40 - test[aada8e7e76ba119b]::test_main_inner::{closure#0}
[INFO] [stdout]    6:     0x57f4b00e43c2 - std[617be2ca0a6fd877]::panicking::panic_with_hook
[INFO] [stdout]    7:     0x57f4b00c6a92 - std[617be2ca0a6fd877]::panicking::panic_handler::{closure#0}
[INFO] [stdout]    8:     0x57f4b00bf459 - std[617be2ca0a6fd877]::sys::backtrace::__rust_end_short_backtrace::<std[617be2ca0a6fd877]::panicking::panic_handler::{closure#0}, !>
[INFO] [stdout]    9:     0x57f4b00c769d - __rustc[ea4f61d10b84890b]::rust_begin_unwind
[INFO] [stdout]   10:     0x57f4b0103c8c - core[a373ad73a504971]::panicking::panic_fmt
[INFO] [stdout]   11:     0x57f4b0103a62 - core[a373ad73a504971]::result::unwrap_failed
[INFO] [stdout]   12:     0x57f4affa00d4 - dos_protection_tests[8adf4a408f54b357]::test_dos_protection_sustained_attack::{closure#0}
[INFO] [stdout]   13:     0x57f4affc4743 - <tokio[6d711b78b386cad7]::runtime::scheduler::current_thread::Context>::enter::<core[a373ad73a504971]::task::poll::Poll<()>, <tokio[6d711b78b386cad7]::runtime::scheduler::current_thread::CoreGuard>::block_on<core[a373ad73a504971]::pin::Pin<&mut core[a373ad73a504971]::pin::Pin<&mut dyn core[a373ad73a504971]::future::future::Future<Output = ()>>>>::{closure#0}::{closure#0}>
[INFO] [stdout]   14:     0x57f4affc33b9 - <std[617be2ca0a6fd877]::thread::local::LocalKey<tokio[6d711b78b386cad7]::runtime::context::Context>>::with::<tokio[6d711b78b386cad7]::runtime::context::set_scheduler<(alloc[2e1b2a31b91974c5]::boxed::Box<tokio[6d711b78b386cad7]::runtime::scheduler::current_thread::Core>, core[a373ad73a504971]::option::Option<()>), <tokio[6d711b78b386cad7]::runtime::scheduler::current_thread::CoreGuard>::enter<<tokio[6d711b78b386cad7]::runtime::scheduler::current_thread::CoreGuard>::block_on<core[a373ad73a504971]::pin::Pin<&mut core[a373ad73a504971]::pin::Pin<&mut dyn core[a373ad73a504971]::future::future::Future<Output = ()>>>>::{closure#0}, core[a373ad73a504971]::option::Option<()>>::{closure#0}>::{closure#0}, (alloc[2e1b2a31b91974c5]::boxed::Box<tokio[6d711b78b386cad7]::runtime::scheduler::current_thread::Core>, core[a373ad73a504971]::option::Option<()>)>
[INFO] [stdout]   15:     0x57f4affc4d77 - <tokio[6d711b78b386cad7]::runtime::scheduler::current_thread::CoreGuard>::block_on::<core[a373ad73a504971]::pin::Pin<&mut core[a373ad73a504971]::pin::Pin<&mut dyn core[a373ad73a504971]::future::future::Future<Output = ()>>>>
[INFO] [stdout]   16:     0x57f4affbf90d - tokio[6d711b78b386cad7]::runtime::context::runtime::enter_runtime::<<tokio[6d711b78b386cad7]::runtime::scheduler::current_thread::CurrentThread>::block_on<core[a373ad73a504971]::pin::Pin<&mut dyn core[a373ad73a504971]::future::future::Future<Output = ()>>>::{closure#0}, ()>
[INFO] [stdout]   17:     0x57f4affbd475 - <tokio[6d711b78b386cad7]::runtime::runtime::Runtime>::block_on::<core[a373ad73a504971]::pin::Pin<&mut dyn core[a373ad73a504971]::future::future::Future<Output = ()>>>
[INFO] [stdout]   18:     0x57f4affaa38e - <dos_protection_tests[8adf4a408f54b357]::test_dos_protection_sustained_attack::{closure#0} as core[a373ad73a504971]::ops::function::FnOnce<()>>::call_once
[INFO] [stdout]   19:     0x57f4affc6e8b - test[aada8e7e76ba119b]::__rust_begin_short_backtrace::<core[a373ad73a504971]::result::Result<(), alloc[2e1b2a31b91974c5]::string::String>, fn() -> core[a373ad73a504971]::result::Result<(), alloc[2e1b2a31b91974c5]::string::String>>
[INFO] [stdout]   20:     0x57f4affd4065 - test[aada8e7e76ba119b]::run_test::{closure#0}
[INFO] [stdout]   21:     0x57f4affcd954 - std[617be2ca0a6fd877]::sys::backtrace::__rust_begin_short_backtrace::<test[aada8e7e76ba119b]::run_test::{closure#1}, ()>
[INFO] [stdout]   22:     0x57f4affd70f2 - <std[617be2ca0a6fd877]::thread::lifecycle::spawn_unchecked<test[aada8e7e76ba119b]::run_test::{closure#1}, ()>::{closure#1} as core[a373ad73a504971]::ops::function::FnOnce<()>>::call_once::{shim:vtable#0}
[INFO] [stdout]   23:     0x57f4b00eb95f - <std[617be2ca0a6fd877]::sys::thread::unix::Thread>::new::thread_start
[INFO] [stdout]   24:     0x770462da8dfa - <unknown>
[INFO] [stdout]   25:     0x770462e3c3d4 - clone
[INFO] [stdout]   26:                0x0 - <unknown>
[INFO] [stdout] 
[INFO] [stdout] ---- test_dos_protection_recovery stdout ----
[INFO] [stdout] Starting DoS protection recovery test...
[INFO] [stdout] 
[INFO] [stdout] thread 'test_dos_protection_recovery' (3552) panicked at tests/dos_protection_tests.rs:268:14:
[INFO] [stdout] called `Result::unwrap()` on an `Err` value: XLinkError { code: ErrorCode(101), category: System, message: "IO操作失败", context: ErrorContext { location: "src/core/error/mod.rs", device_id: None, group_id: None, session_id: None, request_id: None, original_message: "IO error: Read-only file system (os error 30)", debug_info: None, timestamp: 2026-10-18T20:48:28.812893562Z, retry_suggestion: Some(Retryable { max_attempts: 3, base_delay_ms: 100 }), impact_scope: None }, source: None, documentation_url: None }
[INFO] [stdout] stack backtrace:
[INFO] [stdout]    0:     0x57f4b00ec991 - <<std[617be2ca0a6fd877]::sys::backtrace::BacktraceLock>::print::DisplayBacktrace as core[a373ad73a504971]::fmt::Display>::fmt
[INFO] [stdout]    1:     0x57f4b010352a - core[a373ad73a504971]::fmt::write
[INFO] [stdout]    2:     0x57f4b00f112c - <alloc[2e1b2a31b91974c5]::vec::Vec<u8> as core[a373ad73a504971]::io::write::Write>::write_fmt
[INFO] [stdout]    3:     0x57f4b00c69e6 - std[617be2ca0a6fd877]::panicking::default_hook::{closure#0}
[INFO] [stdout]    4:     0x57f4b00e4099 - std[617be2ca0a6fd877]::panicking::default_hook
[INFO] [stdout]    5:     0x57f4affd3a40 - test[aada8e7e76ba119b]::test_main_inner::{closure#0}
[INFO] [stdout]    6:     0x57f4b00e43c2 - std[617be2ca0a6fd877]::panicking::panic_with_hook
[INFO] [stdout]    7:     0x57f4b00c6a92 - std[617be2ca0a6fd877]::panicking::panic_handler::{closure#0}
[INFO] [stdout]    8:     0x57f4b00bf459 - std[617be2ca0a6fd877]::sys::backtrace::__rust_end_short_backtrace::<std[617be2ca0a6fd877]::panicking::panic_handler::{closure#0}, !>
[INFO] [stdout]    9:     0x57f4b00c769d - __rustc[ea4f61d10b84890b]::rust_begin_unwind
[INFO] [stdout]   10:     0x57f4b0103c8c - core[a373ad73a504971]::panicking::panic_fmt
[INFO] [stdout]   11:     0x57f4b0103a62 - core[a373ad73a504971]::result::unwrap_failed
[INFO] [stdout]   12:     0x57f4aff9e4d6 - dos_protection_tests[8adf4a408f54b357]::test_dos_protection_recovery::{closure#0}
[INFO] [stdout]   13:     0x57f4affc4743 - <tokio[6d711b78b386cad7]::runtime::scheduler::current_thread::Context>::enter::<core[a373ad73a504971]::task::poll::Poll<()>, <tokio[6d711b78b386cad7]::runtime::scheduler::current_thread::CoreGuard>::block_on<core[a373ad73a504971]::pin::Pin<&mut core[a373ad73a504971]::pin::Pin<&mut dyn core[a373ad73a504971]::future::future::Future<Output = ()>>>>::{closure#0}::{closure#0}>
[INFO] [stdout]   14:     0x57f4affc33b9 - <std[617be2ca0a6fd877]::thread::local::LocalKey<tokio[6d711b78b386cad7]::runtime::context::Context>>::with::<tokio[6d711b78b386cad7]::runtime::context::set_scheduler<(alloc[2e1b2a31b91974c5]::boxed::Box<tokio[6d711b78b386cad7]::runtime::scheduler::current_thread::Core>, core[a373ad73a504971]::option::Option<()>), <tokio[6d711b78b386cad7]::runtime::scheduler::current_thread::CoreGuard>::enter<<tokio[6d711b78b386cad7]::runtime::scheduler::current_thread::CoreGuard>::block_on<core[a373ad73a504971]::pin::Pin<&mut core[a373ad73a504971]::pin::Pin<&mut dyn core[a373ad73a504971]::future::future::Future<Output = ()>>>>::{closure#0}, core[a373ad73a504971]::option::Option<()>>::{closure#0}>::{closure#0}, (alloc[2e1b2a31b91974c5]::boxed::Box<tokio[6d711b78b386cad7]::runtime::scheduler::current_thread::Core>, core[a373ad73a504971]::option::Option<()>)>
[INFO] [stdout]   15:     0x57f4affc4d77 - <tokio[6d711b78b386cad7]::runtime::scheduler::current_thread::CoreGuard>::block_on::<core[a373ad73a504971]::pin::Pin<&mut core[a373ad73a504971]::pin::Pin<&mut dyn core[a373ad73a504971]::future::future::Future<Output = ()>>>>
[INFO] [stdout]   16:     0x57f4affbf90d - tokio[6d711b78b386cad7]::runtime::context::runtime::enter_runtime::<<tokio[6d711b78b386cad7]::runtime::scheduler::current_thread::CurrentThread>::block_on<core[a373ad73a504971]::pin::Pin<&mut dyn core[a373ad73a504971]::future::future::Future<Output = ()>>>::{closure#0}, ()>
[INFO] [stdout]   17:     0x57f4affbd475 - <tokio[6d711b78b386cad7]::runtime::runtime::Runtime>::block_on::<core[a373ad73a504971]::pin::Pin<&mut dyn core[a373ad73a504971]::future::future::Future<Output = ()>>>
[INFO] [stdout]   18:     0x57f4affa9f6e - <dos_protection_tests[8adf4a408f54b357]::test_dos_protection_recovery::{closure#0} as core[a373ad73a504971]::ops::function::FnOnce<()>>::call_once
[INFO] [stdout]   19:     0x57f4affc6e8b - test[aada8e7e76ba119b]::__rust_begin_short_backtrace::<core[a373ad73a504971]::result::Result<(), alloc[2e1b2a31b91974c5]::string::String>, fn() -> core[a373ad73a504971]::result::Result<(), alloc[2e1b2a31b91974c5]::string::String>>
[INFO] [stdout]   20:     0x57f4affd4065 - test[aada8e7e76ba119b]::run_test::{closure#0}
[INFO] [stdout]   21:     0x57f4affcd954 - std[617be2ca0a6fd877]::sys::backtrace::__rust_begin_short_backtrace::<test[aada8e7e76ba119b]::run_test::{closure#1}, ()>
[INFO] [stdout]   22:     0x57f4affd70f2 - <std[617be2ca0a6fd877]::thread::lifecycle::spawn_unchecked<test[aada8e7e76ba119b]::run_test::{closure#1}, ()>::{closure#1} as core[a373ad73a504971]::ops::function::FnOnce<()>>::call_once::{shim:vtable#0}
[INFO] [stdout]   23:     0x57f4b00eb95f - <std[617be2ca0a6fd877]::sys::thread::unix::Thread>::new::thread_start
[INFO] [stdout]   24:     0x770462da8dfa - <unknown>
[INFO] [stdout]   25:     0x770462e3c3d4 - clone
[INFO] [stdout]   26:                0x0 - <unknown>
[INFO] [stdout] 
[INFO] [stdout] 
[INFO] [stdout] failures:
[INFO] [stdout]     test_dos_protection_edge_cases
[INFO] [stdout]     test_dos_protection_rate_limiting
[INFO] [stdout]     test_dos_protection_recovery
[INFO] [stdout]     test_dos_protection_sustained_attack
[INFO] [stdout]     test_uat_dos_protection_comprehensive
[INFO] [stdout] 
[INFO] [stdout] test result: FAILED. 0 passed; 5 failed; 0 ignored; 0 measured; 0 filtered out; finished in 0.00s
[INFO] [stdout] 
[INFO] running `Command { std: "docker" "inspect" "96dc9d41fff1835d5f36f4897632b7e6ef1fdd7794d0b21f95872f5ece4dde0d", kill_on_drop: false }`
[INFO] running `Command { std: "docker" "rm" "-f" "96dc9d41fff1835d5f36f4897632b7e6ef1fdd7794d0b21f95872f5ece4dde0d", kill_on_drop: false }`
[INFO] [stdout] 96dc9d41fff1835d5f36f4897632b7e6ef1fdd7794d0b21f95872f5ece4dde0d
