[INFO] fetching crate xlaude 0.7.0...
[INFO] testing xlaude-0.7.0 against 1.99.0-beta.8+cargoflags=--release for beta-release-1.100-2
[INFO] extracting crate xlaude 0.7.0 into /workspace/builds/worker-5-tc1/source
[INFO] started tweaking crates.io crate xlaude 0.7.0
[INFO] removed 0 missing tests
[INFO] finished tweaking crates.io crate xlaude 0.7.0
[INFO] tweaked toml for crates.io crate xlaude 0.7.0 written to /workspace/builds/worker-5-tc1/source/Cargo.toml
[INFO] validating manifest of crates.io crate xlaude 0.7.0 on toolchain 1.99.0-beta.8
[INFO] running `Command { std: CARGO_HOME="/workspace/cargo-home" RUSTUP_HOME="/workspace/rustup-home" "/workspace/cargo-home/bin/cargo" "+1.99.0-beta.8" "metadata" "--manifest-path" "Cargo.toml" "--no-deps", kill_on_drop: false }`
[INFO] crate crates.io crate xlaude 0.7.0 already has a lockfile, it will not be regenerated
[INFO] running `Command { std: CARGO_HOME="/workspace/cargo-home" RUSTUP_HOME="/workspace/rustup-home" "/workspace/cargo-home/bin/cargo" "+1.99.0-beta.8" "fetch" "--manifest-path" "Cargo.toml", kill_on_drop: false }`
[INFO] [stderr]     Updating crates.io index
[INFO] [stderr]  Downloading crates ...
[INFO] [stderr]   Downloaded shell-words v1.1.0
[INFO] [stderr]   Downloaded temp-env v0.3.6
[INFO] [stderr]   Downloaded convert_case v0.7.1
[INFO] [stderr]   Downloaded wasm-bindgen-macro v0.2.105
[INFO] [stderr]   Downloaded pest_derive v2.8.3
[INFO] [stderr]   Downloaded clap_complete v4.5.60
[INFO] [stderr]   Downloaded colored v3.0.0
[INFO] [stderr]   Downloaded wasm-bindgen-shared v0.2.105
[INFO] [stderr]   Downloaded bitcoin-internals v0.2.0
[INFO] [stderr]   Downloaded pest_generator v2.8.3
[INFO] [stderr]   Downloaded find-msvc-tools v0.1.4
[INFO] [stderr]   Downloaded hex-conservative v0.1.2
[INFO] [stderr]   Downloaded pest_meta v2.8.3
[INFO] [stderr]   Downloaded clap v4.5.51
[INFO] [stderr]   Downloaded bitcoin_hashes v0.13.0
[INFO] [stderr]   Downloaded assert_cmd v2.1.1
[INFO] [stderr]   Downloaded wasm-bindgen v0.2.105
[INFO] [stderr]   Downloaded wasm-bindgen-macro-support v0.2.105
[INFO] [stderr]   Downloaded mio v1.1.0
[INFO] [stderr]   Downloaded js-sys v0.3.82
[INFO] [stderr]   Downloaded cc v1.2.45
[INFO] [stderr]   Downloaded bip39 v2.2.0
[INFO] [stderr]   Downloaded pest v2.8.3
[INFO] [stderr]   Downloaded clap_builder v4.5.51
[INFO] [stderr]   Downloaded unicode-width v0.2.0
[INFO] [stderr]   Downloaded syn v2.0.110
[INFO] [stderr]   Downloaded ratatui v0.29.0
[INFO] [stderr]   Downloaded insta v1.43.2
[INFO] running `Command { std: "docker" "create" "-v" "/var/lib/crater-agent-workspace/builds/worker-5-tc1/source:/opt/rustwide/workdir:ro,Z" "-v" "/var/lib/crater-agent-workspace/builds/worker-5-tc1/target:/opt/rustwide/target:rw,Z" "-v" "/var/lib/crater-agent-workspace/cargo-home:/opt/rustwide/cargo-home:ro,Z" "-v" "/var/lib/crater-agent-workspace/rustup-home:/opt/rustwide/rustup-home:ro,Z" "-m" "1610612736" "--network" "none" "ghcr.io/rust-lang/crates-build-env/linux@sha256:77db811e55d90add9212f6832c23229e3de5f1c1f9905e8cb07319ea15df73ac" "sleep" "infinity", kill_on_drop: false }`
[INFO] [stdout] 5983b58e3953a8ca6cc2aea5d8a8d271e3d9be757878273e9f3345d04f69b3f1
[INFO] running `Command { std: "docker" "start" "5983b58e3953a8ca6cc2aea5d8a8d271e3d9be757878273e9f3345d04f69b3f1", kill_on_drop: false }`
[INFO] running `Command { std: "docker" "inspect" "5983b58e3953a8ca6cc2aea5d8a8d271e3d9be757878273e9f3345d04f69b3f1", kill_on_drop: false }`
[INFO] running `Command { std: "docker" "exec" "-e" "SOURCE_DIR=/opt/rustwide/workdir" "-e" "CARGO_HOME=/opt/rustwide/cargo-home" "-e" "RUSTUP_HOME=/opt/rustwide/rustup-home" "-e" "CARGO_TARGET_DIR=/opt/rustwide/target" "-w" "/opt/rustwide/workdir" "--user" "0:0" "5983b58e3953a8ca6cc2aea5d8a8d271e3d9be757878273e9f3345d04f69b3f1" "/opt/rustwide/cargo-home/bin/cargo" "+1.99.0-beta.8" "metadata" "--no-deps" "--format-version=1", kill_on_drop: false }`
[INFO] running `Command { std: "docker" "inspect" "5983b58e3953a8ca6cc2aea5d8a8d271e3d9be757878273e9f3345d04f69b3f1", kill_on_drop: false }`
[INFO] running `Command { std: "docker" "exec" "-e" "SOURCE_DIR=/opt/rustwide/workdir" "-e" "CARGO_HOME=/opt/rustwide/cargo-home" "-e" "RUSTUP_HOME=/opt/rustwide/rustup-home" "-e" "CARGO_TARGET_DIR=/opt/rustwide/target" "-e" "CARGO_INCREMENTAL=0" "-e" "RUST_BACKTRACE=full" "-e" "RUSTFLAGS=--cap-lints=warn" "-e" "RUSTDOCFLAGS=--cap-lints=warn" "-w" "/opt/rustwide/workdir" "--user" "0:0" "5983b58e3953a8ca6cc2aea5d8a8d271e3d9be757878273e9f3345d04f69b3f1" "/opt/rustwide/cargo-home/bin/cargo" "+1.99.0-beta.8" "build" "--frozen" "--message-format=json" "--release", kill_on_drop: false }`
[INFO] [stderr]    Compiling libc v0.2.177
[INFO] [stderr]    Compiling proc-macro2 v1.0.103
[INFO] [stderr]    Compiling unicode-ident v1.0.22
[INFO] [stderr]    Compiling quote v1.0.42
[INFO] [stderr]    Compiling bitflags v2.10.0
[INFO] [stderr]    Compiling signal-hook v0.3.18
[INFO] [stderr]    Compiling rustix v1.1.2
[INFO] [stderr]    Compiling zerocopy v0.8.27
[INFO] [stderr]    Compiling fnv v1.0.7
[INFO] [stderr]    Compiling log v0.4.28
[INFO] [stderr]    Compiling smallvec v1.15.1
[INFO] [stderr]    Compiling bitcoin-internals v0.2.0
[INFO] [stderr]    Compiling unicode-segmentation v1.12.0
[INFO] [stderr]    Compiling rustix v0.38.44
[INFO] [stderr]    Compiling linux-raw-sys v0.11.0
[INFO] [stderr]    Compiling anstyle-query v1.1.4
[INFO] [stderr]    Compiling num-traits v0.2.19
[INFO] [stderr]    Compiling anstream v0.6.21
[INFO] [stderr]    Compiling either v1.15.0
[INFO] [stderr]    Compiling linux-raw-sys v0.4.15
[INFO] [stderr]    Compiling ryu v1.0.20
[INFO] [stderr]    Compiling instability v0.3.9
[INFO] [stderr]    Compiling unicode-width v0.2.0
[INFO] [stderr]    Compiling clap_lex v0.7.6
[INFO] [stderr]    Compiling tinyvec v1.10.0
[INFO] [stderr]    Compiling hashbrown v0.15.5
[INFO] [stderr]    Compiling convert_case v0.7.1
[INFO] [stderr]    Compiling itertools v0.13.0
[INFO] [stderr]    Compiling indoc v2.0.7
[INFO] [stderr]    Compiling anyhow v1.0.100
[INFO] [stderr]    Compiling hex-conservative v0.1.2
[INFO] [stderr]    Compiling clap_builder v4.5.51
[INFO] [stderr]    Compiling static_assertions v1.1.0
[INFO] [stderr]    Compiling serde_json v1.0.145
[INFO] [stderr]    Compiling compact_str v0.8.1
[INFO] [stderr]    Compiling iana-time-zone v0.1.64
[INFO] [stderr]    Compiling memchr v2.7.6
[INFO] [stderr]    Compiling cassowary v0.3.0
[INFO] [stderr]    Compiling bitcoin_hashes v0.13.0
[INFO] [stderr]    Compiling unicode-normalization v0.1.25
[INFO] [stderr]    Compiling shell-words v1.1.0
[INFO] [stderr]    Compiling syn v2.0.110
[INFO] [stderr]    Compiling lru v0.12.5
[INFO] [stderr]    Compiling colored v3.0.0
[INFO] [stderr]    Compiling getrandom v0.3.4
[INFO] [stderr]    Compiling signal-hook-registry v1.4.6
[INFO] [stderr]    Compiling parking_lot_core v0.9.12
[INFO] [stderr]    Compiling mio v1.1.0
[INFO] [stderr]    Compiling dirs-sys v0.5.0
[INFO] [stderr]    Compiling rand_core v0.9.3
[INFO] [stderr]    Compiling console v0.16.1
[INFO] [stderr]    Compiling directories v6.0.0
[INFO] [stderr]    Compiling atty v0.2.14
[INFO] [stderr]    Compiling signal-hook-mio v0.2.5
[INFO] [stderr]    Compiling parking_lot v0.12.5
[INFO] [stderr]    Compiling unicode-truncate v1.1.0
[INFO] [stderr]    Compiling crossterm v0.28.1
[INFO] [stderr]    Compiling tempfile v3.23.0
[INFO] [stderr]    Compiling dialoguer v0.12.0
[INFO] [stderr]    Compiling ppv-lite86 v0.2.21
[INFO] [stderr]    Compiling rand_chacha v0.9.0
[INFO] [stderr]    Compiling rand v0.9.2
[INFO] [stderr]    Compiling darling_core v0.20.11
[INFO] [stderr]    Compiling serde_derive v1.0.228
[INFO] [stderr]    Compiling clap_derive v4.5.49
[INFO] [stderr]    Compiling derive_more-impl v2.0.1
[INFO] [stderr]    Compiling strum_macros v0.26.4
[INFO] [stderr]    Compiling derive_more v2.0.1
[INFO] [stderr]    Compiling crossterm v0.29.0
[INFO] [stderr]    Compiling clap v4.5.51
[INFO] [stderr]    Compiling clap_complete v4.5.60
[INFO] [stderr]    Compiling strum v0.26.3
[INFO] [stderr]    Compiling darling_macro v0.20.11
[INFO] [stderr]    Compiling darling v0.20.11
[INFO] [stderr]    Compiling ratatui v0.29.0
[INFO] [stderr]    Compiling serde v1.0.228
[INFO] [stderr]    Compiling bip39 v2.2.0
[INFO] [stderr]    Compiling chrono v0.4.42
[INFO] [stderr]    Compiling xlaude v0.7.0 (/opt/rustwide/workdir)
[INFO] [stderr]     Finished `release` profile [optimized] target(s) in 47.43s
[INFO] running `Command { std: "docker" "inspect" "5983b58e3953a8ca6cc2aea5d8a8d271e3d9be757878273e9f3345d04f69b3f1", kill_on_drop: false }`
[INFO] running `Command { std: "docker" "exec" "-e" "SOURCE_DIR=/opt/rustwide/workdir" "-e" "CARGO_HOME=/opt/rustwide/cargo-home" "-e" "RUSTUP_HOME=/opt/rustwide/rustup-home" "-e" "CARGO_TARGET_DIR=/opt/rustwide/target" "-e" "CARGO_INCREMENTAL=0" "-e" "RUST_BACKTRACE=full" "-e" "RUSTFLAGS=--cap-lints=warn" "-e" "RUSTDOCFLAGS=--cap-lints=warn" "-w" "/opt/rustwide/workdir" "--user" "0:0" "5983b58e3953a8ca6cc2aea5d8a8d271e3d9be757878273e9f3345d04f69b3f1" "/opt/rustwide/cargo-home/bin/cargo" "+1.99.0-beta.8" "test" "--frozen" "--no-run" "--message-format=json" "--release", kill_on_drop: false }`
[INFO] [stderr]    Compiling memchr v2.7.6
[INFO] [stderr]    Compiling ucd-trie v0.1.7
[INFO] [stderr]    Compiling regex-syntax v0.8.8
[INFO] [stderr]    Compiling predicates-core v1.0.9
[INFO] [stderr]    Compiling float-cmp v0.10.0
[INFO] [stderr]    Compiling normalize-line-endings v0.3.0
[INFO] [stderr]    Compiling termtree v0.5.1
[INFO] [stderr]    Compiling difflib v0.4.0
[INFO] [stderr]    Compiling assert_cmd v2.1.1
[INFO] [stderr]    Compiling console v0.15.11
[INFO] [stderr]    Compiling wait-timeout v0.2.1
[INFO] [stderr]    Compiling similar v2.7.0
[INFO] [stderr]    Compiling temp-env v0.3.6
[INFO] [stderr]    Compiling predicates-tree v1.0.12
[INFO] [stderr]    Compiling pest v2.8.3
[INFO] [stderr]    Compiling aho-corasick v1.1.4
[INFO] [stderr]    Compiling serde_json v1.0.145
[INFO] [stderr]    Compiling pest_meta v2.8.3
[INFO] [stderr]    Compiling regex-automata v0.4.13
[INFO] [stderr]    Compiling xlaude v0.7.0 (/opt/rustwide/workdir)
[INFO] [stderr]    Compiling pest_generator v2.8.3
[INFO] [stderr]    Compiling pest_derive v2.8.3
[INFO] [stderr]    Compiling insta v1.43.2
[INFO] [stderr]    Compiling regex v1.12.2
[INFO] [stderr]    Compiling bstr v1.12.1
[INFO] [stderr]    Compiling predicates v3.1.3
[INFO] [stderr]     Finished `release` profile [optimized] target(s) in 44.15s
[INFO] running `Command { std: "docker" "inspect" "5983b58e3953a8ca6cc2aea5d8a8d271e3d9be757878273e9f3345d04f69b3f1", kill_on_drop: false }`
[INFO] running `Command { std: "docker" "exec" "-e" "SOURCE_DIR=/opt/rustwide/workdir" "-e" "CARGO_HOME=/opt/rustwide/cargo-home" "-e" "RUSTUP_HOME=/opt/rustwide/rustup-home" "-e" "CARGO_TARGET_DIR=/opt/rustwide/target" "-e" "CARGO_INCREMENTAL=0" "-e" "RUST_BACKTRACE=full" "-e" "RUSTFLAGS=--cap-lints=warn" "-e" "RUSTDOCFLAGS=--cap-lints=warn" "-w" "/opt/rustwide/workdir" "--user" "0:0" "5983b58e3953a8ca6cc2aea5d8a8d271e3d9be757878273e9f3345d04f69b3f1" "/opt/rustwide/cargo-home/bin/cargo" "+1.99.0-beta.8" "test" "--frozen" "--release", kill_on_drop: false }`
[INFO] [stderr]     Finished `release` profile [optimized] target(s) in 0.16s
[INFO] [stderr]      Running unittests src/main.rs (/opt/rustwide/target/release/deps/xlaude-b0cd2b23706c8b18)
[INFO] [stdout] 
[INFO] [stdout] running 6 tests
[INFO] [stdout] test claude_status::tests::test_processing_detection ... ok
[INFO] [stdout] test claude_status::tests::test_waiting_for_input ... ok
[INFO] [stdout] test utils::tests::prepare_agent_command_resumes_latest_codex_session ... ok
[INFO] [stdout] test git::tests::test_extract_repo_name_from_url ... ok
[INFO] [stdout] test claude_status::tests::test_error_detection ... ok
[INFO] [stderr]      Running tests/integration.rs (/opt/rustwide/target/release/deps/integration-259bd1879ec71f8d)
[INFO] [stdout] test git::tests::test_get_default_branch ... ok
[INFO] [stdout] 
[INFO] [stdout] test result: ok. 6 passed; 0 failed; 0 ignored; 0 measured; 0 filtered out; finished in 0.23s
[INFO] [stdout] 
[INFO] [stdout] 
[INFO] [stdout] running 33 tests
[INFO] [stdout] Initialized empty Git repository in /tmp/.tmpM9xmPv/remote.git/
[INFO] [stderr] hint: Using 'master' as the name for the initial branch. This default branch name
[INFO] [stderr] hint: will change to "main" in Git 3.0. To configure the initial branch name
[INFO] [stderr] hint: to use in all of your new repositories, which will suppress this warning,
[INFO] [stderr] hint: call:
[INFO] [stderr] hint:
[INFO] [stderr] hint: 	git config --global init.defaultBranch <name>
[INFO] [stderr] hint:
[INFO] [stderr] hint: Names commonly chosen instead of 'master' are 'main', 'trunk' and
[INFO] [stderr] hint: 'development'. The just-created branch can be renamed via this command:
[INFO] [stderr] hint:
[INFO] [stderr] hint: 	git branch -m <name>
[INFO] [stderr] hint:
[INFO] [stderr] hint: Disable this message with "git config set advice.defaultBranchName false"
[INFO] [stdout] test test_create_existing_git_worktree ... ok
[INFO] [stdout] test test_add_without_name ... ok
[INFO] [stdout] test test_create_duplicate_name ... ok
[INFO] [stdout] test test_add_duplicate_path_is_rejected ... ok
[INFO] [stdout] test test_create_existing_directory ... ok
[INFO] [stdout] test test_create_with_slash_in_branch_name ... ok
[INFO] [stdout] test test_clean_invalid_worktrees ... ok
[INFO] [stdout] test test_checkout_branch_creates_worktree ... ok
[INFO] [stdout] test test_add_existing_worktree ... ok
[INFO] [stdout] test test_create_with_name ... ok
[INFO] [stdout] test test_clean_with_no_invalid ... ok
[INFO] [stdout] test test_create_random_name ... ok
[INFO] [stdout] test test_list_empty ... ok
[INFO] [stdout] test test_create_without_submodules ... ok
[INFO] [stdout] test test_create_with_submodules ... ok
[INFO] [stdout] test test_mixed_format_migration ... ok
[INFO] [stdout] test test_open_from_non_git_directory ... ok
[INFO] [stdout] test test_v02_to_v03_migration ... ok
[INFO] [stdout] test test_delete_with_slash_in_branch_name ... ok
[INFO] [stdout] test test_delete_clean_worktree ... ok
[INFO] [stdout] test test_open_nonexistent_worktree ... ok
[INFO] [stdout] test test_checkout_pull_request_creates_worktree ... ok
[INFO] [stdout] test test_open_current_worktree_not_managed ... ok
[INFO] [stdout] test test_open_from_base_branch ... ok
[INFO] [stdout] test test_open_specific_worktree ... ok
[INFO] [stdout] test test_delete_current_worktree ... ok
[INFO] [stdout] test test_delete_with_changes ... ok
[INFO] [stdout] test test_list_with_worktrees ... ok
[INFO] [stdout] test test_open_from_main_repo_not_worktree ... ok
[INFO] [stdout] test test_open_current_worktree_already_managed ... ok
[INFO] [stdout] test test_create_on_wrong_branch ... FAILED
[INFO] [stdout] test test_checkout_existing_worktree_prompts_open ... FAILED
[INFO] [stdout] test test_rename_command ... ok
[INFO] [stdout] 
[INFO] [stdout] failures:
[INFO] [stdout] 
[INFO] [stdout] ---- test_create_on_wrong_branch stdout ----
[INFO] [stdout] ━━━━━━━━━━━━━━━━━━━━━━━━━━━━━━━ Snapshot Summary ━━━━━━━━━━━━━━━━━━━━━━━━━━━━━━━
[INFO] [stdout] Snapshot file: tests/snapshots/integration__create_on_wrong_branch.snap
[INFO] [stdout] Snapshot: create_on_wrong_branch
[INFO] [stdout] Source: tests/integration.rs:250
[INFO] [stdout] ────────────────────────────────────────────────────────────────────────────────
[INFO] [stdout] Expression: redacted
[INFO] [stdout] ────────────────────────────────────────────────────────────────────────────────
[INFO] [stdout] -old snapshot
[INFO] [stdout] +new results
[INFO] [stdout] ────────────┬───────────────────────────────────────────────────────────────────
[INFO] [stdout]     1       │-Error: Must be on a base branch (main, master, or develop) to create a new worktree. Current branch: feature-branch
[INFO] [stdout]           1 │+Error: Must be on a base branch (main, master, or develop) to create a new worktree. Current branch: feature-branch
[INFO] [stdout]           2 │+
[INFO] [stdout]           3 │+Stack backtrace:
[INFO] [stdout]           4 │+   0: <anyhow::Error>::msg::<alloc::string::String>
[INFO] [stdout]           5 │+   1: xlaude::commands::create::handle_create_in_dir_quiet
[INFO] [stdout]           6 │+   2: xlaude::main
[INFO] [stdout]           7 │+   3: std::sys::backtrace::__rust_begin_short_backtrace::<fn() -> core::result::Result<(), anyhow::Error>, core::result::Result<(), anyhow::Error>>
[INFO] [stdout]           8 │+   4: std::rt::lang_start::<core::result::Result<(), anyhow::Error>>::{closure#0}
[INFO] [stdout]           9 │+   5: std::rt::lang_start_internal
[INFO] [stdout]          10 │+   6: main
[INFO] [stdout]          11 │+   7: <unknown>
[INFO] [stdout]          12 │+   8: __libc_start_main
[INFO] [stdout]          13 │+   9: _start
[INFO] [stdout] ────────────┴───────────────────────────────────────────────────────────────────
[INFO] [stdout] 
[INFO] [stdout] thread 'test_create_on_wrong_branch' (2437) panicked at tests/integration.rs:250:5:
[INFO] [stdout] called `Result::unwrap()` on an `Err` value: FileIo(Os { code: 30, kind: ReadOnlyFilesystem, message: "Read-only file system" }, "/opt/rustwide/workdir/tests/snapshots/integration__create_on_wrong_branch.snap.new")
[INFO] [stdout] stack backtrace:
[INFO] [stdout]    0:     0x64d46e2986f1 - <<std[70759c8f55707aa4]::sys::backtrace::BacktraceLock>::print::DisplayBacktrace as core[df12db4294e9bfd3]::fmt::Display>::fmt
[INFO] [stdout]    1:     0x64d46e2b1e7a - core[df12db4294e9bfd3]::fmt::write
[INFO] [stdout]    2:     0x64d46e29e47c - <alloc[2182bb758b4b3781]::vec::Vec<u8> as core[df12db4294e9bfd3]::io::write::Write>::write_fmt
[INFO] [stdout]    3:     0x64d46e2714c6 - std[70759c8f55707aa4]::panicking::default_hook::{closure#0}
[INFO] [stdout]    4:     0x64d46e28f7a9 - std[70759c8f55707aa4]::panicking::default_hook
[INFO] [stdout]    5:     0x64d46e0d65c0 - test[9d35eded1c95d3be]::test_main_inner::<test[9d35eded1c95d3be]::test_main_static::{closure#0}>::{closure#0}
[INFO] [stdout]    6:     0x64d46e28f962 - std[70759c8f55707aa4]::panicking::panic_with_hook
[INFO] [stdout]    7:     0x64d46e271572 - std[70759c8f55707aa4]::panicking::panic_handler::{closure#0}
[INFO] [stdout]    8:     0x64d46e269e19 - std[70759c8f55707aa4]::sys::backtrace::__rust_end_short_backtrace::<std[70759c8f55707aa4]::panicking::panic_handler::{closure#0}, !>
[INFO] [stdout]    9:     0x64d46e27220d - __rustc[8fa7c3cbc660c2b3]::rust_begin_unwind
[INFO] [stdout]   10:     0x64d46e2b265c - core[df12db4294e9bfd3]::panicking::panic_fmt
[INFO] [stdout]   11:     0x64d46e2b2432 - core[df12db4294e9bfd3]::result::unwrap_failed
[INFO] [stdout]   12:     0x64d46e0b227e - <integration[e6ffe41d6aa6da36]::test_create_on_wrong_branch::{closure#0} as core[df12db4294e9bfd3]::ops::function::FnOnce<()>>::call_once
[INFO] [stdout]   13:     0x64d46e0c98ab - test[9d35eded1c95d3be]::__rust_begin_short_backtrace::<core[df12db4294e9bfd3]::result::Result<(), alloc[2182bb758b4b3781]::string::String>, fn() -> core[df12db4294e9bfd3]::result::Result<(), alloc[2182bb758b4b3781]::string::String>>
[INFO] [stdout]   14:     0x64d46e0d6f15 - test[9d35eded1c95d3be]::run_test::{closure#0}
[INFO] [stdout]   15:     0x64d46e0d07d4 - std[70759c8f55707aa4]::sys::backtrace::__rust_begin_short_backtrace::<test[9d35eded1c95d3be]::run_test::{closure#1}, ()>
[INFO] [stdout]   16:     0x64d46e0da072 - <std[70759c8f55707aa4]::thread::lifecycle::spawn_unchecked<test[9d35eded1c95d3be]::run_test::{closure#1}, ()>::{closure#1} as core[df12db4294e9bfd3]::ops::function::FnOnce<()>>::call_once::{shim:vtable#0}
[INFO] [stdout]   17:     0x64d46e297699 - <std[70759c8f55707aa4]::sys::thread::unix::Thread>::new::thread_start
[INFO] [stdout]   18:     0x7fc3d78c9dfa - <unknown>
[INFO] [stdout]   19:     0x7fc3d795d3d4 - clone
[INFO] [stdout]   20:                0x0 - <unknown>
[INFO] [stdout] 
[INFO] [stdout] ---- test_checkout_existing_worktree_prompts_open stdout ----
[INFO] [stdout] ━━━━━━━━━━━━━━━━━━━━━━━━━━━━━━━ Snapshot Summary ━━━━━━━━━━━━━━━━━━━━━━━━━━━━━━━
[INFO] [stdout] Snapshot file: tests/snapshots/integration__checkout_existing_worktree_prompts_open.snap
[INFO] [stdout] Snapshot: checkout_existing_worktree_prompts_open
[INFO] [stdout] Source: tests/integration.rs:308
[INFO] [stdout] ────────────────────────────────────────────────────────────────────────────────
[INFO] [stdout] Expression: combined
[INFO] [stdout] ────────────────────────────────────────────────────────────────────────────────
[INFO] [stdout] -old snapshot
[INFO] [stdout] +new results
[INFO] [stdout] ────────────┬───────────────────────────────────────────────────────────────────
[INFO] [stdout]     3     3 │   💡 To open it manually, run: xlaude open checkout-existing
[INFO] [stdout]     4     4 │ 
[INFO] [stdout]     5     5 │ ---
[INFO] [stdout]     6     6 │ STDERR:
[INFO] [stdout]     7       │-Error: Worktree 'checkout-existing' already exists for branch 'checkout-existing'
[INFO] [stdout]           7 │+Error: Worktree 'checkout-existing' already exists for branch 'checkout-existing'
[INFO] [stdout]           8 │+
[INFO] [stdout]           9 │+Stack backtrace:
[INFO] [stdout]          10 │+   0: <anyhow::Error>::msg::<alloc::string::String>
[INFO] [stdout]          11 │+   1: xlaude::commands::checkout::handle_checkout
[INFO] [stdout]          12 │+   2: xlaude::main
[INFO] [stdout]          13 │+   3: std::sys::backtrace::__rust_begin_short_backtrace::<fn() -> core::result::Result<(), anyhow::Error>, core::result::Result<(), anyhow::Error>>
[INFO] [stdout]          14 │+   4: std::rt::lang_start::<core::result::Result<(), anyhow::Error>>::{closure#0}
[INFO] [stdout]          15 │+   5: std::rt::lang_start_internal
[INFO] [stdout]          16 │+   6: main
[INFO] [stdout]          17 │+   7: <unknown>
[INFO] [stdout]          18 │+   8: __libc_start_main
[INFO] [stdout]          19 │+   9: _start
[INFO] [stdout] ────────────┴───────────────────────────────────────────────────────────────────
[INFO] [stdout] 
[INFO] [stdout] thread 'test_checkout_existing_worktree_prompts_open' (2428) panicked at tests/integration.rs:308:5:
[INFO] [stdout] called `Result::unwrap()` on an `Err` value: FileIo(Os { code: 30, kind: ReadOnlyFilesystem, message: "Read-only file system" }, "/opt/rustwide/workdir/tests/snapshots/integration__checkout_existing_worktree_prompts_open.snap.new")
[INFO] [stdout] stack backtrace:
[INFO] [stdout]    0:     0x64d46e2986f1 - <<std[70759c8f55707aa4]::sys::backtrace::BacktraceLock>::print::DisplayBacktrace as core[df12db4294e9bfd3]::fmt::Display>::fmt
[INFO] [stdout]    1:     0x64d46e2b1e7a - core[df12db4294e9bfd3]::fmt::write
[INFO] [stdout]    2:     0x64d46e29e47c - <alloc[2182bb758b4b3781]::vec::Vec<u8> as core[df12db4294e9bfd3]::io::write::Write>::write_fmt
[INFO] [stdout]    3:     0x64d46e2714c6 - std[70759c8f55707aa4]::panicking::default_hook::{closure#0}
[INFO] [stdout]    4:     0x64d46e28f7a9 - std[70759c8f55707aa4]::panicking::default_hook
[INFO] [stdout]    5:     0x64d46e0d65c0 - test[9d35eded1c95d3be]::test_main_inner::<test[9d35eded1c95d3be]::test_main_static::{closure#0}>::{closure#0}
[INFO] [stdout]    6:     0x64d46e28f962 - std[70759c8f55707aa4]::panicking::panic_with_hook
[INFO] [stdout]    7:     0x64d46e271572 - std[70759c8f55707aa4]::panicking::panic_handler::{closure#0}
[INFO] [stdout]    8:     0x64d46e269e19 - std[70759c8f55707aa4]::sys::backtrace::__rust_end_short_backtrace::<std[70759c8f55707aa4]::panicking::panic_handler::{closure#0}, !>
[INFO] [stdout]    9:     0x64d46e27220d - __rustc[8fa7c3cbc660c2b3]::rust_begin_unwind
[INFO] [stdout]   10:     0x64d46e2b265c - core[df12db4294e9bfd3]::panicking::panic_fmt
[INFO] [stdout]   11:     0x64d46e2b2432 - core[df12db4294e9bfd3]::result::unwrap_failed
[INFO] [stdout]   12:     0x64d46e0bc34f - <integration[e6ffe41d6aa6da36]::test_checkout_existing_worktree_prompts_open::{closure#0} as core[df12db4294e9bfd3]::ops::function::FnOnce<()>>::call_once
[INFO] [stdout]   13:     0x64d46e0c98ab - test[9d35eded1c95d3be]::__rust_begin_short_backtrace::<core[df12db4294e9bfd3]::result::Result<(), alloc[2182bb758b4b3781]::string::String>, fn() -> core[df12db4294e9bfd3]::result::Result<(), alloc[2182bb758b4b3781]::string::String>>
[INFO] [stdout]   14:     0x64d46e0d6f15 - test[9d35eded1c95d3be]::run_test::{closure#0}
[INFO] [stdout]   15:     0x64d46e0d07d4 - std[70759c8f55707aa4]::sys::backtrace::__rust_begin_short_backtrace::<test[9d35eded1c95d3be]::run_test::{closure#1}, ()>
[INFO] [stdout]   16:     0x64d46e0da072 - <std[70759c8f55707aa4]::thread::lifecycle::spawn_unchecked<test[9d35eded1c95d3be]::run_test::{closure#1}, ()>::{closure#1} as core[df12db4294e9bfd3]::ops::function::FnOnce<()>>::call_once::{shim:vtable#0}
[INFO] [stdout]   17:     0x64d46e297699 - <std[70759c8f55707aa4]::sys::thread::unix::Thread>::new::thread_start
[INFO] [stdout]   18:     0x7fc3d78c9dfa - <unknown>
[INFO] [stdout]   19:     0x7fc3d795d3d4 - clone
[INFO] [stdout]   20:                0x0 - <unknown>
[INFO] [stdout] 
[INFO] [stdout] 
[INFO] [stdout] failures:
[INFO] [stdout]     test_checkout_existing_worktree_prompts_open
[INFO] [stdout]     test_create_on_wrong_branch
[INFO] [stdout] 
[INFO] [stdout] test result: FAILED. 31 passed; 2 failed; 0 ignored; 0 measured; 0 filtered out; finished in 0.93s
[INFO] [stdout] 
[INFO] [stderr] error: test failed, to rerun pass `--test integration`
[INFO] running `Command { std: "docker" "inspect" "5983b58e3953a8ca6cc2aea5d8a8d271e3d9be757878273e9f3345d04f69b3f1", kill_on_drop: false }`
[INFO] running `Command { std: "docker" "rm" "-f" "5983b58e3953a8ca6cc2aea5d8a8d271e3d9be757878273e9f3345d04f69b3f1", kill_on_drop: false }`
[INFO] [stdout] 5983b58e3953a8ca6cc2aea5d8a8d271e3d9be757878273e9f3345d04f69b3f1
